Back
From: metabase:user:320bfe00-2aae-11df-837a-5e0a49663a4f
Subject: FAIL Reflex-0.099 v5.8.8 GNU/Linux
Date: 2016-07-18T03:46:18Z
This distribution has been tested as part of the CPAN Testers
project, supporting the Perl programming language. See
http://wiki.cpantesters.org/ for more information or email
questions to cpan-testers-discuss@perl.org
--
Dear Rocco Caputo,
This is a computer-generated report for Reflex-0.099
on perl 5.8.8, created by CPAN-Reporter-1.2018.
Thank you for uploading your work to CPAN. However, there was a problem
testing your distribution.
If you think this report is invalid, please consult the CPAN Testers Wiki
for suggestions on how to avoid getting FAIL reports for missing library
or binary dependencies, unsupported operating systems, and so on:
http://wiki.cpantesters.org/wiki/CPANAuthorNotes
Sections of this report:
* Tester comments
* Program output
* Prerequisites
* Environment and other context
------------------------------
TESTER COMMENTS
------------------------------
Additional comments from tester:
this report is from an automated smoke testing program
and was not reviewed by a human for accuracy
------------------------------
PROGRAM OUTPUT
------------------------------
Output from '/usr/bin/make test':
PERL_DL_NONLAZY=1 "/tmp/basesmoker-reloperl-duRF/bin/perl" "-MExtUtils::Command::MM" "-MTest::Harness" "-e" "undef *Test::Harness::Switches; test_harness(0, 'blib/lib', 'blib/arch')" t/*.t
# Testing Reflex 0.099, POE 1.367, Moose 2.1804, Perl 5.008008, /tmp/basesmoker-reloperl-duRF/bin/perl on linux
t/000-info.t .............. ok
# Testing with Perl 5.008008, /tmp/basesmoker-reloperl-duRF/bin/perl
# ExtUtils::MakeMaker version is 7.18
# Moose version is 2.1804
# MooseX::Role::Parameterized version is 1.08
# POE version is 1.367
# Scalar::Util version is 1.45
# Test::More version is 1.302040
t/000-report-versions.t ... ok
Possible unintended interpolation of @emitters in string at /tmp/loop_over_bdir-25712-aM3UDW/Reflex-0.099-0/blib/lib/Reflex/Event.pm line 133.
Bareword found where operator expected at /tmp/loop_over_bdir-25712-aM3UDW/Reflex-0.099-0/blib/lib/Reflex/Event.pm line 166, near "Please see those modules/websites"
(Might be a runaway multi-line // string starting on line 133)
(Do you need to predeclare Please?)
Number found where operator expected at /tmp/loop_over_bdir-25712-aM3UDW/Reflex-0.099-0/blib/lib/Reflex/Event.pm line 168, near "over 4"
(Do you need to predeclare over?)
Possible unintended interpolation of @cpan in string at /tmp/loop_over_bdir-25712-aM3UDW/Reflex-0.099-0/blib/lib/Reflex/Event.pm line 183.
Number found where operator expected at /tmp/loop_over_bdir-25712-aM3UDW/Reflex-0.099-0/blib/lib/Reflex/Event.pm line 187, near ") 2013"
(Missing operator before 2013?)
Bareword found where operator expected at /tmp/loop_over_bdir-25712-aM3UDW/Reflex-0.099-0/blib/lib/Reflex/Event.pm line 187, near "2013 by"
(Missing operator before by?)
Bareword found where operator expected at /tmp/loop_over_bdir-25712-aM3UDW/Reflex-0.099-0/blib/lib/Reflex/Event.pm line 211, near "WILL ANY COPYRIGHT HOLDER, OR ANY OTHER PARTY WHO MAY MODIFY AND/OR"
(Might be a runaway multi-line // string starting on line 202)
(Do you need to predeclare WILL?)
Global symbol "@emitters" requires explicit package name at /tmp/loop_over_bdir-25712-aM3UDW/Reflex-0.099-0/blib/lib/Reflex/Event.pm line 133.
Global symbol "$i" requires explicit package name at /tmp/loop_over_bdir-25712-aM3UDW/Reflex-0.099-0/blib/lib/Reflex/Event.pm line 133.
Global symbol "@emitters" requires explicit package name at /tmp/loop_over_bdir-25712-aM3UDW/Reflex-0.099-0/blib/lib/Reflex/Event.pm line 133.
Global symbol "$i" requires explicit package name at /tmp/loop_over_bdir-25712-aM3UDW/Reflex-0.099-0/blib/lib/Reflex/Event.pm line 133.
Global symbol "@emitters" requires explicit package name at /tmp/loop_over_bdir-25712-aM3UDW/Reflex-0.099-0/blib/lib/Reflex/Event.pm line 133.
Global symbol "$i" requires explicit package name at /tmp/loop_over_bdir-25712-aM3UDW/Reflex-0.099-0/blib/lib/Reflex/Event.pm line 133.
syntax error at /tmp/loop_over_bdir-25712-aM3UDW/Reflex-0.099-0/blib/lib/Reflex/Event.pm line 166, near "Please see those modules/websites "
Global symbol "@cpan" requires explicit package name at /tmp/loop_over_bdir-25712-aM3UDW/Reflex-0.099-0/blib/lib/Reflex/Event.pm line 183.
syntax error at /tmp/loop_over_bdir-25712-aM3UDW/Reflex-0.099-0/blib/lib/Reflex/Event.pm line 195, near "/>"
(Might be a runaway multi-line // string starting on line 189)
Missing right curly or square bracket at /tmp/loop_over_bdir-25712-aM3UDW/Reflex-0.099-0/blib/lib/Reflex/Event.pm line 222, at end of line
/tmp/loop_over_bdir-25712-aM3UDW/Reflex-0.099-0/blib/lib/Reflex/Event.pm has too many errors.
Compilation failed in require at /home/sand/src/perl/repoperls/installed-perls/host/k93x64sid/perl-5.8.8/f878/lib/site_perl/5.8.8/Module/Runtime.pm line 313.
Compilation failed in require at /tmp/loop_over_bdir-25712-aM3UDW/Reflex-0.099-0/blib/lib/Reflex/POE/Session.pm line 12.
BEGIN failed--compilation aborted at /tmp/loop_over_bdir-25712-aM3UDW/Reflex-0.099-0/blib/lib/Reflex/POE/Session.pm line 12.
Compilation failed in require at /tmp/loop_over_bdir-25712-aM3UDW/Reflex-0.099-0/blib/lib/Reflex/Role/Reactive.pm line 34.
BEGIN failed--compilation aborted at /tmp/loop_over_bdir-25712-aM3UDW/Reflex-0.099-0/blib/lib/Reflex/Role/Reactive.pm line 34.
Compilation failed in require at /home/sand/src/perl/repoperls/installed-perls/host/k93x64sid/perl-5.8.8/f878/lib/site_perl/5.8.8/Module/Runtime.pm line 313.
Compilation failed in require at t/101-discrete-watcher.t line 29.
BEGIN failed--compilation aborted at t/101-discrete-watcher.t line 29.
t/101-discrete-watcher.t ..
Dubious, test returned 255 (wstat 65280, 0xff00)
No subtests run
Possible unintended interpolation of @emitters in string at /tmp/loop_over_bdir-25712-aM3UDW/Reflex-0.099-0/blib/lib/Reflex/Event.pm line 133.
Bareword found where operator expected at /tmp/loop_over_bdir-25712-aM3UDW/Reflex-0.099-0/blib/lib/Reflex/Event.pm line 166, near "Please see those modules/websites"
(Might be a runaway multi-line // string starting on line 133)
(Do you need to predeclare Please?)
Number found where operator expected at /tmp/loop_over_bdir-25712-aM3UDW/Reflex-0.099-0/blib/lib/Reflex/Event.pm line 168, near "over 4"
(Do you need to predeclare over?)
Possible unintended interpolation of @cpan in string at /tmp/loop_over_bdir-25712-aM3UDW/Reflex-0.099-0/blib/lib/Reflex/Event.pm line 183.
Number found where operator expected at /tmp/loop_over_bdir-25712-aM3UDW/Reflex-0.099-0/blib/lib/Reflex/Event.pm line 187, near ") 2013"
(Missing operator before 2013?)
Bareword found where operator expected at /tmp/loop_over_bdir-25712-aM3UDW/Reflex-0.099-0/blib/lib/Reflex/Event.pm line 187, near "2013 by"
(Missing operator before by?)
Bareword found where operator expected at /tmp/loop_over_bdir-25712-aM3UDW/Reflex-0.099-0/blib/lib/Reflex/Event.pm line 211, near "WILL ANY COPYRIGHT HOLDER, OR ANY OTHER PARTY WHO MAY MODIFY AND/OR"
(Might be a runaway multi-line // string starting on line 202)
(Do you need to predeclare WILL?)
Global symbol "@emitters" requires explicit package name at /tmp/loop_over_bdir-25712-aM3UDW/Reflex-0.099-0/blib/lib/Reflex/Event.pm line 133.
Global symbol "$i" requires explicit package name at /tmp/loop_over_bdir-25712-aM3UDW/Reflex-0.099-0/blib/lib/Reflex/Event.pm line 133.
Global symbol "@emitters" requires explicit package name at /tmp/loop_over_bdir-25712-aM3UDW/Reflex-0.099-0/blib/lib/Reflex/Event.pm line 133.
Global symbol "$i" requires explicit package name at /tmp/loop_over_bdir-25712-aM3UDW/Reflex-0.099-0/blib/lib/Reflex/Event.pm line 133.
Global symbol "@emitters" requires explicit package name at /tmp/loop_over_bdir-25712-aM3UDW/Reflex-0.099-0/blib/lib/Reflex/Event.pm line 133.
Global symbol "$i" requires explicit package name at /tmp/loop_over_bdir-25712-aM3UDW/Reflex-0.099-0/blib/lib/Reflex/Event.pm line 133.
syntax error at /tmp/loop_over_bdir-25712-aM3UDW/Reflex-0.099-0/blib/lib/Reflex/Event.pm line 166, near "Please see those modules/websites "
Global symbol "@cpan" requires explicit package name at /tmp/loop_over_bdir-25712-aM3UDW/Reflex-0.099-0/blib/lib/Reflex/Event.pm line 183.
syntax error at /tmp/loop_over_bdir-25712-aM3UDW/Reflex-0.099-0/blib/lib/Reflex/Event.pm line 195, near "/>"
(Might be a runaway multi-line // string starting on line 189)
Missing right curly or square bracket at /tmp/loop_over_bdir-25712-aM3UDW/Reflex-0.099-0/blib/lib/Reflex/Event.pm line 222, at end of line
/tmp/loop_over_bdir-25712-aM3UDW/Reflex-0.099-0/blib/lib/Reflex/Event.pm has too many errors.
Compilation failed in require at /home/sand/src/perl/repoperls/installed-perls/host/k93x64sid/perl-5.8.8/f878/lib/site_perl/5.8.8/Module/Runtime.pm line 313.
Compilation failed in require at /tmp/loop_over_bdir-25712-aM3UDW/Reflex-0.099-0/blib/lib/Reflex/POE/Session.pm line 12.
BEGIN failed--compilation aborted at /tmp/loop_over_bdir-25712-aM3UDW/Reflex-0.099-0/blib/lib/Reflex/POE/Session.pm line 12.
Compilation failed in require at /tmp/loop_over_bdir-25712-aM3UDW/Reflex-0.099-0/blib/lib/Reflex/Role/Reactive.pm line 34.
BEGIN failed--compilation aborted at /tmp/loop_over_bdir-25712-aM3UDW/Reflex-0.099-0/blib/lib/Reflex/Role/Reactive.pm line 34.
Compilation failed in require at /home/sand/src/perl/repoperls/installed-perls/host/k93x64sid/perl-5.8.8/f878/lib/site_perl/5.8.8/Module/Runtime.pm line 313.
Compilation failed in require at /home/sand/src/perl/repoperls/installed-perls/host/k93x64sid/perl-5.8.8/f878/lib/site_perl/5.8.8/Module/Runtime.pm line 313.
Compilation failed in require at t/102-watched-new.t line 15.
BEGIN failed--compilation aborted at t/102-watched-new.t line 15.
t/102-watched-new.t .......
Dubious, test returned 255 (wstat 65280, 0xff00)
No subtests run
Possible unintended interpolation of @emitters in string at /tmp/loop_over_bdir-25712-aM3UDW/Reflex-0.099-0/blib/lib/Reflex/Event.pm line 133.
Bareword found where operator expected at /tmp/loop_over_bdir-25712-aM3UDW/Reflex-0.099-0/blib/lib/Reflex/Event.pm line 166, near "Please see those modules/websites"
(Might be a runaway multi-line // string starting on line 133)
(Do you need to predeclare Please?)
Number found where operator expected at /tmp/loop_over_bdir-25712-aM3UDW/Reflex-0.099-0/blib/lib/Reflex/Event.pm line 168, near "over 4"
(Do you need to predeclare over?)
Possible unintended interpolation of @cpan in string at /tmp/loop_over_bdir-25712-aM3UDW/Reflex-0.099-0/blib/lib/Reflex/Event.pm line 183.
Number found where operator expected at /tmp/loop_over_bdir-25712-aM3UDW/Reflex-0.099-0/blib/lib/Reflex/Event.pm line 187, near ") 2013"
(Missing operator before 2013?)
Bareword found where operator expected at /tmp/loop_over_bdir-25712-aM3UDW/Reflex-0.099-0/blib/lib/Reflex/Event.pm line 187, near "2013 by"
(Missing operator before by?)
Bareword found where operator expected at /tmp/loop_over_bdir-25712-aM3UDW/Reflex-0.099-0/blib/lib/Reflex/Event.pm line 211, near "WILL ANY COPYRIGHT HOLDER, OR ANY OTHER PARTY WHO MAY MODIFY AND/OR"
(Might be a runaway multi-line // string starting on line 202)
(Do you need to predeclare WILL?)
Global symbol "@emitters" requires explicit package name at /tmp/loop_over_bdir-25712-aM3UDW/Reflex-0.099-0/blib/lib/Reflex/Event.pm line 133.
Global symbol "$i" requires explicit package name at /tmp/loop_over_bdir-25712-aM3UDW/Reflex-0.099-0/blib/lib/Reflex/Event.pm line 133.
Global symbol "@emitters" requires explicit package name at /tmp/loop_over_bdir-25712-aM3UDW/Reflex-0.099-0/blib/lib/Reflex/Event.pm line 133.
Global symbol "$i" requires explicit package name at /tmp/loop_over_bdir-25712-aM3UDW/Reflex-0.099-0/blib/lib/Reflex/Event.pm line 133.
Global symbol "@emitters" requires explicit package name at /tmp/loop_over_bdir-25712-aM3UDW/Reflex-0.099-0/blib/lib/Reflex/Event.pm line 133.
Global symbol "$i" requires explicit package name at /tmp/loop_over_bdir-25712-aM3UDW/Reflex-0.099-0/blib/lib/Reflex/Event.pm line 133.
syntax error at /tmp/loop_over_bdir-25712-aM3UDW/Reflex-0.099-0/blib/lib/Reflex/Event.pm line 166, near "Please see those modules/websites "
Global symbol "@cpan" requires explicit package name at /tmp/loop_over_bdir-25712-aM3UDW/Reflex-0.099-0/blib/lib/Reflex/Event.pm line 183.
syntax error at /tmp/loop_over_bdir-25712-aM3UDW/Reflex-0.099-0/blib/lib/Reflex/Event.pm line 195, near "/>"
(Might be a runaway multi-line // string starting on line 189)
Missing right curly or square bracket at /tmp/loop_over_bdir-25712-aM3UDW/Reflex-0.099-0/blib/lib/Reflex/Event.pm line 222, at end of line
/tmp/loop_over_bdir-25712-aM3UDW/Reflex-0.099-0/blib/lib/Reflex/Event.pm has too many errors.
Compilation failed in require at /home/sand/src/perl/repoperls/installed-perls/host/k93x64sid/perl-5.8.8/f878/lib/site_perl/5.8.8/Module/Runtime.pm line 313.
Compilation failed in require at /tmp/loop_over_bdir-25712-aM3UDW/Reflex-0.099-0/blib/lib/Reflex/POE/Session.pm line 12.
BEGIN failed--compilation aborted at /tmp/loop_over_bdir-25712-aM3UDW/Reflex-0.099-0/blib/lib/Reflex/POE/Session.pm line 12.
Compilation failed in require at /tmp/loop_over_bdir-25712-aM3UDW/Reflex-0.099-0/blib/lib/Reflex/Role/Reactive.pm line 34.
BEGIN failed--compilation aborted at /tmp/loop_over_bdir-25712-aM3UDW/Reflex-0.099-0/blib/lib/Reflex/Role/Reactive.pm line 34.
Compilation failed in require at /home/sand/src/perl/repoperls/installed-perls/host/k93x64sid/perl-5.8.8/f878/lib/site_perl/5.8.8/Module/Runtime.pm line 313.
Compilation failed in require at /home/sand/src/perl/repoperls/installed-perls/host/k93x64sid/perl-5.8.8/f878/lib/site_perl/5.8.8/Module/Runtime.pm line 313.
Compilation failed in require at t/103-watcher-roles.t line 32.
BEGIN failed--compilation aborted at t/103-watcher-roles.t line 32.
# Looks like your test exited with 255 before it could output anything.
t/103-watcher-roles.t .....
Dubious, test returned 255 (wstat 65280, 0xff00)
Failed 10/10 subtests
Possible unintended interpolation of @emitters in string at /tmp/loop_over_bdir-25712-aM3UDW/Reflex-0.099-0/blib/lib/Reflex/Event.pm line 133.
Bareword found where operator expected at /tmp/loop_over_bdir-25712-aM3UDW/Reflex-0.099-0/blib/lib/Reflex/Event.pm line 166, near "Please see those modules/websites"
(Might be a runaway multi-line // string starting on line 133)
(Do you need to predeclare Please?)
Number found where operator expected at /tmp/loop_over_bdir-25712-aM3UDW/Reflex-0.099-0/blib/lib/Reflex/Event.pm line 168, near "over 4"
(Do you need to predeclare over?)
Possible unintended interpolation of @cpan in string at /tmp/loop_over_bdir-25712-aM3UDW/Reflex-0.099-0/blib/lib/Reflex/Event.pm line 183.
Number found where operator expected at /tmp/loop_over_bdir-25712-aM3UDW/Reflex-0.099-0/blib/lib/Reflex/Event.pm line 187, near ") 2013"
(Missing operator before 2013?)
Bareword found where operator expected at /tmp/loop_over_bdir-25712-aM3UDW/Reflex-0.099-0/blib/lib/Reflex/Event.pm line 187, near "2013 by"
(Missing operator before by?)
Bareword found where operator expected at /tmp/loop_over_bdir-25712-aM3UDW/Reflex-0.099-0/blib/lib/Reflex/Event.pm line 211, near "WILL ANY COPYRIGHT HOLDER, OR ANY OTHER PARTY WHO MAY MODIFY AND/OR"
(Might be a runaway multi-line // string starting on line 202)
(Do you need to predeclare WILL?)
Global symbol "@emitters" requires explicit package name at /tmp/loop_over_bdir-25712-aM3UDW/Reflex-0.099-0/blib/lib/Reflex/Event.pm line 133.
Global symbol "$i" requires explicit package name at /tmp/loop_over_bdir-25712-aM3UDW/Reflex-0.099-0/blib/lib/Reflex/Event.pm line 133.
Global symbol "@emitters" requires explicit package name at /tmp/loop_over_bdir-25712-aM3UDW/Reflex-0.099-0/blib/lib/Reflex/Event.pm line 133.
Global symbol "$i" requires explicit package name at /tmp/loop_over_bdir-25712-aM3UDW/Reflex-0.099-0/blib/lib/Reflex/Event.pm line 133.
Global symbol "@emitters" requires explicit package name at /tmp/loop_over_bdir-25712-aM3UDW/Reflex-0.099-0/blib/lib/Reflex/Event.pm line 133.
Global symbol "$i" requires explicit package name at /tmp/loop_over_bdir-25712-aM3UDW/Reflex-0.099-0/blib/lib/Reflex/Event.pm line 133.
syntax error at /tmp/loop_over_bdir-25712-aM3UDW/Reflex-0.099-0/blib/lib/Reflex/Event.pm line 166, near "Please see those modules/websites "
Global symbol "@cpan" requires explicit package name at /tmp/loop_over_bdir-25712-aM3UDW/Reflex-0.099-0/blib/lib/Reflex/Event.pm line 183.
syntax error at /tmp/loop_over_bdir-25712-aM3UDW/Reflex-0.099-0/blib/lib/Reflex/Event.pm line 195, near "/>"
(Might be a runaway multi-line // string starting on line 189)
Missing right curly or square bracket at /tmp/loop_over_bdir-25712-aM3UDW/Reflex-0.099-0/blib/lib/Reflex/Event.pm line 222, at end of line
/tmp/loop_over_bdir-25712-aM3UDW/Reflex-0.099-0/blib/lib/Reflex/Event.pm has too many errors.
Compilation failed in require at /home/sand/src/perl/repoperls/installed-perls/host/k93x64sid/perl-5.8.8/f878/lib/site_perl/5.8.8/Module/Runtime.pm line 313.
Compilation failed in require at /tmp/loop_over_bdir-25712-aM3UDW/Reflex-0.099-0/blib/lib/Reflex/POE/Session.pm line 12.
BEGIN failed--compilation aborted at /tmp/loop_over_bdir-25712-aM3UDW/Reflex-0.099-0/blib/lib/Reflex/POE/Session.pm line 12.
Compilation failed in require at /tmp/loop_over_bdir-25712-aM3UDW/Reflex-0.099-0/blib/lib/Reflex/Role/Reactive.pm line 34.
BEGIN failed--compilation aborted at /tmp/loop_over_bdir-25712-aM3UDW/Reflex-0.099-0/blib/lib/Reflex/Role/Reactive.pm line 34.
Compilation failed in require at /home/sand/src/perl/repoperls/installed-perls/host/k93x64sid/perl-5.8.8/f878/lib/site_perl/5.8.8/Module/Runtime.pm line 313.
Compilation failed in require at /home/sand/src/perl/repoperls/installed-perls/host/k93x64sid/perl-5.8.8/f878/lib/site_perl/5.8.8/Module/Runtime.pm line 313.
Compilation failed in require at t/104-emitter-trait.t line 16.
BEGIN failed--compilation aborted at t/104-emitter-trait.t line 16.
# Looks like your test exited with 255 before it could output anything.
t/104-emitter-trait.t .....
Dubious, test returned 255 (wstat 65280, 0xff00)
Failed 4/4 subtests
Possible unintended interpolation of @emitters in string at /tmp/loop_over_bdir-25712-aM3UDW/Reflex-0.099-0/blib/lib/Reflex/Event.pm line 133.
Bareword found where operator expected at /tmp/loop_over_bdir-25712-aM3UDW/Reflex-0.099-0/blib/lib/Reflex/Event.pm line 166, near "Please see those modules/websites"
(Might be a runaway multi-line // string starting on line 133)
(Do you need to predeclare Please?)
Number found where operator expected at /tmp/loop_over_bdir-25712-aM3UDW/Reflex-0.099-0/blib/lib/Reflex/Event.pm line 168, near "over 4"
(Do you need to predeclare over?)
Possible unintended interpolation of @cpan in string at /tmp/loop_over_bdir-25712-aM3UDW/Reflex-0.099-0/blib/lib/Reflex/Event.pm line 183.
Number found where operator expected at /tmp/loop_over_bdir-25712-aM3UDW/Reflex-0.099-0/blib/lib/Reflex/Event.pm line 187, near ") 2013"
(Missing operator before 2013?)
Bareword found where operator expected at /tmp/loop_over_bdir-25712-aM3UDW/Reflex-0.099-0/blib/lib/Reflex/Event.pm line 187, near "2013 by"
(Missing operator before by?)
Bareword found where operator expected at /tmp/loop_over_bdir-25712-aM3UDW/Reflex-0.099-0/blib/lib/Reflex/Event.pm line 211, near "WILL ANY COPYRIGHT HOLDER, OR ANY OTHER PARTY WHO MAY MODIFY AND/OR"
(Might be a runaway multi-line // string starting on line 202)
(Do you need to predeclare WILL?)
Global symbol "@emitters" requires explicit package name at /tmp/loop_over_bdir-25712-aM3UDW/Reflex-0.099-0/blib/lib/Reflex/Event.pm line 133.
Global symbol "$i" requires explicit package name at /tmp/loop_over_bdir-25712-aM3UDW/Reflex-0.099-0/blib/lib/Reflex/Event.pm line 133.
Global symbol "@emitters" requires explicit package name at /tmp/loop_over_bdir-25712-aM3UDW/Reflex-0.099-0/blib/lib/Reflex/Event.pm line 133.
Global symbol "$i" requires explicit package name at /tmp/loop_over_bdir-25712-aM3UDW/Reflex-0.099-0/blib/lib/Reflex/Event.pm line 133.
Global symbol "@emitters" requires explicit package name at /tmp/loop_over_bdir-25712-aM3UDW/Reflex-0.099-0/blib/lib/Reflex/Event.pm line 133.
Global symbol "$i" requires explicit package name at /tmp/loop_over_bdir-25712-aM3UDW/Reflex-0.099-0/blib/lib/Reflex/Event.pm line 133.
syntax error at /tmp/loop_over_bdir-25712-aM3UDW/Reflex-0.099-0/blib/lib/Reflex/Event.pm line 166, near "Please see those modules/websites "
Global symbol "@cpan" requires explicit package name at /tmp/loop_over_bdir-25712-aM3UDW/Reflex-0.099-0/blib/lib/Reflex/Event.pm line 183.
syntax error at /tmp/loop_over_bdir-25712-aM3UDW/Reflex-0.099-0/blib/lib/Reflex/Event.pm line 195, near "/>"
(Might be a runaway multi-line // string starting on line 189)
Missing right curly or square bracket at /tmp/loop_over_bdir-25712-aM3UDW/Reflex-0.099-0/blib/lib/Reflex/Event.pm line 222, at end of line
/tmp/loop_over_bdir-25712-aM3UDW/Reflex-0.099-0/blib/lib/Reflex/Event.pm has too many errors.
Compilation failed in require at /home/sand/src/perl/repoperls/installed-perls/host/k93x64sid/perl-5.8.8/f878/lib/site_perl/5.8.8/Module/Runtime.pm line 313.
Compilation failed in require at /tmp/loop_over_bdir-25712-aM3UDW/Reflex-0.099-0/blib/lib/Reflex/POE/Session.pm line 12.
BEGIN failed--compilation aborted at /tmp/loop_over_bdir-25712-aM3UDW/Reflex-0.099-0/blib/lib/Reflex/POE/Session.pm line 12.
Compilation failed in require at /tmp/loop_over_bdir-25712-aM3UDW/Reflex-0.099-0/blib/lib/Reflex/Role/Reactive.pm line 34.
BEGIN failed--compilation aborted at /tmp/loop_over_bdir-25712-aM3UDW/Reflex-0.099-0/blib/lib/Reflex/Role/Reactive.pm line 34.
Compilation failed in require at /home/sand/src/perl/repoperls/installed-perls/host/k93x64sid/perl-5.8.8/f878/lib/site_perl/5.8.8/Module/Runtime.pm line 313.
Compilation failed in require at /home/sand/src/perl/repoperls/installed-perls/host/k93x64sid/perl-5.8.8/f878/lib/site_perl/5.8.8/Module/Runtime.pm line 313.
Compilation failed in require at t/105-setup.t line 16.
BEGIN failed--compilation aborted at t/105-setup.t line 16.
# Looks like your test exited with 255 before it could output anything.
t/105-setup.t .............
Dubious, test returned 255 (wstat 65280, 0xff00)
Failed 5/5 subtests
Possible unintended interpolation of @emitters in string at /tmp/loop_over_bdir-25712-aM3UDW/Reflex-0.099-0/blib/lib/Reflex/Event.pm line 133.
Bareword found where operator expected at /tmp/loop_over_bdir-25712-aM3UDW/Reflex-0.099-0/blib/lib/Reflex/Event.pm line 166, near "Please see those modules/websites"
(Might be a runaway multi-line // string starting on line 133)
(Do you need to predeclare Please?)
Number found where operator expected at /tmp/loop_over_bdir-25712-aM3UDW/Reflex-0.099-0/blib/lib/Reflex/Event.pm line 168, near "over 4"
(Do you need to predeclare over?)
Possible unintended interpolation of @cpan in string at /tmp/loop_over_bdir-25712-aM3UDW/Reflex-0.099-0/blib/lib/Reflex/Event.pm line 183.
Number found where operator expected at /tmp/loop_over_bdir-25712-aM3UDW/Reflex-0.099-0/blib/lib/Reflex/Event.pm line 187, near ") 2013"
(Missing operator before 2013?)
Bareword found where operator expected at /tmp/loop_over_bdir-25712-aM3UDW/Reflex-0.099-0/blib/lib/Reflex/Event.pm line 187, near "2013 by"
(Missing operator before by?)
Bareword found where operator expected at /tmp/loop_over_bdir-25712-aM3UDW/Reflex-0.099-0/blib/lib/Reflex/Event.pm line 211, near "WILL ANY COPYRIGHT HOLDER, OR ANY OTHER PARTY WHO MAY MODIFY AND/OR"
(Might be a runaway multi-line // string starting on line 202)
(Do you need to predeclare WILL?)
Global symbol "@emitters" requires explicit package name at /tmp/loop_over_bdir-25712-aM3UDW/Reflex-0.099-0/blib/lib/Reflex/Event.pm line 133.
Global symbol "$i" requires explicit package name at /tmp/loop_over_bdir-25712-aM3UDW/Reflex-0.099-0/blib/lib/Reflex/Event.pm line 133.
Global symbol "@emitters" requires explicit package name at /tmp/loop_over_bdir-25712-aM3UDW/Reflex-0.099-0/blib/lib/Reflex/Event.pm line 133.
Global symbol "$i" requires explicit package name at /tmp/loop_over_bdir-25712-aM3UDW/Reflex-0.099-0/blib/lib/Reflex/Event.pm line 133.
Global symbol "@emitters" requires explicit package name at /tmp/loop_over_bdir-25712-aM3UDW/Reflex-0.099-0/blib/lib/Reflex/Event.pm line 133.
Global symbol "$i" requires explicit package name at /tmp/loop_over_bdir-25712-aM3UDW/Reflex-0.099-0/blib/lib/Reflex/Event.pm line 133.
syntax error at /tmp/loop_over_bdir-25712-aM3UDW/Reflex-0.099-0/blib/lib/Reflex/Event.pm line 166, near "Please see those modules/websites "
Global symbol "@cpan" requires explicit package name at /tmp/loop_over_bdir-25712-aM3UDW/Reflex-0.099-0/blib/lib/Reflex/Event.pm line 183.
syntax error at /tmp/loop_over_bdir-25712-aM3UDW/Reflex-0.099-0/blib/lib/Reflex/Event.pm line 195, near "/>"
(Might be a runaway multi-line // string starting on line 189)
Missing right curly or square bracket at /tmp/loop_over_bdir-25712-aM3UDW/Reflex-0.099-0/blib/lib/Reflex/Event.pm line 222, at end of line
/tmp/loop_over_bdir-25712-aM3UDW/Reflex-0.099-0/blib/lib/Reflex/Event.pm has too many errors.
Compilation failed in require at t/lib/ThingWithCallbacks.pm line 10.
BEGIN failed--compilation aborted at t/lib/ThingWithCallbacks.pm line 10.
Compilation failed in require at t/120-rcb-coderef.t line 38.
BEGIN failed--compilation aborted at t/120-rcb-coderef.t line 38.
# Looks like your test exited with 255 before it could output anything.
t/120-rcb-coderef.t .......
Dubious, test returned 255 (wstat 65280, 0xff00)
Failed 7/7 subtests
Possible unintended interpolation of @emitters in string at /tmp/loop_over_bdir-25712-aM3UDW/Reflex-0.099-0/blib/lib/Reflex/Event.pm line 133.
Bareword found where operator expected at /tmp/loop_over_bdir-25712-aM3UDW/Reflex-0.099-0/blib/lib/Reflex/Event.pm line 166, near "Please see those modules/websites"
(Might be a runaway multi-line // string starting on line 133)
(Do you need to predeclare Please?)
Number found where operator expected at /tmp/loop_over_bdir-25712-aM3UDW/Reflex-0.099-0/blib/lib/Reflex/Event.pm line 168, near "over 4"
(Do you need to predeclare over?)
Possible unintended interpolation of @cpan in string at /tmp/loop_over_bdir-25712-aM3UDW/Reflex-0.099-0/blib/lib/Reflex/Event.pm line 183.
Number found where operator expected at /tmp/loop_over_bdir-25712-aM3UDW/Reflex-0.099-0/blib/lib/Reflex/Event.pm line 187, near ") 2013"
(Missing operator before 2013?)
Bareword found where operator expected at /tmp/loop_over_bdir-25712-aM3UDW/Reflex-0.099-0/blib/lib/Reflex/Event.pm line 187, near "2013 by"
(Missing operator before by?)
Bareword found where operator expected at /tmp/loop_over_bdir-25712-aM3UDW/Reflex-0.099-0/blib/lib/Reflex/Event.pm line 211, near "WILL ANY COPYRIGHT HOLDER, OR ANY OTHER PARTY WHO MAY MODIFY AND/OR"
(Might be a runaway multi-line // string starting on line 202)
(Do you need to predeclare WILL?)
Global symbol "@emitters" requires explicit package name at /tmp/loop_over_bdir-25712-aM3UDW/Reflex-0.099-0/blib/lib/Reflex/Event.pm line 133.
Global symbol "$i" requires explicit package name at /tmp/loop_over_bdir-25712-aM3UDW/Reflex-0.099-0/blib/lib/Reflex/Event.pm line 133.
Global symbol "@emitters" requires explicit package name at /tmp/loop_over_bdir-25712-aM3UDW/Reflex-0.099-0/blib/lib/Reflex/Event.pm line 133.
Global symbol "$i" requires explicit package name at /tmp/loop_over_bdir-25712-aM3UDW/Reflex-0.099-0/blib/lib/Reflex/Event.pm line 133.
Global symbol "@emitters" requires explicit package name at /tmp/loop_over_bdir-25712-aM3UDW/Reflex-0.099-0/blib/lib/Reflex/Event.pm line 133.
Global symbol "$i" requires explicit package name at /tmp/loop_over_bdir-25712-aM3UDW/Reflex-0.099-0/blib/lib/Reflex/Event.pm line 133.
syntax error at /tmp/loop_over_bdir-25712-aM3UDW/Reflex-0.099-0/blib/lib/Reflex/Event.pm line 166, near "Please see those modules/websites "
Global symbol "@cpan" requires explicit package name at /tmp/loop_over_bdir-25712-aM3UDW/Reflex-0.099-0/blib/lib/Reflex/Event.pm line 183.
syntax error at /tmp/loop_over_bdir-25712-aM3UDW/Reflex-0.099-0/blib/lib/Reflex/Event.pm line 195, near "/>"
(Might be a runaway multi-line // string starting on line 189)
Missing right curly or square bracket at /tmp/loop_over_bdir-25712-aM3UDW/Reflex-0.099-0/blib/lib/Reflex/Event.pm line 222, at end of line
/tmp/loop_over_bdir-25712-aM3UDW/Reflex-0.099-0/blib/lib/Reflex/Event.pm has too many errors.
Compilation failed in require at t/lib/ThingWithCallbacks.pm line 10.
BEGIN failed--compilation aborted at t/lib/ThingWithCallbacks.pm line 10.
Compilation failed in require at t/121-rcb-method.t line 27.
BEGIN failed--compilation aborted at t/121-rcb-method.t line 27.
# Looks like your test exited with 255 before it could output anything.
t/121-rcb-method.t ........
Dubious, test returned 255 (wstat 65280, 0xff00)
Failed 2/2 subtests
Possible unintended interpolation of @emitters in string at /tmp/loop_over_bdir-25712-aM3UDW/Reflex-0.099-0/blib/lib/Reflex/Event.pm line 133.
Bareword found where operator expected at /tmp/loop_over_bdir-25712-aM3UDW/Reflex-0.099-0/blib/lib/Reflex/Event.pm line 166, near "Please see those modules/websites"
(Might be a runaway multi-line // string starting on line 133)
(Do you need to predeclare Please?)
Number found where operator expected at /tmp/loop_over_bdir-25712-aM3UDW/Reflex-0.099-0/blib/lib/Reflex/Event.pm line 168, near "over 4"
(Do you need to predeclare over?)
Possible unintended interpolation of @cpan in string at /tmp/loop_over_bdir-25712-aM3UDW/Reflex-0.099-0/blib/lib/Reflex/Event.pm line 183.
Number found where operator expected at /tmp/loop_over_bdir-25712-aM3UDW/Reflex-0.099-0/blib/lib/Reflex/Event.pm line 187, near ") 2013"
(Missing operator before 2013?)
Bareword found where operator expected at /tmp/loop_over_bdir-25712-aM3UDW/Reflex-0.099-0/blib/lib/Reflex/Event.pm line 187, near "2013 by"
(Missing operator before by?)
Bareword found where operator expected at /tmp/loop_over_bdir-25712-aM3UDW/Reflex-0.099-0/blib/lib/Reflex/Event.pm line 211, near "WILL ANY COPYRIGHT HOLDER, OR ANY OTHER PARTY WHO MAY MODIFY AND/OR"
(Might be a runaway multi-line // string starting on line 202)
(Do you need to predeclare WILL?)
Global symbol "@emitters" requires explicit package name at /tmp/loop_over_bdir-25712-aM3UDW/Reflex-0.099-0/blib/lib/Reflex/Event.pm line 133.
Global symbol "$i" requires explicit package name at /tmp/loop_over_bdir-25712-aM3UDW/Reflex-0.099-0/blib/lib/Reflex/Event.pm line 133.
Global symbol "@emitters" requires explicit package name at /tmp/loop_over_bdir-25712-aM3UDW/Reflex-0.099-0/blib/lib/Reflex/Event.pm line 133.
Global symbol "$i" requires explicit package name at /tmp/loop_over_bdir-25712-aM3UDW/Reflex-0.099-0/blib/lib/Reflex/Event.pm line 133.
Global symbol "@emitters" requires explicit package name at /tmp/loop_over_bdir-25712-aM3UDW/Reflex-0.099-0/blib/lib/Reflex/Event.pm line 133.
Global symbol "$i" requires explicit package name at /tmp/loop_over_bdir-25712-aM3UDW/Reflex-0.099-0/blib/lib/Reflex/Event.pm line 133.
syntax error at /tmp/loop_over_bdir-25712-aM3UDW/Reflex-0.099-0/blib/lib/Reflex/Event.pm line 166, near "Please see those modules/websites "
Global symbol "@cpan" requires explicit package name at /tmp/loop_over_bdir-25712-aM3UDW/Reflex-0.099-0/blib/lib/Reflex/Event.pm line 183.
syntax error at /tmp/loop_over_bdir-25712-aM3UDW/Reflex-0.099-0/blib/lib/Reflex/Event.pm line 195, near "/>"
(Might be a runaway multi-line // string starting on line 189)
Missing right curly or square bracket at /tmp/loop_over_bdir-25712-aM3UDW/Reflex-0.099-0/blib/lib/Reflex/Event.pm line 222, at end of line
/tmp/loop_over_bdir-25712-aM3UDW/Reflex-0.099-0/blib/lib/Reflex/Event.pm has too many errors.
Compilation failed in require at t/lib/ThingWithCallbacks.pm line 10.
BEGIN failed--compilation aborted at t/lib/ThingWithCallbacks.pm line 10.
Compilation failed in require at t/122-rcb-object.t line 31.
BEGIN failed--compilation aborted at t/122-rcb-object.t line 31.
# Looks like your test exited with 255 before it could output anything.
t/122-rcb-object.t ........
Dubious, test returned 255 (wstat 65280, 0xff00)
Failed 6/6 subtests
Possible unintended interpolation of @emitters in string at /tmp/loop_over_bdir-25712-aM3UDW/Reflex-0.099-0/blib/lib/Reflex/Event.pm line 133.
Bareword found where operator expected at /tmp/loop_over_bdir-25712-aM3UDW/Reflex-0.099-0/blib/lib/Reflex/Event.pm line 166, near "Please see those modules/websites"
(Might be a runaway multi-line // string starting on line 133)
(Do you need to predeclare Please?)
Number found where operator expected at /tmp/loop_over_bdir-25712-aM3UDW/Reflex-0.099-0/blib/lib/Reflex/Event.pm line 168, near "over 4"
(Do you need to predeclare over?)
Possible unintended interpolation of @cpan in string at /tmp/loop_over_bdir-25712-aM3UDW/Reflex-0.099-0/blib/lib/Reflex/Event.pm line 183.
Number found where operator expected at /tmp/loop_over_bdir-25712-aM3UDW/Reflex-0.099-0/blib/lib/Reflex/Event.pm line 187, near ") 2013"
(Missing operator before 2013?)
Bareword found where operator expected at /tmp/loop_over_bdir-25712-aM3UDW/Reflex-0.099-0/blib/lib/Reflex/Event.pm line 187, near "2013 by"
(Missing operator before by?)
Bareword found where operator expected at /tmp/loop_over_bdir-25712-aM3UDW/Reflex-0.099-0/blib/lib/Reflex/Event.pm line 211, near "WILL ANY COPYRIGHT HOLDER, OR ANY OTHER PARTY WHO MAY MODIFY AND/OR"
(Might be a runaway multi-line // string starting on line 202)
(Do you need to predeclare WILL?)
Global symbol "@emitters" requires explicit package name at /tmp/loop_over_bdir-25712-aM3UDW/Reflex-0.099-0/blib/lib/Reflex/Event.pm line 133.
Global symbol "$i" requires explicit package name at /tmp/loop_over_bdir-25712-aM3UDW/Reflex-0.099-0/blib/lib/Reflex/Event.pm line 133.
Global symbol "@emitters" requires explicit package name at /tmp/loop_over_bdir-25712-aM3UDW/Reflex-0.099-0/blib/lib/Reflex/Event.pm line 133.
Global symbol "$i" requires explicit package name at /tmp/loop_over_bdir-25712-aM3UDW/Reflex-0.099-0/blib/lib/Reflex/Event.pm line 133.
Global symbol "@emitters" requires explicit package name at /tmp/loop_over_bdir-25712-aM3UDW/Reflex-0.099-0/blib/lib/Reflex/Event.pm line 133.
Global symbol "$i" requires explicit package name at /tmp/loop_over_bdir-25712-aM3UDW/Reflex-0.099-0/blib/lib/Reflex/Event.pm line 133.
syntax error at /tmp/loop_over_bdir-25712-aM3UDW/Reflex-0.099-0/blib/lib/Reflex/Event.pm line 166, near "Please see those modules/websites "
Global symbol "@cpan" requires explicit package name at /tmp/loop_over_bdir-25712-aM3UDW/Reflex-0.099-0/blib/lib/Reflex/Event.pm line 183.
syntax error at /tmp/loop_over_bdir-25712-aM3UDW/Reflex-0.099-0/blib/lib/Reflex/Event.pm line 195, near "/>"
(Might be a runaway multi-line // string starting on line 189)
Missing right curly or square bracket at /tmp/loop_over_bdir-25712-aM3UDW/Reflex-0.099-0/blib/lib/Reflex/Event.pm line 222, at end of line
/tmp/loop_over_bdir-25712-aM3UDW/Reflex-0.099-0/blib/lib/Reflex/Event.pm has too many errors.
Compilation failed in require at t/lib/ThingWithCallbacks.pm line 10.
BEGIN failed--compilation aborted at t/lib/ThingWithCallbacks.pm line 10.
Compilation failed in require at t/123-rcb-class.t line 31.
BEGIN failed--compilation aborted at t/123-rcb-class.t line 31.
# Looks like your test exited with 255 before it could output anything.
t/123-rcb-class.t .........
Dubious, test returned 255 (wstat 65280, 0xff00)
Failed 6/6 subtests
Possible unintended interpolation of @emitters in string at /tmp/loop_over_bdir-25712-aM3UDW/Reflex-0.099-0/blib/lib/Reflex/Event.pm line 133.
Bareword found where operator expected at /tmp/loop_over_bdir-25712-aM3UDW/Reflex-0.099-0/blib/lib/Reflex/Event.pm line 166, near "Please see those modules/websites"
(Might be a runaway multi-line // string starting on line 133)
(Do you need to predeclare Please?)
Number found where operator expected at /tmp/loop_over_bdir-25712-aM3UDW/Reflex-0.099-0/blib/lib/Reflex/Event.pm line 168, near "over 4"
(Do you need to predeclare over?)
Possible unintended interpolation of @cpan in string at /tmp/loop_over_bdir-25712-aM3UDW/Reflex-0.099-0/blib/lib/Reflex/Event.pm line 183.
Number found where operator expected at /tmp/loop_over_bdir-25712-aM3UDW/Reflex-0.099-0/blib/lib/Reflex/Event.pm line 187, near ") 2013"
(Missing operator before 2013?)
Bareword found where operator expected at /tmp/loop_over_bdir-25712-aM3UDW/Reflex-0.099-0/blib/lib/Reflex/Event.pm line 187, near "2013 by"
(Missing operator before by?)
Bareword found where operator expected at /tmp/loop_over_bdir-25712-aM3UDW/Reflex-0.099-0/blib/lib/Reflex/Event.pm line 211, near "WILL ANY COPYRIGHT HOLDER, OR ANY OTHER PARTY WHO MAY MODIFY AND/OR"
(Might be a runaway multi-line // string starting on line 202)
(Do you need to predeclare WILL?)
Global symbol "@emitters" requires explicit package name at /tmp/loop_over_bdir-25712-aM3UDW/Reflex-0.099-0/blib/lib/Reflex/Event.pm line 133.
Global symbol "$i" requires explicit package name at /tmp/loop_over_bdir-25712-aM3UDW/Reflex-0.099-0/blib/lib/Reflex/Event.pm line 133.
Global symbol "@emitters" requires explicit package name at /tmp/loop_over_bdir-25712-aM3UDW/Reflex-0.099-0/blib/lib/Reflex/Event.pm line 133.
Global symbol "$i" requires explicit package name at /tmp/loop_over_bdir-25712-aM3UDW/Reflex-0.099-0/blib/lib/Reflex/Event.pm line 133.
Global symbol "@emitters" requires explicit package name at /tmp/loop_over_bdir-25712-aM3UDW/Reflex-0.099-0/blib/lib/Reflex/Event.pm line 133.
Global symbol "$i" requires explicit package name at /tmp/loop_over_bdir-25712-aM3UDW/Reflex-0.099-0/blib/lib/Reflex/Event.pm line 133.
syntax error at /tmp/loop_over_bdir-25712-aM3UDW/Reflex-0.099-0/blib/lib/Reflex/Event.pm line 166, near "Please see those modules/websites "
Global symbol "@cpan" requires explicit package name at /tmp/loop_over_bdir-25712-aM3UDW/Reflex-0.099-0/blib/lib/Reflex/Event.pm line 183.
syntax error at /tmp/loop_over_bdir-25712-aM3UDW/Reflex-0.099-0/blib/lib/Reflex/Event.pm line 195, near "/>"
(Might be a runaway multi-line // string starting on line 189)
Missing right curly or square bracket at /tmp/loop_over_bdir-25712-aM3UDW/Reflex-0.099-0/blib/lib/Reflex/Event.pm line 222, at end of line
/tmp/loop_over_bdir-25712-aM3UDW/Reflex-0.099-0/blib/lib/Reflex/Event.pm has too many errors.
Compilation failed in require at t/lib/ThingWithCallbacks.pm line 10.
BEGIN failed--compilation aborted at t/lib/ThingWithCallbacks.pm line 10.
Compilation failed in require at t/124-rcb-role.t line 32.
BEGIN failed--compilation aborted at t/124-rcb-role.t line 32.
# Looks like your test exited with 255 before it could output anything.
t/124-rcb-role.t ..........
Dubious, test returned 255 (wstat 65280, 0xff00)
Failed 4/4 subtests
Possible unintended interpolation of @emitters in string at /tmp/loop_over_bdir-25712-aM3UDW/Reflex-0.099-0/blib/lib/Reflex/Event.pm line 133.
Bareword found where operator expected at /tmp/loop_over_bdir-25712-aM3UDW/Reflex-0.099-0/blib/lib/Reflex/Event.pm line 166, near "Please see those modules/websites"
(Might be a runaway multi-line // string starting on line 133)
(Do you need to predeclare Please?)
Number found where operator expected at /tmp/loop_over_bdir-25712-aM3UDW/Reflex-0.099-0/blib/lib/Reflex/Event.pm line 168, near "over 4"
(Do you need to predeclare over?)
Possible unintended interpolation of @cpan in string at /tmp/loop_over_bdir-25712-aM3UDW/Reflex-0.099-0/blib/lib/Reflex/Event.pm line 183.
Number found where operator expected at /tmp/loop_over_bdir-25712-aM3UDW/Reflex-0.099-0/blib/lib/Reflex/Event.pm line 187, near ") 2013"
(Missing operator before 2013?)
Bareword found where operator expected at /tmp/loop_over_bdir-25712-aM3UDW/Reflex-0.099-0/blib/lib/Reflex/Event.pm line 187, near "2013 by"
(Missing operator before by?)
Bareword found where operator expected at /tmp/loop_over_bdir-25712-aM3UDW/Reflex-0.099-0/blib/lib/Reflex/Event.pm line 211, near "WILL ANY COPYRIGHT HOLDER, OR ANY OTHER PARTY WHO MAY MODIFY AND/OR"
(Might be a runaway multi-line // string starting on line 202)
(Do you need to predeclare WILL?)
Global symbol "@emitters" requires explicit package name at /tmp/loop_over_bdir-25712-aM3UDW/Reflex-0.099-0/blib/lib/Reflex/Event.pm line 133.
Global symbol "$i" requires explicit package name at /tmp/loop_over_bdir-25712-aM3UDW/Reflex-0.099-0/blib/lib/Reflex/Event.pm line 133.
Global symbol "@emitters" requires explicit package name at /tmp/loop_over_bdir-25712-aM3UDW/Reflex-0.099-0/blib/lib/Reflex/Event.pm line 133.
Global symbol "$i" requires explicit package name at /tmp/loop_over_bdir-25712-aM3UDW/Reflex-0.099-0/blib/lib/Reflex/Event.pm line 133.
Global symbol "@emitters" requires explicit package name at /tmp/loop_over_bdir-25712-aM3UDW/Reflex-0.099-0/blib/lib/Reflex/Event.pm line 133.
Global symbol "$i" requires explicit package name at /tmp/loop_over_bdir-25712-aM3UDW/Reflex-0.099-0/blib/lib/Reflex/Event.pm line 133.
syntax error at /tmp/loop_over_bdir-25712-aM3UDW/Reflex-0.099-0/blib/lib/Reflex/Event.pm line 166, near "Please see those modules/websites "
Global symbol "@cpan" requires explicit package name at /tmp/loop_over_bdir-25712-aM3UDW/Reflex-0.099-0/blib/lib/Reflex/Event.pm line 183.
syntax error at /tmp/loop_over_bdir-25712-aM3UDW/Reflex-0.099-0/blib/lib/Reflex/Event.pm line 195, near "/>"
(Might be a runaway multi-line // string starting on line 189)
Missing right curly or square bracket at /tmp/loop_over_bdir-25712-aM3UDW/Reflex-0.099-0/blib/lib/Reflex/Event.pm line 222, at end of line
/tmp/loop_over_bdir-25712-aM3UDW/Reflex-0.099-0/blib/lib/Reflex/Event.pm has too many errors.
Compilation failed in require at /home/sand/src/perl/repoperls/installed-perls/host/k93x64sid/perl-5.8.8/f878/lib/site_perl/5.8.8/Module/Runtime.pm line 313.
Compilation failed in require at /tmp/loop_over_bdir-25712-aM3UDW/Reflex-0.099-0/blib/lib/Reflex/POE/Session.pm line 12.
BEGIN failed--compilation aborted at /tmp/loop_over_bdir-25712-aM3UDW/Reflex-0.099-0/blib/lib/Reflex/POE/Session.pm line 12.
Compilation failed in require at /tmp/loop_over_bdir-25712-aM3UDW/Reflex-0.099-0/blib/lib/Reflex/Role/Reactive.pm line 34.
BEGIN failed--compilation aborted at /tmp/loop_over_bdir-25712-aM3UDW/Reflex-0.099-0/blib/lib/Reflex/Role/Reactive.pm line 34.
Compilation failed in require at /home/sand/src/perl/repoperls/installed-perls/host/k93x64sid/perl-5.8.8/f878/lib/site_perl/5.8.8/Module/Runtime.pm line 313.
Compilation failed in require at /home/sand/src/perl/repoperls/installed-perls/host/k93x64sid/perl-5.8.8/f878/lib/site_perl/5.8.8/Module/Runtime.pm line 313.
Compilation failed in require at t/125-rcb-promise.t line 28.
BEGIN failed--compilation aborted at t/125-rcb-promise.t line 28.
# Looks like your test exited with 255 before it could output anything.
t/125-rcb-promise.t .......
Dubious, test returned 255 (wstat 65280, 0xff00)
Failed 3/3 subtests
Possible unintended interpolation of @emitters in string at /tmp/loop_over_bdir-25712-aM3UDW/Reflex-0.099-0/blib/lib/Reflex/Event.pm line 133.
Bareword found where operator expected at /tmp/loop_over_bdir-25712-aM3UDW/Reflex-0.099-0/blib/lib/Reflex/Event.pm line 166, near "Please see those modules/websites"
(Might be a runaway multi-line // string starting on line 133)
(Do you need to predeclare Please?)
Number found where operator expected at /tmp/loop_over_bdir-25712-aM3UDW/Reflex-0.099-0/blib/lib/Reflex/Event.pm line 168, near "over 4"
(Do you need to predeclare over?)
Possible unintended interpolation of @cpan in string at /tmp/loop_over_bdir-25712-aM3UDW/Reflex-0.099-0/blib/lib/Reflex/Event.pm line 183.
Number found where operator expected at /tmp/loop_over_bdir-25712-aM3UDW/Reflex-0.099-0/blib/lib/Reflex/Event.pm line 187, near ") 2013"
(Missing operator before 2013?)
Bareword found where operator expected at /tmp/loop_over_bdir-25712-aM3UDW/Reflex-0.099-0/blib/lib/Reflex/Event.pm line 187, near "2013 by"
(Missing operator before by?)
Bareword found where operator expected at /tmp/loop_over_bdir-25712-aM3UDW/Reflex-0.099-0/blib/lib/Reflex/Event.pm line 211, near "WILL ANY COPYRIGHT HOLDER, OR ANY OTHER PARTY WHO MAY MODIFY AND/OR"
(Might be a runaway multi-line // string starting on line 202)
(Do you need to predeclare WILL?)
Global symbol "@emitters" requires explicit package name at /tmp/loop_over_bdir-25712-aM3UDW/Reflex-0.099-0/blib/lib/Reflex/Event.pm line 133.
Global symbol "$i" requires explicit package name at /tmp/loop_over_bdir-25712-aM3UDW/Reflex-0.099-0/blib/lib/Reflex/Event.pm line 133.
Global symbol "@emitters" requires explicit package name at /tmp/loop_over_bdir-25712-aM3UDW/Reflex-0.099-0/blib/lib/Reflex/Event.pm line 133.
Global symbol "$i" requires explicit package name at /tmp/loop_over_bdir-25712-aM3UDW/Reflex-0.099-0/blib/lib/Reflex/Event.pm line 133.
Global symbol "@emitters" requires explicit package name at /tmp/loop_over_bdir-25712-aM3UDW/Reflex-0.099-0/blib/lib/Reflex/Event.pm line 133.
Global symbol "$i" requires explicit package name at /tmp/loop_over_bdir-25712-aM3UDW/Reflex-0.099-0/blib/lib/Reflex/Event.pm line 133.
syntax error at /tmp/loop_over_bdir-25712-aM3UDW/Reflex-0.099-0/blib/lib/Reflex/Event.pm line 166, near "Please see those modules/websites "
Global symbol "@cpan" requires explicit package name at /tmp/loop_over_bdir-25712-aM3UDW/Reflex-0.099-0/blib/lib/Reflex/Event.pm line 183.
syntax error at /tmp/loop_over_bdir-25712-aM3UDW/Reflex-0.099-0/blib/lib/Reflex/Event.pm line 195, near "/>"
(Might be a runaway multi-line // string starting on line 189)
Missing right curly or square bracket at /tmp/loop_over_bdir-25712-aM3UDW/Reflex-0.099-0/blib/lib/Reflex/Event.pm line 222, at end of line
/tmp/loop_over_bdir-25712-aM3UDW/Reflex-0.099-0/blib/lib/Reflex/Event.pm has too many errors.
Compilation failed in require at /home/sand/src/perl/repoperls/installed-perls/host/k93x64sid/perl-5.8.8/f878/lib/site_perl/5.8.8/Module/Runtime.pm line 313.
Compilation failed in require at /tmp/loop_over_bdir-25712-aM3UDW/Reflex-0.099-0/blib/lib/Reflex/POE/Session.pm line 12.
BEGIN failed--compilation aborted at /tmp/loop_over_bdir-25712-aM3UDW/Reflex-0.099-0/blib/lib/Reflex/POE/Session.pm line 12.
Compilation failed in require at /tmp/loop_over_bdir-25712-aM3UDW/Reflex-0.099-0/blib/lib/Reflex/Role/Reactive.pm line 34.
BEGIN failed--compilation aborted at /tmp/loop_over_bdir-25712-aM3UDW/Reflex-0.099-0/blib/lib/Reflex/Role/Reactive.pm line 34.
Compilation failed in require at /home/sand/src/perl/repoperls/installed-perls/host/k93x64sid/perl-5.8.8/f878/lib/site_perl/5.8.8/Module/Runtime.pm line 313.
Compilation failed in require at /home/sand/src/perl/repoperls/installed-perls/host/k93x64sid/perl-5.8.8/f878/lib/site_perl/5.8.8/Module/Runtime.pm line 313.
t/126-nested-emitters.t ...
Dubious, test returned 255 (wstat 65280, 0xff00)
No subtests run
Possible unintended interpolation of @emitters in string at /tmp/loop_over_bdir-25712-aM3UDW/Reflex-0.099-0/blib/lib/Reflex/Event.pm line 133.
Bareword found where operator expected at /tmp/loop_over_bdir-25712-aM3UDW/Reflex-0.099-0/blib/lib/Reflex/Event.pm line 166, near "Please see those modules/websites"
(Might be a runaway multi-line // string starting on line 133)
(Do you need to predeclare Please?)
Number found where operator expected at /tmp/loop_over_bdir-25712-aM3UDW/Reflex-0.099-0/blib/lib/Reflex/Event.pm line 168, near "over 4"
(Do you need to predeclare over?)
Possible unintended interpolation of @cpan in string at /tmp/loop_over_bdir-25712-aM3UDW/Reflex-0.099-0/blib/lib/Reflex/Event.pm line 183.
Number found where operator expected at /tmp/loop_over_bdir-25712-aM3UDW/Reflex-0.099-0/blib/lib/Reflex/Event.pm line 187, near ") 2013"
(Missing operator before 2013?)
Bareword found where operator expected at /tmp/loop_over_bdir-25712-aM3UDW/Reflex-0.099-0/blib/lib/Reflex/Event.pm line 187, near "2013 by"
(Missing operator before by?)
Bareword found where operator expected at /tmp/loop_over_bdir-25712-aM3UDW/Reflex-0.099-0/blib/lib/Reflex/Event.pm line 211, near "WILL ANY COPYRIGHT HOLDER, OR ANY OTHER PARTY WHO MAY MODIFY AND/OR"
(Might be a runaway multi-line // string starting on line 202)
(Do you need to predeclare WILL?)
Global symbol "@emitters" requires explicit package name at /tmp/loop_over_bdir-25712-aM3UDW/Reflex-0.099-0/blib/lib/Reflex/Event.pm line 133.
Global symbol "$i" requires explicit package name at /tmp/loop_over_bdir-25712-aM3UDW/Reflex-0.099-0/blib/lib/Reflex/Event.pm line 133.
Global symbol "@emitters" requires explicit package name at /tmp/loop_over_bdir-25712-aM3UDW/Reflex-0.099-0/blib/lib/Reflex/Event.pm line 133.
Global symbol "$i" requires explicit package name at /tmp/loop_over_bdir-25712-aM3UDW/Reflex-0.099-0/blib/lib/Reflex/Event.pm line 133.
Global symbol "@emitters" requires explicit package name at /tmp/loop_over_bdir-25712-aM3UDW/Reflex-0.099-0/blib/lib/Reflex/Event.pm line 133.
Global symbol "$i" requires explicit package name at /tmp/loop_over_bdir-25712-aM3UDW/Reflex-0.099-0/blib/lib/Reflex/Event.pm line 133.
syntax error at /tmp/loop_over_bdir-25712-aM3UDW/Reflex-0.099-0/blib/lib/Reflex/Event.pm line 166, near "Please see those modules/websites "
Global symbol "@cpan" requires explicit package name at /tmp/loop_over_bdir-25712-aM3UDW/Reflex-0.099-0/blib/lib/Reflex/Event.pm line 183.
syntax error at /tmp/loop_over_bdir-25712-aM3UDW/Reflex-0.099-0/blib/lib/Reflex/Event.pm line 195, near "/>"
(Might be a runaway multi-line // string starting on line 189)
Missing right curly or square bracket at /tmp/loop_over_bdir-25712-aM3UDW/Reflex-0.099-0/blib/lib/Reflex/Event.pm line 222, at end of line
/tmp/loop_over_bdir-25712-aM3UDW/Reflex-0.099-0/blib/lib/Reflex/Event.pm has too many errors.
Compilation failed in require at /home/sand/src/perl/repoperls/installed-perls/host/k93x64sid/perl-5.8.8/f878/lib/site_perl/5.8.8/Module/Runtime.pm line 313.
Compilation failed in require at /tmp/loop_over_bdir-25712-aM3UDW/Reflex-0.099-0/blib/lib/Reflex/POE/Session.pm line 12.
BEGIN failed--compilation aborted at /tmp/loop_over_bdir-25712-aM3UDW/Reflex-0.099-0/blib/lib/Reflex/POE/Session.pm line 12.
Compilation failed in require at /tmp/loop_over_bdir-25712-aM3UDW/Reflex-0.099-0/blib/lib/Reflex/Role/Reactive.pm line 34.
BEGIN failed--compilation aborted at /tmp/loop_over_bdir-25712-aM3UDW/Reflex-0.099-0/blib/lib/Reflex/Role/Reactive.pm line 34.
Compilation failed in require at /home/sand/src/perl/repoperls/installed-perls/host/k93x64sid/perl-5.8.8/f878/lib/site_perl/5.8.8/Module/Runtime.pm line 313.
Compilation failed in require at /home/sand/src/perl/repoperls/installed-perls/host/k93x64sid/perl-5.8.8/f878/lib/site_perl/5.8.8/Module/Runtime.pm line 313.
Compilation failed in require at /tmp/loop_over_bdir-25712-aM3UDW/Reflex-0.099-0/blib/lib/Reflex/POE/Wheel/Run.pm line 10.
BEGIN failed--compilation aborted at /tmp/loop_over_bdir-25712-aM3UDW/Reflex-0.099-0/blib/lib/Reflex/POE/Wheel/Run.pm line 10.
Compilation failed in require at t/300-run-all-twice.t line 6.
BEGIN failed--compilation aborted at t/300-run-all-twice.t line 6.
t/300-run-all-twice.t .....
Dubious, test returned 255 (wstat 65280, 0xff00)
No subtests run
t/release-pod-coverage.t .. skipped: these tests are for release candidate testing
t/release-pod-syntax.t .... skipped: these tests are for release candidate testing
Test Summary Report
-------------------
t/101-discrete-watcher.t (Wstat: 65280 Tests: 0 Failed: 0)
Non-zero exit status: 255
Parse errors: No plan found in TAP output
t/102-watched-new.t (Wstat: 65280 Tests: 0 Failed: 0)
Non-zero exit status: 255
Parse errors: No plan found in TAP output
t/103-watcher-roles.t (Wstat: 65280 Tests: 0 Failed: 0)
Non-zero exit status: 255
Parse errors: Bad plan. You planned 10 tests but ran 0.
t/104-emitter-trait.t (Wstat: 65280 Tests: 0 Failed: 0)
Non-zero exit status: 255
Parse errors: Bad plan. You planned 4 tests but ran 0.
t/105-setup.t (Wstat: 65280 Tests: 0 Failed: 0)
Non-zero exit status: 255
Parse errors: Bad plan. You planned 5 tests but ran 0.
t/120-rcb-coderef.t (Wstat: 65280 Tests: 0 Failed: 0)
Non-zero exit status: 255
Parse errors: Bad plan. You planned 7 tests but ran 0.
t/121-rcb-method.t (Wstat: 65280 Tests: 0 Failed: 0)
Non-zero exit status: 255
Parse errors: Bad plan. You planned 2 tests but ran 0.
t/122-rcb-object.t (Wstat: 65280 Tests: 0 Failed: 0)
Non-zero exit status: 255
Parse errors: Bad plan. You planned 6 tests but ran 0.
t/123-rcb-class.t (Wstat: 65280 Tests: 0 Failed: 0)
Non-zero exit status: 255
Parse errors: Bad plan. You planned 6 tests but ran 0.
t/124-rcb-role.t (Wstat: 65280 Tests: 0 Failed: 0)
Non-zero exit status: 255
Parse errors: Bad plan. You planned 4 tests but ran 0.
t/125-rcb-promise.t (Wstat: 65280 Tests: 0 Failed: 0)
Non-zero exit status: 255
Parse errors: Bad plan. You planned 3 tests but ran 0.
t/126-nested-emitters.t (Wstat: 65280 Tests: 0 Failed: 0)
Non-zero exit status: 255
Parse errors: No plan found in TAP output
t/300-run-all-twice.t (Wstat: 65280 Tests: 0 Failed: 0)
Non-zero exit status: 255
Parse errors: No plan found in TAP output
Files=17, Tests=9, 4 wallclock secs ( 0.04 usr 0.06 sys + 3.28 cusr 0.46 csys = 3.84 CPU)
Result: FAIL
Failed 13/17 test programs. 0/9 subtests failed.
Makefile:1152: recipe for target 'test_dynamic' failed
make: *** [test_dynamic] Error 255
------------------------------
PREREQUISITES
------------------------------
Prerequisite modules loaded:
requires:
Module Need Have
--------------------------- ------ --------
Moose 2.0203 2.1804
MooseX::Role::Parameterized 0.23 1.08
POE 1.294 1.367
Scalar::Util 1.23 1.45
Test::More 0.96 1.302040
configure_requires:
Module Need Have
--------------------------- ------ --------
ExtUtils::MakeMaker 6.30 7.18
------------------------------
ENVIRONMENT AND OTHER CONTEXT
------------------------------
Environment variables:
AUTOMATED_TESTING = 1
LANG = C
PATH = /usr/lib/ccache:/home/sand/bin:/usr/local/bin:/usr/lib/ccache:/usr/bin:/bin:/usr/games:/usr/local/perl/bin:/usr/X11/bin:/sbin:/usr/sbin
PERL5LIB = /tmp/loop_over_bdir-25712-aM3UDW/ProjectBuilder-0.12.2-0/blib/arch:/tmp/loop_over_bdir-25712-aM3UDW/ProjectBuilder-0.12.2-0/blib/lib:/tmp/loop_over_bdir-25712-aM3UDW/FusionInventory-Agent-2.3.18-0/blib/arch:/tmp/loop_over_bdir-25712-aM3UDW/FusionInventory-Agent-2.3.18-0/blib/lib
PERL5OPT =
PERL5_CPANPLUS_IS_RUNNING = 22947
PERL5_CPAN_IS_RUNNING = 22947
PERL_CANARY_STABILITY_NOPROMPT = 1
PERL_MM_USE_DEFAULT = 1
SHELL = /usr/bin/zsh
TERM = screen
Perl special variables (and OS-specific diagnostics, for MSWin32):
$^X = /tmp/basesmoker-reloperl-duRF/bin/perl
$UID/$EUID = 1005 / 1005
$GID = 1005 1005
$EGID = 1005 1005
Perl module toolchain versions installed:
Module Have
------------------- --------
CPAN 2.14
CPAN::Meta 2.150005
Cwd 3.62
ExtUtils::CBuilder 0.280224
ExtUtils::Command 7.18
ExtUtils::Install 2.04
ExtUtils::MakeMaker 7.18
ExtUtils::Manifest 1.70
ExtUtils::ParseXS 3.30
File::Spec 3.62
JSON 2.90
JSON::PP 2.27400
Module::Build 0.4218
Module::Signature 0.80
Parse::CPAN::Meta 1.4422
Test::Harness 3.36
Test::More 1.302040
YAML 1.18
YAML::Syck 1.29
version 0.9917
--
Summary of my perl5 (revision 5 version 8 subversion 8) configuration:
Platform:
osname=linux, osvers=4.6.0-1-amd64, archname=x86_64-linux
uname='linux k93x64sid 4.6.0-1-amd64 #1 smp debian 4.6.2-2 (2016-06-25) x86_64 gnulinux '
config_args='-Dprefix=/home/sand/src/perl/repoperls/installed-perls/host/k93x64sid/perl-5.8.8/f878 -Dmyhostname=k93x64sid -Dinstallusrbinperl=n -Uversiononly -Dusedevel -des -Ui_db -Dlibswanted=cl pthread socket inet nsl gdbm dbm malloc dl ld sun m crypt sec util c cposix posix ucb BSD gdbm_compat -Uuseithreads -Uuselongdouble'
hint=recommended, useposix=true, d_sigaction=define
usethreads=undef use5005threads=undef useithreads=undef usemultiplicity=undef
useperlio=define d_sfio=undef uselargefiles=define usesocks=undef
use64bitint=define use64bitall=define uselongdouble=undef
usemymalloc=n, bincompat5005=undef
Compiler:
cc='cc', ccflags ='-fno-strict-aliasing -pipe -Wdeclaration-after-statement -I/usr/local/include -D_LARGEFILE_SOURCE -D_FILE_OFFSET_BITS=64',
optimize='-O2',
cppflags='-fno-strict-aliasing -pipe -Wdeclaration-after-statement -I/usr/local/include'
ccversion='', gccversion='5.4.0 20160609', gccosandvers=''
intsize=4, longsize=8, ptrsize=8, doublesize=8, byteorder=12345678
d_longlong=define, longlongsize=8, d_longdbl=define, longdblsize=16
ivtype='long', ivsize=8, nvtype='double', nvsize=8, Off_t='off_t', lseeksize=8
alignbytes=8, prototype=define
Linker and Libraries:
ld='cc', ldflags =' -L/usr/local/lib'
libpth=/usr/local/lib /lib/x86_64-linux-gnu /lib/../lib /usr/lib/x86_64-linux-gnu /usr/lib/../lib /lib /usr/lib
libs=-lpthread -lnsl -ldl -lm -lcrypt -lutil -lc
perllibs=-lpthread -lnsl -ldl -lm -lcrypt -lutil -lc
libc=libc-2.23.so, so=so, useshrplib=false, libperl=libperl.a
gnulibc_version='2.23'
Dynamic Linking:
dlsrc=dl_dlopen.xs, dlext=so, d_dlsymun=undef, ccdlflags='-Wl,-E'
cccdlflags='-fpic', lddlflags='-shared -L/usr/local/lib'
Characteristics of this binary (from libperl):
Compile-time options: PERL_MALLOC_WRAP USE_64_BIT_ALL USE_64_BIT_INT
USE_LARGE_FILES USE_PERLIO
Built under linux
Compiled at Jul 17 2016 12:53:58
%ENV:
PERL5LIB="/tmp/loop_over_bdir-25712-aM3UDW/ProjectBuilder-0.12.2-0/blib/arch:/tmp/loop_over_bdir-25712-aM3UDW/ProjectBuilder-0.12.2-0/blib/lib:/tmp/loop_over_bdir-25712-aM3UDW/FusionInventory-Agent-2.3.18-0/blib/arch:/tmp/loop_over_bdir-25712-aM3UDW/FusionInventory-Agent-2.3.18-0/blib/lib"
PERL5OPT=""
PERL5_CPANPLUS_IS_RUNNING="22947"
PERL5_CPAN_IS_RUNNING="22947"
PERL_CANARY_STABILITY_NOPROMPT="1"
PERL_MM_USE_DEFAULT="1"
@INC:
/tmp/loop_over_bdir-25712-aM3UDW/ProjectBuilder-0.12.2-0/blib/arch
/tmp/loop_over_bdir-25712-aM3UDW/ProjectBuilder-0.12.2-0/blib/lib
/tmp/loop_over_bdir-25712-aM3UDW/FusionInventory-Agent-2.3.18-0/blib/arch
/tmp/loop_over_bdir-25712-aM3UDW/FusionInventory-Agent-2.3.18-0/blib/lib
/home/sand/src/perl/repoperls/installed-perls/host/k93x64sid/perl-5.8.8/f878/lib/5.8.8/x86_64-linux
/home/sand/src/perl/repoperls/installed-perls/host/k93x64sid/perl-5.8.8/f878/lib/5.8.8
/home/sand/src/perl/repoperls/installed-perls/host/k93x64sid/perl-5.8.8/f878/lib/site_perl/5.8.8/x86_64-linux
/home/sand/src/perl/repoperls/installed-perls/host/k93x64sid/perl-5.8.8/f878/lib/site_perl/5.8.8
/home/sand/src/perl/repoperls/installed-perls/host/k93x64sid/perl-5.8.8/f878/lib/site_perl
.