Report for Text-MacroScript-2.10_02

Back
From: metabase:user:322078bc-2aae-11df-837a-5e0a49663a4f
Subject: FAIL Text-MacroScript-2.10_02 v5.22.0 Debian GNU/kFreeBSD
Date: 2015-07-27T14:24:27Z

This distribution has been tested as part of the CPAN Testers
project, supporting the Perl programming language.  See
http://wiki.cpantesters.org/ for more information or email
questions to cpan-testers-discuss@perl.org


--

Dear PSCUST,

This is a computer-generated error report created automatically by
CPANPLUS, version 0.9154. Testers personal comments may appear
at the end of this report.


Thank you for uploading your work to CPAN.  However, it appears that
there were some problems testing your distribution.

TEST RESULTS:

Below is the error stack from stage 'make test':

PERL_DL_NONLAZY=1 "/home/cpan/pit/bare/perl-5.22.0/bin/perl" "-MExtUtils::Command::MM" "-MTest::Harness" "-e" "undef *Test::Harness::Switches; test_harness(0, 'blib/lib', 'blib/arch')" t/*.t

#   Failed test 'Text::MacroScript->new() died'
#   at t/expand_file.t line 26.
#     Error was:  Eval-group not allowed at runtime, use re 'eval' in regex m/ (?| (?^mx: (?> \\ ( [\#\%] ) 	(?{ \&_match_escape }) ) ) | (?^mx: (?> \\ \n				(?{ \&_match_escape_newline }) ) ) | .../ at (eval 28) line 15.

#   Failed test 'Text::MacroScript->new() died'
#   at t/expand_file.t line 32.
#     Error was:  Eval-group not allowed at runtime, use re 'eval' in regex m/ (?| (?^mx: (?> \\ ( [\#\%] ) 	(?{ \&_match_escape }) ) ) | (?^mx: (?> \\ \n				(?{ \&_match_escape_newline }) ) ) | .../ at (eval 29) line 15.
Can't call method "expand_file" on an undefined value at t/expand_file.t line 33.
# Tests were run but no plan was declared and done_testing() was not seen.
# Looks like your test exited with 255 just after 4.
t/expand_file.t ................ 
Dubious, test returned 255 (wstat 65280, 0xff00)
Failed 2/4 subtests 

t/fix_002.t .................... 
Dubious, test returned 255 (wstat 65280, 0xff00)
Failed 1/2 subtests 
#   Failed test 'Text::MacroScript->new() died'
#   at t/fix_002.t line 13.
#     Error was:  Eval-group not allowed at runtime, use re 'eval' in regex m/ (?| (?^mx: (?> \\ ( [\#\%] ) 	(?{ \&_match_escape }) ) ) | (?^mx: (?> \\ \n				(?{ \&_match_escape_newline }) ) ) | .../ at (eval 10) line 15.
Can't call method "expand" on an undefined value at t/fix_002.t line 14.
# Tests were run but no plan was declared and done_testing() was not seen.
# Looks like your test exited with 255 just after 2.

t/fix_003.t .................... 
Dubious, test returned 255 (wstat 65280, 0xff00)
Failed 1/2 subtests 
#   Failed test 'Text::MacroScript->new() died'
#   at t/fix_003.t line 13.
#     Error was:  Eval-group not allowed at runtime, use re 'eval' in regex m/ (?| (?^mx: (?> \\ ( [\#\%] ) 	(?{ \&_match_escape }) ) ) | (?^mx: (?> \\ \n				(?{ \&_match_escape_newline }) ) ) | .../ at (eval 10) line 15.
Can't call method "expand" on an undefined value at t/fix_003.t line 14.
# Tests were run but no plan was declared and done_testing() was not seen.
# Looks like your test exited with 255 just after 2.

#   Failed test 'Text::MacroScript->new() died'
#   at t/fix_004.t line 14.
#     Error was:  Eval-group not allowed at runtime, use re 'eval' in regex m/ (?| (?^mx: (?> \\ ( [\#\%] ) 	(?{ \&_match_escape }) ) ) | (?^mx: (?> \\ \n				(?{ \&_match_escape_newline }) ) ) | .../ at (eval 28) line 15.

#   Failed test 'error ok at line 15'
#   at t/mytests.pl line 43.
# +---+---------------------------------------------------------------------------------+-----------------------------------------------+
# | Ln|Got                                                                              |Expected                                       |
# +---+---------------------------------------------------------------------------------+-----------------------------------------------+
# *  1|'Can\'t call method "undefine_all" on an undefined value at t/fix_004.t line 15  |' method not supported at t/fix_004.t line 15  *
# |  2|'                                                                                |'                                              |
# +---+---------------------------------------------------------------------------------+-----------------------------------------------+

t/fix_004.t .................... 
Dubious, test returned 3 (wstat 768, 0x300)
Failed 3/7 subtests 
#   Failed test 'error ok at line 17'
#   at t/mytests.pl line 43.
# +---+---------------------------------------------------------------------------------+---------------------------------------------------+
# | Ln|Got                                                                              |Expected                                           |
# +---+---------------------------------------------------------------------------------+---------------------------------------------------+
# *  1|'Can\'t call method "undefine_all" on an undefined value at t/fix_004.t line 17  |'-xxx method not supported at t/fix_004.t line 17  *
# |  2|'                                                                                |'                                                  |
# +---+---------------------------------------------------------------------------------+---------------------------------------------------+
# Looks like you failed 3 tests of 7.

t/fix_007.t .................... 
Dubious, test returned 255 (wstat 65280, 0xff00)
Failed 1/2 subtests 
#   Failed test 'Text::MacroScript->new() died'
#   at t/fix_007.t line 13.
#     Error was:  Eval-group not allowed at runtime, use re 'eval' in regex m/ (?| (?^mx: (?> \\ ( [\#\%] ) 	(?{ \&_match_escape }) ) ) | (?^mx: (?> \\ \n				(?{ \&_match_escape_newline }) ) ) | .../ at (eval 10) line 15.
Can't call method "define_variable" on an undefined value at t/fix_007.t line 14.
# Tests were run but no plan was declared and done_testing() was not seen.
# Looks like your test exited with 255 just after 2.

t/fix_027.t .................... 
Dubious, test returned 255 (wstat 65280, 0xff00)
Failed 1/2 subtests 
#   Failed test 'Text::MacroScript->new() died'
#   at t/fix_027.t line 13.
#     Error was:  Eval-group not allowed at runtime, use re 'eval' in regex m/ (?| (?^mx: (?> \\ ( [\#\%] ) 	(?{ \&_match_escape }) ) ) | (?^mx: (?> \\ \n				(?{ \&_match_escape_newline }) ) ) | .../ at (eval 10) line 15.
Can't call method "expand" on an undefined value at t/fix_027.t line 14.
# Tests were run but no plan was declared and done_testing() was not seen.
# Looks like your test exited with 255 just after 2.

t/fix_028_037.t ................ 
Dubious, test returned 255 (wstat 65280, 0xff00)
Failed 1/2 subtests 
#   Failed test 'Text::MacroScript->new() died'
#   at t/fix_028_037.t line 13.
#     Error was:  Eval-group not allowed at runtime, use re 'eval' in regex m/ (?| (?^mx: (?> \\ ( [\#\%] ) 	(?{ \&_match_escape }) ) ) | (?^mx: (?> \\ \n				(?{ \&_match_escape_newline }) ) ) | .../ at (eval 10) line 15.
Can't call method "expand" on an undefined value at t/fix_028_037.t line 14.
# Tests were run but no plan was declared and done_testing() was not seen.
# Looks like your test exited with 255 just after 2.

t/fix_038.t .................... 
Dubious, test returned 255 (wstat 65280, 0xff00)
Failed 1/2 subtests 
#   Failed test 'Text::MacroScript->new() died'
#   at t/fix_038.t line 13.
#     Error was:  Eval-group not allowed at runtime, use re 'eval' in regex m/ (?| (?^mx: (?> \\ ( [\#\%] ) 	(?{ \&_match_escape }) ) ) | (?^mx: (?> \\ \n				(?{ \&_match_escape_newline }) ) ) | .../ at (eval 10) line 15.
Can't call method "define_variable" on an undefined value at t/fix_038.t line 14.
# Tests were run but no plan was declared and done_testing() was not seen.
# Looks like your test exited with 255 just after 2.

t/fix_039.t .................... 
Dubious, test returned 255 (wstat 65280, 0xff00)
Failed 1/2 subtests 
#   Failed test 'Text::MacroScript->new() died'
#   at t/fix_039.t line 13.
#     Error was:  Eval-group not allowed at runtime, use re 'eval' in regex m/ (?| (?^mx: (?> \\ ( [\#\%] ) 	(?{ \&_match_escape }) ) ) | (?^mx: (?> \\ \n				(?{ \&_match_escape_newline }) ) ) | .../ at (eval 10) line 15.
Can't call method "expand" on an undefined value at t/fix_039.t line 14.
# Tests were run but no plan was declared and done_testing() was not seen.
# Looks like your test exited with 255 just after 2.

t/fix_040.t .................... 
Dubious, test returned 255 (wstat 65280, 0xff00)
Failed 1/2 subtests 
#   Failed test 'Text::MacroScript->new() died'
#   at t/fix_040.t line 14.
#     Error was:  Eval-group not allowed at runtime, use re 'eval' in regex m/ (?| (?^mx: (?> \\ ( [\#\%] ) 	(?{ \&_match_escape }) ) ) | (?^mx: (?> \\ \n				(?{ \&_match_escape_newline }) ) ) | .../ at (eval 10) line 15.
Can't call method "expand" on an undefined value at t/fix_040.t line 15.
# Tests were run but no plan was declared and done_testing() was not seen.
# Looks like your test exited with 255 just after 2.

t/fix_041.t .................... 
Dubious, test returned 255 (wstat 65280, 0xff00)
Failed 1/2 subtests 
#   Failed test 'Text::MacroScript->new() died'
#   at t/fix_041.t line 13.
#     Error was:  Eval-group not allowed at runtime, use re 'eval' in regex m/ (?| (?^mx: (?> \\ ( [\#\%] ) 	(?{ \&_match_escape }) ) ) | (?^mx: (?> \\ \n				(?{ \&_match_escape_newline }) ) ) | .../ at (eval 10) line 15.
Can't call method "expand" on an undefined value at t/fix_041.t line 21.
# Tests were run but no plan was declared and done_testing() was not seen.
# Looks like your test exited with 255 just after 2.

t/fix_046.t .................... 
Dubious, test returned 3 (wstat 768, 0x300)
Failed 3/4 subtests 
#   Failed test 'Text::MacroScript->new() died'
#   at t/fix_046.t line 13.
#     Error was:  Eval-group not allowed at runtime, use re 'eval' in regex m/ (?| (?^mx: (?> \\ ( [\#\%] ) 	(?{ \&_match_escape }) ) ) | (?^mx: (?> \\ \n				(?{ \&_match_escape_newline }) ) ) | .../ at (eval 10) line 15.

#   Failed test at t/fix_046.t line 15.
#          got: 'Can't call method "expand" on an undefined value at t/fix_046.t line 14.
# '
#     expected: 'Error at file - line 1: Expected [EXPR]
# '

#   Failed test at t/fix_046.t line 17.
#          got: 'Can't call method "expand" on an undefined value at t/fix_046.t line 16.
# '
#     expected: 'Error at file - line 1: Eval error: syntax error
# '
# Looks like you failed 3 tests of 4.

t/fix_048.t .................... 
Dubious, test returned 255 (wstat 65280, 0xff00)
Failed 1/2 subtests 
#   Failed test 'Text::MacroScript->new() died'
#   at t/fix_048.t line 13.
#     Error was:  Eval-group not allowed at runtime, use re 'eval' in regex m/ (?| (?^mx: (?> \\ ( [\#\%] ) 	(?{ \&_match_escape }) ) ) | (?^mx: (?> \\ \n				(?{ \&_match_escape_newline }) ) ) | .../ at (eval 10) line 15.
Can't call method "expand" on an undefined value at t/fix_048.t line 14.
# Tests were run but no plan was declared and done_testing() was not seen.
# Looks like your test exited with 255 just after 2.

t/fix_049.t .................... 
Dubious, test returned 255 (wstat 65280, 0xff00)
Failed 1/2 subtests 
#   Failed test 'Text::MacroScript->new() died'
#   at t/fix_049.t line 13.
#     Error was:  Eval-group not allowed at runtime, use re 'eval' in regex m/ (?| (?^mx: (?> \\ ( [\#\%] ) 	(?{ \&_match_escape }) ) ) | (?^mx: (?> \\ \n				(?{ \&_match_escape_newline }) ) ) | .../ at (eval 10) line 15.
Can't call method "expand" on an undefined value at t/fix_049.t line 14.
# Tests were run but no plan was declared and done_testing() was not seen.
# Looks like your test exited with 255 just after 2.

t/fix_063.t .................... 
Dubious, test returned 255 (wstat 65280, 0xff00)
Failed 1/2 subtests 
#   Failed test 'Text::MacroScript->new() died'
#   at t/fix_063.t line 13.
#     Error was:  Eval-group not allowed at runtime, use re 'eval' in regex m/ (?| (?^mx: (?> \\ ( [\#\%] ) 	(?{ \&_match_escape }) ) ) | (?^mx: (?> \\ \n				(?{ \&_match_escape_newline }) ) ) | .../ at (eval 10) line 15.
Can't call method "expand" on an undefined value at t/fix_063.t line 14.
# Tests were run but no plan was declared and done_testing() was not seen.
# Looks like your test exited with 255 just after 2.
mkpath failed for test~: File exists at t/macrodir.t line 27.
t/macrodir.t ................... 
Dubious, test returned 20 (wstat 5120, 0x1400)
All 2 subtests passed 
# Tests were run but no plan was declared and done_testing() was not seen.
# Looks like your test exited with 20 just after 2.

#   Failed test at t/macropp.t line 181.
#          got: ''
#     expected: 'Hello World
# '

#   Failed test at t/macropp.t line 182.
#          got: 'Eval-group not allowed at runtime, use re 'eval' in regex m/ (?| (?^mx: (?> \\ ( [\#\%] ) 	(?{ \&_match_escape }) ) ) | (?^mx: (?> \\ \n				(?{ \&_match_escape_newline }) ) ) | .../ at (eval 6) line 15.
# '
#     expected: ''

#   Failed test at t/macropp.t line 183.
#          got: '65280'
#     expected: '0'

#   Failed test at t/macropp.t line 181.
#          got: ''
#     expected: 'Hello World
# '

#   Failed test at t/macropp.t line 182.
#          got: 'Eval-group not allowed at runtime, use re 'eval' in regex m/ (?| (?^mx: (?> \\ ( [\#\%] ) 	(?{ \&_match_escape }) ) ) | (?^mx: (?> \\ \n				(?{ \&_match_escape_newline }) ) ) | .../ at (eval 6) line 15.
# '
#     expected: ''

#   Failed test at t/macropp.t line 183.
#          got: '65280'
#     expected: '0'

#   Failed test at t/macropp.t line 181.
#          got: ''
#     expected: 'Hello World
# Hello World
# '

#   Failed test at t/macropp.t line 182.
#          got: 'Eval-group not allowed at runtime, use re 'eval' in regex m/ (?| (?^mx: (?> \\ ( [\#\%] ) 	(?{ \&_match_escape }) ) ) | (?^mx: (?> \\ \n				(?{ \&_match_escape_newline }) ) ) | .../ at (eval 6) line 15.
# '
#     expected: ''

#   Failed test at t/macropp.t line 183.
#          got: '65280'
#     expected: '0'

#   Failed test at t/macropp.t line 181.
#          got: ''
#     expected: '%%[Silly scripts]
# '

#   Failed test at t/macropp.t line 182.
#          got: 'Eval-group not allowed at runtime, use re 'eval' in regex m/ (?| (?^mx: (?> \\ ( [\#\%] ) 	(?{ \&_match_escape }) ) ) | (?^mx: (?> \\ \n				(?{ \&_match_escape_newline }) ) ) | .../ at (eval 6) line 15.
# '
#     expected: ''

#   Failed test at t/macropp.t line 183.
#          got: '65280'
#     expected: '0'

#   Failed test at t/macropp.t line 181.
#          got: ''
#     expected: '
# '

#   Failed test at t/macropp.t line 182.
#          got: 'Eval-group not allowed at runtime, use re 'eval' in regex m/ (?| (?^mx: (?> \\ ( [\#\%] ) 	(?{ \&_match_escape }) ) ) | (?^mx: (?> \\ \n				(?{ \&_match_escape_newline }) ) ) | .../ at (eval 6) line 15.
# '
#     expected: ''

#   Failed test at t/macropp.t line 183.
#          got: '65280'
#     expected: '0'

#   Failed test at t/macropp.t line 181.
#          got: ''
#     expected: '
# '

#   Failed test at t/macropp.t line 182.
#          got: 'Eval-group not allowed at runtime, use re 'eval' in regex m/ (?| (?^mx: (?> \\ ( [\#\%] ) 	(?{ \&_match_escape }) ) ) | (?^mx: (?> \\ \n				(?{ \&_match_escape_newline }) ) ) | .../ at (eval 6) line 15.
# '
#     expected: ''

#   Failed test at t/macropp.t line 183.
#          got: '65280'
#     expected: '0'

#   Failed test at t/macropp.t line 181.
#          got: ''
#     expected: 'Hallo Welt
# '

#   Failed test at t/macropp.t line 182.
#          got: 'Eval-group not allowed at runtime, use re 'eval' in regex m/ (?| (?^mx: (?> \\ ( [\#\%] ) 	(?{ \&_match_escape }) ) ) | (?^mx: (?> \\ \n				(?{ \&_match_escape_newline }) ) ) | .../ at (eval 6) line 15.
# '
#     expected: ''

#   Failed test at t/macropp.t line 183.
#          got: '65280'
#     expected: '0'

#   Failed test at t/macropp.t line 181.
#          got: ''
#     expected: 'Hallo Welt
# '

#   Failed test at t/macropp.t line 182.
#          got: 'Eval-group not allowed at runtime, use re 'eval' in regex m/ (?| (?^mx: (?> \\ ( [\#\%] ) 	(?{ \&_match_escape }) ) ) | (?^mx: (?> \\ \n				(?{ \&_match_escape_newline }) ) ) | .../ at (eval 6) line 15.
# '
#     expected: ''

#   Failed test at t/macropp.t line 183.
#          got: '65280'
#     expected: '0'

#   Failed test at t/macropp.t line 181.
#          got: ''
#     expected: '%DEFINE Hello [Hallo]
# '

#   Failed test at t/macropp.t line 182.
#          got: 'Eval-group not allowed at runtime, use re 'eval' in regex m/ (?| (?^mx: (?> \\ ( [\#\%] ) 	(?{ \&_match_escape }) ) ) | (?^mx: (?> \\ \n				(?{ \&_match_escape_newline }) ) ) | .../ at (eval 6) line 15.
# '
#     expected: ''

#   Failed test at t/macropp.t line 183.
#          got: '65280'
#     expected: '0'

#   Failed test at t/macropp.t line 181.
#          got: ''
#     expected: '%DEFINE Hello [Hallo]
# '

#   Failed test at t/macropp.t line 182.
#          got: 'Eval-group not allowed at runtime, use re 'eval' in regex m/ (?| (?^mx: (?> \\ ( [\#\%] ) 	(?{ \&_match_escape }) ) ) | (?^mx: (?> \\ \n				(?{ \&_match_escape_newline }) ) ) | .../ at (eval 6) line 15.
# '
#     expected: ''

#   Failed test at t/macropp.t line 183.
#          got: '65280'
#     expected: '0'

#   Failed test at t/macropp.t line 181.
#          got: ''
#     expected: '%DEFINE_SCRIPT World ['#name']
# '

#   Failed test at t/macropp.t line 182.
#          got: 'Eval-group not allowed at runtime, use re 'eval' in regex m/ (?| (?^mx: (?> \\ ( [\#\%] ) 	(?{ \&_match_escape }) ) ) | (?^mx: (?> \\ \n				(?{ \&_match_escape_newline }) ) ) | .../ at (eval 6) line 15.
# '
#     expected: ''

#   Failed test at t/macropp.t line 183.
#          got: '65280'
#     expected: '0'

#   Failed test at t/macropp.t line 181.
#          got: ''
#     expected: '%DEFINE_SCRIPT World ['#name']
# '

#   Failed test at t/macropp.t line 182.
#          got: 'Eval-group not allowed at runtime, use re 'eval' in regex m/ (?| (?^mx: (?> \\ ( [\#\%] ) 	(?{ \&_match_escape }) ) ) | (?^mx: (?> \\ \n				(?{ \&_match_escape_newline }) ) ) | .../ at (eval 6) line 15.
# '
#     expected: ''

#   Failed test at t/macropp.t line 183.
#          got: '65280'
#     expected: '0'

#   Failed test at t/macropp.t line 181.
#          got: ''
#     expected: '%DEFINE_VARIABLE name [Welt]
# '

#   Failed test at t/macropp.t line 182.
#          got: 'Eval-group not allowed at runtime, use re 'eval' in regex m/ (?| (?^mx: (?> \\ ( [\#\%] ) 	(?{ \&_match_escape }) ) ) | (?^mx: (?> \\ \n				(?{ \&_match_escape_newline }) ) ) | .../ at (eval 6) line 15.
# '
#     expected: ''

#   Failed test at t/macropp.t line 183.
#          got: '65280'
#     expected: '0'

#   Failed test at t/macropp.t line 181.
#          got: ''
#     expected: '%DEFINE_VARIABLE name [Welt]
# '

#   Failed test at t/macropp.t line 182.
#          got: 'Eval-group not allowed at runtime, use re 'eval' in regex m/ (?| (?^mx: (?> \\ ( [\#\%] ) 	(?{ \&_match_escape }) ) ) | (?^mx: (?> \\ \n				(?{ \&_match_escape_newline }) ) ) | .../ at (eval 6) line 15.
# '
#     expected: ''

#   Failed test at t/macropp.t line 183.
#          got: '65280'
#     expected: '0'

#   Failed test at t/macropp.t line 181.
#          got: ''
#     expected: '%DEFINE Hello
# %DEFINE_SCRIPT World
# %DEFINE_VARIABLE name
# '

#   Failed test at t/macropp.t line 182.
#          got: 'Eval-group not allowed at runtime, use re 'eval' in regex m/ (?| (?^mx: (?> \\ ( [\#\%] ) 	(?{ \&_match_escape }) ) ) | (?^mx: (?> \\ \n				(?{ \&_match_escape_newline }) ) ) | .../ at (eval 6) line 15.
# '
#     expected: ''

#   Failed test at t/macropp.t line 183.
#          got: '65280'
#     expected: '0'

#   Failed test at t/macropp.t line 181.
#          got: ''
#     expected: '%DEFINE Hello
# %DEFINE_SCRIPT World
# %DEFINE_VARIABLE name
# '

#   Failed test at t/macropp.t line 182.
#          got: 'Eval-group not allowed at runtime, use re 'eval' in regex m/ (?| (?^mx: (?> \\ ( [\#\%] ) 	(?{ \&_match_escape }) ) ) | (?^mx: (?> \\ \n				(?{ \&_match_escape_newline }) ) ) | .../ at (eval 6) line 15.
# '
#     expected: ''

#   Failed test at t/macropp.t line 183.
#          got: '65280'
#     expected: '0'

#   Failed test at t/macropp.t line 181.
#          got: ''
#     expected: '%DEFINE Hello
# '

#   Failed test at t/macropp.t line 182.
#          got: 'Eval-group not allowed at runtime, use re 'eval' in regex m/ (?| (?^mx: (?> \\ ( [\#\%] ) 	(?{ \&_match_escape }) ) ) | (?^mx: (?> \\ \n				(?{ \&_match_escape_newline }) ) ) | .../ at (eval 6) line 15.
# '
#     expected: ''

#   Failed test at t/macropp.t line 183.
#          got: '65280'
#     expected: '0'

#   Failed test at t/macropp.t line 181.
#          got: ''
#     expected: '%DEFINE_SCRIPT World
# '

#   Failed test at t/macropp.t line 182.
#          got: 'Eval-group not allowed at runtime, use re 'eval' in regex m/ (?| (?^mx: (?> \\ ( [\#\%] ) 	(?{ \&_match_escape }) ) ) | (?^mx: (?> \\ \n				(?{ \&_match_escape_newline }) ) ) | .../ at (eval 6) line 15.
# '
#     expected: ''

#   Failed test at t/macropp.t line 183.
#          got: '65280'
#     expected: '0'

#   Failed test at t/macropp.t line 181.
#          got: ''
#     expected: '%DEFINE_VARIABLE name
# '

#   Failed test at t/macropp.t line 182.
#          got: 'Eval-group not allowed at runtime, use re 'eval' in regex m/ (?| (?^mx: (?> \\ ( [\#\%] ) 	(?{ \&_match_escape }) ) ) | (?^mx: (?> \\ \n				(?{ \&_match_escape_newline }) ) ) | .../ at (eval 6) line 15.
# '
#     expected: ''

#   Failed test at t/macropp.t line 183.
#          got: '65280'
#     expected: '0'

#   Failed test at t/macropp.t line 181.
#          got: ''
#     expected: 'xxHello Worldxx
# xyHello Worldyx
# Hallo Welt
# '

#   Failed test at t/macropp.t line 182.
#          got: 'Eval-group not allowed at runtime, use re 'eval' in regex m/ (?| (?^mx: (?> \\ ( [\#\%] ) 	(?{ \&_match_escape }) ) ) | (?^mx: (?> \\ \n				(?{ \&_match_escape_newline }) ) ) | .../ at (eval 6) line 15.
# '
#     expected: ''

#   Failed test at t/macropp.t line 183.
#          got: '65280'
#     expected: '0'

#   Failed test at t/macropp.t line 181.
#          got: ''
#     expected: 'xxHello Worldxx
# xyHello Worldyx
# Hallo Welt
# '

#   Failed test at t/macropp.t line 182.
#          got: 'Eval-group not allowed at runtime, use re 'eval' in regex m/ (?| (?^mx: (?> \\ ( [\#\%] ) 	(?{ \&_match_escape }) ) ) | (?^mx: (?> \\ \n				(?{ \&_match_escape_newline }) ) ) | .../ at (eval 6) line 15.
# '
#     expected: ''

#   Failed test at t/macropp.t line 183.
#          got: '65280'
#     expected: '0'

#   Failed test at t/macropp.t line 181.
#          got: ''
#     expected: 'Hallo Welt
# xyHello Worldyx
# <:Hello World:>
# '

#   Failed test at t/macropp.t line 182.
#          got: 'Eval-group not allowed at runtime, use re 'eval' in regex m/ (?| (?^mx: (?> \\ ( [\#\%] ) 	(?{ \&_match_escape }) ) ) | (?^mx: (?> \\ \n				(?{ \&_match_escape_newline }) ) ) | .../ at (eval 6) line 15.
# '
#     expected: ''

#   Failed test at t/macropp.t line 183.
#          got: '65280'
#     expected: '0'

#   Failed test at t/macropp.t line 181.
#          got: ''
#     expected: 'Hallo Welt
# xyHello Worldyx
# <:Hello World:>
# '

#   Failed test at t/macropp.t line 182.
#          got: 'Eval-group not allowed at runtime, use re 'eval' in regex m/ (?| (?^mx: (?> \\ ( [\#\%] ) 	(?{ \&_match_escape }) ) ) | (?^mx: (?> \\ \n				(?{ \&_match_escape_newline }) ) ) | .../ at (eval 6) line 15.
# '
#     expected: ''

#   Failed test at t/macropp.t line 183.
#          got: '65280'
#     expected: '0'

#   Failed test at t/macropp.t line 181.
#          got: ''
#     expected: 'xxHello Worldxx
# Hallo Welt
# <:Hello World:>
# '

#   Failed test at t/macropp.t line 182.
#          got: 'Eval-group not allowed at runtime, use re 'eval' in regex m/ (?| (?^mx: (?> \\ ( [\#\%] ) 	(?{ \&_match_escape }) ) ) | (?^mx: (?> \\ \n				(?{ \&_match_escape_newline }) ) ) | .../ at (eval 6) line 15.
# '
#     expected: ''

#   Failed test at t/macropp.t line 183.
#          got: '65280'
#     expected: '0'

#   Failed test at t/macropp.t line 181.
#          got: ''
#     expected: 'xxHello Worldxx
# Hallo Welt
# <:Hello World:>
# '

#   Failed test at t/macropp.t line 182.
#          got: 'Eval-group not allowed at runtime, use re 'eval' in regex m/ (?| (?^mx: (?> \\ ( [\#\%] ) 	(?{ \&_match_escape }) ) ) | (?^mx: (?> \\ \n				(?{ \&_match_escape_newline }) ) ) | .../ at (eval 6) line 15.
# '
#     expected: ''

#   Failed test at t/macropp.t line 183.
#          got: '65280'
#     expected: '0'
# Issue #23: macropp: report errors on syntax error
# Issue #23: macropp: report errors on syntax error
# Looks like you failed 75 tests of 113.
t/macropp.t .................... 
Dubious, test returned 75 (wstat 19200, 0x4b00)
Failed 75/113 subtests 

#   Failed test 'Text::MacroScript->new() died'
#   at t/macros.t line 22.
#     Error was:  Eval-group not allowed at runtime, use re 'eval' in regex m/ (?| (?^mx: (?> \\ ( [\#\%] ) 	(?{ \&_match_escape }) ) ) | (?^mx: (?> \\ \n				(?{ \&_match_escape_newline }) ) ) | .../ at (eval 28) line 15.
Can't call method "define" on an undefined value at t/macros.t line 27.
# Tests were run but no plan was declared and done_testing() was not seen.
# Looks like your test exited with 255 just after 3.
t/macros.t ..................... 
Dubious, test returned 255 (wstat 65280, 0xff00)
Failed 1/3 subtests 
Eval-group not allowed at runtime, use re 'eval' in regex m/ (?| (?^mx: (?> \\ ( [\#\%] ) 	(?{ \&_match_escape }) ) ) | (?^mx: (?> \\ \n				(?{ \&_match_escape_newline }) ) ) | .../ at (eval 8) line 15.
t/macroscript.t ................ 
Dubious, test returned 255 (wstat 65280, 0xff00)
Failed 6/8 subtests 

#   Failed test 'error ok at line 28'
#   at t/mytests.pl line 43.
# +---+----------------------------------------------------------------------------------------------------------------------------------------------------------------------------------------------------------------------------------------+-------------------------------------------------------+
# | Ln|Got                                                                                                                                                                                                                                     |Expected                                               |
# +---+----------------------------------------------------------------------------------------------------------------------------------------------------------------------------------------------------------------------------------------+-------------------------------------------------------+
# *  1|'Eval-group not allowed at runtime, use re \'eval\' in regex m/ (?| (?^mx: (?> // ( [/#/%] )    (?{ /&_match_escape }) ) ) | (?^mx: (?> // /n                           (?{ /&_match_escape_newline }) ) ) | .../ at (eval 29) line 15  |'Invalid options -no,-option,-such at t/new.t line 28  *
# |  2|'                                                                                                                                                                                                                                       |'                                                      |
# +---+----------------------------------------------------------------------------------------------------------------------------------------------------------------------------------------------------------------------------------------+-------------------------------------------------------+

#   Failed test 'Text::MacroScript->new() died'
#   at t/new.t line 33.
#     Error was:  Eval-group not allowed at runtime, use re 'eval' in regex m/ (?| (?^mx: (?> \\ ( [\#\%] ) 	(?{ \&_match_escape }) ) ) | (?^mx: (?> \\ \n				(?{ \&_match_escape_newline }) ) ) | .../ at (eval 295) line 15.
Can't call method "expand" on an undefined value at t/new.t line 34.
# Tests were run but no plan was declared and done_testing() was not seen.
# Looks like your test exited with 255 just after 5.
t/new.t ........................ 
Dubious, test returned 255 (wstat 65280, 0xff00)
Failed 2/5 subtests 

#   Failed test 'Text::MacroScript->new() died'
#   at t/new_case.t line 14.
#     Error was:  Eval-group not allowed at runtime, use re 'eval' in regex m/ (?| (?^mx: (?> \\ ( [\#\%] ) 	(?{ \&_match_escape }) ) ) | (?^mx: (?> \\ \n				(?{ \&_match_escape_newline }) ) ) | .../ at (eval 10) line 15.
Can't call method "define_variable" on an undefined value at t/new_case.t line 15.
# Tests were run but no plan was declared and done_testing() was not seen.
# Looks like your test exited with 255 just after 2.
t/new_case.t ................... 
Dubious, test returned 255 (wstat 65280, 0xff00)
Failed 1/2 subtests 

#   Failed test 'Text::MacroScript->new() died'
#   at t/new_comment.t line 14.
#     Error was:  Eval-group not allowed at runtime, use re 'eval' in regex m/ (?| (?^mx: (?> \\ ( [\#\%] ) 	(?{ \&_match_escape }) ) ) | (?^mx: (?> \\ \n				(?{ \&_match_escape_newline }) ) ) | .../ at (eval 10) line 15.
Can't call method "expand" on an undefined value at t/new_comment.t line 15.
# Tests were run but no plan was declared and done_testing() was not seen.
# Looks like your test exited with 255 just after 2.
t/new_comment.t ................ 
Dubious, test returned 255 (wstat 65280, 0xff00)
Failed 1/2 subtests 

#   Failed test 'Text::MacroScript->new() died'
#   at t/new_define_macro.t line 14.
#     Error was:  Eval-group not allowed at runtime, use re 'eval' in regex m/ (?| (?^mx: (?> \\ ( [\#\%] ) 	(?{ \&_match_escape }) ) ) | (?^mx: (?> \\ \n				(?{ \&_match_escape_newline }) ) ) | .../ at (eval 10) line 15.
Can't call method "define_variable" on an undefined value at t/new_define_macro.t line 15.
# Tests were run but no plan was declared and done_testing() was not seen.
# Looks like your test exited with 255 just after 2.
t/new_define_macro.t ........... 
Dubious, test returned 255 (wstat 65280, 0xff00)
Failed 1/2 subtests 

#   Failed test 'Text::MacroScript->new() died'
#   at t/new_define_script.t line 14.
#     Error was:  Eval-group not allowed at runtime, use re 'eval' in regex m/ (?| (?^mx: (?> \\ ( [\#\%] ) 	(?{ \&_match_escape }) ) ) | (?^mx: (?> \\ \n				(?{ \&_match_escape_newline }) ) ) | .../ at (eval 10) line 15.
Can't call method "define_script" on an undefined value at t/new_define_script.t line 15.
# Tests were run but no plan was declared and done_testing() was not seen.
# Looks like your test exited with 255 just after 2.
t/new_define_script.t .......... 
Dubious, test returned 255 (wstat 65280, 0xff00)
Failed 1/2 subtests 

#   Failed test 'Text::MacroScript->new() died'
#   at t/new_define_variable.t line 15.
#     Error was:  Eval-group not allowed at runtime, use re 'eval' in regex m/ (?| (?^mx: (?> \\ ( [\#\%] ) 	(?{ \&_match_escape }) ) ) | (?^mx: (?> \\ \n				(?{ \&_match_escape_newline }) ) ) | .../ at (eval 28) line 15.
Can't call method "define_variable" on an undefined value at t/new_define_variable.t line 16.
# Tests were run but no plan was declared and done_testing() was not seen.
# Looks like your test exited with 255 just after 3.
t/new_define_variable.t ........ 
Dubious, test returned 255 (wstat 65280, 0xff00)
Failed 1/3 subtests 

#   Failed test 'Text::MacroScript->new() died'
#   at t/new_embedded.t line 19.
#     Error was:  Eval-group not allowed at runtime, use re 'eval' in regex m/ (?| (?^mx: (?> \\ ( [\#\%] ) 	(?{ \&_match_escape }) ) ) | (?^mx: (?> \\ \n				(?{ \&_match_escape_newline }) ) ) | .../ at (eval 28) line 15.
Can't call method "expand" on an undefined value at t/new_embedded.t line 20.
# Tests were run but no plan was declared and done_testing() was not seen.
# Looks like your test exited with 255 just after 3.
t/new_embedded.t ............... 
Dubious, test returned 255 (wstat 65280, 0xff00)
Failed 1/3 subtests 

#   Failed test 'Text::MacroScript->new() died'
#   at t/new_escapes.t line 14.
#     Error was:  Eval-group not allowed at runtime, use re 'eval' in regex m/ (?| (?^mx: (?> \\ ( [\#\%] ) 	(?{ \&_match_escape }) ) ) | (?^mx: (?> \\ \n				(?{ \&_match_escape_newline }) ) ) | .../ at (eval 10) line 15.
Can't call method "expand" on an undefined value at t/new_escapes.t line 15.
# Tests were run but no plan was declared and done_testing() was not seen.
# Looks like your test exited with 255 just after 2.
t/new_escapes.t ................ 
Dubious, test returned 255 (wstat 65280, 0xff00)
Failed 1/2 subtests 

#   Failed test 'Text::MacroScript->new() died'
#   at t/new_expand_file.t line 24.
#     Error was:  Eval-group not allowed at runtime, use re 'eval' in regex m/ (?| (?^mx: (?> \\ ( [\#\%] ) 	(?{ \&_match_escape }) ) ) | (?^mx: (?> \\ \n				(?{ \&_match_escape_newline }) ) ) | .../ at (eval 28) line 15.

#   Failed test 'error ok at line 26'
#   at t/mytests.pl line 43.
# +---+----------------------------------------------------------------------------------------+--------------------------------------------------+
# | Ln|Got                                                                                     |Expected                                          |
# +---+----------------------------------------------------------------------------------------+--------------------------------------------------+
# *  1|'Can\'t call method "expand_file" on an undefined value at t/new_expand_file.t line 26  |'Missing filename at t/new_expand_file.t line 26  *
# |  2|'                                                                                       |'                                                 |
# +---+----------------------------------------------------------------------------------------+--------------------------------------------------+

#   Failed test 'error ok at line 29'
#   at t/mytests.pl line 43.
# +---+----------------------------------------------------------------------------------------+--------------------------------------------------------+
# | Ln|Got                                                                                     |Expected                                                |
# +---+----------------------------------------------------------------------------------------+--------------------------------------------------------+
# *  1|'Can\'t call method "expand_file" on an undefined value at t/new_expand_file.t line 29  |'Error at file - line 1: Open \'test1~\' failed: ERROR  *
# |  2|'                                                                                       |'                                                       |
# +---+----------------------------------------------------------------------------------------+--------------------------------------------------------+

#   Failed test 'Text::MacroScript->new() died'
#   at t/new_expand_file.t line 34.
#     Error was:  Eval-group not allowed at runtime, use re 'eval' in regex m/ (?| (?^mx: (?> \\ ( [\#\%] ) 	(?{ \&_match_escape }) ) ) | (?^mx: (?> \\ \n				(?{ \&_match_escape_newline }) ) ) | .../ at (eval 294) line 15.
Can't call method "expand_file" on an undefined value at t/new_expand_file.t line 35.
# Tests were run but no plan was declared and done_testing() was not seen.
# Looks like your test exited with 255 just after 8.
t/new_expand_file.t ............ 
Dubious, test returned 255 (wstat 65280, 0xff00)
Failed 4/8 subtests 

#   Failed test 'Text::MacroScript->new() died'
#   at t/new_list_macro.t line 20.
#     Error was:  Eval-group not allowed at runtime, use re 'eval' in regex m/ (?| (?^mx: (?> \\ ( [\#\%] ) 	(?{ \&_match_escape }) ) ) | (?^mx: (?> \\ \n				(?{ \&_match_escape_newline }) ) ) | .../ at (eval 28) line 15.

#   Failed test 'error ok at line 21'
#   at t/mytests.pl line 43.
# +---+--------------------------------------------------------------------------------+------------------------------------------------------+
# | Ln|Got                                                                             |Expected                                              |
# +---+--------------------------------------------------------------------------------+------------------------------------------------------+
# *  1|'Can\'t call method "list" on an undefined value at t/new_list_macro.t line 21  |' method not supported at t/new_list_macro.t line 21  *
# |  2|'                                                                               |'                                                     |
# +---+--------------------------------------------------------------------------------+------------------------------------------------------+

#   Failed test 'Text::MacroScript->new() died'
#   at t/new_list_macro.t line 25.
#     Error was:  Eval-group not allowed at runtime, use re 'eval' in regex m/ (?| (?^mx: (?> \\ ( [\#\%] ) 	(?{ \&_match_escape }) ) ) | (?^mx: (?> \\ \n				(?{ \&_match_escape_newline }) ) ) | .../ at (eval 294) line 15.
Can't call method "list_macro" on an undefined value at t/new_list_macro.t line 40.
# Tests were run but no plan was declared and done_testing() was not seen.
# Looks like your test exited with 255 just after 6.
t/new_list_macro.t ............. 
Dubious, test returned 255 (wstat 65280, 0xff00)
Failed 3/6 subtests 

#   Failed test 'Text::MacroScript->new() died'
#   at t/new_list_script.t line 20.
#     Error was:  Eval-group not allowed at runtime, use re 'eval' in regex m/ (?| (?^mx: (?> \\ ( [\#\%] ) 	(?{ \&_match_escape }) ) ) | (?^mx: (?> \\ \n				(?{ \&_match_escape_newline }) ) ) | .../ at (eval 28) line 15.

#   Failed test 'error ok at line 21'
#   at t/mytests.pl line 43.
# +---+---------------------------------------------------------------------------------+-------------------------------------------------------+
# | Ln|Got                                                                              |Expected                                               |
# +---+---------------------------------------------------------------------------------+-------------------------------------------------------+
# *  1|'Can\'t call method "list" on an undefined value at t/new_list_script.t line 21  |' method not supported at t/new_list_script.t line 21  *
# |  2|'                                                                                |'                                                      |
# +---+---------------------------------------------------------------------------------+-------------------------------------------------------+

#   Failed test 'Text::MacroScript->new() died'
#   at t/new_list_script.t line 25.
#     Error was:  Eval-group not allowed at runtime, use re 'eval' in regex m/ (?| (?^mx: (?> \\ ( [\#\%] ) 	(?{ \&_match_escape }) ) ) | (?^mx: (?> \\ \n				(?{ \&_match_escape_newline }) ) ) | .../ at (eval 294) line 15.
Can't call method "list_script" on an undefined value at t/new_list_script.t line 40.
# Tests were run but no plan was declared and done_testing() was not seen.
# Looks like your test exited with 255 just after 6.
t/new_list_script.t ............ 
Dubious, test returned 255 (wstat 65280, 0xff00)
Failed 3/6 subtests 

#   Failed test 'Text::MacroScript->new() died'
#   at t/new_list_variable.t line 20.
#     Error was:  Eval-group not allowed at runtime, use re 'eval' in regex m/ (?| (?^mx: (?> \\ ( [\#\%] ) 	(?{ \&_match_escape }) ) ) | (?^mx: (?> \\ \n				(?{ \&_match_escape_newline }) ) ) | .../ at (eval 28) line 15.

#   Failed test 'error ok at line 21'
#   at t/mytests.pl line 43.
# +---+-----------------------------------------------------------------------------------+---------------------------------------------------------+
# | Ln|Got                                                                                |Expected                                                 |
# +---+-----------------------------------------------------------------------------------+---------------------------------------------------------+
# *  1|'Can\'t call method "list" on an undefined value at t/new_list_variable.t line 21  |' method not supported at t/new_list_variable.t line 21  *
# |  2|'                                                                                  |'                                                        |
# +---+-----------------------------------------------------------------------------------+---------------------------------------------------------+

#   Failed test 'Text::MacroScript->new() died'
#   at t/new_list_variable.t line 25.
#     Error was:  Eval-group not allowed at runtime, use re 'eval' in regex m/ (?| (?^mx: (?> \\ ( [\#\%] ) 	(?{ \&_match_escape }) ) ) | (?^mx: (?> \\ \n				(?{ \&_match_escape_newline }) ) ) | .../ at (eval 294) line 15.
Can't call method "list_variable" on an undefined value at t/new_list_variable.t line 40.
# Tests were run but no plan was declared and done_testing() was not seen.
# Looks like your test exited with 255 just after 6.
t/new_list_variable.t .......... 
Dubious, test returned 255 (wstat 65280, 0xff00)
Failed 3/6 subtests 

#   Failed test 'Text::MacroScript->new() died'
#   at t/new_load_file.t line 30.
#     Error was:  Eval-group not allowed at runtime, use re 'eval' in regex m/ (?| (?^mx: (?> \\ ( [\#\%] ) 	(?{ \&_match_escape }) ) ) | (?^mx: (?> \\ \n				(?{ \&_match_escape_newline }) ) ) | .../ at (eval 28) line 15.
Can't call method "expand" on an undefined value at t/new_load_file.t line 31.
# Tests were run but no plan was declared and done_testing() was not seen.
# Looks like your test exited with 255 just after 3.
t/new_load_file.t .............. 
Dubious, test returned 255 (wstat 65280, 0xff00)
Failed 1/3 subtests 

#   Failed test 'Text::MacroScript->new() died'
#   at t/new_require.t line 31.
#     Error was:  Eval-group not allowed at runtime, use re 'eval' in regex m/ (?| (?^mx: (?> \\ ( [\#\%] ) 	(?{ \&_match_escape }) ) ) | (?^mx: (?> \\ \n				(?{ \&_match_escape_newline }) ) ) | .../ at (eval 28) line 15.
Can't call method "expand" on an undefined value at t/new_require.t line 32.
# Tests were run but no plan was declared and done_testing() was not seen.
# Looks like your test exited with 255 just after 3.
t/new_require.t ................ 
Dubious, test returned 255 (wstat 65280, 0xff00)
Failed 1/3 subtests 

#   Failed test 'Text::MacroScript->new() died'
#   at t/new_undefine_all_macro.t line 22.
#     Error was:  Eval-group not allowed at runtime, use re 'eval' in regex m/ (?| (?^mx: (?> \\ ( [\#\%] ) 	(?{ \&_match_escape }) ) ) | (?^mx: (?> \\ \n				(?{ \&_match_escape_newline }) ) ) | .../ at (eval 28) line 15.
Can't call method "expand" on an undefined value at t/new_undefine_all_macro.t line 23.
# Tests were run but no plan was declared and done_testing() was not seen.
# Looks like your test exited with 255 just after 3.
t/new_undefine_all_macro.t ..... 
Dubious, test returned 255 (wstat 65280, 0xff00)
Failed 1/3 subtests 

#   Failed test 'Text::MacroScript->new() died'
#   at t/new_undefine_all_script.t line 22.
#     Error was:  Eval-group not allowed at runtime, use re 'eval' in regex m/ (?| (?^mx: (?> \\ ( [\#\%] ) 	(?{ \&_match_escape }) ) ) | (?^mx: (?> \\ \n				(?{ \&_match_escape_newline }) ) ) | .../ at (eval 28) line 15.
Can't call method "expand" on an undefined value at t/new_undefine_all_script.t line 23.
# Tests were run but no plan was declared and done_testing() was not seen.
# Looks like your test exited with 255 just after 3.
t/new_undefine_all_script.t .... 
Dubious, test returned 255 (wstat 65280, 0xff00)
Failed 1/3 subtests 

#   Failed test 'Text::MacroScript->new() died'
#   at t/new_undefine_all_variable.t line 20.
#     Error was:  Eval-group not allowed at runtime, use re 'eval' in regex m/ (?| (?^mx: (?> \\ ( [\#\%] ) 	(?{ \&_match_escape }) ) ) | (?^mx: (?> \\ \n				(?{ \&_match_escape_newline }) ) ) | .../ at (eval 28) line 15.
Can't call method "expand" on an undefined value at t/new_undefine_all_variable.t line 21.
# Tests were run but no plan was declared and done_testing() was not seen.
# Looks like your test exited with 255 just after 3.
t/new_undefine_all_variable.t .. 
Dubious, test returned 255 (wstat 65280, 0xff00)
Failed 1/3 subtests 

#   Failed test 'Text::MacroScript->new() died'
#   at t/new_undefine_macro.t line 15.
#     Error was:  Eval-group not allowed at runtime, use re 'eval' in regex m/ (?| (?^mx: (?> \\ ( [\#\%] ) 	(?{ \&_match_escape }) ) ) | (?^mx: (?> \\ \n				(?{ \&_match_escape_newline }) ) ) | .../ at (eval 28) line 15.
Can't call method "expand" on an undefined value at t/new_undefine_macro.t line 16.
# Tests were run but no plan was declared and done_testing() was not seen.
# Looks like your test exited with 255 just after 3.
t/new_undefine_macro.t ......... 
Dubious, test returned 255 (wstat 65280, 0xff00)
Failed 1/3 subtests 

#   Failed test 'Text::MacroScript->new() died'
#   at t/new_undefine_script.t line 15.
#     Error was:  Eval-group not allowed at runtime, use re 'eval' in regex m/ (?| (?^mx: (?> \\ ( [\#\%] ) 	(?{ \&_match_escape }) ) ) | (?^mx: (?> \\ \n				(?{ \&_match_escape_newline }) ) ) | .../ at (eval 28) line 15.
Can't call method "expand" on an undefined value at t/new_undefine_script.t line 16.
# Tests were run but no plan was declared and done_testing() was not seen.
# Looks like your test exited with 255 just after 3.
t/new_undefine_script.t ........ 
Dubious, test returned 255 (wstat 65280, 0xff00)
Failed 1/3 subtests 

#   Failed test 'Text::MacroScript->new() died'
#   at t/new_undefine_variable.t line 15.
#     Error was:  Eval-group not allowed at runtime, use re 'eval' in regex m/ (?| (?^mx: (?> \\ ( [\#\%] ) 	(?{ \&_match_escape }) ) ) | (?^mx: (?> \\ \n				(?{ \&_match_escape_newline }) ) ) | .../ at (eval 28) line 15.
Can't call method "expand" on an undefined value at t/new_undefine_variable.t line 16.
# Tests were run but no plan was declared and done_testing() was not seen.
# Looks like your test exited with 255 just after 3.
t/new_undefine_variable.t ...... 
Dubious, test returned 255 (wstat 65280, 0xff00)
Failed 1/3 subtests 

#   Failed test 'Text::MacroScript->new() died'
#   at t/scripts.t line 22.
#     Error was:  Eval-group not allowed at runtime, use re 'eval' in regex m/ (?| (?^mx: (?> \\ ( [\#\%] ) 	(?{ \&_match_escape }) ) ) | (?^mx: (?> \\ \n				(?{ \&_match_escape_newline }) ) ) | .../ at (eval 28) line 15.
Can't call method "define" on an undefined value at t/scripts.t line 31.
# Tests were run but no plan was declared and done_testing() was not seen.
# Looks like your test exited with 255 just after 3.
t/scripts.t .................... 
Dubious, test returned 255 (wstat 65280, 0xff00)
Failed 1/3 subtests 

#   Failed test 'Text::MacroScript->new() died'
#   at t/variables.t line 30.
#     Error was:  Eval-group not allowed at runtime, use re 'eval' in regex m/ (?| (?^mx: (?> \\ ( [\#\%] ) 	(?{ \&_match_escape }) ) ) | (?^mx: (?> \\ \n				(?{ \&_match_escape_newline }) ) ) | .../ at (eval 28) line 15.
Can't call method "define" on an undefined value at t/variables.t line 39.
# Tests were run but no plan was declared and done_testing() was not seen.
# Looks like your test exited with 255 just after 3.
t/variables.t .................. 
Dubious, test returned 255 (wstat 65280, 0xff00)
Failed 1/3 subtests 

Test Summary Report
-------------------
t/expand_file.t              (Wstat: 65280 Tests: 4 Failed: 2)
  Failed tests:  3-4
  Non-zero exit status: 255
  Parse errors: No plan found in TAP output
t/fix_002.t                  (Wstat: 65280 Tests: 2 Failed: 1)
  Failed test:  2
  Non-zero exit status: 255
  Parse errors: No plan found in TAP output
t/fix_003.t                  (Wstat: 65280 Tests: 2 Failed: 1)
  Failed test:  2
  Non-zero exit status: 255
  Parse errors: No plan found in TAP output
t/fix_004.t                  (Wstat: 768 Tests: 7 Failed: 3)
  Failed tests:  3, 5, 7
  Non-zero exit status: 3
t/fix_007.t                  (Wstat: 65280 Tests: 2 Failed: 1)
  Failed test:  2
  Non-zero exit status: 255
  Parse errors: No plan found in TAP output
t/fix_027.t                  (Wstat: 65280 Tests: 2 Failed: 1)
  Failed test:  2
  Non-zero exit status: 255
  Parse errors: No plan found in TAP output
t/fix_028_037.t              (Wstat: 65280 Tests: 2 Failed: 1)
  Failed test:  2
  Non-zero exit status: 255
  Parse errors: No plan found in TAP output
t/fix_038.t                  (Wstat: 65280 Tests: 2 Failed: 1)
  Failed test:  2
  Non-zero exit status: 255
  Parse errors: No plan found in TAP output
t/fix_039.t                  (Wstat: 65280 Tests: 2 Failed: 1)
  Failed test:  2
  Non-zero exit status: 255
  Parse errors: No plan found in TAP output
t/fix_040.t                  (Wstat: 65280 Tests: 2 Failed: 1)
  Failed test:  2
  Non-zero exit status: 255
  Parse errors: No plan found in TAP output
t/fix_041.t                  (Wstat: 65280 Tests: 2 Failed: 1)
  Failed test:  2
  Non-zero exit status: 255
  Parse errors: No plan found in TAP output
t/fix_046.t                  (Wstat: 768 Tests: 4 Failed: 3)
  Failed tests:  2-4
  Non-zero exit status: 3
t/fix_048.t                  (Wstat: 65280 Tests: 2 Failed: 1)
  Failed test:  2
  Non-zero exit status: 255
  Parse errors: No plan found in TAP output
t/fix_049.t                  (Wstat: 65280 Tests: 2 Failed: 1)
  Failed test:  2
  Non-zero exit status: 255
  Parse errors: No plan found in TAP output
t/fix_063.t                  (Wstat: 65280 Tests: 2 Failed: 1)
  Failed test:  2
  Non-zero exit status: 255
  Parse errors: No plan found in TAP output
t/macrodir.t                 (Wstat: 5120 Tests: 2 Failed: 0)
  Non-zero exit status: 20
  Parse errors: No plan found in TAP output
t/macropp.t                  (Wstat: 19200 Tests: 113 Failed: 75)
  Failed tests:  4-6, 8-10, 12-14, 16-18, 20-22, 24-26, 28-30
                32-34, 36-38, 40-42, 44-46, 48-50, 52-54
                56-58, 60-62, 64-66, 68-70, 72-74, 76-78
                80-82, 84-86, 88-90, 92-94, 96-98, 100-102
  Non-zero exit status: 75
t/macros.t                   (Wstat: 65280 Tests: 3 Failed: 1)
  Failed test:  3
  Non-zero exit status: 255
  Parse errors: No plan found in TAP output
t/macroscript.t              (Wstat: 65280 Tests: 3 Failed: 1)
  Failed test:  2
  Non-zero exit status: 255
  Parse errors: Bad plan.  You planned 8 tests but ran 3.
t/new.t                      (Wstat: 65280 Tests: 5 Failed: 2)
  Failed tests:  4-5
  Non-zero exit status: 255
  Parse errors: No plan found in TAP output
t/new_case.t                 (Wstat: 65280 Tests: 2 Failed: 1)
  Failed test:  2
  Non-zero exit status: 255
  Parse errors: No plan found in TAP output
t/new_comment.t              (Wstat: 65280 Tests: 2 Failed: 1)
  Failed test:  2
  Non-zero exit status: 255
  Parse errors: No plan found in TAP output
t/new_define_macro.t         (Wstat: 65280 Tests: 2 Failed: 1)
  Failed test:  2
  Non-zero exit status: 255
  Parse errors: No plan found in TAP output
t/new_define_script.t        (Wstat: 65280 Tests: 2 Failed: 1)
  Failed test:  2
  Non-zero exit status: 255
  Parse errors: No plan found in TAP output
t/new_define_variable.t      (Wstat: 65280 Tests: 3 Failed: 1)
  Failed test:  3
  Non-zero exit status: 255
  Parse errors: No plan found in TAP output
t/new_embedded.t             (Wstat: 65280 Tests: 3 Failed: 1)
  Failed test:  3
  Non-zero exit status: 255
  Parse errors: No plan found in TAP output
t/new_escapes.t              (Wstat: 65280 Tests: 2 Failed: 1)
  Failed test:  2
  Non-zero exit status: 255
  Parse errors: No plan found in TAP output
t/new_expand_file.t          (Wstat: 65280 Tests: 8 Failed: 4)
  Failed tests:  3, 5, 7-8
  Non-zero exit status: 255
  Parse errors: No plan found in TAP output
t/new_list_macro.t           (Wstat: 65280 Tests: 6 Failed: 3)
  Failed tests:  3, 5-6
  Non-zero exit status: 255
  Parse errors: No plan found in TAP output
t/new_list_script.t          (Wstat: 65280 Tests: 6 Failed: 3)
  Failed tests:  3, 5-6
  Non-zero exit status: 255
  Parse errors: No plan found in TAP output
t/new_list_variable.t        (Wstat: 65280 Tests: 6 Failed: 3)
  Failed tests:  3, 5-6
  Non-zero exit status: 255
  Parse errors: No plan found in TAP output
t/new_load_file.t            (Wstat: 65280 Tests: 3 Failed: 1)
  Failed test:  3
  Non-zero exit status: 255
  Parse errors: No plan found in TAP output
t/new_require.t              (Wstat: 65280 Tests: 3 Failed: 1)
  Failed test:  3
  Non-zero exit status: 255
  Parse errors: No plan found in TAP output
t/new_undefine_all_macro.t   (Wstat: 65280 Tests: 3 Failed: 1)
  Failed test:  3
  Non-zero exit status: 255
  Parse errors: No plan found in TAP output
t/new_undefine_all_script.t  (Wstat: 65280 Tests: 3 Failed: 1)
  Failed test:  3
  Non-zero exit status: 255
  Parse errors: No plan found in TAP output
t/new_undefine_all_variable.t (Wstat: 65280 Tests: 3 Failed: 1)
  Failed test:  3
  Non-zero exit status: 255
  Parse errors: No plan found in TAP output
t/new_undefine_macro.t       (Wstat: 65280 Tests: 3 Failed: 1)
  Failed test:  3
  Non-zero exit status: 255
  Parse errors: No plan found in TAP output
t/new_undefine_script.t      (Wstat: 65280 Tests: 3 Failed: 1)
  Failed test:  3
  Non-zero exit status: 255
  Parse errors: No plan found in TAP output
t/new_undefine_variable.t    (Wstat: 65280 Tests: 3 Failed: 1)
  Failed test:  3
  Non-zero exit status: 255
  Parse errors: No plan found in TAP output
t/scripts.t                  (Wstat: 65280 Tests: 3 Failed: 1)
  Failed test:  3
  Non-zero exit status: 255
  Parse errors: No plan found in TAP output
t/variables.t                (Wstat: 65280 Tests: 3 Failed: 1)
  Failed test:  3
  Non-zero exit status: 255
  Parse errors: No plan found in TAP output
Files=41, Tests=237,  4 wallclock secs ( 0.05 usr  0.28 sys +  1.75 cusr  1.38 csys =  3.47 CPU)
Result: FAIL
Failed 41/41 test programs. 129/237 subtests failed.
Makefile:890: recipe for target 'test_dynamic' failed
make: *** [test_dynamic] Error 255


PREREQUISITES:

Here is a list of prerequisites you specified and versions we
managed to load:

	  Module Name                        Have     Want
	  Capture::Tiny                      0.30     0.22
	  ExtUtils::MakeMaker             7.04_01        0
	  Object::Tiny::RW                   1.07     1.07
	  Path::Tiny                        0.072    0.068
	  Test::Differences                  0.63     0.61
	  Test::More                     1.001014 1.001014
	  enum                               1.10      1.1

Perl module toolchain versions installed:
	Module Name                        Have
	CPANPLUS                         0.9154
	CPANPLUS::Dist::Build              0.78
	Cwd                                3.56
	ExtUtils::CBuilder             0.280223
	ExtUtils::Command                  1.20
	ExtUtils::Install                  2.04
	ExtUtils::MakeMaker             7.04_01
	ExtUtils::Manifest                 1.70
	ExtUtils::ParseXS                  3.28
	File::Spec                         3.56
	Module::Build                    0.4214
	Pod::Parser                        1.63
	Pod::Simple                        3.29
	Test::Harness                      3.35
	Test::More                     1.001014
	version                          0.9912

******************************** NOTE ********************************
The comments above are created mechanically, possibly without manual
checking by the sender.  As there are many people performing automatic
tests on each upload to CPAN, it is likely that you will receive
identical messages about the same problem.

If you believe that the message is mistaken, please reply to the first
one with correction and/or additional informations, and do not take
it personally.  We appreciate your patience. :)
**********************************************************************

Additional comments:


This report was machine-generated by CPANPLUS::Dist::YACSmoke 0.94.
Powered by minismokebox version 0.58

------------------------------
ENVIRONMENT AND OTHER CONTEXT
------------------------------

Environment variables:

    AUTOMATED_TESTING = 1
    LANG = en_GB.UTF-8
    LANGUAGE = en_GB:en
    NONINTERACTIVE_TESTING = 1
    PATH = /home/cpan/pit/bare/conf/perl-5.22.0/.cpanplus/5.22.0/build/Text-MacroScript-2.10_02/blib/script:/usr/local/bin:/usr/bin:/bin:/usr/local/games:/usr/games
    PERL5LIB = :/home/cpan/pit/bare/conf/perl-5.22.0/.cpanplus/5.22.0/build/Capture-Tiny-0.30/blib/lib:/home/cpan/pit/bare/conf/perl-5.22.0/.cpanplus/5.22.0/build/Capture-Tiny-0.30/blib/arch:/home/cpan/pit/bare/conf/perl-5.22.0/.cpanplus/5.22.0/build/Object-Tiny-RW-1.07/blib/lib:/home/cpan/pit/bare/conf/perl-5.22.0/.cpanplus/5.22.0/build/Object-Tiny-RW-1.07/blib/arch:/home/cpan/pit/bare/conf/perl-5.22.0/.cpanplus/5.22.0/build/Path-Tiny-0.072/blib/lib:/home/cpan/pit/bare/conf/perl-5.22.0/.cpanplus/5.22.0/build/Path-Tiny-0.072/blib/arch:/home/cpan/pit/bare/conf/perl-5.22.0/.cpanplus/5.22.0/build/Algorithm-Diff-1.1903/blib/lib:/home/cpan/pit/bare/conf/perl-5.22.0/.cpanplus/5.22.0/build/Algorithm-Diff-1.1903/blib/arch:/home/cpan/pit/bare/conf/perl-5.22.0/.cpanplus/5.22.0/build/Text-Diff-1.41/blib/lib:/home/cpan/pit/bare/conf/perl-5.22.0/.cpanplus/5.22.0/build/Text-Diff-1.41/blib/arch:/home/cpan/pit/bare/conf/perl-5.22.0/.cpanplus/5.22.0/build/Test-Differences-0.63/blib/lib:/home/cpan/pit/bare/conf/perl-5.22.0/.cpanplus/5.22.0/build/Test-Differences-0.63/blib/arch:/home/cpan/pit/bare/conf/perl-5.22.0/.cpanplus/5.22.0/build/enum-1.10/blib/lib:/home/cpan/pit/bare/conf/perl-5.22.0/.cpanplus/5.22.0/build/enum-1.10/blib/arch:/home/cpan/pit/bare/conf/perl-5.22.0/.cpanplus/5.22.0/build/Text-MacroScript-2.10_02/blib/lib:/home/cpan/pit/bare/conf/perl-5.22.0/.cpanplus/5.22.0/build/Text-MacroScript-2.10_02/blib/arch
    PERL5_CPANPLUS_IS_RUNNING = 90603
    PERL5_CPANPLUS_IS_VERSION = 0.9154
    PERL5_MINISMOKEBOX = 0.58
    PERL5_YACSMOKE_BASE = /home/cpan/pit/bare/conf/perl-5.22.0
    PERL_EXTUTILS_AUTOINSTALL = --defaultdeps
    PERL_MM_USE_DEFAULT = 1
    SHELL = /bin/bash
    TERM = screen

Perl special variables (and OS-specific diagnostics, for MSWin32):

    Perl: $^X = /home/cpan/pit/bare/perl-5.22.0/bin/perl
    UID:  $<  = 1001
    EUID: $>  = 1001
    GID:  $(  = 1001 1001
    EGID: $)  = 1001 1001


-------------------------------


--

Summary of my perl5 (revision 5 version 22 subversion 0) configuration:
   
  Platform:
    osname=gnukfreebsd, osvers=10.1-0-amd64, archname=x86_64-gnukfreebsd
    uname='gnukfreebsd kapitan 10.1-0-amd64 #0 tue, 07 apr 2015 22:13:19 +0100 x86_64 amd64 intel(r) core(tm) i5-4440 cpu @ 3.10ghz gnukfreebsd '
    config_args='-des -Dprefix=/home/cpan/pit/bare/perl-5.22.0'
    hint=recommended, useposix=true, d_sigaction=define
    useithreads=undef, usemultiplicity=undef
    use64bitint=define, use64bitall=define, uselongdouble=undef
    usemymalloc=n, bincompat5005=undef
  Compiler:
    cc='cc', ccflags ='-fwrapv -fno-strict-aliasing -pipe -fstack-protector-strong -I/usr/local/include -D_LARGEFILE_SOURCE -D_FILE_OFFSET_BITS=64 -D_FORTIFY_SOURCE=2',
    optimize='-O2',
    cppflags='-fwrapv -fno-strict-aliasing -pipe -fstack-protector-strong -I/usr/local/include'
    ccversion='', gccversion='4.9.2', gccosandvers=''
    intsize=4, longsize=8, ptrsize=8, doublesize=8, byteorder=12345678, doublekind=3
    d_longlong=define, longlongsize=8, d_longdbl=define, longdblsize=16, longdblkind=3
    ivtype='long', ivsize=8, nvtype='double', nvsize=8, Off_t='off_t', lseeksize=8
    alignbytes=8, prototype=define
  Linker and Libraries:
    ld='cc', ldflags =' -fstack-protector-strong -L/usr/local/lib'
    libpth=/usr/local/lib /usr/lib/gcc/x86_64-kfreebsd-gnu/4.9/include-fixed /usr/include/x86_64-kfreebsd-gnu /usr/lib /lib/x86_64-kfreebsd-gnu /lib/../lib /usr/lib/x86_64-kfreebsd-gnu /usr/lib/../lib /lib
    libs=-lpthread -lnsl -lgdbm -ldb -ldl -lm -lcrypt -lutil -lc -lgdbm_compat
    perllibs=-lpthread -lnsl -ldl -lm -lcrypt -lutil -lc
    libc=/usr/lib/x86_64-kfreebsd-gnu/libc.so, so=so, useshrplib=false, libperl=libperl.a
    gnulibc_version='2.19'
  Dynamic Linking:
    dlsrc=dl_dlopen.xs, dlext=so, d_dlsymun=undef, ccdlflags='-Wl,-E'
    cccdlflags='-fpic', lddlflags='-shared -O2 -L/usr/local/lib -fstack-protector-strong'


Characteristics of this binary (from libperl): 
  Compile-time options: HAS_TIMES PERLIO_LAYERS PERL_DONT_CREATE_GVSV
                        PERL_HASH_FUNC_ONE_AT_A_TIME_HARD PERL_MALLOC_WRAP
                        PERL_NEW_COPY_ON_WRITE PERL_PRESERVE_IVUV
                        USE_64_BIT_ALL USE_64_BIT_INT USE_LARGE_FILES
                        USE_LOCALE USE_LOCALE_COLLATE USE_LOCALE_CTYPE
                        USE_LOCALE_NUMERIC USE_LOCALE_TIME USE_PERLIO
                        USE_PERL_ATOF
  Locally applied patches:
	Devel::PatchPerl 1.34
  Built under gnukfreebsd
  Compiled at Jun  3 2015 17:29:33
  %ENV:
    PERL5LIB=":/home/cpan/pit/bare/conf/perl-5.22.0/.cpanplus/5.22.0/build/Capture-Tiny-0.30/blib/lib:/home/cpan/pit/bare/conf/perl-5.22.0/.cpanplus/5.22.0/build/Capture-Tiny-0.30/blib/arch:/home/cpan/pit/bare/conf/perl-5.22.0/.cpanplus/5.22.0/build/Object-Tiny-RW-1.07/blib/lib:/home/cpan/pit/bare/conf/perl-5.22.0/.cpanplus/5.22.0/build/Object-Tiny-RW-1.07/blib/arch:/home/cpan/pit/bare/conf/perl-5.22.0/.cpanplus/5.22.0/build/Path-Tiny-0.072/blib/lib:/home/cpan/pit/bare/conf/perl-5.22.0/.cpanplus/5.22.0/build/Path-Tiny-0.072/blib/arch:/home/cpan/pit/bare/conf/perl-5.22.0/.cpanplus/5.22.0/build/Algorithm-Diff-1.1903/blib/lib:/home/cpan/pit/bare/conf/perl-5.22.0/.cpanplus/5.22.0/build/Algorithm-Diff-1.1903/blib/arch:/home/cpan/pit/bare/conf/perl-5.22.0/.cpanplus/5.22.0/build/Text-Diff-1.41/blib/lib:/home/cpan/pit/bare/conf/perl-5.22.0/.cpanplus/5.22.0/build/Text-Diff-1.41/blib/arch:/home/cpan/pit/bare/conf/perl-5.22.0/.cpanplus/5.22.0/build/Test-Differences-0.63/blib/lib:/home/cpan/pit/bare/conf/perl-5.22.0/.cpanplus/5.22.0/build/Test-Differences-0.63/blib/arch:/home/cpan/pit/bare/conf/perl-5.22.0/.cpanplus/5.22.0/build/enum-1.10/blib/lib:/home/cpan/pit/bare/conf/perl-5.22.0/.cpanplus/5.22.0/build/enum-1.10/blib/arch:/home/cpan/pit/bare/conf/perl-5.22.0/.cpanplus/5.22.0/build/Text-MacroScript-2.10_02/blib/lib:/home/cpan/pit/bare/conf/perl-5.22.0/.cpanplus/5.22.0/build/Text-MacroScript-2.10_02/blib/arch"
    PERL5_CPANPLUS_IS_RUNNING="90603"
    PERL5_CPANPLUS_IS_VERSION="0.9154"
    PERL5_MINISMOKEBOX="0.58"
    PERL5_YACSMOKE_BASE="/home/cpan/pit/bare/conf/perl-5.22.0"
    PERL_EXTUTILS_AUTOINSTALL="--defaultdeps"
    PERL_MM_USE_DEFAULT="1"
  @INC:
    /home/cpan/pit/bare/conf/perl-5.22.0/.cpanplus/5.22.0/build/Capture-Tiny-0.30/blib/lib
    /home/cpan/pit/bare/conf/perl-5.22.0/.cpanplus/5.22.0/build/Capture-Tiny-0.30/blib/arch
    /home/cpan/pit/bare/conf/perl-5.22.0/.cpanplus/5.22.0/build/Object-Tiny-RW-1.07/blib/lib
    /home/cpan/pit/bare/conf/perl-5.22.0/.cpanplus/5.22.0/build/Object-Tiny-RW-1.07/blib/arch
    /home/cpan/pit/bare/conf/perl-5.22.0/.cpanplus/5.22.0/build/Path-Tiny-0.072/blib/lib
    /home/cpan/pit/bare/conf/perl-5.22.0/.cpanplus/5.22.0/build/Path-Tiny-0.072/blib/arch
    /home/cpan/pit/bare/conf/perl-5.22.0/.cpanplus/5.22.0/build/Algorithm-Diff-1.1903/blib/lib
    /home/cpan/pit/bare/conf/perl-5.22.0/.cpanplus/5.22.0/build/Algorithm-Diff-1.1903/blib/arch
    /home/cpan/pit/bare/conf/perl-5.22.0/.cpanplus/5.22.0/build/Text-Diff-1.41/blib/lib
    /home/cpan/pit/bare/conf/perl-5.22.0/.cpanplus/5.22.0/build/Text-Diff-1.41/blib/arch
    /home/cpan/pit/bare/conf/perl-5.22.0/.cpanplus/5.22.0/build/Test-Differences-0.63/blib/lib
    /home/cpan/pit/bare/conf/perl-5.22.0/.cpanplus/5.22.0/build/Test-Differences-0.63/blib/arch
    /home/cpan/pit/bare/conf/perl-5.22.0/.cpanplus/5.22.0/build/enum-1.10/blib/lib
    /home/cpan/pit/bare/conf/perl-5.22.0/.cpanplus/5.22.0/build/enum-1.10/blib/arch
    /home/cpan/pit/bare/conf/perl-5.22.0/.cpanplus/5.22.0/build/Text-MacroScript-2.10_02/blib/lib
    /home/cpan/pit/bare/conf/perl-5.22.0/.cpanplus/5.22.0/build/Text-MacroScript-2.10_02/blib/arch
    /home/cpan/pit/bare/perl-5.22.0/lib/site_perl/5.22.0/x86_64-gnukfreebsd
    /home/cpan/pit/bare/perl-5.22.0/lib/site_perl/5.22.0
    /home/cpan/pit/bare/perl-5.22.0/lib/5.22.0/x86_64-gnukfreebsd
    /home/cpan/pit/bare/perl-5.22.0/lib/5.22.0
    .