Catalyst-Engine-JobQueue-POE v0.0.4 Perl 5 v5.24.4 x86_64-linux
- Status
- Fail
- From
- Oleg Pronin (SYBER)
- Dist
-
Catalyst-Engine-JobQueue-POE v0.0.4
- Platform
- Perl 5 v5.24.4 x86_64-linux
- Date
- 2019-08-12 03:56:39
- ID
- 3012fd12-bcb5-11e9-bc0b-db8b2958ff60
This distribution has been tested as part of the CPAN Testers
project, supporting the Perl programming language. See
http://wiki.cpantesters.org/ for more information or email
questions to cpan-testers-discuss@perl.org
--
Dear Christian-Rolf Gruen,
This is a computer-generated report for Catalyst-Engine-JobQueue-POE-0.0.4
on perl 5.24.4, created by CPAN-Reporter-1.2018.
Thank you for uploading your work to CPAN. However, there was a problem
testing your distribution.
If you think this report is invalid, please consult the CPAN Testers Wiki
for suggestions on how to avoid getting FAIL reports for missing library
or binary dependencies, unsupported operating systems, and so on:
http://wiki.cpantesters.org/wiki/CPANAuthorNotes
Sections of this report:
* Tester comments
* Program output
* Prerequisites
* Environment and other context
------------------------------
TESTER COMMENTS
------------------------------
Additional comments from tester:
this report is from an automated smoke testing program
and was not reviewed by a human for accuracy
------------------------------
PROGRAM OUTPUT
------------------------------
Output from '/usr/bin/make test':
PERL_DL_NONLAZY=1 "/home/syber/perl5/perlbrew/perls/5.24.4/bin/perl" "-MExtUtils::Command::MM" "-MTest::Harness" "-e" "undef *Test::Harness::Switches; test_harness(0, 'blib/lib', 'blib/arch')" t/*.t
# Failed test 'use Catalyst::Engine::JobQueue::POE;'
# at t/01use.t line 4.
# Tried to use 'Catalyst::Engine::JobQueue::POE'.
# Error: Base class package "Catalyst::Engine::CGI" is empty.
# (Perhaps you need to 'use' the module which defines that package first,
# or make that module available in @INC (@INC contains: /home/syber/.local/share/.cpan/build/Catalyst-Engine-JobQueue-POE-0.0.4-0/blib/lib /home/syber/.local/share/.cpan/build/Catalyst-Engine-JobQueue-POE-0.0.4-0/blib/arch /home/syber/perl5/perlbrew/perls/5.24.4/lib/site_perl/5.24.4/x86_64-linux /home/syber/perl5/perlbrew/perls/5.24.4/lib/site_perl/5.24.4 /home/syber/perl5/perlbrew/perls/5.24.4/lib/5.24.4/x86_64-linux /home/syber/perl5/perlbrew/perls/5.24.4/lib/5.24.4 .).
# at /home/syber/.local/share/.cpan/build/Catalyst-Engine-JobQueue-POE-0.0.4-0/blib/lib/Catalyst/Engine/JobQueue/POE.pm line 5.
# BEGIN failed--compilation aborted at /home/syber/.local/share/.cpan/build/Catalyst-Engine-JobQueue-POE-0.0.4-0/blib/lib/Catalyst/Engine/JobQueue/POE.pm line 5.
# Compilation failed in require at t/01use.t line 4.
# BEGIN failed--compilation aborted at t/01use.t line 4.
# Looks like you failed 1 test of 3.
t/01use.t .................
Dubious, test returned 1 (wstat 256, 0x100)
Failed 1/3 subtests
t/02jobqueue-job.t ........ ok
t/author-critic.t ......... skipped: these tests are for testing by the author
t/release-pod-coverage.t .. skipped: these tests are for release candidate testing
t/release-pod-syntax.t .... skipped: these tests are for release candidate testing
Test Summary Report
-------------------
t/01use.t (Wstat: 256 Tests: 3 Failed: 1)
Failed test: 1
Non-zero exit status: 1
Files=5, Tests=6, 0 wallclock secs ( 0.02 usr 0.00 sys + 0.29 cusr 0.03 csys = 0.34 CPU)
Result: FAIL
Failed 1/5 test programs. 1/6 subtests failed.
Makefile:861: recipe for target 'test_dynamic' failed
make: *** [test_dynamic] Error 255
------------------------------
PREREQUISITES
------------------------------
Prerequisite modules loaded:
requires:
Module Need Have
-------------------- ------ ---------
Catalyst::Runtime 5.7001 5.90124
Email::MIME::Creator 0 1.946
Email::Send 2.15 2.201
POE::Component::Cron 0.014 0.021
Test::More 0 1.302164
version 0 0.9924_02
configure_requires:
Module Need Have
-------------------- ------ ---------
ExtUtils::MakeMaker 6.30 7.37_03
------------------------------
ENVIRONMENT AND OTHER CONTEXT
------------------------------
Environment variables:
AUTOMATED_TESTING = 1
LC_COLLATE = ru_RU.utf8
LC_CTYPE = ru_RU.utf8
PATH = /home/syber/perl5/perlbrew/bin:/home/syber/perl5/perlbrew/perls/5.24.4/bin:/usr/local/bin:/usr/bin:/bin:/usr/local/games:/usr/games
PERL5LIB =
PERL5OPT =
PERL5_CPANPLUS_IS_RUNNING = 12738
PERL5_CPAN_IS_RUNNING = 12738
PERL5_CPAN_IS_RUNNING_IN_RECURSION = 32167,12738
PERLBREW_HOME = /home/syber/.perlbrew
PERLBREW_MANPATH = /home/syber/perl5/perlbrew/perls/5.24.4/man
PERLBREW_PATH = /home/syber/perl5/perlbrew/bin:/home/syber/perl5/perlbrew/perls/5.24.4/bin
PERLBREW_PERL = 5.24.4
PERLBREW_ROOT = /home/syber/perl5/perlbrew
PERLBREW_SHELLRC_VERSION = 0.86
PERLBREW_VERSION = 0.86
PERL_CR_SMOKER_CURRENT = Catalyst-Engine-JobQueue-POE-0.0.4
PERL_EXTUTILS_AUTOINSTALL = --defaultdeps
PERL_MM_USE_DEFAULT = 1
PERL_USE_UNSAFE_INC = 1
SHELL = /bin/bash
TERM = screen
Perl special variables (and OS-specific diagnostics, for MSWin32):
$^X = /home/syber/perl5/perlbrew/perls/5.24.4/bin/perl
$UID/$EUID = 1003 / 1003
$GID = 1003 11 1003
$EGID = 1003 11 1003
Perl module toolchain versions installed:
Module Have
------------------- ---------
CPAN 2.27
CPAN::Meta 2.150010
Cwd 3.75
ExtUtils::CBuilder 0.280231
ExtUtils::Command 7.37_03
ExtUtils::Install 2.14
ExtUtils::MakeMaker 7.37_03
ExtUtils::Manifest 1.72
ExtUtils::ParseXS 3.36_03
File::Spec 3.75
JSON 4.02
JSON::PP 4.04
Module::Build 0.42_30
Module::Signature 0.83
Parse::CPAN::Meta 2.150010
Test::Harness 3.42
Test::More 1.302164
YAML 1.29
YAML::Syck 1.31
version 0.9924_02
--
Summary of my perl5 (revision 5 version 24 subversion 4) configuration:
Platform:
osname=linux, osvers=4.9.0-8-amd64, archname=x86_64-linux
uname='linux dexter.crazypanda.ru 4.9.0-8-amd64 #1 smp debian 4.9.110-3+deb9u6 (2018-10-08) x86_64 gnulinux '
config_args='-de -Dprefix=/home/syber/perl5/perlbrew/perls/5.24.4 -Aeval:scriptdir=/home/syber/perl5/perlbrew/perls/5.24.4/bin'
hint=recommended, useposix=true, d_sigaction=define
useithreads=undef, usemultiplicity=undef
use64bitint=define, use64bitall=define, uselongdouble=undef
usemymalloc=n, bincompat5005=undef
Compiler:
cc='cc', ccflags ='-fwrapv -fno-strict-aliasing -pipe -fstack-protector-strong -I/usr/local/include -D_LARGEFILE_SOURCE -D_FILE_OFFSET_BITS=64 -D_FORTIFY_SOURCE=2',
optimize='-O2',
cppflags='-fwrapv -fno-strict-aliasing -pipe -fstack-protector-strong -I/usr/local/include'
ccversion='', gccversion='6.3.0 20170516', gccosandvers=''
intsize=4, longsize=8, ptrsize=8, doublesize=8, byteorder=12345678, doublekind=3
d_longlong=define, longlongsize=8, d_longdbl=define, longdblsize=16, longdblkind=3
ivtype='long', ivsize=8, nvtype='double', nvsize=8, Off_t='off_t', lseeksize=8
alignbytes=8, prototype=define
Linker and Libraries:
ld='cc', ldflags =' -fstack-protector-strong -L/usr/local/lib'
libpth=/usr/local/lib /usr/lib/gcc/x86_64-linux-gnu/6/include-fixed /usr/include/x86_64-linux-gnu /usr/lib /lib/x86_64-linux-gnu /lib/../lib /usr/lib/x86_64-linux-gnu /usr/lib/../lib /lib
libs=-lpthread -lnsl -ldl -lm -lcrypt -lutil -lc
perllibs=-lpthread -lnsl -ldl -lm -lcrypt -lutil -lc
libc=libc-2.24.so, so=so, useshrplib=false, libperl=libperl.a
gnulibc_version='2.24'
Dynamic Linking:
dlsrc=dl_dlopen.xs, dlext=so, d_dlsymun=undef, ccdlflags='-Wl,-E'
cccdlflags='-fPIC', lddlflags='-shared -O2 -L/usr/local/lib -fstack-protector-strong'
Characteristics of this binary (from libperl):
Compile-time options: HAS_TIMES PERLIO_LAYERS PERL_COPY_ON_WRITE
PERL_DONT_CREATE_GVSV
PERL_HASH_FUNC_ONE_AT_A_TIME_HARD PERL_MALLOC_WRAP
PERL_PRESERVE_IVUV USE_64_BIT_ALL USE_64_BIT_INT
USE_LARGE_FILES USE_LOCALE USE_LOCALE_COLLATE
USE_LOCALE_CTYPE USE_LOCALE_NUMERIC USE_LOCALE_TIME
USE_PERLIO USE_PERL_ATOF
Locally applied patches:
Devel::PatchPerl 1.64
Built under linux
Compiled at Aug 5 2019 13:40:11
%ENV:
PERL5LIB=""
PERL5OPT=""
PERL5_CPANPLUS_IS_RUNNING="12738"
PERL5_CPAN_IS_RUNNING="12738"
PERL5_CPAN_IS_RUNNING_IN_RECURSION="32167,12738"
PERLBREW_HOME="/home/syber/.perlbrew"
PERLBREW_MANPATH="/home/syber/perl5/perlbrew/perls/5.24.4/man"
PERLBREW_PATH="/home/syber/perl5/perlbrew/bin:/home/syber/perl5/perlbrew/perls/5.24.4/bin"
PERLBREW_PERL="5.24.4"
PERLBREW_ROOT="/home/syber/perl5/perlbrew"
PERLBREW_SHELLRC_VERSION="0.86"
PERLBREW_VERSION="0.86"
PERL_CR_SMOKER_CURRENT="Catalyst-Engine-JobQueue-POE-0.0.4"
PERL_EXTUTILS_AUTOINSTALL="--defaultdeps"
PERL_MM_USE_DEFAULT="1"
PERL_USE_UNSAFE_INC="1"
@INC:
/home/syber/perl5/perlbrew/perls/5.24.4/lib/site_perl/5.24.4/x86_64-linux
/home/syber/perl5/perlbrew/perls/5.24.4/lib/site_perl/5.24.4
/home/syber/perl5/perlbrew/perls/5.24.4/lib/5.24.4/x86_64-linux
/home/syber/perl5/perlbrew/perls/5.24.4/lib/5.24.4
.