HTTP-Tiny-FileProtocol v0.02 Perl 5 v5.8.9 x86_64-linux
- Status
- Fail
- From
- Chris Williams (BINGOS)
- Dist
-
HTTP-Tiny-FileProtocol v0.02
- Platform
- Perl 5 v5.8.9 x86_64-linux
- Date
- 2017-10-05 16:06:46
- ID
- 3018cd6a-a9e7-11e7-a074-e1beba07c9dd
This distribution has been tested as part of the CPAN Testers
project, supporting the Perl programming language. See
http://wiki.cpantesters.org/ for more information or email
questions to cpan-testers-discuss@perl.org
--
Dear RENEEB,
This is a computer-generated error report created automatically by
CPANPLUS, version 0.9170. Testers personal comments may appear
at the end of this report.
Thank you for uploading your work to CPAN. However, it appears that
there were some problems testing your distribution.
TEST RESULTS:
Below is the error stack from stage 'make test':
PERL_DL_NONLAZY=1 "/home/cpan/pit/bare/perl-5.8.9/bin/perl" "-MExtUtils::Command::MM" "-MTest::Harness" "-e" "undef *Test::Harness::Switches; test_harness(0, 'blib/lib', 'blib/arch')" t/*.t
# Failed test 'use HTTP::Tiny::FileProtocol;'
# at t/01_base.t line 10.
# Tried to use 'HTTP::Tiny::FileProtocol'.
# Error: Global symbol "$response" requires explicit package name at /home/cpan/pit/bare/conf/perl-5.8.9/.cpanplus/5.8.9/build/a6RuPbH4Aw/HTTP-Tiny-FileProtocol-0.02/blib/lib/HTTP/Tiny/FileProtocol.pm line 130.
# Unmatched right curly bracket at /home/cpan/pit/bare/conf/perl-5.8.9/.cpanplus/5.8.9/build/a6RuPbH4Aw/HTTP-Tiny-FileProtocol-0.02/blib/lib/HTTP/Tiny/FileProtocol.pm line 131, at end of line
# syntax error at /home/cpan/pit/bare/conf/perl-5.8.9/.cpanplus/5.8.9/build/a6RuPbH4Aw/HTTP-Tiny-FileProtocol-0.02/blib/lib/HTTP/Tiny/FileProtocol.pm line 131, near "}"
# Compilation failed in require at t/01_base.t line 10.
# BEGIN failed--compilation aborted at t/01_base.t line 10.
# Looks like you failed 1 test of 3.
t/01_base.t ..............
Dubious, test returned 1 (wstat 256, 0x100)
Failed 1/3 subtests
Global symbol "$response" requires explicit package name at /home/cpan/pit/bare/conf/perl-5.8.9/.cpanplus/5.8.9/build/a6RuPbH4Aw/HTTP-Tiny-FileProtocol-0.02/blib/lib/HTTP/Tiny/FileProtocol.pm line 130.
Unmatched right curly bracket at /home/cpan/pit/bare/conf/perl-5.8.9/.cpanplus/5.8.9/build/a6RuPbH4Aw/HTTP-Tiny-FileProtocol-0.02/blib/lib/HTTP/Tiny/FileProtocol.pm line 131, at end of line
syntax error at /home/cpan/pit/bare/conf/perl-5.8.9/.cpanplus/5.8.9/build/a6RuPbH4Aw/HTTP-Tiny-FileProtocol-0.02/blib/lib/HTTP/Tiny/FileProtocol.pm line 131, near "}"
Compilation failed in require at t/02_get_file.t line 12.
BEGIN failed--compilation aborted at t/02_get_file.t line 12.
t/02_get_file.t ..........
Dubious, test returned 2 (wstat 512, 0x200)
No subtests run
Global symbol "$response" requires explicit package name at /home/cpan/pit/bare/conf/perl-5.8.9/.cpanplus/5.8.9/build/a6RuPbH4Aw/HTTP-Tiny-FileProtocol-0.02/blib/lib/HTTP/Tiny/FileProtocol.pm line 130.
Unmatched right curly bracket at /home/cpan/pit/bare/conf/perl-5.8.9/.cpanplus/5.8.9/build/a6RuPbH4Aw/HTTP-Tiny-FileProtocol-0.02/blib/lib/HTTP/Tiny/FileProtocol.pm line 131, at end of line
syntax error at /home/cpan/pit/bare/conf/perl-5.8.9/.cpanplus/5.8.9/build/a6RuPbH4Aw/HTTP-Tiny-FileProtocol-0.02/blib/lib/HTTP/Tiny/FileProtocol.pm line 131, near "}"
Compilation failed in require at t/03_get_xlsx.t line 12.
BEGIN failed--compilation aborted at t/03_get_xlsx.t line 12.
t/03_get_xlsx.t ..........
Dubious, test returned 2 (wstat 512, 0x200)
No subtests run
Global symbol "$response" requires explicit package name at /home/cpan/pit/bare/conf/perl-5.8.9/.cpanplus/5.8.9/build/a6RuPbH4Aw/HTTP-Tiny-FileProtocol-0.02/blib/lib/HTTP/Tiny/FileProtocol.pm line 130.
Unmatched right curly bracket at /home/cpan/pit/bare/conf/perl-5.8.9/.cpanplus/5.8.9/build/a6RuPbH4Aw/HTTP-Tiny-FileProtocol-0.02/blib/lib/HTTP/Tiny/FileProtocol.pm line 131, at end of line
syntax error at /home/cpan/pit/bare/conf/perl-5.8.9/.cpanplus/5.8.9/build/a6RuPbH4Aw/HTTP-Tiny-FileProtocol-0.02/blib/lib/HTTP/Tiny/FileProtocol.pm line 131, near "}"
Compilation failed in require at t/04_mirror.t line 13.
BEGIN failed--compilation aborted at t/04_mirror.t line 13.
t/04_mirror.t ............
Dubious, test returned 2 (wstat 512, 0x200)
No subtests run
Global symbol "$response" requires explicit package name at /home/cpan/pit/bare/conf/perl-5.8.9/.cpanplus/5.8.9/build/a6RuPbH4Aw/HTTP-Tiny-FileProtocol-0.02/blib/lib/HTTP/Tiny/FileProtocol.pm line 130.
Unmatched right curly bracket at /home/cpan/pit/bare/conf/perl-5.8.9/.cpanplus/5.8.9/build/a6RuPbH4Aw/HTTP-Tiny-FileProtocol-0.02/blib/lib/HTTP/Tiny/FileProtocol.pm line 131, at end of line
syntax error at /home/cpan/pit/bare/conf/perl-5.8.9/.cpanplus/5.8.9/build/a6RuPbH4Aw/HTTP-Tiny-FileProtocol-0.02/blib/lib/HTTP/Tiny/FileProtocol.pm line 131, near "}"
Compilation failed in require at t/04_not_found.t line 12.
BEGIN failed--compilation aborted at t/04_not_found.t line 12.
t/04_not_found.t .........
Dubious, test returned 2 (wstat 512, 0x200)
No subtests run
t/author-pod-coverage.t .. skipped: these tests are for testing by the author
t/author-pod-syntax.t .... skipped: these tests are for testing by the author
Test Summary Report
-------------------
t/01_base.t (Wstat: 256 Tests: 3 Failed: 1)
Failed test: 1
Non-zero exit status: 1
t/02_get_file.t (Wstat: 512 Tests: 0 Failed: 0)
Non-zero exit status: 2
Parse errors: No plan found in TAP output
t/03_get_xlsx.t (Wstat: 512 Tests: 0 Failed: 0)
Non-zero exit status: 2
Parse errors: No plan found in TAP output
t/04_mirror.t (Wstat: 512 Tests: 0 Failed: 0)
Non-zero exit status: 2
Parse errors: No plan found in TAP output
t/04_not_found.t (Wstat: 512 Tests: 0 Failed: 0)
Non-zero exit status: 2
Parse errors: No plan found in TAP output
Files=7, Tests=3, 0 wallclock secs ( 0.02 usr 0.00 sys + 0.22 cusr 0.02 csys = 0.26 CPU)
Result: FAIL
Failed 5/7 test programs. 1/3 subtests failed.
make: *** [test_dynamic] Error 255
Makefile:855: recipe for target 'test_dynamic' failed
PREREQUISITES:
Here is a list of prerequisites you specified and versions we
managed to load:
Module Name Have Want
Carp 1.10 0
ExtUtils::MakeMaker 7.30 0
File::Basename 2.77 0
File::Spec 3.62 0
HTTP::Tiny 0.070 0
LWP::MediaTypes 6.02 0
Test::LongString 0.17 0
Test::More 1.302096 0
Perl module toolchain versions installed:
Module Name Have
CPANPLUS 0.9170
CPANPLUS::Dist::Build 0.88
Cwd 3.62
ExtUtils::CBuilder 0.280226
ExtUtils::Command 7.30
ExtUtils::Install 2.14
ExtUtils::MakeMaker 7.30
ExtUtils::Manifest 1.70
ExtUtils::ParseXS 3.35
File::Spec 3.62
Module::Build 0.4224
Pod::Parser 1.35
Pod::Simple 3.32
Test2 1.302096
Test::Harness 3.39
Test::More 1.302096
version 0.9918
******************************** NOTE ********************************
The comments above are created mechanically, possibly without manual
checking by the sender. As there are many people performing automatic
tests on each upload to CPAN, it is likely that you will receive
identical messages about the same problem.
If you believe that the message is mistaken, please reply to the first
one with correction and/or additional informations, and do not take
it personally. We appreciate your patience. :)
**********************************************************************
Additional comments:
This report was machine-generated by CPANPLUS::Dist::YACSmoke 1.02.
Powered by minismokebox version 0.68
------------------------------
ENVIRONMENT AND OTHER CONTEXT
------------------------------
Environment variables:
AUTOMATED_TESTING = 1
LANG = en_GB.UTF-8
LANGUAGE = en_GB:en
NONINTERACTIVE_TESTING = 1
PATH = /usr/local/sbin:/usr/local/bin:/usr/sbin:/usr/bin:/sbin:/bin:/usr/games:/usr/local/games:/snap/bin
PERL5LIB = :/home/cpan/pit/bare/conf/perl-5.8.9/.cpanplus/5.8.9/build/95HLRJaYys/HTTP-Tiny-0.070/blib/lib:/home/cpan/pit/bare/conf/perl-5.8.9/.cpanplus/5.8.9/build/95HLRJaYys/HTTP-Tiny-0.070/blib/arch:/home/cpan/pit/bare/conf/perl-5.8.9/.cpanplus/5.8.9/build/wF8ZmztmII/LWP-MediaTypes-6.02/blib/lib:/home/cpan/pit/bare/conf/perl-5.8.9/.cpanplus/5.8.9/build/wF8ZmztmII/LWP-MediaTypes-6.02/blib/arch:/home/cpan/pit/bare/conf/perl-5.8.9/.cpanplus/5.8.9/build/0BK7w2jotW/Test-LongString-0.17/blib/lib:/home/cpan/pit/bare/conf/perl-5.8.9/.cpanplus/5.8.9/build/0BK7w2jotW/Test-LongString-0.17/blib/arch:/home/cpan/pit/bare/conf/perl-5.8.9/.cpanplus/5.8.9/build/a6RuPbH4Aw/HTTP-Tiny-FileProtocol-0.02/blib/lib:/home/cpan/pit/bare/conf/perl-5.8.9/.cpanplus/5.8.9/build/a6RuPbH4Aw/HTTP-Tiny-FileProtocol-0.02/blib/arch
PERL5_CPANPLUS_IS_RUNNING = 19103
PERL5_CPANPLUS_IS_VERSION = 0.9170
PERL5_MINISMOKEBOX = 0.68
PERL5_YACSMOKE_BASE = /home/cpan/pit/bare/conf/perl-5.8.9
PERL_EXTUTILS_AUTOINSTALL = --defaultdeps
PERL_MM_USE_DEFAULT = 1
SHELL = /bin/bash
TERM = screen
Perl special variables (and OS-specific diagnostics, for MSWin32):
Perl: $^X = /home/cpan/pit/bare/perl-5.8.9/bin/perl
UID: $< = 1001
EUID: $> = 1001
GID: $( = 1001 1001
EGID: $) = 1001 1001
-------------------------------
--
Summary of my perl5 (revision 5 version 8 subversion 9) configuration:
Platform:
osname=linux, osvers=4.4.0-21-generic, archname=x86_64-linux
uname='linux uchder 4.4.0-21-generic #37-ubuntu smp mon apr 18 18:33:37 utc 2016 x86_64 x86_64 x86_64 gnulinux '
config_args='-des -Dprefix=/home/cpan/pit/bare/perl-5.8.9'
hint=recommended, useposix=true, d_sigaction=define
usethreads=undef use5005threads=undef useithreads=undef usemultiplicity=undef
useperlio=define d_sfio=undef uselargefiles=define usesocks=undef
use64bitint=define use64bitall=define uselongdouble=undef
usemymalloc=n, bincompat5005=undef
Compiler:
cc='cc', ccflags ='-fno-strict-aliasing -pipe -I/usr/local/include -D_LARGEFILE_SOURCE -D_FILE_OFFSET_BITS=64',
optimize='-O2',
cppflags='-fno-strict-aliasing -pipe -I/usr/local/include'
ccversion='', gccversion='5.3.1 20160413', gccosandvers=''
intsize=4, longsize=8, ptrsize=8, doublesize=8, byteorder=12345678
d_longlong=define, longlongsize=8, d_longdbl=define, longdblsize=16
ivtype='long', ivsize=8, nvtype='double', nvsize=8, Off_t='off_t', lseeksize=8
alignbytes=8, prototype=define
Linker and Libraries:
ld='cc', ldflags =' -L/usr/local/lib'
libpth=/usr/local/lib /lib/x86_64-linux-gnu /lib/../lib /usr/lib/x86_64-linux-gnu /usr/lib/../lib /lib /usr/lib
libs=-lnsl -lgdbm -ldl -lm -lcrypt -lutil -lc -lgdbm_compat
perllibs=-lnsl -ldl -lm -lcrypt -lutil -lc -lgdbm_compat
libc=libc-2.23.so, so=so, useshrplib=false, libperl=libperl.a
gnulibc_version='2.23'
Dynamic Linking:
dlsrc=dl_dlopen.xs, dlext=so, d_dlsymun=undef, ccdlflags='-Wl,-E'
cccdlflags='-fPIC', lddlflags='-shared -O2 -L/usr/local/lib'
Characteristics of this binary (from libperl):
Compile-time options: PERL_MALLOC_WRAP USE_64_BIT_ALL USE_64_BIT_INT
USE_FAST_STDIO USE_LARGE_FILES USE_PERLIO
Locally applied patches:
Devel::PatchPerl 1.42
Built under linux
Compiled at May 1 2016 21:47:54
%ENV:
PERL5LIB=":/home/cpan/pit/bare/conf/perl-5.8.9/.cpanplus/5.8.9/build/95HLRJaYys/HTTP-Tiny-0.070/blib/lib:/home/cpan/pit/bare/conf/perl-5.8.9/.cpanplus/5.8.9/build/95HLRJaYys/HTTP-Tiny-0.070/blib/arch:/home/cpan/pit/bare/conf/perl-5.8.9/.cpanplus/5.8.9/build/wF8ZmztmII/LWP-MediaTypes-6.02/blib/lib:/home/cpan/pit/bare/conf/perl-5.8.9/.cpanplus/5.8.9/build/wF8ZmztmII/LWP-MediaTypes-6.02/blib/arch:/home/cpan/pit/bare/conf/perl-5.8.9/.cpanplus/5.8.9/build/0BK7w2jotW/Test-LongString-0.17/blib/lib:/home/cpan/pit/bare/conf/perl-5.8.9/.cpanplus/5.8.9/build/0BK7w2jotW/Test-LongString-0.17/blib/arch:/home/cpan/pit/bare/conf/perl-5.8.9/.cpanplus/5.8.9/build/a6RuPbH4Aw/HTTP-Tiny-FileProtocol-0.02/blib/lib:/home/cpan/pit/bare/conf/perl-5.8.9/.cpanplus/5.8.9/build/a6RuPbH4Aw/HTTP-Tiny-FileProtocol-0.02/blib/arch"
PERL5_CPANPLUS_IS_RUNNING="19103"
PERL5_CPANPLUS_IS_VERSION="0.9170"
PERL5_MINISMOKEBOX="0.68"
PERL5_YACSMOKE_BASE="/home/cpan/pit/bare/conf/perl-5.8.9"
PERL_EXTUTILS_AUTOINSTALL="--defaultdeps"
PERL_MM_USE_DEFAULT="1"
@INC:
/home/cpan/pit/bare/conf/perl-5.8.9/.cpanplus/5.8.9/build/95HLRJaYys/HTTP-Tiny-0.070/blib/lib
/home/cpan/pit/bare/conf/perl-5.8.9/.cpanplus/5.8.9/build/95HLRJaYys/HTTP-Tiny-0.070/blib/arch
/home/cpan/pit/bare/conf/perl-5.8.9/.cpanplus/5.8.9/build/wF8ZmztmII/LWP-MediaTypes-6.02/blib/lib
/home/cpan/pit/bare/conf/perl-5.8.9/.cpanplus/5.8.9/build/wF8ZmztmII/LWP-MediaTypes-6.02/blib/arch
/home/cpan/pit/bare/conf/perl-5.8.9/.cpanplus/5.8.9/build/0BK7w2jotW/Test-LongString-0.17/blib/lib
/home/cpan/pit/bare/conf/perl-5.8.9/.cpanplus/5.8.9/build/0BK7w2jotW/Test-LongString-0.17/blib/arch
/home/cpan/pit/bare/conf/perl-5.8.9/.cpanplus/5.8.9/build/a6RuPbH4Aw/HTTP-Tiny-FileProtocol-0.02/blib/lib
/home/cpan/pit/bare/conf/perl-5.8.9/.cpanplus/5.8.9/build/a6RuPbH4Aw/HTTP-Tiny-FileProtocol-0.02/blib/arch
/home/cpan/pit/bare/perl-5.8.9/lib/5.8.9/x86_64-linux
/home/cpan/pit/bare/perl-5.8.9/lib/5.8.9
/home/cpan/pit/bare/perl-5.8.9/lib/site_perl/5.8.9/x86_64-linux
/home/cpan/pit/bare/perl-5.8.9/lib/site_perl/5.8.9
.