Report for Module-Build-IkiWiki-0.0.6

Back
From: metabase:user:320bfe00-2aae-11df-837a-5e0a49663a4f
Subject: FAIL Module-Build-IkiWiki-0.0.6 v5.22.3 GNU/Linux
Date: 2017-04-29T12:34:29Z

This distribution has been tested as part of the CPAN Testers
project, supporting the Perl programming language.  See
http://wiki.cpantesters.org/ for more information or email
questions to cpan-testers-discuss@perl.org


--
Dear Victor Moral,

This is a computer-generated report for Module-Build-IkiWiki-0.0.6
on perl 5.22.3, created by CPAN-Reporter-1.2018.

Thank you for uploading your work to CPAN.  However, there was a problem
testing your distribution.

If you think this report is invalid, please consult the CPAN Testers Wiki
for suggestions on how to avoid getting FAIL reports for missing library
or binary dependencies, unsupported operating systems, and so on:

http://wiki.cpantesters.org/wiki/CPANAuthorNotes

Sections of this report:

    * Tester comments
    * Program output
    * Prerequisites
    * Environment and other context

------------------------------
TESTER COMMENTS
------------------------------

Additional comments from tester:

this report is from an automated smoke testing program
and was not reviewed by a human for accuracy

------------------------------
PROGRAM OUTPUT
------------------------------

Output from './Build test':

"my" variable $prop masks earlier declaration in same scope at /tmp/loop_over_bdir-12604-EOMwib/Module-Build-IkiWiki-0.0.6-0/blib/lib/Module/Build/IkiWiki.pm line 50.

#   Failed test 'use Module::Build::IkiWiki;'
#   at t/00.load.t line 4.
#     Tried to use 'Module::Build::IkiWiki'.
#     Error:  syntax error at /tmp/loop_over_bdir-12604-EOMwib/Module-Build-IkiWiki-0.0.6-0/blib/lib/Module/Build/IkiWiki.pm line 30, near "$other qw(ikiwiki_templates ikiwiki_css)"
# Global symbol "$other" requires explicit package name (did you forget to declare "my $other"?) at /tmp/loop_over_bdir-12604-EOMwib/Module-Build-IkiWiki-0.0.6-0/blib/lib/Module/Build/IkiWiki.pm line 31.
# Global symbol "$prop" requires explicit package name (did you forget to declare "my $prop"?) at /tmp/loop_over_bdir-12604-EOMwib/Module-Build-IkiWiki-0.0.6-0/blib/lib/Module/Build/IkiWiki.pm line 32.
# Global symbol "$other" requires explicit package name (did you forget to declare "my $other"?) at /tmp/loop_over_bdir-12604-EOMwib/Module-Build-IkiWiki-0.0.6-0/blib/lib/Module/Build/IkiWiki.pm line 32.
# Global symbol "$self" requires explicit package name (did you forget to declare "my $self"?) at /tmp/loop_over_bdir-12604-EOMwib/Module-Build-IkiWiki-0.0.6-0/blib/lib/Module/Build/IkiWiki.pm line 36.
# Can't use global @_ in "my" at /tmp/loop_over_bdir-12604-EOMwib/Module-Build-IkiWiki-0.0.6-0/blib/lib/Module/Build/IkiWiki.pm line 40, near "=   @_"
# Global symbol "$self" requires explicit package name (did you forget to declare "my $self"?) at /tmp/loop_over_bdir-12604-EOMwib/Module-Build-IkiWiki-0.0.6-0/blib/lib/Module/Build/IkiWiki.pm line 41.
# syntax error at /tmp/loop_over_bdir-12604-EOMwib/Module-Build-IkiWiki-0.0.6-0/blib/lib/Module/Build/IkiWiki.pm line 48, near "$category qw(templates css)"
# Global symbol "$category" requires explicit package name (did you forget to declare "my $category"?) at /tmp/loop_over_bdir-12604-EOMwib/Module-Build-IkiWiki-0.0.6-0/blib/lib/Module/Build/IkiWiki.pm line 57.
# syntax error at /tmp/loop_over_bdir-12604-EOMwib/Module-Build-IkiWiki-0.0.6-0/blib/lib/Module/Build/IkiWiki.pm line 74, near "}"
# /tmp/loop_over_bdir-12604-EOMwib/Module-Build-IkiWiki-0.0.6-0/blib/lib/Module/Build/IkiWiki.pm has too many errors.
# Compilation failed in require at t/00.load.t line 4.
# BEGIN failed--compilation aborted at t/00.load.t line 4.
# Testing Module::Build::IkiWiki 
# Looks like you failed 1 test of 1.
t/00.load.t .......... 
Dubious, test returned 1 (wstat 256, 0x100)
Failed 1/1 subtests 
"my" variable $prop masks earlier declaration in same scope at lib/Module/Build/IkiWiki.pm line 50.

#   Failed test 'use Module::Build::IkiWiki;'
#   at t/01.new.t line 12.
#     Tried to use 'Module::Build::IkiWiki'.
#     Error:  syntax error at lib/Module/Build/IkiWiki.pm line 30, near "$other qw(ikiwiki_templates ikiwiki_css)"
# Global symbol "$other" requires explicit package name (did you forget to declare "my $other"?) at lib/Module/Build/IkiWiki.pm line 31.
# Global symbol "$prop" requires explicit package name (did you forget to declare "my $prop"?) at lib/Module/Build/IkiWiki.pm line 32.
# Global symbol "$other" requires explicit package name (did you forget to declare "my $other"?) at lib/Module/Build/IkiWiki.pm line 32.
# Global symbol "$self" requires explicit package name (did you forget to declare "my $self"?) at lib/Module/Build/IkiWiki.pm line 36.
# Can't use global @_ in "my" at lib/Module/Build/IkiWiki.pm line 40, near "=   @_"
# Global symbol "$self" requires explicit package name (did you forget to declare "my $self"?) at lib/Module/Build/IkiWiki.pm line 41.
# syntax error at lib/Module/Build/IkiWiki.pm line 48, near "$category qw(templates css)"
# Global symbol "$category" requires explicit package name (did you forget to declare "my $category"?) at lib/Module/Build/IkiWiki.pm line 57.
# syntax error at lib/Module/Build/IkiWiki.pm line 74, near "}"
# lib/Module/Build/IkiWiki.pm has too many errors.
# Compilation failed in require at t/01.new.t line 12.
# BEGIN failed--compilation aborted at t/01.new.t line 12.
# Looks like you failed 1 test of 2.
t/01.new.t ........... 
Dubious, test returned 1 (wstat 256, 0x100)
Failed 1/2 subtests 
"my" variable $prop masks earlier declaration in same scope at lib/Module/Build/IkiWiki.pm line 50.

#   Failed test 'use Module::Build::IkiWiki;'
#   at /home/sand/src/perl/repoperls/installed-perls/host/k93msid/v5.22.3/0a29/lib/site_perl/5.22.3/Test/Distribution.pm line 177.
#     Tried to use 'Module::Build::IkiWiki'.
#     Error:  syntax error at lib/Module/Build/IkiWiki.pm line 30, near "$other qw(ikiwiki_templates ikiwiki_css)"
# Global symbol "$other" requires explicit package name (did you forget to declare "my $other"?) at lib/Module/Build/IkiWiki.pm line 31.
# Global symbol "$prop" requires explicit package name (did you forget to declare "my $prop"?) at lib/Module/Build/IkiWiki.pm line 32.
# Global symbol "$other" requires explicit package name (did you forget to declare "my $other"?) at lib/Module/Build/IkiWiki.pm line 32.
# Global symbol "$self" requires explicit package name (did you forget to declare "my $self"?) at lib/Module/Build/IkiWiki.pm line 36.
# Can't use global @_ in "my" at lib/Module/Build/IkiWiki.pm line 40, near "=   @_"
# Global symbol "$self" requires explicit package name (did you forget to declare "my $self"?) at lib/Module/Build/IkiWiki.pm line 41.
# syntax error at lib/Module/Build/IkiWiki.pm line 48, near "$category qw(templates css)"
# Global symbol "$category" requires explicit package name (did you forget to declare "my $category"?) at lib/Module/Build/IkiWiki.pm line 57.
# syntax error at lib/Module/Build/IkiWiki.pm line 74, near "}"
# lib/Module/Build/IkiWiki.pm has too many errors.
# Compilation failed in require at /home/sand/src/perl/repoperls/installed-perls/host/k93msid/v5.22.3/0a29/lib/site_perl/5.22.3/Test/Distribution.pm line 177.
# BEGIN failed--compilation aborted at /home/sand/src/perl/repoperls/installed-perls/host/k93msid/v5.22.3/0a29/lib/site_perl/5.22.3/Test/Distribution.pm line 177.

#   Failed test 'Module::Build::IkiWiki defines a version'
#   at /home/sand/src/perl/repoperls/installed-perls/host/k93msid/v5.22.3/0a29/lib/site_perl/5.22.3/Test/Distribution.pm line 212.

#   Failed test 'POD test for blib/lib/Module/Build/IkiWiki.pm'
#   at /home/sand/src/perl/repoperls/installed-perls/host/k93msid/v5.22.3/0a29/lib/site_perl/5.22.3/Test/Distribution.pm line 144.
# blib/lib/Module/Build/IkiWiki.pm (213): Non-ASCII character seen before =encoding in 'Víctor'. Assuming CP1252

#   Failed test 'Pod Coverage ok'
#   at /home/sand/src/perl/repoperls/installed-perls/host/k93msid/v5.22.3/0a29/lib/site_perl/5.22.3/Test/Distribution.pm line 165.
# Module::Build::IkiWiki: requiring 'Module::Build::IkiWiki' failed
# Looks like you failed 4 tests of 10.
t/99.distribution.t .. 
Dubious, test returned 4 (wstat 1024, 0x400)
Failed 4/10 subtests 
	(less 1 skipped subtest: 5 okay)
t/perlcritic.t ....... ok
"my" variable $prop masks earlier declaration in same scope at /tmp/loop_over_bdir-12604-EOMwib/Module-Build-IkiWiki-0.0.6-0/blib/lib/Module/Build/IkiWiki.pm line 50.

#   Failed test 'Pod coverage on Module::Build::IkiWiki'
#   at /home/sand/src/perl/repoperls/installed-perls/host/k93msid/v5.22.3/0a29/lib/site_perl/5.22.3/Test/Pod/Coverage.pm line 133.
# Module::Build::IkiWiki: requiring 'Module::Build::IkiWiki' failed
# Looks like you failed 1 test of 1.
t/pod-coverage.t ..... 
Dubious, test returned 1 (wstat 256, 0x100)
Failed 1/1 subtests 

#   Failed test 'POD test for blib/script/pod2mdwn'
#   at /home/sand/src/perl/repoperls/installed-perls/host/k93msid/v5.22.3/0a29/lib/site_perl/5.22.3/Test/Pod.pm line 187.
# blib/script/pod2mdwn (289): Non-ASCII character seen before =encoding in 'Víctor'. Assuming UTF-8

#   Failed test 'POD test for blib/lib/Module/Build/IkiWiki.pm'
#   at /home/sand/src/perl/repoperls/installed-perls/host/k93msid/v5.22.3/0a29/lib/site_perl/5.22.3/Test/Pod.pm line 187.
# blib/lib/Module/Build/IkiWiki.pm (213): Non-ASCII character seen before =encoding in 'Víctor'. Assuming CP1252
# Looks like you failed 2 tests of 2.
t/pod.t .............. 
Dubious, test returned 2 (wstat 512, 0x200)
Failed 2/2 subtests 

Test Summary Report
-------------------
t/00.load.t        (Wstat: 256 Tests: 1 Failed: 1)
  Failed test:  1
  Non-zero exit status: 1
t/01.new.t         (Wstat: 256 Tests: 2 Failed: 1)
  Failed test:  1
  Non-zero exit status: 1
t/99.distribution.t (Wstat: 1024 Tests: 10 Failed: 4)
  Failed tests:  2-3, 5, 10
  Non-zero exit status: 4
t/pod-coverage.t   (Wstat: 256 Tests: 1 Failed: 1)
  Failed test:  1
  Non-zero exit status: 1
t/pod.t            (Wstat: 512 Tests: 2 Failed: 2)
  Failed tests:  1-2
  Non-zero exit status: 2
Files=6, Tests=18,  8 wallclock secs ( 0.04 usr  0.04 sys +  1.83 cusr  0.52 csys =  2.43 CPU)
Result: FAIL
Failed 5/6 test programs. 9/18 subtests failed.

------------------------------
PREREQUISITES
------------------------------

Prerequisite modules loaded:

requires:

    Module        Need Have    
    ------------- ---- --------
    Module::Build 0.26 0.4222  
    Test::More    0    1.302083


------------------------------
ENVIRONMENT AND OTHER CONTEXT
------------------------------

Environment variables:

    AUTOMATED_TESTING = 1
    LANG = en_US.UTF-8
    PATH = /home/sand/bin:/usr/local/bin:/usr/bin:/bin:/usr/games:/usr/local/perl/bin:/usr/X11/bin:/sbin:/usr/sbin
    PERL5LIB = 
    PERL5OPT = 
    PERL5_CPANPLUS_IS_RUNNING = 12608
    PERL5_CPAN_IS_RUNNING = 12608
    PERL_CANARY_STABILITY_NOPROMPT = 1
    PERL_MM_USE_DEFAULT = 1
    PERL_USE_UNSAFE_INC = 1
    SHELL = /usr/bin/zsh
    TERM = screen

Perl special variables (and OS-specific diagnostics, for MSWin32):

    $^X = /home/sand/src/perl/repoperls/installed-perls/host/k93msid/v5.22.3/0a29/bin/perl
    $UID/$EUID = 1005 / 1005
    $GID = 1005 1005
    $EGID = 1005 1005

Perl module toolchain versions installed:

    Module              Have      
    ------------------- ----------
    CPAN                2.18      
    CPAN::Meta          2.150010  
    Cwd                 3.62      
    ExtUtils::CBuilder  0.280224  
    ExtUtils::Command   7.24      
    ExtUtils::Install   2.04      
    ExtUtils::MakeMaker 7.24      
    ExtUtils::Manifest  1.70      
    ExtUtils::ParseXS   3.28      
    File::Spec          3.62      
    JSON                2.90      
    JSON::PP            2.27300_01
    Module::Build       0.4222    
    Module::Signature   0.81      
    Parse::CPAN::Meta   2.150010  
    Test::Harness       3.39      
    Test::More          1.302083  
    YAML                1.23      
    YAML::Syck          1.29      
    version             0.9909    


--

Summary of my perl5 (revision 5 version 22 subversion 3) configuration:
  Derived from: 16b638b0a20de774856b3a21a75a5e373af5262c
  Platform:
    osname=linux, osvers=4.9.0-2-amd64, archname=x86_64-linux-ld
    uname='linux k93msid 4.9.0-2-amd64 #1 smp debian 4.9.18-1 (2017-03-30) x86_64 gnulinux '
    config_args='-Dprefix=/home/sand/src/perl/repoperls/installed-perls/host/k93msid/v5.22.3/0a29 -Dmyhostname=k93msid -Dinstallusrbinperl=n -Uversiononly -Dusedevel -des -Ui_db -Dlibswanted=cl pthread socket inet nsl gdbm dbm malloc dl ld sun m crypt sec util c cposix posix ucb BSD gdbm_compat -Uuseithreads -Duselongdouble -DDEBUGGING=both'
    hint=recommended, useposix=true, d_sigaction=define
    useithreads=undef, usemultiplicity=undef
    use64bitint=define, use64bitall=define, uselongdouble=define
    usemymalloc=n, bincompat5005=undef
  Compiler:
    cc='cc', ccflags ='-fwrapv -DDEBUGGING -fno-strict-aliasing -pipe -fstack-protector-strong -I/usr/local/include -D_LARGEFILE_SOURCE -D_FILE_OFFSET_BITS=64',
    optimize='-O2 -g',
    cppflags='-fwrapv -DDEBUGGING -fno-strict-aliasing -pipe -fstack-protector-strong -I/usr/local/include'
    ccversion='', gccversion='6.3.0 20170406', gccosandvers=''
    intsize=4, longsize=8, ptrsize=8, doublesize=8, byteorder=12345678, doublekind=3
    d_longlong=define, longlongsize=8, d_longdbl=define, longdblsize=16, longdblkind=3
    ivtype='long', ivsize=8, nvtype='long double', nvsize=16, Off_t='off_t', lseeksize=8
    alignbytes=16, prototype=define
  Linker and Libraries:
    ld='cc', ldflags =' -fstack-protector-strong -L/usr/local/lib'
    libpth=/usr/local/lib /usr/lib/gcc/x86_64-linux-gnu/6/include-fixed /usr/include/x86_64-linux-gnu /usr/lib /lib/x86_64-linux-gnu /lib/../lib /usr/lib/x86_64-linux-gnu /usr/lib/../lib /lib
    libs=-lpthread -lnsl -ldl -lm -lcrypt -lutil -lc
    perllibs=-lpthread -lnsl -ldl -lm -lcrypt -lutil -lc
    libc=libc-2.24.so, so=so, useshrplib=false, libperl=libperl.a
    gnulibc_version='2.24'
  Dynamic Linking:
    dlsrc=dl_dlopen.xs, dlext=so, d_dlsymun=undef, ccdlflags='-Wl,-E'
    cccdlflags='-fPIC', lddlflags='-shared -O2 -g -L/usr/local/lib -fstack-protector-strong'


Characteristics of this binary (from libperl): 
  Compile-time options: DEBUGGING HAS_TIMES PERLIO_LAYERS
                        PERL_DONT_CREATE_GVSV
                        PERL_HASH_FUNC_ONE_AT_A_TIME_HARD PERL_MALLOC_WRAP
                        PERL_NEW_COPY_ON_WRITE PERL_PRESERVE_IVUV
                        PERL_USE_DEVEL USE_64_BIT_ALL USE_64_BIT_INT
                        USE_LARGE_FILES USE_LOCALE USE_LOCALE_COLLATE
                        USE_LOCALE_CTYPE USE_LOCALE_NUMERIC USE_LOCALE_TIME
                        USE_LONG_DOUBLE USE_PERLIO USE_PERL_ATOF
  Locally applied patches:
	uncommitted-changes
  Built under linux
  Compiled at Apr 14 2017 11:41:29
  %ENV:
    PERL5LIB=""
    PERL5OPT=""
    PERL5_CPANPLUS_IS_RUNNING="12608"
    PERL5_CPAN_IS_RUNNING="12608"
    PERL_CANARY_STABILITY_NOPROMPT="1"
    PERL_MM_USE_DEFAULT="1"
    PERL_USE_UNSAFE_INC="1"
  @INC:
    /home/sand/src/perl/repoperls/installed-perls/host/k93msid/v5.22.3/0a29/lib/site_perl/5.22.3/x86_64-linux-ld
    /home/sand/src/perl/repoperls/installed-perls/host/k93msid/v5.22.3/0a29/lib/site_perl/5.22.3
    /home/sand/src/perl/repoperls/installed-perls/host/k93msid/v5.22.3/0a29/lib/5.22.3/x86_64-linux-ld
    /home/sand/src/perl/repoperls/installed-perls/host/k93msid/v5.22.3/0a29/lib/5.22.3
    .