Report for Parse-FixedRecord-0.02

Back
From: metabase:user:c1859b88-af6d-11df-b000-ae20fb0c70d3
Subject: FAIL Parse-FixedRecord-0.02 v5.10.1 OpenBSD
Date: 2010-10-03T03:13:26Z

This distribution has been tested as part of the CPAN Testers
project, supporting the Perl programming language.  See
http://wiki.cpantesters.org/ for more information or email
questions to cpan-testers-discuss@perl.org


--
Dear osfameron,

This is a computer-generated report for Parse-FixedRecord-0.02
on perl 5.10.1, created by CPAN-Reporter-1.18.

Thank you for uploading your work to CPAN.  However, there was a problem
testing your distribution.

If you think this report is invalid, please consult the CPAN Testers Wiki
for suggestions on how to avoid getting FAIL reports for missing library
or binary dependencies, unsupported operating systems, and so on:

http://wiki.cpantesters.org/wiki/CPANAuthorNotes

Sections of this report:

    * Tester comments
    * Program output
    * Prerequisites
    * Environment and other context

------------------------------
TESTER COMMENTS
------------------------------

Additional comments from tester:

this report is from an automated smoke testing program
and was not reviewed by a human for accuracy

------------------------------
PROGRAM OUTPUT
------------------------------

Output from '/usr/bin/make test':

PERL_DL_NONLAZY=1 /usr/bin/perl "-MExtUtils::Command::MM" "-e" "test_harness(0, 'inc', 'blib/lib', 'blib/arch')" t/00-load.t t/01-basic.t t/02-error.t t/03-table.t t/boilerplate.t t/pod-coverage.t t/pod.t
# Testing Parse::FixedRecord 0.02, Perl 5.010001, /usr/bin/perl
t/00-load.t ....... ok
Couldn't load class (Parse::FixedRecord::Row) because: Can't locate DateTime/Format/Duration.pm in @INC (@INC contains: /home/tester/.cpan/build/Parse-FixedRecord-0.02-0QlmaP/t/lib /home/tester/.cpan/build/Parse-FixedRecord-0.02-0QlmaP/inc /home/tester/.cpan/build/Parse-FixedRecord-0.02-0QlmaP/blib/lib /home/tester/.cpan/build/Parse-FixedRecord-0.02-0QlmaP/blib/arch /home/tester/.cpan/build/MooseX-ClassAttribute-0.16-QA87lG/blib/arch /home/tester/.cpan/build/MooseX-ClassAttribute-0.16-QA87lG/blib/lib /home/tester/.cpan/build/DateTime-Format-Strptime-1.4000-_0wJm8/blib/arch /home/tester/.cpan/build/DateTime-Format-Strptime-1.4000-_0wJm8/blib/lib /usr/libdata/perl5/sparc64-openbsd/5.10.1 /usr/local/libdata/perl5/sparc64-openbsd/5.10.1 /usr/libdata/perl5 /usr/local/libdata/perl5 /usr/local/libdata/perl5/site_perl/sparc64-openbsd /usr/libdata/perl5/site_perl/sparc64-openbsd /usr/local/libdata/perl5/site_perl /usr/libdata/perl5/site_perl .) at /home/tester/.cpan/build/Parse-FixedRecord-0.02-0QlmaP/blib/lib/Parse/FixedRecord/Row.pm line 44.
BEGIN failed--compilation aborted at /home/tester/.cpan/build/Parse-FixedRecord-0.02-0QlmaP/blib/lib/Parse/FixedRecord/Row.pm line 44.
Compilation failed in require at /usr/local/libdata/perl5/site_perl/sparc64-openbsd/Class/MOP.pm line 113.
 at /usr/local/libdata/perl5/site_perl/sparc64-openbsd/Class/MOP.pm line 119
	Class::MOP::__ANON__('Can\'t locate DateTime/Format/Duration.pm in @INC (@INC conta...') called at /usr/local/libdata/perl5/site_perl/Try/Tiny.pm line 98
	Try::Tiny::try('CODE(0x20df59d68)', 'Try::Tiny::Catch=REF(0x20c324600)') called at /usr/local/libdata/perl5/site_perl/sparc64-openbsd/Class/MOP.pm line 124
	Class::MOP::load_first_existing_class('Parse::FixedRecord::Row') called at /usr/local/libdata/perl5/site_perl/sparc64-openbsd/Class/MOP.pm line 136
	Class::MOP::load_class('Parse::FixedRecord::Row', undef) called at /usr/local/libdata/perl5/site_perl/sparc64-openbsd/Moose/Meta/Class.pm line 288
	Moose::Meta::Class::superclasses(undef, 'Parse::FixedRecord::Row') called at /usr/local/libdata/perl5/site_perl/sparc64-openbsd/Moose.pm line 54
	Moose::extends('Moose::Meta::Class=HASH(0x20df42a20)', 'Parse::FixedRecord::Row') called at /usr/local/libdata/perl5/site_perl/sparc64-openbsd/Moose/Exporter.pm line 294
	Moose::extends('Parse::FixedRecord::Row') called at /home/tester/.cpan/build/Parse-FixedRecord-0.02-0QlmaP/t/lib/Row/Test.pm line 3
	require Row/Test.pm called at t/01-basic.t line 8
	main::BEGIN() called at /home/tester/.cpan/build/Parse-FixedRecord-0.02-0QlmaP/t/lib/Row/Test.pm line 0
	eval {...} called at /home/tester/.cpan/build/Parse-FixedRecord-0.02-0QlmaP/t/lib/Row/Test.pm line 0
Compilation failed in require at t/01-basic.t line 8.
BEGIN failed--compilation aborted at t/01-basic.t line 8.
# Looks like your test exited with 2 before it could output anything.
t/01-basic.t ...... 
Dubious, test returned 2 (wstat 512, 0x200)
Failed 13/13 subtests 
Couldn't load class (Parse::FixedRecord::Row) because: Can't locate DateTime/Format/Duration.pm in @INC (@INC contains: /home/tester/.cpan/build/Parse-FixedRecord-0.02-0QlmaP/t/lib /home/tester/.cpan/build/Parse-FixedRecord-0.02-0QlmaP/inc /home/tester/.cpan/build/Parse-FixedRecord-0.02-0QlmaP/blib/lib /home/tester/.cpan/build/Parse-FixedRecord-0.02-0QlmaP/blib/arch /home/tester/.cpan/build/MooseX-ClassAttribute-0.16-QA87lG/blib/arch /home/tester/.cpan/build/MooseX-ClassAttribute-0.16-QA87lG/blib/lib /home/tester/.cpan/build/DateTime-Format-Strptime-1.4000-_0wJm8/blib/arch /home/tester/.cpan/build/DateTime-Format-Strptime-1.4000-_0wJm8/blib/lib /usr/libdata/perl5/sparc64-openbsd/5.10.1 /usr/local/libdata/perl5/sparc64-openbsd/5.10.1 /usr/libdata/perl5 /usr/local/libdata/perl5 /usr/local/libdata/perl5/site_perl/sparc64-openbsd /usr/libdata/perl5/site_perl/sparc64-openbsd /usr/local/libdata/perl5/site_perl /usr/libdata/perl5/site_perl .) at /home/tester/.cpan/build/Parse-FixedRecord-0.02-0QlmaP/blib/lib/Parse/FixedRecord/Row.pm line 44.
BEGIN failed--compilation aborted at /home/tester/.cpan/build/Parse-FixedRecord-0.02-0QlmaP/blib/lib/Parse/FixedRecord/Row.pm line 44.
Compilation failed in require at /usr/local/libdata/perl5/site_perl/sparc64-openbsd/Class/MOP.pm line 113.
 at /usr/local/libdata/perl5/site_perl/sparc64-openbsd/Class/MOP.pm line 119
	Class::MOP::__ANON__('Can\'t locate DateTime/Format/Duration.pm in @INC (@INC conta...') called at /usr/local/libdata/perl5/site_perl/Try/Tiny.pm line 98
	Try::Tiny::try('CODE(0x203e309c0)', 'Try::Tiny::Catch=REF(0x2026c16c0)') called at /usr/local/libdata/perl5/site_perl/sparc64-openbsd/Class/MOP.pm line 124
	Class::MOP::load_first_existing_class('Parse::FixedRecord::Row') called at /usr/local/libdata/perl5/site_perl/sparc64-openbsd/Class/MOP.pm line 136
	Class::MOP::load_class('Parse::FixedRecord::Row', undef) called at /usr/local/libdata/perl5/site_perl/sparc64-openbsd/Moose/Meta/Class.pm line 288
	Moose::Meta::Class::superclasses(undef, 'Parse::FixedRecord::Row') called at /usr/local/libdata/perl5/site_perl/sparc64-openbsd/Moose.pm line 54
	Moose::extends('Moose::Meta::Class=HASH(0x206ba5ae0)', 'Parse::FixedRecord::Row') called at /usr/local/libdata/perl5/site_perl/sparc64-openbsd/Moose/Exporter.pm line 294
	Moose::extends('Parse::FixedRecord::Row') called at /home/tester/.cpan/build/Parse-FixedRecord-0.02-0QlmaP/t/lib/Row/Test.pm line 3
	require Row/Test.pm called at t/02-error.t line 9
	main::BEGIN() called at /home/tester/.cpan/build/Parse-FixedRecord-0.02-0QlmaP/t/lib/Row/Test.pm line 0
	eval {...} called at /home/tester/.cpan/build/Parse-FixedRecord-0.02-0QlmaP/t/lib/Row/Test.pm line 0
Compilation failed in require at t/02-error.t line 9.
BEGIN failed--compilation aborted at t/02-error.t line 9.
# Looks like your test exited with 2 before it could output anything.
t/02-error.t ...... 
Dubious, test returned 2 (wstat 512, 0x200)
Failed 1/1 subtests 
Couldn't load class (Parse::FixedRecord::Row) because: Can't locate DateTime/Format/Duration.pm in @INC (@INC contains: /home/tester/.cpan/build/Parse-FixedRecord-0.02-0QlmaP/t/lib /home/tester/.cpan/build/Parse-FixedRecord-0.02-0QlmaP/inc /home/tester/.cpan/build/Parse-FixedRecord-0.02-0QlmaP/blib/lib /home/tester/.cpan/build/Parse-FixedRecord-0.02-0QlmaP/blib/arch /home/tester/.cpan/build/MooseX-ClassAttribute-0.16-QA87lG/blib/arch /home/tester/.cpan/build/MooseX-ClassAttribute-0.16-QA87lG/blib/lib /home/tester/.cpan/build/DateTime-Format-Strptime-1.4000-_0wJm8/blib/arch /home/tester/.cpan/build/DateTime-Format-Strptime-1.4000-_0wJm8/blib/lib /usr/libdata/perl5/sparc64-openbsd/5.10.1 /usr/local/libdata/perl5/sparc64-openbsd/5.10.1 /usr/libdata/perl5 /usr/local/libdata/perl5 /usr/local/libdata/perl5/site_perl/sparc64-openbsd /usr/libdata/perl5/site_perl/sparc64-openbsd /usr/local/libdata/perl5/site_perl /usr/libdata/perl5/site_perl .) at /home/tester/.cpan/build/Parse-FixedRecord-0.02-0QlmaP/blib/lib/Parse/FixedRecord/Row.pm line 44.
BEGIN failed--compilation aborted at /home/tester/.cpan/build/Parse-FixedRecord-0.02-0QlmaP/blib/lib/Parse/FixedRecord/Row.pm line 44.
Compilation failed in require at /usr/local/libdata/perl5/site_perl/sparc64-openbsd/Class/MOP.pm line 113.
 at /usr/local/libdata/perl5/site_perl/sparc64-openbsd/Class/MOP.pm line 119
	Class::MOP::__ANON__('Can\'t locate DateTime/Format/Duration.pm in @INC (@INC conta...') called at /usr/local/libdata/perl5/site_perl/Try/Tiny.pm line 98
	Try::Tiny::try('CODE(0x206610d68)', 'Try::Tiny::Catch=REF(0x206722600)') called at /usr/local/libdata/perl5/site_perl/sparc64-openbsd/Class/MOP.pm line 124
	Class::MOP::load_first_existing_class('Parse::FixedRecord::Row') called at /usr/local/libdata/perl5/site_perl/sparc64-openbsd/Class/MOP.pm line 136
	Class::MOP::load_class('Parse::FixedRecord::Row', undef) called at /usr/local/libdata/perl5/site_perl/sparc64-openbsd/Moose/Meta/Class.pm line 288
	Moose::Meta::Class::superclasses(undef, 'Parse::FixedRecord::Row') called at /usr/local/libdata/perl5/site_perl/sparc64-openbsd/Moose.pm line 54
	Moose::extends('Moose::Meta::Class=HASH(0x20682da20)', 'Parse::FixedRecord::Row') called at /usr/local/libdata/perl5/site_perl/sparc64-openbsd/Moose/Exporter.pm line 294
	Moose::extends('Parse::FixedRecord::Row') called at /home/tester/.cpan/build/Parse-FixedRecord-0.02-0QlmaP/t/lib/Row/Test.pm line 3
	require Row/Test.pm called at t/03-table.t line 8
	main::BEGIN() called at /home/tester/.cpan/build/Parse-FixedRecord-0.02-0QlmaP/t/lib/Row/Test.pm line 0
	eval {...} called at /home/tester/.cpan/build/Parse-FixedRecord-0.02-0QlmaP/t/lib/Row/Test.pm line 0
Compilation failed in require at t/03-table.t line 8.
BEGIN failed--compilation aborted at t/03-table.t line 8.
# Looks like your test exited with 2 before it could output anything.
t/03-table.t ...... 
Dubious, test returned 2 (wstat 512, 0x200)
Failed 1/1 subtests 
t/boilerplate.t ... ok
t/pod-coverage.t .. skipped: Test::Pod::Coverage 1.08 required for testing POD coverage
t/pod.t ........... ok

Test Summary Report
-------------------
t/01-basic.t    (Wstat: 512 Tests: 0 Failed: 0)
  Non-zero exit status: 2
  Parse errors: Bad plan.  You planned 13 tests but ran 0.
t/02-error.t    (Wstat: 512 Tests: 0 Failed: 0)
  Non-zero exit status: 2
  Parse errors: Bad plan.  You planned 1 tests but ran 0.
t/03-table.t    (Wstat: 512 Tests: 0 Failed: 0)
  Non-zero exit status: 2
  Parse errors: Bad plan.  You planned 1 tests but ran 0.
Files=7, Tests=7, 30 wallclock secs ( 0.52 usr  0.31 sys + 24.86 cusr  3.29 csys = 28.98 CPU)
Result: FAIL
Failed 3/7 test programs. 0/7 subtests failed.
*** Error code 255

Stop in /home/tester/.cpan/build/Parse-FixedRecord-0.02-0QlmaP (line 769 of Makefile).

------------------------------
PREREQUISITES
------------------------------

Prerequisite modules loaded:

requires:

    Module                     Need Have  
    -------------------------- ---- ------
    DateTime                   0    0.61  
    DateTime::Format::Strptime 0    1.4000
    ExtUtils::MakeMaker        6.42 6.56  
    List::Util                 0    1.23  
    Moose                      0    1.10  
    MooseX::ClassAttribute     0    0.16  
    MooseX::Types              0    0.23  

configure_requires:

    Module                     Need Have  
    -------------------------- ---- ------
    ExtUtils::MakeMaker        6.42 6.56  


------------------------------
ENVIRONMENT AND OTHER CONTEXT
------------------------------

Environment variables:

    AUTOMATED_TESTING = 1
    PATH = /home/tester/bin:/bin:/sbin:/usr/bin:/usr/sbin:/usr/X11R6/bin:/usr/local/bin:/usr/local/sbin:/usr/games:.
    PERL5LIB = /home/tester/.cpan/build/MooseX-ClassAttribute-0.16-QA87lG/blib/arch:/home/tester/.cpan/build/MooseX-ClassAttribute-0.16-QA87lG/blib/lib:/home/tester/.cpan/build/DateTime-Format-Strptime-1.4000-_0wJm8/blib/arch:/home/tester/.cpan/build/DateTime-Format-Strptime-1.4000-_0wJm8/blib/lib
    PERL5OPT = 
    PERL5_CPANPLUS_IS_RUNNING = 22346
    PERL5_CPAN_IS_RUNNING = 22346
    PERL5_CPAN_IS_RUNNING_IN_RECURSION = 6388,22346
    PERL_CR_SMOKER_CURRENT = Parse-FixedRecord-0.02
    PERL_EXTUTILS_AUTOINSTALL = --defaultdeps
    PERL_MM_USE_DEFAULT = 1
    SHELL = /bin/ksh
    TERM = rxvt

Perl special variables (and OS-specific diagnostics, for MSWin32):

    $^X = /usr/bin/perl
    $UID/$EUID = 2000 / 2000
    $GID = 2000 2000 0
    $EGID = 2000 2000 0

Perl module toolchain versions installed:

    Module              Have  
    ------------------- ------
    CPAN                1.9402
    Cwd                 3.31  
    ExtUtils::CBuilder  0.2703
    ExtUtils::Command   1.16  
    ExtUtils::Install   1.54  
    ExtUtils::MakeMaker 6.56  
    ExtUtils::Manifest  1.58  
    ExtUtils::ParseXS   2.2206
    File::Spec          3.31  
    Module::Build       0.3607
    Module::Signature   n/a   
    Test::Harness       3.22  
    Test::More          0.96  
    YAML                0.71  
    YAML::Syck          1.12  
    version             0.82  


--

Summary of my perl5 (revision 5 version 10 subversion 1) configuration:
   
  Platform:
    osname=openbsd, osvers=4.8, archname=sparc64-openbsd
    uname='openbsd'
    config_args='-dsE -Dopenbsd_distribution=defined -Dmksymlinks'
    hint=recommended, useposix=true, d_sigaction=define
    useithreads=undef, usemultiplicity=undef
    useperlio=define, d_sfio=undef, uselargefiles=define, usesocks=undef
    use64bitint=define, use64bitall=define, uselongdouble=undef
    usemymalloc=n, bincompat5005=undef
  Compiler:
    cc='cc', ccflags ='-fno-strict-aliasing -fno-delete-null-pointer-checks -pipe -fstack-protector -I/usr/local/include',
    optimize='-O2',
    cppflags='-fno-strict-aliasing -fno-delete-null-pointer-checks -pipe -fstack-protector -I/usr/local/include'
    ccversion='', gccversion='4.2.1 20070719 ', gccosandvers='openbsd4.8'
    intsize=4, longsize=8, ptrsize=8, doublesize=8, byteorder=87654321
    d_longlong=define, longlongsize=8, d_longdbl=define, longdblsize=16
    ivtype='long', ivsize=8, nvtype='double', nvsize=8, Off_t='off_t', lseeksize=8
    alignbytes=8, prototype=define
  Linker and Libraries:
    ld='cc', ldflags ='-Wl,-E  -fstack-protector'
    libpth=/usr/lib
    libs=-lm -lutil -lc
    perllibs=-lm -lutil -lc
    libc=/usr/lib/libc.a, so=so, useshrplib=true, libperl=libperl.so.11.1
    gnulibc_version=''
  Dynamic Linking:
    dlsrc=dl_dlopen.xs, dlext=so, d_dlsymun=undef, ccdlflags='-Wl,-R/usr/libdata/perl5/sparc64-openbsd/5.10.1/CORE'
    cccdlflags='-DPIC -fPIC ', lddlflags='-shared -fPIC  -fstack-protector'


Characteristics of this binary (from libperl): 
  Compile-time options: PERL_DONT_CREATE_GVSV PERL_MALLOC_WRAP USE_64_BIT_ALL
                        USE_64_BIT_INT USE_LARGE_FILES USE_PERLIO
  Built under OpenBSD
  %ENV:
    PERL5LIB="/home/tester/.cpan/build/MooseX-ClassAttribute-0.16-QA87lG/blib/arch:/home/tester/.cpan/build/MooseX-ClassAttribute-0.16-QA87lG/blib/lib:/home/tester/.cpan/build/DateTime-Format-Strptime-1.4000-_0wJm8/blib/arch:/home/tester/.cpan/build/DateTime-Format-Strptime-1.4000-_0wJm8/blib/lib"
    PERL5OPT=""
    PERL5_CPANPLUS_IS_RUNNING="22346"
    PERL5_CPAN_IS_RUNNING="22346"
    PERL5_CPAN_IS_RUNNING_IN_RECURSION="6388,22346"
    PERL_CR_SMOKER_CURRENT="Parse-FixedRecord-0.02"
    PERL_EXTUTILS_AUTOINSTALL="--defaultdeps"
    PERL_MM_USE_DEFAULT="1"
  @INC:
    /home/tester/.cpan/build/MooseX-ClassAttribute-0.16-QA87lG/blib/arch
    /home/tester/.cpan/build/MooseX-ClassAttribute-0.16-QA87lG/blib/lib
    /home/tester/.cpan/build/DateTime-Format-Strptime-1.4000-_0wJm8/blib/arch
    /home/tester/.cpan/build/DateTime-Format-Strptime-1.4000-_0wJm8/blib/lib
    /usr/libdata/perl5/sparc64-openbsd/5.10.1
    /usr/local/libdata/perl5/sparc64-openbsd/5.10.1
    /usr/libdata/perl5
    /usr/local/libdata/perl5
    /usr/local/libdata/perl5/site_perl/sparc64-openbsd
    /usr/libdata/perl5/site_perl/sparc64-openbsd
    /usr/local/libdata/perl5/site_perl
    /usr/libdata/perl5/site_perl
    .