Math-LongDouble v0.24 Perl 5 v5.39.8 amd64-netbsd-thread-multi

Status
Fail
From
Carlos Guevara
Dist
Math-LongDouble v0.24
Platform
Perl 5 v5.39.8 amd64-netbsd-thread-multi
Date
2024-02-04 18:35:37
ID
30797eba-c38c-11ee-a8fc-673bba6ee4e8
This distribution has been tested as part of the CPAN Testers
project, supporting the Perl programming language.  See
http://wiki.cpantesters.org/ for more information or email
questions to cpan-testers-discuss@perl.org


--
Dear Sisyphus,

This is a computer-generated report for Math-LongDouble-0.24
on perl 5.39.8, created by CPAN-Reporter-1.2019.

Thank you for uploading your work to CPAN.  However, there was a problem
testing your distribution.

If you think this report is invalid, please consult the CPAN Testers Wiki
for suggestions on how to avoid getting FAIL reports for missing library
or binary dependencies, unsupported operating systems, and so on:

http://wiki.cpantesters.org/wiki/CPANAuthorNotes

Sections of this report:

    * Tester comments
    * Program output
    * Prerequisites
    * Environment and other context

------------------------------
TESTER COMMENTS
------------------------------

Additional comments from tester:

this report is from an automated smoke testing program
and was not reviewed by a human for accuracy

------------------------------
PROGRAM OUTPUT
------------------------------

Output from '/usr/bin/make test':

"/home/cpan/bin/perl/bin/perl5.39.8" -MExtUtils::Command::MM -e 'cp_nonempty' -- LongDouble.bs blib/arch/auto/Math/LongDouble/LongDouble.bs 644
PERL_DL_NONLAZY=1 "/home/cpan/bin/perl/bin/perl5.39.8" "-MExtUtils::Command::MM" "-MTest::Harness" "-e" "undef *Test::Harness::Switches; test_harness(0, 'blib/lib', 'blib/arch')" t/*.t


  No tests with this file. Instead, mainly for the benefit
  of the author, we (hopefully) see some diagnostics from some
  test executables that were run during the Makefile.PL stage.


CC = cc
OPTMIZE = -O
erfl & isnanl check (build): try.in: In function 'main':
try.in:14:8: warning: implicit declaration of function 'isnanl' [-Wimplicit-function-declaration]
  ret = isnanl(op);
        ^~~~~~

erfl & isnanl check (run): rop is set to a sane value
op is set to the correct value

build output (nanl check): 
execution output (nanl check): rop set as expected

build output (nan**0 check):

nan**0 check diagnostic: 1.0L
1.0L
1.0L
size of long double: 16

build output (signbitl check): try4.in: In function 'main':
try4.in:13:8: warning: implicit declaration of function 'signbitl' [-Wimplicit-function-declaration]
  ret = signbitl(op);
        ^~~~~~~~

execution output (signbitl check): ret set as expected

build output (sincosl check): try5.in: In function 'main':
try5.in:18:2: warning: implicit declaration of function 'sincosl' [-Wimplicit-function-declaration]
  sincosl(op, &sine, &cosine);
  ^~~~~~~
try5.in:18:2: warning: incompatible implicit declaration of built-in function 'sincosl'
try5.in:18:2: note: include '<math.h>' or provide a declaration of 'sincosl'
ld: /home/cpan/tmp/cc5VFF56.o: in function `main':
try5.in:(.text+0x20): undefined reference to `sincosl'


t/01config_xtra.t .......... ok
Can't load '/home/cpan/.cpan/build/Math-LongDouble-0.24-0/blib/arch/auto/Math/LongDouble/LongDouble.so' for module Math::LongDouble: /home/cpan/.cpan/build/Math-LongDouble-0.24-0/blib/arch/auto/Math/LongDouble/LongDouble.so: Undefined PLT symbol "llrintl" (symnum = 23) at /home/cpan/bin/perl/lib/5.39.8/amd64-netbsd-thread-multi/DynaLoader.pm line 206.
 at /home/cpan/.cpan/build/Math-LongDouble-0.24-0/blib/lib/Math/LongDouble.pm line 65.
Compilation failed in require at t/aab_basic.t line 3.
BEGIN failed--compilation aborted at t/aab_basic.t line 3.
t/aab_basic.t .............. 
Dubious, test returned 2 (wstat 512, 0x200)
No subtests run 
Can't load '/home/cpan/.cpan/build/Math-LongDouble-0.24-0/blib/arch/auto/Math/LongDouble/LongDouble.so' for module Math::LongDouble: /home/cpan/.cpan/build/Math-LongDouble-0.24-0/blib/arch/auto/Math/LongDouble/LongDouble.so: Undefined PLT symbol "llrintl" (symnum = 23) at /home/cpan/bin/perl/lib/5.39.8/amd64-netbsd-thread-multi/DynaLoader.pm line 206.
 at /home/cpan/.cpan/build/Math-LongDouble-0.24-0/blib/lib/Math/LongDouble.pm line 65.
Compilation failed in require at t/abs.t line 3.
BEGIN failed--compilation aborted at t/abs.t line 3.
t/abs.t .................... 
Dubious, test returned 2 (wstat 512, 0x200)
No subtests run 
Can't load '/home/cpan/.cpan/build/Math-LongDouble-0.24-0/blib/arch/auto/Math/LongDouble/LongDouble.so' for module Math::LongDouble: /home/cpan/.cpan/build/Math-LongDouble-0.24-0/blib/arch/auto/Math/LongDouble/LongDouble.so: Undefined PLT symbol "llrintl" (symnum = 23) at /home/cpan/bin/perl/lib/5.39.8/amd64-netbsd-thread-multi/DynaLoader.pm line 206.
 at /home/cpan/.cpan/build/Math-LongDouble-0.24-0/blib/lib/Math/LongDouble.pm line 65.
Compilation failed in require at t/arith.t line 3.
BEGIN failed--compilation aborted at t/arith.t line 3.
t/arith.t .................. 
Dubious, test returned 2 (wstat 512, 0x200)
No subtests run 
Can't load '/home/cpan/.cpan/build/Math-LongDouble-0.24-0/blib/arch/auto/Math/LongDouble/LongDouble.so' for module Math::LongDouble: /home/cpan/.cpan/build/Math-LongDouble-0.24-0/blib/arch/auto/Math/LongDouble/LongDouble.so: Undefined PLT symbol "llrintl" (symnum = 23) at /home/cpan/bin/perl/lib/5.39.8/amd64-netbsd-thread-multi/DynaLoader.pm line 206.
 at /home/cpan/.cpan/build/Math-LongDouble-0.24-0/blib/lib/Math/LongDouble.pm line 65.
Compilation failed in require at t/base_conversion.t line 4.
BEGIN failed--compilation aborted at t/base_conversion.t line 4.
# Looks like your test exited with 2 before it could output anything.
t/base_conversion.t ........ 
Dubious, test returned 2 (wstat 512, 0x200)
Failed 37/37 subtests 
Can't load '/home/cpan/.cpan/build/Math-LongDouble-0.24-0/blib/arch/auto/Math/LongDouble/LongDouble.so' for module Math::LongDouble: /home/cpan/.cpan/build/Math-LongDouble-0.24-0/blib/arch/auto/Math/LongDouble/LongDouble.so: Undefined PLT symbol "llrintl" (symnum = 23) at /home/cpan/bin/perl/lib/5.39.8/amd64-netbsd-thread-multi/DynaLoader.pm line 206.
 at /home/cpan/.cpan/build/Math-LongDouble-0.24-0/blib/lib/Math/LongDouble.pm line 65.
Compilation failed in require at t/bool.t line 3.
BEGIN failed--compilation aborted at t/bool.t line 3.
t/bool.t ................... 
Dubious, test returned 2 (wstat 512, 0x200)
No subtests run 
Can't load '/home/cpan/.cpan/build/Math-LongDouble-0.24-0/blib/arch/auto/Math/LongDouble/LongDouble.so' for module Math::LongDouble: /home/cpan/.cpan/build/Math-LongDouble-0.24-0/blib/arch/auto/Math/LongDouble/LongDouble.so: Undefined PLT symbol "llrintl" (symnum = 23) at /home/cpan/bin/perl/lib/5.39.8/amd64-netbsd-thread-multi/DynaLoader.pm line 206.
 at /home/cpan/.cpan/build/Math-LongDouble-0.24-0/blib/lib/Math/LongDouble.pm line 65.
Compilation failed in require at t/cmp.t line 3.
BEGIN failed--compilation aborted at t/cmp.t line 3.
t/cmp.t .................... 
Dubious, test returned 2 (wstat 512, 0x200)
No subtests run 
Can't load '/home/cpan/.cpan/build/Math-LongDouble-0.24-0/blib/arch/auto/Math/LongDouble/LongDouble.so' for module Math::LongDouble: /home/cpan/.cpan/build/Math-LongDouble-0.24-0/blib/arch/auto/Math/LongDouble/LongDouble.so: Undefined PLT symbol "llrintl" (symnum = 23) at /home/cpan/bin/perl/lib/5.39.8/amd64-netbsd-thread-multi/DynaLoader.pm line 206.
 at /home/cpan/.cpan/build/Math-LongDouble-0.24-0/blib/lib/Math/LongDouble.pm line 65.
Compilation failed in require at t/constants.t line 3.
BEGIN failed--compilation aborted at t/constants.t line 3.
t/constants.t .............. 
Dubious, test returned 2 (wstat 512, 0x200)
No subtests run 
Can't load '/home/cpan/.cpan/build/Math-LongDouble-0.24-0/blib/arch/auto/Math/LongDouble/LongDouble.so' for module Math::LongDouble: /home/cpan/.cpan/build/Math-LongDouble-0.24-0/blib/arch/auto/Math/LongDouble/LongDouble.so: Undefined PLT symbol "llrintl" (symnum = 23) at /home/cpan/bin/perl/lib/5.39.8/amd64-netbsd-thread-multi/DynaLoader.pm line 206.
 at /home/cpan/.cpan/build/Math-LongDouble-0.24-0/blib/lib/Math/LongDouble.pm line 65.
Compilation failed in require at t/inc_dec.t line 3.
BEGIN failed--compilation aborted at t/inc_dec.t line 3.
t/inc_dec.t ................ 
Dubious, test returned 2 (wstat 512, 0x200)
No subtests run 
Can't load '/home/cpan/.cpan/build/Math-LongDouble-0.24-0/blib/arch/auto/Math/LongDouble/LongDouble.so' for module Math::LongDouble: /home/cpan/.cpan/build/Math-LongDouble-0.24-0/blib/arch/auto/Math/LongDouble/LongDouble.so: Undefined PLT symbol "llrintl" (symnum = 23) at /home/cpan/bin/perl/lib/5.39.8/amd64-netbsd-thread-multi/DynaLoader.pm line 206.
 at /home/cpan/.cpan/build/Math-LongDouble-0.24-0/blib/lib/Math/LongDouble.pm line 65.
Compilation failed in require at t/int.t line 3.
BEGIN failed--compilation aborted at t/int.t line 3.
t/int.t .................... 
Dubious, test returned 2 (wstat 512, 0x200)
No subtests run 
Can't load '/home/cpan/.cpan/build/Math-LongDouble-0.24-0/blib/arch/auto/Math/LongDouble/LongDouble.so' for module Math::LongDouble: /home/cpan/.cpan/build/Math-LongDouble-0.24-0/blib/arch/auto/Math/LongDouble/LongDouble.so: Undefined PLT symbol "llrintl" (symnum = 23) at /home/cpan/bin/perl/lib/5.39.8/amd64-netbsd-thread-multi/DynaLoader.pm line 206.
 at /home/cpan/.cpan/build/Math-LongDouble-0.24-0/blib/lib/Math/LongDouble.pm line 65.
Compilation failed in require at t/ld_bytes.t line 8.
BEGIN failed--compilation aborted at t/ld_bytes.t line 8.
t/ld_bytes.t ............... 
Dubious, test returned 2 (wstat 512, 0x200)
No subtests run 
Can't load '/home/cpan/.cpan/build/Math-LongDouble-0.24-0/blib/arch/auto/Math/LongDouble/LongDouble.so' for module Math::LongDouble: /home/cpan/.cpan/build/Math-LongDouble-0.24-0/blib/arch/auto/Math/LongDouble/LongDouble.so: Undefined PLT symbol "llrintl" (symnum = 23) at /home/cpan/bin/perl/lib/5.39.8/amd64-netbsd-thread-multi/DynaLoader.pm line 206.
 at /home/cpan/.cpan/build/Math-LongDouble-0.24-0/blib/lib/Math/LongDouble.pm line 65.
Compilation failed in require at t/log_exp.t line 3.
BEGIN failed--compilation aborted at t/log_exp.t line 3.
t/log_exp.t ................ 
Dubious, test returned 2 (wstat 512, 0x200)
No subtests run 
Can't load '/home/cpan/.cpan/build/Math-LongDouble-0.24-0/blib/arch/auto/Math/LongDouble/LongDouble.so' for module Math::LongDouble: /home/cpan/.cpan/build/Math-LongDouble-0.24-0/blib/arch/auto/Math/LongDouble/LongDouble.so: Undefined PLT symbol "llrintl" (symnum = 23) at /home/cpan/bin/perl/lib/5.39.8/amd64-netbsd-thread-multi/DynaLoader.pm line 206.
 at /home/cpan/.cpan/build/Math-LongDouble-0.24-0/blib/lib/Math/LongDouble.pm line 65.
Compilation failed in require at t/nan_pow.t line 3.
BEGIN failed--compilation aborted at t/nan_pow.t line 3.
t/nan_pow.t ................ 
Dubious, test returned 2 (wstat 512, 0x200)
No subtests run 
Can't load '/home/cpan/.cpan/build/Math-LongDouble-0.24-0/blib/arch/auto/Math/LongDouble/LongDouble.so' for module Math::LongDouble: /home/cpan/.cpan/build/Math-LongDouble-0.24-0/blib/arch/auto/Math/LongDouble/LongDouble.so: Undefined PLT symbol "llrintl" (symnum = 23) at /home/cpan/bin/perl/lib/5.39.8/amd64-netbsd-thread-multi/DynaLoader.pm line 206.
 at /home/cpan/.cpan/build/Math-LongDouble-0.24-0/blib/lib/Math/LongDouble.pm line 65.
Compilation failed in require at t/new.t line 3.
BEGIN failed--compilation aborted at t/new.t line 3.
t/new.t .................... 
Dubious, test returned 2 (wstat 512, 0x200)
No subtests run 
Can't load '/home/cpan/.cpan/build/Math-LongDouble-0.24-0/blib/arch/auto/Math/LongDouble/LongDouble.so' for module Math::LongDouble: /home/cpan/.cpan/build/Math-LongDouble-0.24-0/blib/arch/auto/Math/LongDouble/LongDouble.so: Undefined PLT symbol "llrintl" (symnum = 23) at /home/cpan/bin/perl/lib/5.39.8/amd64-netbsd-thread-multi/DynaLoader.pm line 206.
 at /home/cpan/.cpan/build/Math-LongDouble-0.24-0/blib/lib/Math/LongDouble.pm line 65.
Compilation failed in require at t/nnum.t line 3.
BEGIN failed--compilation aborted at t/nnum.t line 3.
t/nnum.t ................... 
Dubious, test returned 2 (wstat 512, 0x200)
No subtests run 
Can't load '/home/cpan/.cpan/build/Math-LongDouble-0.24-0/blib/arch/auto/Math/LongDouble/LongDouble.so' for module Math::LongDouble: /home/cpan/.cpan/build/Math-LongDouble-0.24-0/blib/arch/auto/Math/LongDouble/LongDouble.so: Undefined PLT symbol "llrintl" (symnum = 23) at /home/cpan/bin/perl/lib/5.39.8/amd64-netbsd-thread-multi/DynaLoader.pm line 206.
 at /home/cpan/.cpan/build/Math-LongDouble-0.24-0/blib/lib/Math/LongDouble.pm line 65.
Compilation failed in require at t/overload.t line 3.
BEGIN failed--compilation aborted at t/overload.t line 3.
t/overload.t ............... 
Dubious, test returned 2 (wstat 512, 0x200)
No subtests run 
Can't load '/home/cpan/.cpan/build/Math-LongDouble-0.24-0/blib/arch/auto/Math/LongDouble/LongDouble.so' for module Math::LongDouble: /home/cpan/.cpan/build/Math-LongDouble-0.24-0/blib/arch/auto/Math/LongDouble/LongDouble.so: Undefined PLT symbol "llrintl" (symnum = 23) at /home/cpan/bin/perl/lib/5.39.8/amd64-netbsd-thread-multi/DynaLoader.pm line 206.
 at /home/cpan/.cpan/build/Math-LongDouble-0.24-0/blib/lib/Math/LongDouble.pm line 65.
Compilation failed in require at t/overload_cmp_reversal.t line 3.
BEGIN failed--compilation aborted at t/overload_cmp_reversal.t line 3.
t/overload_cmp_reversal.t .. 
Dubious, test returned 2 (wstat 512, 0x200)
No subtests run 
Can't load '/home/cpan/.cpan/build/Math-LongDouble-0.24-0/blib/arch/auto/Math/LongDouble/LongDouble.so' for module Math::LongDouble: /home/cpan/.cpan/build/Math-LongDouble-0.24-0/blib/arch/auto/Math/LongDouble/LongDouble.so: Undefined PLT symbol "llrintl" (symnum = 23) at /home/cpan/bin/perl/lib/5.39.8/amd64-netbsd-thread-multi/DynaLoader.pm line 206.
 at /home/cpan/.cpan/build/Math-LongDouble-0.24-0/blib/lib/Math/LongDouble.pm line 65.
Compilation failed in require at t/overload_switch.t line 8.
BEGIN failed--compilation aborted at t/overload_switch.t line 8.
t/overload_switch.t ........ 
Dubious, test returned 2 (wstat 512, 0x200)
No subtests run 

Test::Pod version: 1.52

Pod::Simple version: 3.45
t/pod.t .................... ok
Can't load '/home/cpan/.cpan/build/Math-LongDouble-0.24-0/blib/arch/auto/Math/LongDouble/LongDouble.so' for module Math::LongDouble: /home/cpan/.cpan/build/Math-LongDouble-0.24-0/blib/arch/auto/Math/LongDouble/LongDouble.so: Undefined PLT symbol "llrintl" (symnum = 23) at /home/cpan/bin/perl/lib/5.39.8/amd64-netbsd-thread-multi/DynaLoader.pm line 206.
 at /home/cpan/.cpan/build/Math-LongDouble-0.24-0/blib/lib/Math/LongDouble.pm line 65.
Compilation failed in require at t/pow.t line 3.
BEGIN failed--compilation aborted at t/pow.t line 3.
t/pow.t .................... 
Dubious, test returned 2 (wstat 512, 0x200)
No subtests run 
Can't load '/home/cpan/.cpan/build/Math-LongDouble-0.24-0/blib/arch/auto/Math/LongDouble/LongDouble.so' for module Math::LongDouble: /home/cpan/.cpan/build/Math-LongDouble-0.24-0/blib/arch/auto/Math/LongDouble/LongDouble.so: Undefined PLT symbol "llrintl" (symnum = 23) at /home/cpan/bin/perl/lib/5.39.8/amd64-netbsd-thread-multi/DynaLoader.pm line 206.
 at /home/cpan/.cpan/build/Math-LongDouble-0.24-0/blib/lib/Math/LongDouble.pm line 65.
Compilation failed in require at t/prec.t line 6.
BEGIN failed--compilation aborted at t/prec.t line 6.
t/prec.t ................... 
Dubious, test returned 2 (wstat 512, 0x200)
No subtests run 
Can't load '/home/cpan/.cpan/build/Math-LongDouble-0.24-0/blib/arch/auto/Math/LongDouble/LongDouble.so' for module Math::LongDouble: /home/cpan/.cpan/build/Math-LongDouble-0.24-0/blib/arch/auto/Math/LongDouble/LongDouble.so: Undefined PLT symbol "llrintl" (symnum = 23) at /home/cpan/bin/perl/lib/5.39.8/amd64-netbsd-thread-multi/DynaLoader.pm line 206.
 at /home/cpan/.cpan/build/Math-LongDouble-0.24-0/blib/lib/Math/LongDouble.pm line 65.
Compilation failed in require at t/signbit.t line 3.
BEGIN failed--compilation aborted at t/signbit.t line 3.
t/signbit.t ................ 
Dubious, test returned 2 (wstat 512, 0x200)
No subtests run 
Can't load '/home/cpan/.cpan/build/Math-LongDouble-0.24-0/blib/arch/auto/Math/LongDouble/LongDouble.so' for module Math::LongDouble: /home/cpan/.cpan/build/Math-LongDouble-0.24-0/blib/arch/auto/Math/LongDouble/LongDouble.so: Undefined PLT symbol "llrintl" (symnum = 23) at /home/cpan/bin/perl/lib/5.39.8/amd64-netbsd-thread-multi/DynaLoader.pm line 206.
 at /home/cpan/.cpan/build/Math-LongDouble-0.24-0/blib/lib/Math/LongDouble.pm line 65.
Compilation failed in require at t/special.t line 3.
BEGIN failed--compilation aborted at t/special.t line 3.
t/special.t ................ 
Dubious, test returned 2 (wstat 512, 0x200)
No subtests run 
Can't load '/home/cpan/.cpan/build/Math-LongDouble-0.24-0/blib/arch/auto/Math/LongDouble/LongDouble.so' for module Math::LongDouble: /home/cpan/.cpan/build/Math-LongDouble-0.24-0/blib/arch/auto/Math/LongDouble/LongDouble.so: Undefined PLT symbol "llrintl" (symnum = 23) at /home/cpan/bin/perl/lib/5.39.8/amd64-netbsd-thread-multi/DynaLoader.pm line 206.
 at /home/cpan/.cpan/build/Math-LongDouble-0.24-0/blib/lib/Math/LongDouble.pm line 65.
Compilation failed in require at t/stringification.t line 5.
BEGIN failed--compilation aborted at t/stringification.t line 5.
t/stringification.t ........ 
Dubious, test returned 2 (wstat 512, 0x200)
No subtests run 
Can't load '/home/cpan/.cpan/build/Math-LongDouble-0.24-0/blib/arch/auto/Math/LongDouble/LongDouble.so' for module Math::LongDouble: /home/cpan/.cpan/build/Math-LongDouble-0.24-0/blib/arch/auto/Math/LongDouble/LongDouble.so: Undefined PLT symbol "llrintl" (symnum = 23) at /home/cpan/bin/perl/lib/5.39.8/amd64-netbsd-thread-multi/DynaLoader.pm line 206.
 at /home/cpan/.cpan/build/Math-LongDouble-0.24-0/blib/lib/Math/LongDouble.pm line 65.
Compilation failed in require at t/trig.t line 3.
BEGIN failed--compilation aborted at t/trig.t line 3.
t/trig.t ................... 
Dubious, test returned 2 (wstat 512, 0x200)
No subtests run 

Test Summary Report
-------------------
t/aab_basic.t            (Wstat: 512 (exited 2) Tests: 0 Failed: 0)
  Non-zero exit status: 2
  Parse errors: No plan found in TAP output
t/abs.t                  (Wstat: 512 (exited 2) Tests: 0 Failed: 0)
  Non-zero exit status: 2
  Parse errors: No plan found in TAP output
t/arith.t                (Wstat: 512 (exited 2) Tests: 0 Failed: 0)
  Non-zero exit status: 2
  Parse errors: No plan found in TAP output
t/base_conversion.t      (Wstat: 512 (exited 2) Tests: 0 Failed: 0)
  Non-zero exit status: 2
  Parse errors: Bad plan.  You planned 37 tests but ran 0.
t/bool.t                 (Wstat: 512 (exited 2) Tests: 0 Failed: 0)
  Non-zero exit status: 2
  Parse errors: No plan found in TAP output
t/cmp.t                  (Wstat: 512 (exited 2) Tests: 0 Failed: 0)
  Non-zero exit status: 2
  Parse errors: No plan found in TAP output
t/constants.t            (Wstat: 512 (exited 2) Tests: 0 Failed: 0)
  Non-zero exit status: 2
  Parse errors: No plan found in TAP output
t/inc_dec.t              (Wstat: 512 (exited 2) Tests: 0 Failed: 0)
  Non-zero exit status: 2
  Parse errors: No plan found in TAP output
t/int.t                  (Wstat: 512 (exited 2) Tests: 0 Failed: 0)
  Non-zero exit status: 2
  Parse errors: No plan found in TAP output
t/ld_bytes.t             (Wstat: 512 (exited 2) Tests: 0 Failed: 0)
  Non-zero exit status: 2
  Parse errors: No plan found in TAP output
t/log_exp.t              (Wstat: 512 (exited 2) Tests: 0 Failed: 0)
  Non-zero exit status: 2
  Parse errors: No plan found in TAP output
t/nan_pow.t              (Wstat: 512 (exited 2) Tests: 0 Failed: 0)
  Non-zero exit status: 2
  Parse errors: No plan found in TAP output
t/new.t                  (Wstat: 512 (exited 2) Tests: 0 Failed: 0)
  Non-zero exit status: 2
  Parse errors: No plan found in TAP output
t/nnum.t                 (Wstat: 512 (exited 2) Tests: 0 Failed: 0)
  Non-zero exit status: 2
  Parse errors: No plan found in TAP output
t/overload.t             (Wstat: 512 (exited 2) Tests: 0 Failed: 0)
  Non-zero exit status: 2
  Parse errors: No plan found in TAP output
t/overload_cmp_reversal.t (Wstat: 512 (exited 2) Tests: 0 Failed: 0)
  Non-zero exit status: 2
  Parse errors: No plan found in TAP output
t/overload_switch.t      (Wstat: 512 (exited 2) Tests: 0 Failed: 0)
  Non-zero exit status: 2
  Parse errors: No plan found in TAP output
t/pow.t                  (Wstat: 512 (exited 2) Tests: 0 Failed: 0)
  Non-zero exit status: 2
  Parse errors: No plan found in TAP output
t/prec.t                 (Wstat: 512 (exited 2) Tests: 0 Failed: 0)
  Non-zero exit status: 2
  Parse errors: No plan found in TAP output
t/signbit.t              (Wstat: 512 (exited 2) Tests: 0 Failed: 0)
  Non-zero exit status: 2
  Parse errors: No plan found in TAP output
t/special.t              (Wstat: 512 (exited 2) Tests: 0 Failed: 0)
  Non-zero exit status: 2
  Parse errors: No plan found in TAP output
t/stringification.t      (Wstat: 512 (exited 2) Tests: 0 Failed: 0)
  Non-zero exit status: 2
  Parse errors: No plan found in TAP output
t/trig.t                 (Wstat: 512 (exited 2) Tests: 0 Failed: 0)
  Non-zero exit status: 2
  Parse errors: No plan found in TAP output
Files=25, Tests=3,  1 wallclock secs ( 0.04 usr  0.04 sys +  0.50 cusr  0.19 csys =  0.77 CPU)
Result: FAIL
Failed 23/25 test programs. 0/3 subtests failed.
*** Error code 2

Stop.
make: stopped in /home/cpan/.cpan/build/Math-LongDouble-0.24-0

------------------------------
PREREQUISITES
------------------------------

Prerequisite modules loaded:

build_requires:

    Module              Need Have
    ------------------- ---- ----
    ExtUtils::MakeMaker 0    7.70

configure_requires:

    Module              Need Have
    ------------------- ---- ----
    ExtUtils::MakeMaker 0    7.70


------------------------------
ENVIRONMENT AND OTHER CONTEXT
------------------------------

Environment variables:

    AUTOMATED_TESTING = 1
    DATE_MANIP_TEST_DM5 = 1
    LC_ALL = C
    NONINTERACTIVE_TESTING = 1
    NO_NETWORK_TESTING = 1
    PATH = /home/cpan/bin/perl/bin:/home/cpan/bin:/home/cpan/bin:/bin:/sbin:/usr/bin:/usr/sbin:/usr/X11R7/bin:/usr/pkg/bin:/usr/pkg/sbin:/usr/games:/usr/local/bin:/usr/local/sbin
    PERL5LIB = 
    PERL5OPT = 
    PERL5_CPANPLUS_IS_RUNNING = 969
    PERL5_CPAN_IS_RUNNING = 969
    PERL_MM_USE_DEFAULT = 1
    PERL_USE_UNSAFE_INC = 1
    SHELL = /usr/pkg/bin/bash
    TERM = screen
    TMPDIR = /home/cpan/tmp

Perl special variables (and OS-specific diagnostics, for MSWin32):

    $^X = /home/cpan/bin/perl/bin/perl5.39.8
    $UID/$EUID = 1001 / 1001
    $GID = 100 100
    $EGID = 100 100

Perl module toolchain versions installed:

    Module              Have    
    ------------------- --------
    CPAN                2.36    
    CPAN::Meta          2.150010
    Cwd                 3.90    
    ExtUtils::CBuilder  0.280240
    ExtUtils::Command   7.70    
    ExtUtils::Install   2.22    
    ExtUtils::MakeMaker 7.70    
    ExtUtils::Manifest  1.75    
    ExtUtils::ParseXS   3.51    
    File::Spec          3.90    
    JSON                4.10    
    JSON::PP            4.16    
    Module::Build       0.4234  
    Module::Signature   n/a     
    Parse::CPAN::Meta   2.150010
    Test2               1.302198
    Test::Harness       3.48    
    Test::More          1.302198
    YAML                1.31    
    YAML::Syck          1.34    
    version             0.9930  


--

Summary of my perl5 (revision 5 version 39 subversion 8) configuration:
  Commit id: b7ed279824f39feb87bb9704af63f009125b974c
  Platform:
    osname=netbsd
    osvers=9.3
    archname=amd64-netbsd-thread-multi
    uname='netbsd cjg-netbsd9 9.3 netbsd 9.3 (generic) #0: thu aug 4 15:30:37 utc 2022 mkrepro@mkrepro.netbsd.org:usrsrcsysarchamd64compilegeneric amd64 '
    config_args='-des -Dprefix=/home/cpan/bin/perl -Dscriptdir=/home/cpan/bin/perl/bin -Dusedevel -Duse64bitall -Duseithreads'
    hint=recommended
    useposix=true
    d_sigaction=define
    useithreads=define
    usemultiplicity=define
    use64bitint=define
    use64bitall=define
    uselongdouble=undef
    usemymalloc=n
    default_inc_excludes_dot=define
  Compiler:
    cc='cc'
    ccflags ='-fwrapv -fno-strict-aliasing -pipe -fstack-protector-strong -I/usr/pkg/include -D_FORTIFY_SOURCE=2'
    optimize='-O'
    cppflags='-fwrapv -fno-strict-aliasing -pipe -fstack-protector-strong -I/usr/pkg/include'
    ccversion=''
    gccversion='7.5.0'
    gccosandvers=''
    intsize=4
    longsize=8
    ptrsize=8
    doublesize=8
    byteorder=12345678
    doublekind=3
    d_longlong=define
    longlongsize=8
    d_longdbl=define
    longdblsize=16
    longdblkind=3
    ivtype='long'
    ivsize=8
    nvtype='double'
    nvsize=8
    Off_t='off_t'
    lseeksize=8
    alignbytes=8
    prototype=define
  Linker and Libraries:
    ld='cc'
    ldflags =' -Wl,-rpath,/usr/pkg/lib -Wl,-rpath,/usr/local/lib -fstack-protector-strong -L/usr/pkg/lib'
    libpth=/usr/lib /usr/pkg/lib /lib
    libs=-lpthread -lm -lcrypt -lutil -lc -lposix
    perllibs=-lpthread -lm -lcrypt -lutil -lc -lposix
    libc=/lib/libc.so
    so=so
    useshrplib=false
    libperl=libperl.a
    gnulibc_version=''
  Dynamic Linking:
    dlsrc=dl_dlopen.xs
    dlext=so
    d_dlsymun=undef
    ccdlflags='-Wl,-E '
    cccdlflags='-DPIC -fPIC '
    lddlflags='-shared  -L/usr/pkg/lib -fstack-protector-strong'


Characteristics of this binary (from libperl): 
  Compile-time options:
    HAS_LONG_DOUBLE
    HAS_STRTOLD
    HAS_TIMES
    MULTIPLICITY
    PERLIO_LAYERS
    PERL_COPY_ON_WRITE
    PERL_DONT_CREATE_GVSV
    PERL_HASH_FUNC_SIPHASH13
    PERL_HASH_USE_SBOX32
    PERL_MALLOC_WRAP
    PERL_OP_PARENT
    PERL_PRESERVE_IVUV
    PERL_USE_DEVEL
    PERL_USE_SAFE_PUTENV
    USE_64_BIT_ALL
    USE_64_BIT_INT
    USE_ITHREADS
    USE_LARGE_FILES
    USE_LOCALE
    USE_LOCALE_COLLATE
    USE_LOCALE_CTYPE
    USE_LOCALE_NUMERIC
    USE_LOCALE_TIME
    USE_PERLIO
    USE_PERL_ATOF
    USE_REENTRANT_API
  Built under netbsd
  Compiled at Feb  4 2024 03:32:24
  %ENV:
    PERL5LIB=""
    PERL5OPT=""
    PERL5_CPANPLUS_IS_RUNNING="969"
    PERL5_CPAN_IS_RUNNING="969"
    PERL_MM_USE_DEFAULT="1"
    PERL_USE_UNSAFE_INC="1"
  @INC:
    /home/cpan/bin/perl/lib/site_perl/5.39.8/amd64-netbsd-thread-multi
    /home/cpan/bin/perl/lib/site_perl/5.39.8
    /home/cpan/bin/perl/lib/5.39.8/amd64-netbsd-thread-multi
    /home/cpan/bin/perl/lib/5.39.8
    .