Report for POE-Component-Client-BigBrother-1.00

Back
From: metabase:user:320bfe00-2aae-11df-837a-5e0a49663a4f
Subject: FAIL POE-Component-Client-BigBrother-1.00 v5.14.3 GNU/Linux
Date: 2013-06-08T05:13:43Z

This distribution has been tested as part of the CPAN Testers
project, supporting the Perl programming language.  See
http://wiki.cpantesters.org/ for more information or email
questions to cpan-testers-discuss@perl.org


--
Dear Sebastien Aperghis-Tramoni,

This is a computer-generated report for POE-Component-Client-BigBrother-1.00
on perl 5.14.3, created by CPAN-Reporter-1.2009.

Thank you for uploading your work to CPAN.  However, there was a problem
testing your distribution.

If you think this report is invalid, please consult the CPAN Testers Wiki
for suggestions on how to avoid getting FAIL reports for missing library
or binary dependencies, unsupported operating systems, and so on:

http://wiki.cpantesters.org/wiki/CPANAuthorNotes

Sections of this report:

    * Tester comments
    * Program output
    * Prerequisites
    * Environment and other context

------------------------------
TESTER COMMENTS
------------------------------

Additional comments from tester:

this report is from an automated smoke testing program
and was not reviewed by a human for accuracy

------------------------------
PROGRAM OUTPUT
------------------------------

Output from './Build test':

# Testing POE::Component::Client::BigBrother 1.00, Perl 5.014003, /home/sand/src/perl/repoperls/installed-perls/perl/v5.14.3/9980/bin/perl
t/00-load.t .............. ok
t/01-api.t ............... ok
22549: Server 1 got bind error 98 (Address already in use)

#   Failed test 'received[0] == results[0]{message}'
#   at t/10-check-by-pocotcp.t line 138.
#          got: undef
#     expected: 'status front01,domain,net.cpu red load average is 105.45'

#   Failed test 'received[0] == expected[0]'
#   at t/10-check-by-pocotcp.t line 141.
#          got: undef
#     expected: 'status front01,domain,net.cpu red load average is 105.45'

#   Failed test 'received[1] == results[1]{message}'
#   at t/10-check-by-pocotcp.t line 138.
#          got: undef
#     expected: 'page+10 front02,domain,net.sync red files not synchronised'

#   Failed test 'received[1] == expected[1]'
#   at t/10-check-by-pocotcp.t line 141.
#          got: undef
#     expected: 'page+10 front02,domain,net.sync red files not synchronised'

#   Failed test 'received[2] == results[2]{message}'
#   at t/10-check-by-pocotcp.t line 138.
#          got: undef
#     expected: 'disable front05,domain,net.cpu 3600 temporary high load'

#   Failed test 'received[2] == expected[2]'
#   at t/10-check-by-pocotcp.t line 141.
#          got: undef
#     expected: 'disable front05,domain,net.cpu 3600 temporary high load'

#   Failed test 'received[3] == results[3]{message}'
#   at t/10-check-by-pocotcp.t line 138.
#          got: undef
#     expected: 'event
# activation: 1370668411
# color: red
# host: front04.domain.net
# id: d41d8cd98
# message: postfix/sendmail[32140]: fatal: no login name found for user ID 1064
# persistence: eph
# service: logs
# '

#   Failed test 'received[3] == expected[3]'
#   at t/10-check-by-pocotcp.t line 141.
#          got: undef
#     expected: 'event
# activation: 1370668411
# color: red
# host: front04.domain.net
# id: d41d8cd98
# message: postfix/sendmail[32140]: fatal: no login name found for user ID 1064
# persistence: eph
# service: logs
# '
# Looks like you failed 8 tests of 17.
t/10-check-by-pocotcp.t .. 
Dubious, test returned 8 (wstat 2048, 0x800)
Failed 8/17 subtests 
t/pod-coverage.t ......... ok
t/pod.t .................. ok

Test Summary Report
-------------------
t/10-check-by-pocotcp.t (Wstat: 2048 Tests: 17 Failed: 8)
  Failed tests:  7-8, 10-11, 13-14, 16-17
  Non-zero exit status: 8
Files=5, Tests=22,  2 wallclock secs ( 0.04 usr  0.00 sys +  0.43 cusr  0.07 csys =  0.54 CPU)
Result: FAIL
Failed 1/5 test programs. 8/22 subtests failed.

------------------------------
PREREQUISITES
------------------------------

Prerequisite modules loaded:

requires:

    Module        Need Have  
    ------------- ---- ------
    POE           0    1.354 

build_requires:

    Module        Need Have  
    ------------- ---- ------
    Test::More    0    0.98  

configure_requires:

    Module        Need Have  
    ------------- ---- ------
    Module::Build 0.36 0.4005


------------------------------
ENVIRONMENT AND OTHER CONTEXT
------------------------------

Environment variables:

    AUTOMATED_TESTING = 1
    LANG = en_US.UTF-8
    LANGUAGE = en_US:en
    PATH = /usr/lib/ccache:/home/sand/bin:/usr/local/bin:/usr/bin:/bin:/usr/bin/X11:/usr/games:/usr/local/perl/bin:/usr/X11/bin:/sbin:/usr/sbin
    PERL5LIB = 
    PERL5OPT = 
    PERL5_CPANPLUS_IS_RUNNING = 22314
    PERL5_CPAN_IS_RUNNING = 22314
    PERL_MM_USE_DEFAULT = 1
    SHELL = /usr/bin/zsh
    TERM = screen

Perl special variables (and OS-specific diagnostics, for MSWin32):

    $^X = /home/sand/src/perl/repoperls/installed-perls/perl/v5.14.3/9980/bin/perl
    $UID/$EUID = 1005 / 1005
    $GID = 1005 1005
    $EGID = 1005 1005

Perl module toolchain versions installed:

    Module              Have    
    ------------------- --------
    CPAN                2.00    
    CPAN::Meta          2.131560
    Cwd                 3.40    
    ExtUtils::CBuilder  0.280205
    ExtUtils::Command   1.17    
    ExtUtils::Install   1.56    
    ExtUtils::MakeMaker 6.67_03 
    ExtUtils::Manifest  1.60    
    ExtUtils::ParseXS   3.18_03 
    File::Spec          3.40    
    JSON                2.59    
    JSON::PP            2.27202 
    Module::Build       0.4005  
    Module::Signature   0.73    
    Parse::CPAN::Meta   1.4404  
    Test::Harness       3.28    
    Test::More          0.98    
    YAML                0.84    
    YAML::Syck          1.27    
    version             0.9902  


--

Summary of my perl5 (revision 5 version 14 subversion 3) configuration:
  Commit id: 3e467ae0bf0a6262b07746bbeba550202da6acf8
  Platform:
    osname=linux, osvers=3.2.0-4-amd64, archname=x86_64-linux-thread-multi
    uname='linux k83 3.2.0-4-amd64 #1 smp debian 3.2.35-2 x86_64 gnulinux '
    config_args='-Dprefix=/home/src/perl/repoperls/installed-perls/perl/v5.14.3/9980 -Dmyhostname=k83 -Dinstallusrbinperl=n -Uversiononly -Dusedevel -des -Ui_db -Duseithreads -Uuselongdouble -DDEBUGGING=-g'
    hint=recommended, useposix=true, d_sigaction=define
    useithreads=define, usemultiplicity=define
    useperlio=define, d_sfio=undef, uselargefiles=define, usesocks=undef
    use64bitint=define, use64bitall=define, uselongdouble=undef
    usemymalloc=n, bincompat5005=undef
  Compiler:
    cc='cc', ccflags ='-D_REENTRANT -D_GNU_SOURCE -fno-strict-aliasing -pipe -fstack-protector -I/usr/local/include -D_LARGEFILE_SOURCE -D_FILE_OFFSET_BITS=64',
    optimize='-O2 -g',
    cppflags='-D_REENTRANT -D_GNU_SOURCE -fno-strict-aliasing -pipe -fstack-protector -I/usr/local/include'
    ccversion='', gccversion='4.7.2', gccosandvers=''
    intsize=4, longsize=8, ptrsize=8, doublesize=8, byteorder=12345678
    d_longlong=define, longlongsize=8, d_longdbl=define, longdblsize=16
    ivtype='long', ivsize=8, nvtype='double', nvsize=8, Off_t='off_t', lseeksize=8
    alignbytes=8, prototype=define
  Linker and Libraries:
    ld='cc', ldflags =' -fstack-protector -L/usr/local/lib'
    libpth=/usr/local/lib /lib/x86_64-linux-gnu /lib/../lib /usr/lib/x86_64-linux-gnu /usr/lib/../lib /lib /usr/lib
    libs=-lnsl -ldb -ldl -lm -lcrypt -lutil -lpthread -lc
    perllibs=-lnsl -ldl -lm -lcrypt -lutil -lpthread -lc
    libc=, so=so, useshrplib=false, libperl=libperl.a
    gnulibc_version='2.13'
  Dynamic Linking:
    dlsrc=dl_dlopen.xs, dlext=so, d_dlsymun=undef, ccdlflags='-Wl,-E'
    cccdlflags='-fPIC', lddlflags='-shared -O2 -g -L/usr/local/lib -fstack-protector'


Characteristics of this binary (from libperl): 
  Compile-time options: MULTIPLICITY PERL_DONT_CREATE_GVSV
                        PERL_IMPLICIT_CONTEXT PERL_MALLOC_WRAP
                        PERL_PRESERVE_IVUV PERL_USE_DEVEL USE_64_BIT_ALL
                        USE_64_BIT_INT USE_ITHREADS USE_LARGE_FILES
                        USE_PERLIO USE_PERL_ATOF USE_REENTRANT_API
  Built under linux
  Compiled at Jan  1 2013 18:55:47
  %ENV:
    PERL5LIB=""
    PERL5OPT=""
    PERL5_CPANPLUS_IS_RUNNING="22314"
    PERL5_CPAN_IS_RUNNING="22314"
    PERL_MM_USE_DEFAULT="1"
  @INC:
    /home/src/perl/repoperls/installed-perls/perl/v5.14.3/9980/lib/site_perl/5.14.3/x86_64-linux-thread-multi
    /home/src/perl/repoperls/installed-perls/perl/v5.14.3/9980/lib/site_perl/5.14.3
    /home/src/perl/repoperls/installed-perls/perl/v5.14.3/9980/lib/5.14.3/x86_64-linux-thread-multi
    /home/src/perl/repoperls/installed-perls/perl/v5.14.3/9980/lib/5.14.3
    .