Report for Array-PrintCols-EastAsian-0.07

Back
From: metabase:user:30ae4450-2aae-11df-837a-5e0a49663a4f
Subject: FAIL Array-PrintCols-EastAsian-0.07 v5.10.1 
Date: 2014-01-01T17:54:56Z

This distribution has been tested as part of the CPAN Testers
project, supporting the Perl programming language.  See
http://wiki.cpantesters.org/ for more information or email
questions to cpan-testers-discuss@perl.org


--
Dear Kenta Mori,

This is a computer-generated report for Array-PrintCols-EastAsian-0.07
on perl 5.10.1, created by CPAN-Reporter-1.2010_01.

Thank you for uploading your work to CPAN.  However, there was a problem
testing your distribution.

If you think this report is invalid, please consult the CPAN Testers Wiki
for suggestions on how to avoid getting FAIL reports for missing library
or binary dependencies, unsupported operating systems, and so on:

http://wiki.cpantesters.org/wiki/CPANAuthorNotes

Sections of this report:

    * Tester comments
    * Program output
    * Prerequisites
    * Environment and other context

------------------------------
TESTER COMMENTS
------------------------------

Additional comments from tester:

this report is from an automated smoke testing program
and was not reviewed by a human for accuracy

------------------------------
PROGRAM OUTPUT
------------------------------

Output from 'C:\strawberry\perl\bin\perl.exe ./Build test':

t\00_compile.t ............................ ok
t\100_unit\01_max.t ....................... ok
t\100_unit\02_min.t ....................... ok
t\100_unit\03_validate_valid_options.t .... ok
t\100_unit\04_validate_invalid_options.t .. ok
t\100_unit\05_align.t ..................... ok
t\200_format\01_format_array.t ............ ok
    
    #   Failed test at t\300_print\01_print_array.t line 89.
    # died: Unable to get Terminal Size. The Win32 GetConsoleScreenBufferInfo call didn't work. The COLUMNS and LINES environment variables didn't work. The resize program didn't work. at C:/strawberry/perl/site/lib/Term/ReadKey.pm line 362.
    # Looks like you failed 1 test of 1.

#   Failed test 'pretty print array with specifying gap, align and encode option'
#   at t\300_print\01_print_array.t line 90.
    
    #   Failed test at t\300_print\01_print_array.t line 97.
    # died: Unable to get Terminal Size. The Win32 GetConsoleScreenBufferInfo call didn't work. The COLUMNS and LINES environment variables didn't work. The resize program didn't work. at C:/strawberry/perl/site/lib/Term/ReadKey.pm line 362.
    # Looks like you failed 1 test of 1.

#   Failed test 'pretty print array with not used invalid option'
#   at t\300_print\01_print_array.t line 98.
# Looks like you failed 2 tests of 10.
t\300_print\01_print_array.t .............. 
Dubious, test returned 2 (wstat 512, 0x200)
Failed 2/10 subtests 

Test Summary Report
-------------------
t\300_print\01_print_array.t            (Wstat: 512 Tests: 10 Failed: 2)
  Failed tests:  9-10
  Non-zero exit status: 2
Files=8, Tests=29,  2 wallclock secs ( 0.02 usr +  0.03 sys =  0.05 CPU)
Result: FAIL
Failed 1/8 test programs. 2/29 subtests failed.

------------------------------
PREREQUISITES
------------------------------

Prerequisite modules loaded:

requires:

    Module                Need  Have    
    --------------------- ----- --------
    Carp                  0     1.26    
    Data::Validator       0     1.04    
    Encode                0     2.48    
    perl                  5.010 5.010001
    Term::ReadKey         0     2.30    
    Text::VisualWidth::PP 0     0.04    

build_requires:

    Module                Need  Have    
    --------------------- ----- --------
    ExtUtils::CBuilder    0     0.280202
    Test::Exception       0     0.31    
    Test::More            0.98  0.98    

configure_requires:

    Module                Need  Have    
    --------------------- ----- --------
    CPAN::Meta            0     2.120921
    CPAN::Meta::Prereqs   0     2.120921
    Module::Build         0.38  0.4003  


------------------------------
ENVIRONMENT AND OTHER CONTEXT
------------------------------

Environment variables:

    AUTOMATED_TESTING = 1
    COMSPEC = C:\WINDOWS\system32\cmd.exe
    NUMBER_OF_PROCESSORS = 1
    PATH = C:\Program Files\Far Manager\;C:\WINDOWS\system32;C:\WINDOWS;C:\WINDOWS\System32\Wbem;C:\strawberry\c\bin;C:\strawberry\perl\site\bin;C:\strawberry\perl\bin
    PERL5LIB = C:\strawberry\cpan\build\Data-Validator-1.04-0cj4ug/blib/arch;C:\strawberry\cpan\build\Data-Validator-1.04-0cj4ug/blib/lib;C:\strawberry\cpan\build\Text-VisualWidth-PP-0.04-bM87Jw/blib/arch;C:\strawberry\cpan\build\Text-VisualWidth-PP-0.04-bM87Jw/blib/lib;C:\strawberry\cpan\build\Unicode-EastAsianWidth-1.33-FjZoPU/blib/arch;C:\strawberry\cpan\build\Unicode-EastAsianWidth-1.33-FjZoPU/blib/lib
    PERL5OPT = 
    PERL5_CPANPLUS_IS_RUNNING = 720
    PERL5_CPAN_IS_RUNNING = 720
    PERL5_CPAN_IS_RUNNING_IN_RECURSION = 1460,720
    PERL_CR_SMOKER_CURRENT = Array-PrintCols-EastAsian-0.07
    PERL_EXTUTILS_AUTOINSTALL = --defaultdeps
    PERL_JSON_BACKEND = JSON::XS
    PERL_MM_USE_DEFAULT = 1
    PERL_YAML_BACKEND = YAML
    PROCESSOR_IDENTIFIER = x86 Family 16 Model 5 Stepping 3, AuthenticAMD
    TEMP = C:\DOCUME~1\c\LOCALS~1\Temp
    TERM = dumb

Perl special variables (and OS-specific diagnostics, for MSWin32):

    $^X = C:\strawberry\perl\bin\perl.exe
    $UID/$EUID = 0 / 0
    $GID = 0
    $EGID = 0
    Win32::GetOSName = WinXP/.Net
    Win32::GetOSVersion = Service Pack 3, 5, 1, 2600, 2, 3, 0, 256, 1
    Win32::FsType = NTFS
    Win32::IsAdminUser = 1

Perl module toolchain versions installed:

    Module              Have    
    ------------------- --------
    CPAN                1.9800  
    CPAN::Meta          2.120921
    Cwd                 3.40    
    ExtUtils::CBuilder  0.280202
    ExtUtils::Command   1.17    
    ExtUtils::Install   1.54    
    ExtUtils::MakeMaker 6.64    
    ExtUtils::Manifest  1.60    
    ExtUtils::ParseXS   3.18    
    File::Spec          3.40    
    JSON                2.53    
    JSON::PP            2.27200 
    Module::Build       0.4003  
    Module::Signature   0.66    
    Parse::CPAN::Meta   1.4404  
    Test::Harness       3.28    
    Test::More          0.98    
    YAML                0.84    
    YAML::Syck          1.22    
    version             0.9901  


--

Summary of my perl5 (revision 5 version 10 subversion 1) configuration:
   
  Platform:
    osname=MSWin32, osvers=5.1, archname=MSWin32-x86-multi-thread
    uname='Win32 strawberryperl 5.10.1.5 #1 Sun May 15 09:44:53 2011 i386'
    config_args='undef'
    hint=recommended, useposix=true, d_sigaction=undef
    useithreads=define, usemultiplicity=define
    useperlio=define, d_sfio=undef, uselargefiles=define, usesocks=undef
    use64bitint=undef, use64bitall=undef, uselongdouble=undef
    usemymalloc=n, bincompat5005=undef
  Compiler:
    cc='gcc', ccflags =' -s -O2 -DWIN32 -DHAVE_DES_FCRYPT  -DUSE_SITECUSTOMIZE -DPERL_IMPLICIT_CONTEXT -DPERL_IMPLICIT_SYS -fno-strict-aliasing -DPERL_MSVCRT_READFIX',
    optimize='-s -O2',
    cppflags='-DWIN32'
    ccversion='', gccversion='3.4.5', gccosandvers=''
    intsize=4, longsize=4, ptrsize=4, doublesize=8, byteorder=1234
    d_longlong=undef, longlongsize=8, d_longdbl=define, longdblsize=12
    ivtype='long', ivsize=4, nvtype='double', nvsize=8, Off_t='long long', lseeksize=8
    alignbytes=8, prototype=define
  Linker and Libraries:
    ld='g++', ldflags ='-s -L"C:\strawberry\perl\lib\CORE" -L"C:\strawberry\c\lib"'
    libpth=C:\strawberry\c\lib
    libs= -lmoldname -lkernel32 -luser32 -lgdi32 -lwinspool -lcomdlg32 -ladvapi32 -lshell32 -lole32 -loleaut32 -lnetapi32 -luuid -lws2_32 -lmpr -lwinmm -lversion -lodbc32 -lodbccp32
    perllibs= -lmoldname -lkernel32 -luser32 -lgdi32 -lwinspool -lcomdlg32 -ladvapi32 -lshell32 -lole32 -loleaut32 -lnetapi32 -luuid -lws2_32 -lmpr -lwinmm -lversion -lodbc32 -lodbccp32
    libc=, so=dll, useshrplib=true, libperl=libperl510.a
    gnulibc_version=''
  Dynamic Linking:
    dlsrc=dl_win32.xs, dlext=dll, d_dlsymun=undef, ccdlflags=' '
    cccdlflags=' ', lddlflags='-mdll -s -L"C:\strawberry\perl\lib\CORE" -L"C:\strawberry\c\lib"'


Characteristics of this binary (from libperl): 
  Compile-time options: MULTIPLICITY PERL_DONT_CREATE_GVSV
                        PERL_IMPLICIT_CONTEXT PERL_IMPLICIT_SYS
                        PERL_MALLOC_WRAP PL_OP_SLAB_ALLOC USE_ITHREADS
                        USE_LARGE_FILES USE_PERLIO USE_SITECUSTOMIZE
  Built under MSWin32
  Compiled at May 15 2011 09:50:23
  %ENV:
    PERL5LIB="C:\strawberry\cpan\build\Data-Validator-1.04-0cj4ug/blib/arch;C:\strawberry\cpan\build\Data-Validator-1.04-0cj4ug/blib/lib;C:\strawberry\cpan\build\Text-VisualWidth-PP-0.04-bM87Jw/blib/arch;C:\strawberry\cpan\build\Text-VisualWidth-PP-0.04-bM87Jw/blib/lib;C:\strawberry\cpan\build\Unicode-EastAsianWidth-1.33-FjZoPU/blib/arch;C:\strawberry\cpan\build\Unicode-EastAsianWidth-1.33-FjZoPU/blib/lib"
    PERL5_CPANPLUS_IS_RUNNING="720"
    PERL5_CPAN_IS_RUNNING="720"
    PERL5_CPAN_IS_RUNNING_IN_RECURSION="1460,720"
    PERL_CR_SMOKER_CURRENT="Array-PrintCols-EastAsian-0.07"
    PERL_EXTUTILS_AUTOINSTALL="--defaultdeps"
    PERL_JSON_BACKEND="JSON::XS"
    PERL_MM_USE_DEFAULT="1"
    PERL_YAML_BACKEND="YAML"
  @INC:
    C:\strawberry\cpan\build\Data-Validator-1.04-0cj4ug/blib/arch
    C:\strawberry\cpan\build\Data-Validator-1.04-0cj4ug/blib/lib
    C:\strawberry\cpan\build\Text-VisualWidth-PP-0.04-bM87Jw/blib/arch
    C:\strawberry\cpan\build\Text-VisualWidth-PP-0.04-bM87Jw/blib/lib
    C:\strawberry\cpan\build\Unicode-EastAsianWidth-1.33-FjZoPU/blib/arch
    C:\strawberry\cpan\build\Unicode-EastAsianWidth-1.33-FjZoPU/blib/lib
    C:/strawberry/perl/lib
    C:/strawberry/perl/site/lib
    C:\strawberry\perl\vendor\lib
    .