oxdperl v0.02 Perl 5 v5.20.0 x86_64-linux
- Status
- Fail
- From
- Slaven Rezić (SREZIC)
- Dist
-
oxdperl v0.02
- Platform
- Perl 5 v5.20.0 x86_64-linux
- Date
- 2017-09-26 18:04:50
- ID
- 30dc543c-a2e5-11e7-9543-a5f5a075cac0
This distribution has been tested as part of the CPAN Testers
project, supporting the Perl programming language. See
http://wiki.cpantesters.org/ for more information or email
questions to cpan-testers-discuss@perl.org
--
Dear Gluu Inc,
This is a computer-generated report for oxdperl-0.02
on perl 5.20.0, created by CPAN-Reporter-1.2018.
Thank you for uploading your work to CPAN. However, there was a problem
testing your distribution.
If you think this report is invalid, please consult the CPAN Testers Wiki
for suggestions on how to avoid getting FAIL reports for missing library
or binary dependencies, unsupported operating systems, and so on:
http://wiki.cpantesters.org/wiki/CPANAuthorNotes
Sections of this report:
* Tester comments
* Program output
* Prerequisites
* Environment and other context
------------------------------
TESTER COMMENTS
------------------------------
Additional comments from tester:
none provided
------------------------------
PROGRAM OUTPUT
------------------------------
Output from './Build test':
push on reference is experimental at /home/cpansand/.cpan/build/2017092615/oxdperl-0.02-0/blib/lib/OxdPackages/UmaRsProtect.pm line 131.
push on reference is experimental at /home/cpansand/.cpan/build/2017092615/oxdperl-0.02-0/blib/lib/OxdPackages/UmaRsProtect.pm line 144.
# Testing OxdPerlModule 0.02, Perl 5.020000, /opt/perl-5.20.0/bin/perl5.20.0
t/00-load.t ....... ok
t/manifest.t ...... skipped: Author tests not required for installation
push on reference is experimental at /home/cpansand/.cpan/build/2017092615/oxdperl-0.02-0/blib/lib/OxdPackages/UmaRsProtect.pm line 131.
push on reference is experimental at /home/cpansand/.cpan/build/2017092615/oxdperl-0.02-0/blib/lib/OxdPackages/UmaRsProtect.pm line 144.
# Failed test 'Pod coverage on OxdPackages::OxdClientSocket'
# at /opt/perl-5.20.0/lib/site_perl/5.20.0/Test/Pod/Coverage.pm line 133.
# OxdPackages::OxdClientSocket: couldn't find pod
# Failed test 'Pod coverage on OxdPackages::UmaRsProtect'
# at /opt/perl-5.20.0/lib/site_perl/5.20.0/Test/Pod/Coverage.pm line 133.
# OxdPackages::UmaRsProtect: couldn't find pod
# Failed test 'Pod coverage on OxdPackages::OxdSetupClient'
# at /opt/perl-5.20.0/lib/site_perl/5.20.0/Test/Pod/Coverage.pm line 133.
# OxdPackages::OxdSetupClient: couldn't find pod
# Failed test 'Pod coverage on OxdPackages::OxdLogout'
# at /opt/perl-5.20.0/lib/site_perl/5.20.0/Test/Pod/Coverage.pm line 133.
# OxdPackages::OxdLogout: couldn't find pod
# Failed test 'Pod coverage on OxdPackages::UmaRsCheckAccess'
# at /opt/perl-5.20.0/lib/site_perl/5.20.0/Test/Pod/Coverage.pm line 133.
# OxdPackages::UmaRsCheckAccess: couldn't find pod
# Failed test 'Pod coverage on OxdPackages::GetUserInfo'
# at /opt/perl-5.20.0/lib/site_perl/5.20.0/Test/Pod/Coverage.pm line 133.
# OxdPackages::GetUserInfo: couldn't find pod
# Failed test 'Pod coverage on OxdPackages::GetClientToken'
# at /opt/perl-5.20.0/lib/site_perl/5.20.0/Test/Pod/Coverage.pm line 133.
# OxdPackages::GetClientToken: couldn't find pod
# Failed test 'Pod coverage on OxdPackages::UmaRpGetRpt'
# at /opt/perl-5.20.0/lib/site_perl/5.20.0/Test/Pod/Coverage.pm line 133.
# OxdPackages::UmaRpGetRpt: couldn't find pod
# Failed test 'Pod coverage on OxdPackages::OxdClient'
# at /opt/perl-5.20.0/lib/site_perl/5.20.0/Test/Pod/Coverage.pm line 133.
# OxdPackages::OxdClient: couldn't find pod
# Failed test 'Pod coverage on OxdPackages::UmaRpGetClaimsGatheringUrl'
# at /opt/perl-5.20.0/lib/site_perl/5.20.0/Test/Pod/Coverage.pm line 133.
# OxdPackages::UmaRpGetClaimsGatheringUrl: couldn't find pod
# Failed test 'Pod coverage on OxdPackages::GetAuthorizationUrl'
# at /opt/perl-5.20.0/lib/site_perl/5.20.0/Test/Pod/Coverage.pm line 133.
# OxdPackages::GetAuthorizationUrl: couldn't find pod
# Failed test 'Pod coverage on OxdPackages::UpdateRegistration'
# at /opt/perl-5.20.0/lib/site_perl/5.20.0/Test/Pod/Coverage.pm line 133.
# OxdPackages::UpdateRegistration: couldn't find pod
# Failed test 'Pod coverage on OxdPackages::GetTokenByCode'
# at /opt/perl-5.20.0/lib/site_perl/5.20.0/Test/Pod/Coverage.pm line 133.
# OxdPackages::GetTokenByCode: couldn't find pod
# Failed test 'Pod coverage on OxdPackages::GetAccessTokenByRefreshToken'
# at /opt/perl-5.20.0/lib/site_perl/5.20.0/Test/Pod/Coverage.pm line 133.
# OxdPackages::GetAccessTokenByRefreshToken: couldn't find pod
# Failed test 'Pod coverage on OxdPackages::OxdRegister'
# at /opt/perl-5.20.0/lib/site_perl/5.20.0/Test/Pod/Coverage.pm line 133.
# OxdPackages::OxdRegister: couldn't find pod
# Looks like you failed 15 tests of 17.
t/pod-coverage.t ..
Dubious, test returned 15 (wstat 3840, 0xf00)
Failed 15/17 subtests
# Failed test 'POD test for blib/lib/OxdPackages/OxdConfig.pm'
# at /opt/perl-5.20.0/lib/site_perl/5.20.0/Test/Pod.pm line 187.
# blib/lib/OxdPackages/OxdConfig.pm (396): =pod directives shouldn't be over one line long! Ignoring all 8 lines of content
# Looks like you failed 1 test of 17.
t/pod.t ...........
Dubious, test returned 1 (wstat 256, 0x100)
Failed 1/17 subtests
Test Summary Report
-------------------
t/pod-coverage.t (Wstat: 3840 Tests: 17 Failed: 15)
Failed tests: 2-11, 13-17
Non-zero exit status: 15
t/pod.t (Wstat: 256 Tests: 17 Failed: 1)
Failed test: 12
Non-zero exit status: 1
Files=4, Tests=35, 1 wallclock secs ( 0.01 usr 0.02 sys + 0.26 cusr 0.05 csys = 0.34 CPU)
Result: FAIL
Failed 2/4 test programs. 16/35 subtests failed.
------------------------------
PREREQUISITES
------------------------------
Prerequisite modules loaded:
build_requires:
Module Need Have
------------- ---- --------
Test::More 0 1.302056
configure_requires:
Module Need Have
------------- ---- --------
Module::Build 0 0.4220
------------------------------
ENVIRONMENT AND OTHER CONTEXT
------------------------------
Environment variables:
LANG = en_US.UTF-8
LANGUAGE = en_US:en
LC_ALL = en_US.UTF-8
PATH = /usr/local/bin:/usr/bin:/bin:/usr/local/sbin:/usr/sbin:/sbin:/home/cpansand/bin/linux-gnu:/home/cpansand/bin/sh:/home/cpansand/bin:/usr/games:/home/cpansand/devel:/home/eserte/src/srezic-misc/scripts
PERL5LIB =
PERL5OPT =
PERL5_CPANPLUS_IS_RUNNING = 18015
PERL5_CPAN_IS_RUNNING = 18015
PERL5_CPAN_IS_RUNNING_IN_RECURSION = 17893,18015
PERLDOC = -MPod::Perldoc::ToTextOverstrike
PERL_BATCH = yes
PERL_CANARY_STABILITY_NOPROMPT = 1
PERL_CPAN_REPORTER_CONFIG = /var/tmp/cpansmoker-1023/2017092615/cpanreporter_000_config.ini
PERL_EXTUTILS_AUTOINSTALL = --defaultdeps
PERL_PARALLEL_SMOKER = yes
PERL_USE_UNSAFE_INC = 1
SHELL = /bin/zsh
TERM = screen
TMPDIR = /var/tmp/cpansmoker-1023/2017092615
Perl special variables (and OS-specific diagnostics, for MSWin32):
$^X = /opt/perl-5.20.0/bin/perl5.20.0
$UID/$EUID = 1023 / 1023
$GID = 1023 1023
$EGID = 1023 1023
Perl module toolchain versions installed:
Module Have
------------------- --------
CPAN 2.14
CPAN::Meta 2.150010
Cwd 3.62
ExtUtils::CBuilder 0.280216
ExtUtils::Command 7.24
ExtUtils::Install 1.67
ExtUtils::MakeMaker 7.24
ExtUtils::Manifest 1.70
ExtUtils::ParseXS 3.24
File::Spec 3.62
JSON 2.90
JSON::PP 2.27400
Module::Build 0.4220
Module::Signature 0.81
Parse::CPAN::Meta 2.150010
Test::Harness 3.30
Test::More 1.302056
YAML 1.17
YAML::Syck 1.29
version 0.9917
--
Summary of my perl5 (revision 5 version 20 subversion 0) configuration:
Platform:
osname=linux, osvers=3.2.0-4-amd64, archname=x86_64-linux
uname='linux cvrsnica-wheezy 3.2.0-4-amd64 #1 smp debian 3.2.54-2 x86_64 gnulinux '
config_args='-ds -e -Dprefix=/opt/perl-5.20.0'
hint=recommended, useposix=true, d_sigaction=define
useithreads=undef, usemultiplicity=undef
use64bitint=define, use64bitall=define, uselongdouble=undef
usemymalloc=n, bincompat5005=undef
Compiler:
cc='cc', ccflags ='-fwrapv -fno-strict-aliasing -pipe -fstack-protector -I/usr/local/include -D_LARGEFILE_SOURCE -D_FILE_OFFSET_BITS=64',
optimize='-O2',
cppflags='-fwrapv -fno-strict-aliasing -pipe -fstack-protector -I/usr/local/include'
ccversion='', gccversion='4.7.2', gccosandvers=''
intsize=4, longsize=8, ptrsize=8, doublesize=8, byteorder=12345678
d_longlong=define, longlongsize=8, d_longdbl=define, longdblsize=16
ivtype='long', ivsize=8, nvtype='double', nvsize=8, Off_t='off_t', lseeksize=8
alignbytes=8, prototype=define
Linker and Libraries:
ld='cc', ldflags =' -fstack-protector -L/usr/local/lib'
libpth=/usr/local/lib /usr/lib/gcc/x86_64-linux-gnu/4.7/include-fixed /usr/include/x86_64-linux-gnu /usr/lib /lib/x86_64-linux-gnu /lib/../lib /usr/lib/x86_64-linux-gnu /usr/lib/../lib /lib
libs=-lnsl -ldb -ldl -lm -lcrypt -lutil -lc
perllibs=-lnsl -ldl -lm -lcrypt -lutil -lc
libc=libc-2.13.so, so=so, useshrplib=false, libperl=libperl.a
gnulibc_version='2.13'
Dynamic Linking:
dlsrc=dl_dlopen.xs, dlext=so, d_dlsymun=undef, ccdlflags='-Wl,-E'
cccdlflags='-fPIC', lddlflags='-shared -O2 -L/usr/local/lib -fstack-protector'
Characteristics of this binary (from libperl):
Compile-time options: HAS_TIMES PERLIO_LAYERS PERL_DONT_CREATE_GVSV
PERL_HASH_FUNC_ONE_AT_A_TIME_HARD PERL_MALLOC_WRAP
PERL_NEW_COPY_ON_WRITE PERL_PRESERVE_IVUV
USE_64_BIT_ALL USE_64_BIT_INT USE_LARGE_FILES
USE_LOCALE USE_LOCALE_COLLATE USE_LOCALE_CTYPE
USE_LOCALE_NUMERIC USE_PERLIO USE_PERL_ATOF
Built under linux
Compiled at Jul 19 2014 07:43:18
%ENV:
PERL5LIB=""
PERL5OPT=""
PERL5_CPANPLUS_IS_RUNNING="18015"
PERL5_CPAN_IS_RUNNING="18015"
PERL5_CPAN_IS_RUNNING_IN_RECURSION="17893,18015"
PERLDOC="-MPod::Perldoc::ToTextOverstrike"
PERL_BATCH="yes"
PERL_CANARY_STABILITY_NOPROMPT="1"
PERL_CPAN_REPORTER_CONFIG="/var/tmp/cpansmoker-1023/2017092615/cpanreporter_000_config.ini"
PERL_EXTUTILS_AUTOINSTALL="--defaultdeps"
PERL_PARALLEL_SMOKER="yes"
PERL_USE_UNSAFE_INC="1"
@INC:
/opt/perl-5.20.0/lib/site_perl/5.20.0/x86_64-linux
/opt/perl-5.20.0/lib/site_perl/5.20.0
/opt/perl-5.20.0/lib/5.20.0/x86_64-linux
/opt/perl-5.20.0/lib/5.20.0
.