Back
From: metabase:user:9820532a-708b-1014-9a05-b18a96298da1
Subject: FAIL Catalyst-Plugin-Authorization-ACL-0.15 v5.14.1 FreeBSD
Date: 2011-08-22T17:07:18Z
This distribution has been tested as part of the CPAN Testers
project, supporting the Perl programming language. See
http://wiki.cpantesters.org/ for more information or email
questions to cpan-testers-discuss@perl.org
--
Dear Rafael Kitover,
This is a computer-generated report for Catalyst-Plugin-Authorization-ACL-0.15
on perl 5.14.1, created by CPAN-Reporter-1.2002.
Thank you for uploading your work to CPAN. However, there was a problem
testing your distribution.
If you think this report is invalid, please consult the CPAN Testers Wiki
for suggestions on how to avoid getting FAIL reports for missing library
or binary dependencies, unsupported operating systems, and so on:
http://wiki.cpantesters.org/wiki/CPANAuthorNotes
Sections of this report:
* Tester comments
* Program output
* Prerequisites
* Environment and other context
------------------------------
TESTER COMMENTS
------------------------------
Additional comments from tester:
this report is from an automated smoke testing program
and was not reviewed by a human for accuracy
------------------------------
PROGRAM OUTPUT
------------------------------
Output from '/usr/bin/make test':
PERL_DL_NONLAZY=1 /home/test/perl5/perlbrew/perls/perl-5.14.1/bin/perl "-MExtUtils::Command::MM" "-e" "test_harness(0, 'inc', 'blib/lib', 'blib/arch')" t/01use.t t/02pod.t t/live_app.t t/more_live_app.t
t/01use.t .......... ok
t/02pod.t .......... skipped: set TEST_POD to enable this test
Not an ARRAY reference at /home/test/perl5/perlbrew/perls/perl-5.14.1/lib/site_perl/5.14.1/HTTP/Message/PSGI.pm line 73.
# Looks like your test exited with 255 before it could output anything.
t/live_app.t .......
Dubious, test returned 255 (wstat 65280, 0xff00)
Failed 97/97 subtests
Not an ARRAY reference at /home/test/perl5/perlbrew/perls/perl-5.14.1/lib/site_perl/5.14.1/HTTP/Message/PSGI.pm line 73.
# Looks like your test exited with 255 before it could output anything.
t/more_live_app.t ..
Dubious, test returned 255 (wstat 65280, 0xff00)
Failed 14/14 subtests
Test Summary Report
-------------------
t/live_app.t (Wstat: 65280 Tests: 0 Failed: 0)
Non-zero exit status: 255
Parse errors: Bad plan. You planned 97 tests but ran 0.
t/more_live_app.t (Wstat: 65280 Tests: 0 Failed: 0)
Non-zero exit status: 255
Parse errors: Bad plan. You planned 14 tests but ran 0.
Files=4, Tests=1, 2 wallclock secs ( 0.05 usr 0.09 sys + 2.09 cusr 0.43 csys = 2.66 CPU)
Result: FAIL
Failed 2/4 test programs. 0/1 subtests failed.
*** Error code 255
Stop in /usr/home/test/.cpan/build/Catalyst-Plugin-Authorization-ACL-0.15-5F1grX.
------------------------------
PREREQUISITES
------------------------------
Prerequisite modules loaded:
requires:
Module Need Have
---------------------------------------- ------- -------
Catalyst::Plugin::Authentication 0 0.10018
Catalyst::Plugin::Authorization::Roles 0 0.09
Catalyst::Plugin::Session 0 0.32
Catalyst::Plugin::Session::State::Cookie 0 0.17
Catalyst::Runtime 5.80013 5.90001
Class::Data::Inheritable 0 0.08
Class::Throwable 0 0.11
ExtUtils::MakeMaker 6.42 6.59
Moose 0 2.0202
MRO::Compat 0 0.11
namespace::autoclean 0 0.12
Test::More 0 0.98
Test::WWW::Mechanize::Catalyst 0 0.54
Tree::Simple 0 1.18
Tree::Simple::Visitor::FindByPath 0 0.03
Tree::Simple::Visitor::GetAllDescendents 0 0.02
build_requires:
Module Need Have
---------------------------------------- ------- -------
ExtUtils::MakeMaker 0 6.59
configure_requires:
Module Need Have
---------------------------------------- ------- -------
ExtUtils::MakeMaker 6.42 6.59
------------------------------
ENVIRONMENT AND OTHER CONTEXT
------------------------------
Environment variables:
AUTOMATED_TESTING = 1
LANG = C
LC_ALL = C
PATH = /home/test/perl5/perlbrew/bin:/home/test/perl5/perlbrew/perls/perl-5.14.1/bin:~/bin:/sbin:/bin:/usr/sbin:/usr/bin:/usr/games:/usr/local/sbin:/usr/local/bin:/home/test/bin
PATH_WITHOUT_PERLBREW = ~/bin:/sbin:/bin:/usr/sbin:/usr/bin:/usr/games:/usr/local/sbin:/usr/local/bin:/home/test/bin
PERL5LIB =
PERL5OPT =
PERL5_CPANPLUS_IS_RUNNING = 22168
PERL5_CPAN_IS_RUNNING = 22168
PERL5_CPAN_IS_RUNNING_IN_RECURSION = 1067,22168
PERLBREW_HOME = /home/test/.perlbrew
PERLBREW_PATH = /home/test/perl5/perlbrew/bin:/home/test/perl5/perlbrew/perls/perl-5.14.1/bin
PERLBREW_PERL = perl-5.14.1
PERLBREW_ROOT = /home/test/perl5/perlbrew
PERLBREW_VERSION = 0.28
PERL_CPANM_OPT = --prompt --mirror http://172.16.1.3/cpan/
PERL_CR_SMOKER_CURRENT = Catalyst-Plugin-Authorization-ACL-0.15
PERL_EXTUTILS_AUTOINSTALL = --defaultdeps
PERL_MM_USE_DEFAULT = 1
SHELL = /usr/local/bin/bash
TERM = linux
Perl special variables (and OS-specific diagnostics, for MSWin32):
$^X = /home/test/perl5/perlbrew/perls/perl-5.14.1/bin/perl
$UID/$EUID = 1002 / 1002
$GID = 1002 1002
$EGID = 1002 1002
Perl module toolchain versions installed:
Module Have
------------------- --------
CPAN 1.9800
CPAN::Meta 2.112150
Cwd 3.33
ExtUtils::CBuilder 0.280203
ExtUtils::Command 1.17
ExtUtils::Install 1.56
ExtUtils::MakeMaker 6.59
ExtUtils::Manifest 1.60
ExtUtils::ParseXS 3.03
File::Spec 3.33
JSON 2.53
JSON::PP 2.27008
Module::Build 0.3800
Module::Signature 0.68
Parse::CPAN::Meta 1.4401
Test::Harness 3.23
Test::More 0.98
YAML 0.73
YAML::Syck 1.17
version 0.94
--
Summary of my perl5 (revision 5 version 14 subversion 1) configuration:
Platform:
osname=freebsd, osvers=8.1-release, archname=amd64-freebsd-thread-multi
uname='freebsd fbsd.local 8.1-release freebsd 8.1-release #0: mon jul 19 02:36:49 utc 2010 root@mason.cse.buffalo.edu:usrobjusrsrcsysgeneric amd64 '
config_args='-de -Dprefix=/home/test/perl5/perlbrew/perls/perl-5.14.1 -Dusethreads'
hint=recommended, useposix=true, d_sigaction=define
useithreads=define, usemultiplicity=define
useperlio=define, d_sfio=undef, uselargefiles=define, usesocks=undef
use64bitint=define, use64bitall=define, uselongdouble=undef
usemymalloc=n, bincompat5005=undef
Compiler:
cc='cc', ccflags ='-DHAS_FPSETMASK -DHAS_FLOATINGPOINT_H -fno-strict-aliasing -pipe -fstack-protector -I/usr/local/include',
optimize='-O',
cppflags='-DHAS_FPSETMASK -DHAS_FLOATINGPOINT_H -fno-strict-aliasing -pipe -fstack-protector -I/usr/local/include'
ccversion='', gccversion='4.2.1 20070719 [FreeBSD]', gccosandvers=''
intsize=4, longsize=8, ptrsize=8, doublesize=8, byteorder=12345678
d_longlong=define, longlongsize=8, d_longdbl=define, longdblsize=16
ivtype='long', ivsize=8, nvtype='double', nvsize=8, Off_t='off_t', lseeksize=8
alignbytes=8, prototype=define
Linker and Libraries:
ld='cc', ldflags ='-pthread -Wl,-E -fstack-protector -L/usr/local/lib'
libpth=/usr/lib /usr/local/lib
libs=-lm -lcrypt
perllibs=-lm -lcrypt
libc=, so=so, useshrplib=false, libperl=libperl.a
gnulibc_version=''
Dynamic Linking:
dlsrc=dl_dlopen.xs, dlext=so, d_dlsymun=undef, ccdlflags=' '
cccdlflags='-DPIC -fPIC', lddlflags='-shared -L/usr/local/lib -fstack-protector'
Characteristics of this binary (from libperl):
Compile-time options: MULTIPLICITY PERL_DONT_CREATE_GVSV
PERL_IMPLICIT_CONTEXT PERL_MALLOC_WRAP
PERL_PRESERVE_IVUV USE_64_BIT_ALL USE_64_BIT_INT
USE_ITHREADS USE_LARGE_FILES USE_PERLIO USE_PERL_ATOF
USE_REENTRANT_API
Built under freebsd
Compiled at Aug 18 2011 11:03:11
%ENV:
PERL5LIB=""
PERL5OPT=""
PERL5_CPANPLUS_IS_RUNNING="22168"
PERL5_CPAN_IS_RUNNING="22168"
PERL5_CPAN_IS_RUNNING_IN_RECURSION="1067,22168"
PERLBREW_HOME="/home/test/.perlbrew"
PERLBREW_PATH="/home/test/perl5/perlbrew/bin:/home/test/perl5/perlbrew/perls/perl-5.14.1/bin"
PERLBREW_PERL="perl-5.14.1"
PERLBREW_ROOT="/home/test/perl5/perlbrew"
PERLBREW_VERSION="0.28"
PERL_CPANM_OPT="--prompt --mirror http://172.16.1.3/cpan/"
PERL_CR_SMOKER_CURRENT="Catalyst-Plugin-Authorization-ACL-0.15"
PERL_EXTUTILS_AUTOINSTALL="--defaultdeps"
PERL_MM_USE_DEFAULT="1"
@INC:
/home/test/perl5/perlbrew/perls/perl-5.14.1/lib/site_perl/5.14.1/amd64-freebsd-thread-multi
/home/test/perl5/perlbrew/perls/perl-5.14.1/lib/site_perl/5.14.1
/home/test/perl5/perlbrew/perls/perl-5.14.1/lib/5.14.1/amd64-freebsd-thread-multi
/home/test/perl5/perlbrew/perls/perl-5.14.1/lib/5.14.1
.