Report for Net-IP-Identifier-0.106

Back
From: metabase:user:838e5b0a-2bb6-1016-a696-43a2537fa0c6
Subject: FAIL Net-IP-Identifier-0.106 v5.18.1 
Date: 2015-05-27T19:51:13Z

This distribution has been tested as part of the CPAN Testers
project, supporting the Perl programming language.  See
http://wiki.cpantesters.org/ for more information or email
questions to cpan-testers-discuss@perl.org


--
Dear Reid Augustin,

This is a computer-generated report for Net-IP-Identifier-0.106
on perl 5.18.1, created by CPAN-Reporter-1.2011.

Thank you for uploading your work to CPAN.  However, there was a problem
testing your distribution.

If you think this report is invalid, please consult the CPAN Testers Wiki
for suggestions on how to avoid getting FAIL reports for missing library
or binary dependencies, unsupported operating systems, and so on:

http://wiki.cpantesters.org/wiki/CPANAuthorNotes

Sections of this report:

    * Tester comments
    * Program output
    * Prerequisites
    * Environment and other context

------------------------------
TESTER COMMENTS
------------------------------

Additional comments from tester:

this report is from an automated smoke testing program
and was not reviewed by a human for accuracy

------------------------------
PROGRAM OUTPUT
------------------------------

Output from 'C:\strawberry\c\bin\dmake.exe test':

C:\strawberry\perl\bin\perl.exe "-MExtUtils::Command::MM" "-MTest::Harness" "-e" "undef *Test::Harness::Switches; test_harness(0, 'blib\lib', 'blib\arch')" t/*.t
t/010node.t ........ ok
Can't resolve method "???" overloading """" in package "Net::IP::Identifier::Plugin::Inktomi" at C:\strawberry\cpan\build\Net-IP-Identifier-0.106-dKJsGe\blib\lib/Net/IP/Identifier_Role.pm line 52.
# Looks like you planned 14 tests but ran 2.
# Looks like your test exited with 255 just after 2.
t/100base.t ........ 
Dubious, test returned 255 (wstat 65280, 0xff00)
Failed 12/14 subtests 
Can't resolve method "???" overloading """" in package "Local::Entity" at C:\strawberry\cpan\build\Net-IP-Identifier-0.106-dKJsGe\blib\lib/Net/IP/Identifier_Role.pm line 52.
# Looks like you planned 13 tests but ran 2.
# Looks like your test exited with 255 just after 2.
t/103overlap.t ..... 
Dubious, test returned 255 (wstat 65280, 0xff00)
Failed 11/13 subtests 
Can't resolve method "???" overloading """" in package "Local::Range" at C:\strawberry\cpan\build\Net-IP-Identifier-0.106-dKJsGe\blib\lib/Net/IP/Identifier_Role.pm line 52.
# Looks like you planned 25 tests but ran 2.
# Looks like your test exited with 255 just after 2.
t/120range.t ....... 
Dubious, test returned 255 (wstat 65280, 0xff00)
Failed 23/25 subtests 
t/author-critic.t .. skipped: these tests are for testing by the author

Test Summary Report
-------------------
t/100base.t      (Wstat: 65280 Tests: 2 Failed: 0)
  Non-zero exit status: 255
  Parse errors: Bad plan.  You planned 14 tests but ran 2.
t/103overlap.t   (Wstat: 65280 Tests: 2 Failed: 0)
  Non-zero exit status: 255
  Parse errors: Bad plan.  You planned 13 tests but ran 2.
t/120range.t     (Wstat: 65280 Tests: 2 Failed: 0)
  Non-zero exit status: 255
  Parse errors: Bad plan.  You planned 25 tests but ran 2.
Files=5, Tests=22,  2 wallclock secs ( 0.05 usr +  0.05 sys =  0.09 CPU)
Result: FAIL
Failed 3/5 test programs. 0/22 subtests failed.
dmake.exe:  Error code 255, while making 'test_dynamic'

------------------------------
PREREQUISITES
------------------------------

Prerequisite modules loaded:

requires:

    Module              Need Have      
    ------------------- ---- ----------
    Carp                0    1.32      
    DBI                 0    1.628     
    File::Spec          0    3.40      
    Getopt::Long        0    2.42      
    IPC::Run            0    0.92      
    Math::BigInt        0    1.9991    
    Module::Pluggable   0    5.1       
    Moo                 0    1.004002  
    namespace::clean    0    0.24      
    Net::IP             0    1.26      
    overload            0    1.22      
    parent              0    0.228     
    Regexp::Common      0    2013031301
    Role::Tiny          0    1.003002  
    Role::Tiny::With    0    0         
    strict              0    1.07      
    Try::Tiny           0    0.18      
    warnings            0    1.18      

build_requires:

    Module              Need Have      
    ------------------- ---- ----------
    ExtUtils::MakeMaker 0    6.86      
    Test::More          0    0.98      

configure_requires:

    Module              Need Have      
    ------------------- ---- ----------
    ExtUtils::MakeMaker 0    6.86      


------------------------------
ENVIRONMENT AND OTHER CONTEXT
------------------------------

Environment variables:

    AUTOMATED_TESTING = 1
    COMSPEC = C:\Windows\system32\cmd.exe
    LD_LIBRARY_PATH = /usr/lib/x86:/usr/X11R6/lib
    NUMBER_OF_PROCESSORS = 4
    PATH = C:\Windows\system32;C:\Windows;C:\Windows\System32\Wbem;C:\Windows\System32\WindowsPowerShell\v1.0\;C:\RV\BIN;C:\Program Files (x86)\GnuWin32\bin;C:\Windows\System32\Windows System Resource Manager\bin;C:\Windows\SUA\common\;C:\Windows\SUA\usr\lib\;C:\strawberry\c\bin;C:\strawberry\perl\site\bin;C:\strawberry\perl\bin;C:\Program Files (x86)\Git\cmd;C:\Program Files\Microsoft SQL Server\110\Tools\Binn\
    PERL5LIB = C:\strawberry\cpan\build\Regexp-Common-2013031301-cwANzy/blib/arch;C:\strawberry\cpan\build\Regexp-Common-2013031301-cwANzy/blib/lib;C:\strawberry\cpan\build\Net-IP-1.26-Nq43Ks/blib/arch;C:\strawberry\cpan\build\Net-IP-1.26-Nq43Ks/blib/lib
    PERL5OPT = 
    PERL5_CPANPLUS_IS_RUNNING = 22464
    PERL5_CPAN_IS_RUNNING = 22464
    PERL5_CPAN_IS_RUNNING_IN_RECURSION = 9132,22464
    PERL_CR_SMOKER_CURRENT = Net-IP-Identifier-0.106
    PERL_EXTUTILS_AUTOINSTALL = --defaultdeps
    PERL_JSON_BACKEND = JSON::XS
    PERL_MM_USE_DEFAULT = 1
    PERL_YAML_BACKEND = YAML
    PROCESSOR_IDENTIFIER = Intel64 Family 6 Model 37 Stepping 1, GenuineIntel
    TEMP = C:\Users\SOLIMA~1\AppData\Local\Temp
    TERM = dumb

Perl special variables (and OS-specific diagnostics, for MSWin32):

    $^X = C:\strawberry\perl\bin\perl.exe
    $UID/$EUID = 0 / 0
    $GID = 0
    $EGID = 0
    Win32::GetOSName = Win2008
    Win32::GetOSVersion = Service Pack 1, 6, 1, 7601, 2, 1, 0, 272, 3
    Win32::FsType = NTFS
    Win32::IsAdminUser = 1

Perl module toolchain versions installed:

    Module              Have    
    ------------------- --------
    CPAN                2.05    
    CPAN::Meta          2.133380
    Cwd                 3.40    
    ExtUtils::CBuilder  0.280212
    ExtUtils::Command   1.18    
    ExtUtils::Install   1.59    
    ExtUtils::MakeMaker 6.86    
    ExtUtils::Manifest  1.63    
    ExtUtils::ParseXS   3.22    
    File::Spec          3.40    
    JSON                2.90    
    JSON::PP            2.27203 
    Module::Build       0.4204  
    Module::Signature   n/a     
    Parse::CPAN::Meta   1.4409  
    Test::Harness       3.30    
    Test::More          0.98    
    YAML                0.84    
    YAML::Syck          n/a     
    version             0.9904  


--

Summary of my perl5 (revision 5 version 18 subversion 1) configuration:
   
  Platform:
    osname=MSWin32, osvers=4.0, archname=MSWin32-x64-multi-thread
    uname='Win32 strawberry-perl 5.18.1.1 #1 Tue Aug 13 17:18:28 2013 x64'
    config_args='undef'
    hint=recommended, useposix=true, d_sigaction=undef
    useithreads=define, usemultiplicity=define
    useperlio=define, d_sfio=undef, uselargefiles=define, usesocks=undef
    use64bitint=define, use64bitall=undef, uselongdouble=undef
    usemymalloc=n, bincompat5005=undef
  Compiler:
    cc='gcc', ccflags =' -s -O2 -DWIN32 -DWIN64 -DCONSERVATIVE  -DPERL_TEXTMODE_SCRIPTS -DPERL_IMPLICIT_CONTEXT -DPERL_IMPLICIT_SYS -DUSE_PERLIO -fno-strict-aliasing -mms-bitfields',
    optimize='-s -O2',
    cppflags='-DWIN32'
    ccversion='', gccversion='4.7.3', gccosandvers=''
    intsize=4, longsize=4, ptrsize=8, doublesize=8, byteorder=12345678
    d_longlong=define, longlongsize=8, d_longdbl=define, longdblsize=12
    ivtype='long long', ivsize=8, nvtype='double', nvsize=8, Off_t='long long', lseeksize=8
    alignbytes=8, prototype=define
  Linker and Libraries:
    ld='g++', ldflags ='-s -L"C:\strawberry\perl\lib\CORE" -L"C:\strawberry\c\lib"'
    libpth=C:\strawberry\c\lib C:\strawberry\c\x86_64-w64-mingw32\lib
    libs=-lmoldname -lkernel32 -luser32 -lgdi32 -lwinspool -lcomdlg32 -ladvapi32 -lshell32 -lole32 -loleaut32 -lnetapi32 -luuid -lws2_32 -lmpr -lwinmm -lversion -lodbc32 -lodbccp32 -lcomctl32
    perllibs=-lmoldname -lkernel32 -luser32 -lgdi32 -lwinspool -lcomdlg32 -ladvapi32 -lshell32 -lole32 -loleaut32 -lnetapi32 -luuid -lws2_32 -lmpr -lwinmm -lversion -lodbc32 -lodbccp32 -lcomctl32
    libc=, so=dll, useshrplib=true, libperl=libperl518.a
    gnulibc_version=''
  Dynamic Linking:
    dlsrc=dl_win32.xs, dlext=dll, d_dlsymun=undef, ccdlflags=' '
    cccdlflags=' ', lddlflags='-mdll -s -L"C:\strawberry\perl\lib\CORE" -L"C:\strawberry\c\lib"'


Characteristics of this binary (from libperl): 
  Compile-time options: HAS_TIMES HAVE_INTERP_INTERN MULTIPLICITY
                        PERLIO_LAYERS PERL_DONT_CREATE_GVSV
                        PERL_HASH_FUNC_ONE_AT_A_TIME_HARD
                        PERL_IMPLICIT_CONTEXT PERL_IMPLICIT_SYS
                        PERL_MALLOC_WRAP PERL_PRESERVE_IVUV PERL_SAWAMPERSAND
                        USE_64_BIT_INT USE_ITHREADS USE_LARGE_FILES
                        USE_LOCALE USE_LOCALE_COLLATE USE_LOCALE_CTYPE
                        USE_LOCALE_NUMERIC USE_PERLIO USE_PERL_ATOF
  Built under MSWin32
  Compiled at Aug 13 2013 17:23:34
  %ENV:
    PERL5LIB="C:\strawberry\cpan\build\Regexp-Common-2013031301-cwANzy/blib/arch;C:\strawberry\cpan\build\Regexp-Common-2013031301-cwANzy/blib/lib;C:\strawberry\cpan\build\Net-IP-1.26-Nq43Ks/blib/arch;C:\strawberry\cpan\build\Net-IP-1.26-Nq43Ks/blib/lib"
    PERL5_CPANPLUS_IS_RUNNING="22464"
    PERL5_CPAN_IS_RUNNING="22464"
    PERL5_CPAN_IS_RUNNING_IN_RECURSION="9132,22464"
    PERL_CR_SMOKER_CURRENT="Net-IP-Identifier-0.106"
    PERL_EXTUTILS_AUTOINSTALL="--defaultdeps"
    PERL_JSON_BACKEND="JSON::XS"
    PERL_MM_USE_DEFAULT="1"
    PERL_YAML_BACKEND="YAML"
  @INC:
    C:\strawberry\cpan\build\Regexp-Common-2013031301-cwANzy/blib/arch
    C:\strawberry\cpan\build\Regexp-Common-2013031301-cwANzy/blib/lib
    C:\strawberry\cpan\build\Net-IP-1.26-Nq43Ks/blib/arch
    C:\strawberry\cpan\build\Net-IP-1.26-Nq43Ks/blib/lib
    C:/strawberry/perl/site/lib
    C:/strawberry/perl/vendor/lib
    C:/strawberry/perl/lib
    .