PDL-LinearAlgebra v0.41 Perl 5 v5.28.3 x86_64-linux-thread-multi-ld

Status
Fail
From
Andreas J. König (ANDK)
Dist
PDL-LinearAlgebra v0.41
Platform
Perl 5 v5.28.3 x86_64-linux-thread-multi-ld
Date
2024-12-01 09:54:02
ID
31d26f6c-afca-11ef-a05e-cfd4b971d7b9
This distribution has been tested as part of the CPAN Testers
project, supporting the Perl programming language.  See
http://wiki.cpantesters.org/ for more information or email
questions to cpan-testers-discuss@perl.org


--
Dear Ed J,

This is a computer-generated report for PDL-LinearAlgebra-0.41
on perl 5.28.3, created by CPAN-Reporter-1.2020.

Thank you for uploading your work to CPAN.  However, there was a problem
testing your distribution.

If you think this report is invalid, please consult the CPAN Testers Wiki
for suggestions on how to avoid getting FAIL reports for missing library
or binary dependencies, unsupported operating systems, and so on:

http://wiki.cpantesters.org/wiki/CPANAuthorNotes

Sections of this report:

    * Tester comments
    * Program output
    * Prerequisites
    * Environment and other context

------------------------------
TESTER COMMENTS
------------------------------

Additional comments from tester:

this report is from an automated smoke testing program
and was not reviewed by a human for accuracy

------------------------------
PROGRAM OUTPUT
------------------------------

Output from '/usr/bin/make test':

make[1]: Entering directory '/tmp/loop_over_bdir-788307-2rU0Il/PDL-LinearAlgebra-0.41-0/Complex'
"/home/sand/src/perl/repoperls/installed-perls/host/k93msid/v5.28.3/8854/bin/perl" -MExtUtils::Command::MM -e 'cp_nonempty' -- Complex.bs ../blib/arch/auto/PDL/LinearAlgebra/Complex/Complex.bs 644
Manifying 1 pod document
make[1]: Leaving directory '/tmp/loop_over_bdir-788307-2rU0Il/PDL-LinearAlgebra-0.41-0/Complex'
make[1]: Entering directory '/tmp/loop_over_bdir-788307-2rU0Il/PDL-LinearAlgebra-0.41-0/Real'
"/home/sand/src/perl/repoperls/installed-perls/host/k93msid/v5.28.3/8854/bin/perl" -MExtUtils::Command::MM -e 'cp_nonempty' -- Real.bs ../blib/arch/auto/PDL/LinearAlgebra/Real/Real.bs 644
Manifying 1 pod document
make[1]: Leaving directory '/tmp/loop_over_bdir-788307-2rU0Il/PDL-LinearAlgebra-0.41-0/Real'
make[1]: Entering directory '/tmp/loop_over_bdir-788307-2rU0Il/PDL-LinearAlgebra-0.41-0/Trans'
"/home/sand/src/perl/repoperls/installed-perls/host/k93msid/v5.28.3/8854/bin/perl" -MExtUtils::Command::MM -e 'cp_nonempty' -- Trans.bs ../blib/arch/auto/PDL/LinearAlgebra/Trans/Trans.bs 644
Manifying 1 pod document
make[1]: Leaving directory '/tmp/loop_over_bdir-788307-2rU0Il/PDL-LinearAlgebra-0.41-0/Trans'
make[1]: Entering directory '/tmp/loop_over_bdir-788307-2rU0Il/PDL-LinearAlgebra-0.41-0/Complex'
"/home/sand/src/perl/repoperls/installed-perls/host/k93msid/v5.28.3/8854/bin/perl" -MExtUtils::Command::MM -e 'cp_nonempty' -- Complex.bs ../blib/arch/auto/PDL/LinearAlgebra/Complex/Complex.bs 644
No tests defined for PDL::LinearAlgebra::Complex extension.
make[1]: Leaving directory '/tmp/loop_over_bdir-788307-2rU0Il/PDL-LinearAlgebra-0.41-0/Complex'
make[1]: Entering directory '/tmp/loop_over_bdir-788307-2rU0Il/PDL-LinearAlgebra-0.41-0/Real'
"/home/sand/src/perl/repoperls/installed-perls/host/k93msid/v5.28.3/8854/bin/perl" -MExtUtils::Command::MM -e 'cp_nonempty' -- Real.bs ../blib/arch/auto/PDL/LinearAlgebra/Real/Real.bs 644
No tests defined for PDL::LinearAlgebra::Real extension.
make[1]: Leaving directory '/tmp/loop_over_bdir-788307-2rU0Il/PDL-LinearAlgebra-0.41-0/Real'
make[1]: Entering directory '/tmp/loop_over_bdir-788307-2rU0Il/PDL-LinearAlgebra-0.41-0/Trans'
"/home/sand/src/perl/repoperls/installed-perls/host/k93msid/v5.28.3/8854/bin/perl" -MExtUtils::Command::MM -e 'cp_nonempty' -- Trans.bs ../blib/arch/auto/PDL/LinearAlgebra/Trans/Trans.bs 644
No tests defined for PDL::LinearAlgebra::Trans extension.
make[1]: Leaving directory '/tmp/loop_over_bdir-788307-2rU0Il/PDL-LinearAlgebra-0.41-0/Trans'
PERL_DL_NONLAZY=1 "/home/sand/src/perl/repoperls/installed-perls/host/k93msid/v5.28.3/8854/bin/perl" "-MExtUtils::Command::MM" "-MTest::Harness" "-e" "undef *Test::Harness::Switches; test_harness(0, 'blib/lib', 'blib/arch')" t/*.t
t/1.t ...... ok

#   Failed test '2nd diff. cgtsv in D=3'
#   at t/cgtsv.t line 34.
# info: 0
# Got: [0.5i 0.5i 0.5i]
# Expected: [1.5i 2i 1.5i]

#   Failed test '2nd diff. cgtsv in D=4'
#   at t/cgtsv.t line 34.
# info: 0
# Got: [0.5i 0.5i 0.5i 0.5i]
# Expected: [2i 3i 3i 2i]

#   Failed test '2nd diff. cgtsv in D=5'
#   at t/cgtsv.t line 34.
# info: 0
# Got: [0.5i 0.5i 0.5i 0.5i 0.5i]
# Expected: [2.5i 4i 4.5i 4i 2.5i]

#   Failed test '2nd diff. cgtsv in D=6'
#   at t/cgtsv.t line 34.
# info: 0
# Got: [0.5i 0.5i 0.5i 0.5i 0.5i 0.5i]
# Expected: [3i 5i 6i 6i 5i 3i]

#   Failed test '2nd diff. cgtsv in D=7'
#   at t/cgtsv.t line 34.
# info: 0
# Got: [0.5i 0.5i 0.5i 0.5i 0.5i 0.5i 0.5i]
# Expected: [3.5i 6i 7.5i 8i 7.5i 6i 3.5i]

#   Failed test '2nd diff. cgtsv in D=8'
#   at t/cgtsv.t line 34.
# info: 0
# Got: [0.5i 0.5i 0.5i 0.5i 0.5i 0.5i 0.5i 0.5i]
# Expected: [4i 7i 9i 10i 10i 9i 7i 4i]

#   Failed test '2nd diff. cgtsv in D=9'
#   at t/cgtsv.t line 34.
# info: 0
# Got: [0.5i 0.5i 0.5i 0.5i 0.5i 0.5i 0.5i 0.5i 0.5i]
# Expected: [4.5i 8i 10.5i 12i 12.5i 12i 10.5i 8i 4.5i]

#   Failed test '2nd diff. cgtsv in D=10'
#   at t/cgtsv.t line 34.
# info: 0
# Got: [0.5i 0.5i 0.5i 0.5i 0.5i 0.5i 0.5i 0.5i 0.5i 0.5i]
# Expected: [5i 9i 12i 14i 15i 15i 14i 12i 9i 5i]

#   Failed test '2nd diff. cgtsv in D=11'
#   at t/cgtsv.t line 34.
# info: 0
# Got: [0.5i 0.5i 0.5i 0.5i 0.5i 0.5i 0.5i 0.5i 0.5i 0.5i 0.5i]
# Expected: [5.5i 10i 13.5i 16i 17.5i 18i 17.5i 16i 13.5i 10i 5.5i]

#   Failed test '2nd diff. cgtsv in D=12'
#   at t/cgtsv.t line 34.
# info: 0
# Got: [0.5i 0.5i 0.5i 0.5i 0.5i 0.5i 0.5i 0.5i 0.5i 0.5i 0.5i 0.5i]
# Expected: [6i 11i 15i 18i 20i 21i 21i 20i 18i 15i 11i 6i]
# Looks like you failed 10 tests of 20.
t/cgtsv.t .. 
Dubious, test returned 10 (wstat 2560, 0xa00)
Failed 10/20 subtests 
t/gtsv.t ... ok

Test Summary Report
-------------------
t/cgtsv.t (Wstat: 2560 (exited 10) Tests: 20 Failed: 10)
  Failed tests:  11-20
  Non-zero exit status: 10
Files=3, Tests=283,  6 wallclock secs ( 0.06 usr  0.10 sys +  1.07 cusr  0.20 csys =  1.43 CPU)
Result: FAIL
Failed 1/3 test programs. 10/283 subtests failed.
make: *** [Makefile:955: test_dynamic] Error 255

------------------------------
PREREQUISITES
------------------------------

Prerequisite modules loaded:

requires:

    Module              Need  Have    
    ------------------- ----- --------
    PDL                 2.091 2.093   

build_requires:

    Module              Need  Have    
    ------------------- ----- --------
    ExtUtils::MakeMaker 0     7.71_02 
    Test::More          0.88  1.302199

configure_requires:

    Module              Need  Have    
    ------------------- ----- --------
    Devel::CheckLib     0     1.16    
    ExtUtils::F77       1.26  1.26    
    PDL                 2.091 2.093   


------------------------------
ENVIRONMENT AND OTHER CONTEXT
------------------------------

Environment variables:

    AUTOMATED_TESTING = 1
    LANG = en_US.UTF-8
    LANGUAGE = en_US:en
    PATH = /home/sand/bin:/usr/local/bin:/usr/bin:/bin:/usr/games:/usr/local/perl/bin:/usr/X11/bin:/sbin:/usr/sbin
    PERL5LIB = 
    PERL5OPT = 
    PERL5_CPANPLUS_IS_RUNNING = 284862
    PERL5_CPAN_IS_RUNNING = 284862
    PERL_CANARY_STABILITY_NOPROMPT = 1
    PERL_MM_USE_DEFAULT = 1
    PERL_USE_UNSAFE_INC = 1
    SHELL = /usr/bin/zsh
    TERM = screen

Perl special variables (and OS-specific diagnostics, for MSWin32):

    $^X = /home/sand/src/perl/repoperls/installed-perls/host/k93msid/v5.28.3/8854/bin/perl
    $UID/$EUID = 1005 / 1005
    $GID = 1005 1005
    $EGID = 1005 1005

Perl module toolchain versions installed:

    Module              Have    
    ------------------- --------
    CPAN                2.33    
    CPAN::Meta          2.150010
    Cwd                 3.75    
    ExtUtils::CBuilder  0.280236
    ExtUtils::Command   7.71_02 
    ExtUtils::Install   2.22    
    ExtUtils::MakeMaker 7.71_02 
    ExtUtils::Manifest  1.75    
    ExtUtils::ParseXS   3.51    
    File::Spec          3.75    
    JSON                4.10    
    JSON::PP            4.16    
    Module::Build       0.4234  
    Module::Signature   0.88    
    Parse::CPAN::Meta   2.150010
    Test2               1.302199
    Test::Harness       3.49_02 
    Test::More          1.302199
    YAML                1.30    
    YAML::Syck          1.34    
    version             0.9929  


--

Summary of my perl5 (revision 5 version 28 subversion 3) configuration:
  Derived from: ae49126f3ca2352fb49d7121a769189bf31e6f72
  Platform:
    osname=linux
    osvers=5.16.0-5-amd64
    archname=x86_64-linux-thread-multi-ld
    uname='linux k93msid 5.16.0-5-amd64 #1 smp preempt debian 5.16.14-1 (2022-03-15) x86_64 gnulinux '
    config_args='-Dprefix=/home/sand/src/perl/repoperls/installed-perls/host/k93msid/v5.28.3/8854 -Dmyhostname=k93msid -Dinstallusrbinperl=n -Uversiononly -Dusedevel -des -Ui_db -Dlibswanted=cl pthread socket inet nsl gdbm dbm malloc dl ld sun m crypt sec util c cposix posix ucb BSD gdbm_compat -Duseithreads -Duselongdouble -DEBUGGING=-g'
    hint=recommended
    useposix=true
    d_sigaction=define
    useithreads=define
    usemultiplicity=define
    use64bitint=define
    use64bitall=define
    uselongdouble=define
    usemymalloc=n
    default_inc_excludes_dot=define
    bincompat5005=undef
  Compiler:
    cc='cc'
    ccflags ='-D_REENTRANT -D_GNU_SOURCE -fwrapv -fno-strict-aliasing -pipe -fstack-protector-strong -I/usr/local/include -D_LARGEFILE_SOURCE -D_FILE_OFFSET_BITS=64 -D_FORTIFY_SOURCE=2'
    optimize='-O2 -g'
    cppflags='-D_REENTRANT -D_GNU_SOURCE -fwrapv -fno-strict-aliasing -pipe -fstack-protector-strong -I/usr/local/include'
    ccversion=''
    gccversion='11.2.0'
    gccosandvers=''
    intsize=4
    longsize=8
    ptrsize=8
    doublesize=8
    byteorder=12345678
    doublekind=3
    d_longlong=define
    longlongsize=8
    d_longdbl=define
    longdblsize=16
    longdblkind=3
    ivtype='long'
    ivsize=8
    nvtype='long double'
    nvsize=16
    Off_t='off_t'
    lseeksize=8
    alignbytes=16
    prototype=define
  Linker and Libraries:
    ld='cc'
    ldflags =' -fstack-protector-strong -L/usr/local/lib'
    libpth=/usr/local/lib /usr/include/x86_64-linux-gnu /usr/lib /lib/x86_64-linux-gnu /lib/../lib /usr/lib/x86_64-linux-gnu /usr/lib/../lib /lib
    libs=-lpthread -lnsl -ldl -lm -lcrypt -lutil -lc
    perllibs=-lpthread -lnsl -ldl -lm -lcrypt -lutil -lc
    libc=libc-2.33.so
    so=so
    useshrplib=false
    libperl=libperl.a
    gnulibc_version='2.33'
  Dynamic Linking:
    dlsrc=dl_dlopen.xs
    dlext=so
    d_dlsymun=undef
    ccdlflags='-Wl,-E'
    cccdlflags='-fPIC'
    lddlflags='-shared -O2 -g -L/usr/local/lib -fstack-protector-strong'


Characteristics of this binary (from libperl): 
  Compile-time options:
    HAS_TIMES
    MULTIPLICITY
    PERLIO_LAYERS
    PERL_COPY_ON_WRITE
    PERL_DONT_CREATE_GVSV
    PERL_IMPLICIT_CONTEXT
    PERL_MALLOC_WRAP
    PERL_OP_PARENT
    PERL_PRESERVE_IVUV
    PERL_USE_DEVEL
    USE_64_BIT_ALL
    USE_64_BIT_INT
    USE_ITHREADS
    USE_LARGE_FILES
    USE_LOCALE
    USE_LOCALE_COLLATE
    USE_LOCALE_CTYPE
    USE_LOCALE_NUMERIC
    USE_LOCALE_TIME
    USE_LONG_DOUBLE
    USE_PERLIO
    USE_PERL_ATOF
    USE_REENTRANT_API
  Locally applied patches:
    uncommitted-changes
  Built under linux
  Compiled at Mar 18 2022 14:52:23
  %ENV:
    PERL5LIB=""
    PERL5OPT=""
    PERL5_CPANPLUS_IS_RUNNING="284862"
    PERL5_CPAN_IS_RUNNING="284862"
    PERL_CANARY_STABILITY_NOPROMPT="1"
    PERL_MM_USE_DEFAULT="1"
    PERL_USE_UNSAFE_INC="1"
  @INC:
    /home/sand/src/perl/repoperls/installed-perls/host/k93msid/v5.28.3/8854/lib/site_perl/5.28.3/x86_64-linux-thread-multi-ld
    /home/sand/src/perl/repoperls/installed-perls/host/k93msid/v5.28.3/8854/lib/site_perl/5.28.3
    /home/sand/src/perl/repoperls/installed-perls/host/k93msid/v5.28.3/8854/lib/5.28.3/x86_64-linux-thread-multi-ld
    /home/sand/src/perl/repoperls/installed-perls/host/k93msid/v5.28.3/8854/lib/5.28.3
    .