Back
From: metabase:user:9820532a-708b-1014-9a05-b18a96298da1
Subject: FAIL Parse-FixedRecord-0.02 v5.15.2 FreeBSD
Date: 2011-08-29T11:22:35Z
This distribution has been tested as part of the CPAN Testers
project, supporting the Perl programming language. See
http://wiki.cpantesters.org/ for more information or email
questions to cpan-testers-discuss@perl.org
--
Dear osfameron,
This is a computer-generated report for Parse-FixedRecord-0.02
on perl 5.15.2, created by CPAN-Reporter-1.2002.
Thank you for uploading your work to CPAN. However, there was a problem
testing your distribution.
If you think this report is invalid, please consult the CPAN Testers Wiki
for suggestions on how to avoid getting FAIL reports for missing library
or binary dependencies, unsupported operating systems, and so on:
http://wiki.cpantesters.org/wiki/CPANAuthorNotes
Sections of this report:
* Tester comments
* Program output
* Prerequisites
* Environment and other context
------------------------------
TESTER COMMENTS
------------------------------
Additional comments from tester:
this report is from an automated smoke testing program
and was not reviewed by a human for accuracy
------------------------------
PROGRAM OUTPUT
------------------------------
Output from '/usr/bin/make test':
PERL_DL_NONLAZY=1 /home/test/perl5/perlbrew/perls/perl-5.15.2/bin/perl5.15.2 "-MExtUtils::Command::MM" "-e" "test_harness(0, 'inc', 'blib/lib', 'blib/arch')" t/00-load.t t/01-basic.t t/02-error.t t/03-table.t t/boilerplate.t t/pod-coverage.t t/pod.t
# Testing Parse::FixedRecord 0.02, Perl 5.015002, /home/test/perl5/perlbrew/perls/perl-5.15.2/bin/perl5.15.2
t/00-load.t ....... ok
Couldn't load class (Parse::FixedRecord::Row) because: Can't locate any of Moose::Meta::Attribute::Custom::Collection::Array Collection::Array in @INC (@INC contains: /usr/home/test/.cpan/build/Parse-FixedRecord-0.02-8aOXSN/t/lib /usr/home/test/.cpan/build/Parse-FixedRecord-0.02-8aOXSN/inc /usr/home/test/.cpan/build/Parse-FixedRecord-0.02-8aOXSN/blib/lib /usr/home/test/.cpan/build/Parse-FixedRecord-0.02-8aOXSN/blib/arch /home/test/perl5/perlbrew/perls/perl-5.15.2/lib/site_perl/5.15.2/amd64-freebsd /home/test/perl5/perlbrew/perls/perl-5.15.2/lib/site_perl/5.15.2 /home/test/perl5/perlbrew/perls/perl-5.15.2/lib/5.15.2/amd64-freebsd /home/test/perl5/perlbrew/perls/perl-5.15.2/lib/5.15.2 .). at /home/test/perl5/perlbrew/perls/perl-5.15.2/lib/site_perl/5.15.2/amd64-freebsd/Class/MOP.pm line 133
Class::MOP::load_first_existing_class('Moose::Meta::Attribute::Custom::Collection::Array', 'Collection::Array') called at /home/test/perl5/perlbrew/perls/perl-5.15.2/lib/site_perl/5.15.2/amd64-freebsd/Moose/Util.pm line 224
Moose::Util::resolve_metaclass_alias('Attribute', 'Collection::Array') called at /home/test/perl5/perlbrew/perls/perl-5.15.2/lib/site_perl/5.15.2/amd64-freebsd/Moose/Meta/Attribute.pm line 123
Moose::Meta::Attribute::interpolate_class('Moose::Meta::Attribute', 'HASH(0x8022bdd38)') called at /home/test/perl5/perlbrew/perls/perl-5.15.2/lib/site_perl/5.15.2/amd64-freebsd/Moose/Meta/Attribute.pm line 112
Moose::Meta::Attribute::interpolate_class_and_new('Moose::Meta::Attribute', 'fields', 'provides', 'HASH(0x8010575a0)', 'metaclass', 'Collection::Array', 'isa', 'ArrayRef[Str|My::MMA]', 'definition_context', ...) called at /home/test/perl5/perlbrew/perls/perl-5.15.2/lib/site_perl/5.15.2/MooseX/ClassAttribute/Trait/Class.pm line 99
MooseX::ClassAttribute::Trait::Class::_process_new_class_attribute('Moose::Meta::Class::__ANON__::SERIAL::1=HASH(0x8029c4eb8)', 'fields', 'provides', 'HASH(0x8010575a0)', 'metaclass', 'Collection::Array', 'isa', 'ArrayRef[Str|My::MMA]', 'default', ...) called at /home/test/perl5/perlbrew/perls/perl-5.15.2/lib/site_perl/5.15.2/MooseX/ClassAttribute/Trait/Class.pm line 83
MooseX::ClassAttribute::Trait::Class::_process_class_attribute('Moose::Meta::Class::__ANON__::SERIAL::1=HASH(0x8029c4eb8)', 'fields', 'provides', 'HASH(0x8010575a0)', 'metaclass', 'Collection::Array', 'isa', 'ArrayRef[Str|My::MMA]', 'default', ...) called at /home/test/perl5/perlbrew/perls/perl-5.15.2/lib/site_perl/5.15.2/MooseX/ClassAttribute/Trait/Class.pm line 35
Class::MOP::Class:::around('CODE(0x8028397c8)', 'Moose::Meta::Class::__ANON__::SERIAL::1=HASH(0x8029c4eb8)', 'fields', 'provides', 'HASH(0x8010575a0)', 'metaclass', 'Collection::Array', 'isa', 'ArrayRef[Str|My::MMA]', ...) called at /home/test/perl5/perlbrew/perls/perl-5.15.2/lib/site_perl/5.15.2/amd64-freebsd/Class/MOP/Method/Wrapped.pm line 162
Class::MOP::Method::Wrapped::__ANON__('Moose::Meta::Class::__ANON__::SERIAL::1=HASH(0x8029c4eb8)', 'fields', 'provides', 'HASH(0x8010575a0)', 'metaclass', 'Collection::Array', 'isa', 'ArrayRef[Str|My::MMA]', 'default', ...) called at /home/test/perl5/perlbrew/perls/perl-5.15.2/lib/site_perl/5.15.2/amd64-freebsd/Class/MOP/Method/Wrapped.pm line 91
Moose::Meta::Class::__ANON__::SERIAL::1::add_class_attribute('Moose::Meta::Class::__ANON__::SERIAL::1=HASH(0x8029c4eb8)', 'fields', 'provides', 'HASH(0x8010575a0)', 'metaclass', 'Collection::Array', 'isa', 'ArrayRef[Str|My::MMA]', 'default', ...) called at /home/test/perl5/perlbrew/perls/perl-5.15.2/lib/site_perl/5.15.2/MooseX/ClassAttribute.pm line 39
MooseX::ClassAttribute::class_has('Moose::Meta::Class::__ANON__::SERIAL::1=HASH(0x8029c4eb8)', 'fields', 'metaclass', 'Collection::Array', 'default', 'CODE(0x801057648)', 'is', 'rw', 'isa', ...) called at /home/test/perl5/perlbrew/perls/perl-5.15.2/lib/site_perl/5.15.2/amd64-freebsd/Moose/Exporter.pm line 356
MooseX::ClassAttribute::class_has('fields', 'metaclass', 'Collection::Array', 'default', 'CODE(0x801057648)', 'is', 'rw', 'isa', 'ArrayRef[Str|My::MMA]', ...) called at /usr/home/test/.cpan/build/Parse-FixedRecord-0.02-8aOXSN/blib/lib/Parse/FixedRecord/Row.pm line 55
require Parse/FixedRecord/Row.pm called at /home/test/perl5/perlbrew/perls/perl-5.15.2/lib/site_perl/5.15.2/amd64-freebsd/Class/MOP.pm line 117
Class::MOP::__ANON__() called at /home/test/perl5/perlbrew/perls/perl-5.15.2/lib/site_perl/5.15.2/Try/Tiny.pm line 71
eval {...} called at /home/test/perl5/perlbrew/perls/perl-5.15.2/lib/site_perl/5.15.2/Try/Tiny.pm line 67
Try::Tiny::try('CODE(0x80100d798)', 'Try::Tiny::Catch=REF(0x802531888)') called at /home/test/perl5/perlbrew/perls/perl-5.15.2/lib/site_perl/5.15.2/amd64-freebsd/Class/MOP.pm line 128
Class::MOP::load_first_existing_class('Parse::FixedRecord::Row') called at /home/test/perl5/perlbrew/perls/perl-5.15.2/lib/site_perl/5.15.2/amd64-freebsd/Class/MOP.pm line 140
Class::MOP::load_class('Parse::FixedRecord::Row', undef) called at /home/test/perl5/perlbrew/perls/perl-5.15.2/lib/site_perl/5.15.2/amd64-freebsd/Moose/Meta/Class.pm line 554
Moose::Meta::Class::superclasses(undef, 'Parse::FixedRecord::Row') called at /home/test/perl5/perlbrew/perls/perl-5.15.2/lib/site_perl/5.15.2/amd64-freebsd/Moose.pm line 61
Moose::extends('Moose::Meta::Class=HASH(0x802564e40)', 'Parse::FixedRecord::Row') called at /home/test/perl5/perlbrew/perls/perl-5.15.2/lib/site_perl/5.15.2/amd64-freebsd/Moose/Exporter.pm line 356
Moose::extends('Parse::FixedRecord::Row') called at /usr/home/test/.cpan/build/Parse-FixedRecord-0.02-8aOXSN/t/lib/Row/Test.pm line 3
require Row/Test.pm called at t/01-basic.t line 8
main::BEGIN() called at /usr/home/test/.cpan/build/Parse-FixedRecord-0.02-8aOXSN/blib/lib/Parse/FixedRecord/Row.pm line 0
eval {...} called at /usr/home/test/.cpan/build/Parse-FixedRecord-0.02-8aOXSN/blib/lib/Parse/FixedRecord/Row.pm line 0
Compilation failed in require at /home/test/perl5/perlbrew/perls/perl-5.15.2/lib/site_perl/5.15.2/amd64-freebsd/Class/MOP.pm line 117.
at /home/test/perl5/perlbrew/perls/perl-5.15.2/lib/site_perl/5.15.2/amd64-freebsd/Class/MOP.pm line 123
Class::MOP::__ANON__('Can\'t locate any of Moose::Meta::Attribute::Custom::Collecti...') called at /home/test/perl5/perlbrew/perls/perl-5.15.2/lib/site_perl/5.15.2/Try/Tiny.pm line 100
Try::Tiny::try('CODE(0x80100d798)', 'Try::Tiny::Catch=REF(0x802531888)') called at /home/test/perl5/perlbrew/perls/perl-5.15.2/lib/site_perl/5.15.2/amd64-freebsd/Class/MOP.pm line 128
Class::MOP::load_first_existing_class('Parse::FixedRecord::Row') called at /home/test/perl5/perlbrew/perls/perl-5.15.2/lib/site_perl/5.15.2/amd64-freebsd/Class/MOP.pm line 140
Class::MOP::load_class('Parse::FixedRecord::Row', undef) called at /home/test/perl5/perlbrew/perls/perl-5.15.2/lib/site_perl/5.15.2/amd64-freebsd/Moose/Meta/Class.pm line 554
Moose::Meta::Class::superclasses(undef, 'Parse::FixedRecord::Row') called at /home/test/perl5/perlbrew/perls/perl-5.15.2/lib/site_perl/5.15.2/amd64-freebsd/Moose.pm line 61
Moose::extends('Moose::Meta::Class=HASH(0x802564e40)', 'Parse::FixedRecord::Row') called at /home/test/perl5/perlbrew/perls/perl-5.15.2/lib/site_perl/5.15.2/amd64-freebsd/Moose/Exporter.pm line 356
Moose::extends('Parse::FixedRecord::Row') called at /usr/home/test/.cpan/build/Parse-FixedRecord-0.02-8aOXSN/t/lib/Row/Test.pm line 3
require Row/Test.pm called at t/01-basic.t line 8
main::BEGIN() called at /usr/home/test/.cpan/build/Parse-FixedRecord-0.02-8aOXSN/t/lib/Row/Test.pm line 0
eval {...} called at /usr/home/test/.cpan/build/Parse-FixedRecord-0.02-8aOXSN/t/lib/Row/Test.pm line 0
Compilation failed in require at t/01-basic.t line 8.
BEGIN failed--compilation aborted at t/01-basic.t line 8.
# Looks like your test exited with 2 before it could output anything.
t/01-basic.t ......
Dubious, test returned 2 (wstat 512, 0x200)
Failed 13/13 subtests
Couldn't load class (Parse::FixedRecord::Row) because: Can't locate any of Moose::Meta::Attribute::Custom::Collection::Array Collection::Array in @INC (@INC contains: /usr/home/test/.cpan/build/Parse-FixedRecord-0.02-8aOXSN/t/lib /usr/home/test/.cpan/build/Parse-FixedRecord-0.02-8aOXSN/inc /usr/home/test/.cpan/build/Parse-FixedRecord-0.02-8aOXSN/blib/lib /usr/home/test/.cpan/build/Parse-FixedRecord-0.02-8aOXSN/blib/arch /home/test/perl5/perlbrew/perls/perl-5.15.2/lib/site_perl/5.15.2/amd64-freebsd /home/test/perl5/perlbrew/perls/perl-5.15.2/lib/site_perl/5.15.2 /home/test/perl5/perlbrew/perls/perl-5.15.2/lib/5.15.2/amd64-freebsd /home/test/perl5/perlbrew/perls/perl-5.15.2/lib/5.15.2 .). at /home/test/perl5/perlbrew/perls/perl-5.15.2/lib/site_perl/5.15.2/amd64-freebsd/Class/MOP.pm line 133
Class::MOP::load_first_existing_class('Moose::Meta::Attribute::Custom::Collection::Array', 'Collection::Array') called at /home/test/perl5/perlbrew/perls/perl-5.15.2/lib/site_perl/5.15.2/amd64-freebsd/Moose/Util.pm line 224
Moose::Util::resolve_metaclass_alias('Attribute', 'Collection::Array') called at /home/test/perl5/perlbrew/perls/perl-5.15.2/lib/site_perl/5.15.2/amd64-freebsd/Moose/Meta/Attribute.pm line 123
Moose::Meta::Attribute::interpolate_class('Moose::Meta::Attribute', 'HASH(0x8022d6ea0)') called at /home/test/perl5/perlbrew/perls/perl-5.15.2/lib/site_perl/5.15.2/amd64-freebsd/Moose/Meta/Attribute.pm line 112
Moose::Meta::Attribute::interpolate_class_and_new('Moose::Meta::Attribute', 'fields', 'provides', 'HASH(0x80108c708)', 'metaclass', 'Collection::Array', 'isa', 'ArrayRef[Str|My::MMA]', 'definition_context', ...) called at /home/test/perl5/perlbrew/perls/perl-5.15.2/lib/site_perl/5.15.2/MooseX/ClassAttribute/Trait/Class.pm line 99
MooseX::ClassAttribute::Trait::Class::_process_new_class_attribute('Moose::Meta::Class::__ANON__::SERIAL::1=HASH(0x8029e5048)', 'fields', 'provides', 'HASH(0x80108c708)', 'metaclass', 'Collection::Array', 'isa', 'ArrayRef[Str|My::MMA]', 'default', ...) called at /home/test/perl5/perlbrew/perls/perl-5.15.2/lib/site_perl/5.15.2/MooseX/ClassAttribute/Trait/Class.pm line 83
MooseX::ClassAttribute::Trait::Class::_process_class_attribute('Moose::Meta::Class::__ANON__::SERIAL::1=HASH(0x8029e5048)', 'fields', 'provides', 'HASH(0x80108c708)', 'metaclass', 'Collection::Array', 'isa', 'ArrayRef[Str|My::MMA]', 'default', ...) called at /home/test/perl5/perlbrew/perls/perl-5.15.2/lib/site_perl/5.15.2/MooseX/ClassAttribute/Trait/Class.pm line 35
Class::MOP::Class:::around('CODE(0x802853930)', 'Moose::Meta::Class::__ANON__::SERIAL::1=HASH(0x8029e5048)', 'fields', 'provides', 'HASH(0x80108c708)', 'metaclass', 'Collection::Array', 'isa', 'ArrayRef[Str|My::MMA]', ...) called at /home/test/perl5/perlbrew/perls/perl-5.15.2/lib/site_perl/5.15.2/amd64-freebsd/Class/MOP/Method/Wrapped.pm line 162
Class::MOP::Method::Wrapped::__ANON__('Moose::Meta::Class::__ANON__::SERIAL::1=HASH(0x8029e5048)', 'fields', 'provides', 'HASH(0x80108c708)', 'metaclass', 'Collection::Array', 'isa', 'ArrayRef[Str|My::MMA]', 'default', ...) called at /home/test/perl5/perlbrew/perls/perl-5.15.2/lib/site_perl/5.15.2/amd64-freebsd/Class/MOP/Method/Wrapped.pm line 91
Moose::Meta::Class::__ANON__::SERIAL::1::add_class_attribute('Moose::Meta::Class::__ANON__::SERIAL::1=HASH(0x8029e5048)', 'fields', 'provides', 'HASH(0x80108c708)', 'metaclass', 'Collection::Array', 'isa', 'ArrayRef[Str|My::MMA]', 'default', ...) called at /home/test/perl5/perlbrew/perls/perl-5.15.2/lib/site_perl/5.15.2/MooseX/ClassAttribute.pm line 39
MooseX::ClassAttribute::class_has('Moose::Meta::Class::__ANON__::SERIAL::1=HASH(0x8029e5048)', 'fields', 'metaclass', 'Collection::Array', 'default', 'CODE(0x80108c7b0)', 'is', 'rw', 'isa', ...) called at /home/test/perl5/perlbrew/perls/perl-5.15.2/lib/site_perl/5.15.2/amd64-freebsd/Moose/Exporter.pm line 356
MooseX::ClassAttribute::class_has('fields', 'metaclass', 'Collection::Array', 'default', 'CODE(0x80108c7b0)', 'is', 'rw', 'isa', 'ArrayRef[Str|My::MMA]', ...) called at /usr/home/test/.cpan/build/Parse-FixedRecord-0.02-8aOXSN/blib/lib/Parse/FixedRecord/Row.pm line 55
require Parse/FixedRecord/Row.pm called at /home/test/perl5/perlbrew/perls/perl-5.15.2/lib/site_perl/5.15.2/amd64-freebsd/Class/MOP.pm line 117
Class::MOP::__ANON__() called at /home/test/perl5/perlbrew/perls/perl-5.15.2/lib/site_perl/5.15.2/Try/Tiny.pm line 71
eval {...} called at /home/test/perl5/perlbrew/perls/perl-5.15.2/lib/site_perl/5.15.2/Try/Tiny.pm line 67
Try::Tiny::try('CODE(0x800f8b420)', 'Try::Tiny::Catch=REF(0x80254b9f0)') called at /home/test/perl5/perlbrew/perls/perl-5.15.2/lib/site_perl/5.15.2/amd64-freebsd/Class/MOP.pm line 128
Class::MOP::load_first_existing_class('Parse::FixedRecord::Row') called at /home/test/perl5/perlbrew/perls/perl-5.15.2/lib/site_perl/5.15.2/amd64-freebsd/Class/MOP.pm line 140
Class::MOP::load_class('Parse::FixedRecord::Row', undef) called at /home/test/perl5/perlbrew/perls/perl-5.15.2/lib/site_perl/5.15.2/amd64-freebsd/Moose/Meta/Class.pm line 554
Moose::Meta::Class::superclasses(undef, 'Parse::FixedRecord::Row') called at /home/test/perl5/perlbrew/perls/perl-5.15.2/lib/site_perl/5.15.2/amd64-freebsd/Moose.pm line 61
Moose::extends('Moose::Meta::Class=HASH(0x802579fa8)', 'Parse::FixedRecord::Row') called at /home/test/perl5/perlbrew/perls/perl-5.15.2/lib/site_perl/5.15.2/amd64-freebsd/Moose/Exporter.pm line 356
Moose::extends('Parse::FixedRecord::Row') called at /usr/home/test/.cpan/build/Parse-FixedRecord-0.02-8aOXSN/t/lib/Row/Test.pm line 3
require Row/Test.pm called at t/02-error.t line 9
main::BEGIN() called at /usr/home/test/.cpan/build/Parse-FixedRecord-0.02-8aOXSN/blib/lib/Parse/FixedRecord/Row.pm line 0
eval {...} called at /usr/home/test/.cpan/build/Parse-FixedRecord-0.02-8aOXSN/blib/lib/Parse/FixedRecord/Row.pm line 0
Compilation failed in require at /home/test/perl5/perlbrew/perls/perl-5.15.2/lib/site_perl/5.15.2/amd64-freebsd/Class/MOP.pm line 117.
at /home/test/perl5/perlbrew/perls/perl-5.15.2/lib/site_perl/5.15.2/amd64-freebsd/Class/MOP.pm line 123
Class::MOP::__ANON__('Can\'t locate any of Moose::Meta::Attribute::Custom::Collecti...') called at /home/test/perl5/perlbrew/perls/perl-5.15.2/lib/site_perl/5.15.2/Try/Tiny.pm line 100
Try::Tiny::try('CODE(0x800f8b420)', 'Try::Tiny::Catch=REF(0x80254b9f0)') called at /home/test/perl5/perlbrew/perls/perl-5.15.2/lib/site_perl/5.15.2/amd64-freebsd/Class/MOP.pm line 128
Class::MOP::load_first_existing_class('Parse::FixedRecord::Row') called at /home/test/perl5/perlbrew/perls/perl-5.15.2/lib/site_perl/5.15.2/amd64-freebsd/Class/MOP.pm line 140
Class::MOP::load_class('Parse::FixedRecord::Row', undef) called at /home/test/perl5/perlbrew/perls/perl-5.15.2/lib/site_perl/5.15.2/amd64-freebsd/Moose/Meta/Class.pm line 554
Moose::Meta::Class::superclasses(undef, 'Parse::FixedRecord::Row') called at /home/test/perl5/perlbrew/perls/perl-5.15.2/lib/site_perl/5.15.2/amd64-freebsd/Moose.pm line 61
Moose::extends('Moose::Meta::Class=HASH(0x802579fa8)', 'Parse::FixedRecord::Row') called at /home/test/perl5/perlbrew/perls/perl-5.15.2/lib/site_perl/5.15.2/amd64-freebsd/Moose/Exporter.pm line 356
Moose::extends('Parse::FixedRecord::Row') called at /usr/home/test/.cpan/build/Parse-FixedRecord-0.02-8aOXSN/t/lib/Row/Test.pm line 3
require Row/Test.pm called at t/02-error.t line 9
main::BEGIN() called at /usr/home/test/.cpan/build/Parse-FixedRecord-0.02-8aOXSN/t/lib/Row/Test.pm line 0
eval {...} called at /usr/home/test/.cpan/build/Parse-FixedRecord-0.02-8aOXSN/t/lib/Row/Test.pm line 0
Compilation failed in require at t/02-error.t line 9.
BEGIN failed--compilation aborted at t/02-error.t line 9.
# Looks like your test exited with 2 before it could output anything.
t/02-error.t ......
Dubious, test returned 2 (wstat 512, 0x200)
Failed 1/1 subtests
Couldn't load class (Parse::FixedRecord::Row) because: Can't locate any of Moose::Meta::Attribute::Custom::Collection::Array Collection::Array in @INC (@INC contains: /usr/home/test/.cpan/build/Parse-FixedRecord-0.02-8aOXSN/t/lib /usr/home/test/.cpan/build/Parse-FixedRecord-0.02-8aOXSN/inc /usr/home/test/.cpan/build/Parse-FixedRecord-0.02-8aOXSN/blib/lib /usr/home/test/.cpan/build/Parse-FixedRecord-0.02-8aOXSN/blib/arch /home/test/perl5/perlbrew/perls/perl-5.15.2/lib/site_perl/5.15.2/amd64-freebsd /home/test/perl5/perlbrew/perls/perl-5.15.2/lib/site_perl/5.15.2 /home/test/perl5/perlbrew/perls/perl-5.15.2/lib/5.15.2/amd64-freebsd /home/test/perl5/perlbrew/perls/perl-5.15.2/lib/5.15.2 .). at /home/test/perl5/perlbrew/perls/perl-5.15.2/lib/site_perl/5.15.2/amd64-freebsd/Class/MOP.pm line 133
Class::MOP::load_first_existing_class('Moose::Meta::Attribute::Custom::Collection::Array', 'Collection::Array') called at /home/test/perl5/perlbrew/perls/perl-5.15.2/lib/site_perl/5.15.2/amd64-freebsd/Moose/Util.pm line 224
Moose::Util::resolve_metaclass_alias('Attribute', 'Collection::Array') called at /home/test/perl5/perlbrew/perls/perl-5.15.2/lib/site_perl/5.15.2/amd64-freebsd/Moose/Meta/Attribute.pm line 123
Moose::Meta::Attribute::interpolate_class('Moose::Meta::Attribute', 'HASH(0x8022bdd38)') called at /home/test/perl5/perlbrew/perls/perl-5.15.2/lib/site_perl/5.15.2/amd64-freebsd/Moose/Meta/Attribute.pm line 112
Moose::Meta::Attribute::interpolate_class_and_new('Moose::Meta::Attribute', 'fields', 'provides', 'HASH(0x8010575a0)', 'metaclass', 'Collection::Array', 'isa', 'ArrayRef[Str|My::MMA]', 'definition_context', ...) called at /home/test/perl5/perlbrew/perls/perl-5.15.2/lib/site_perl/5.15.2/MooseX/ClassAttribute/Trait/Class.pm line 99
MooseX::ClassAttribute::Trait::Class::_process_new_class_attribute('Moose::Meta::Class::__ANON__::SERIAL::1=HASH(0x8029c4eb8)', 'fields', 'provides', 'HASH(0x8010575a0)', 'metaclass', 'Collection::Array', 'isa', 'ArrayRef[Str|My::MMA]', 'default', ...) called at /home/test/perl5/perlbrew/perls/perl-5.15.2/lib/site_perl/5.15.2/MooseX/ClassAttribute/Trait/Class.pm line 83
MooseX::ClassAttribute::Trait::Class::_process_class_attribute('Moose::Meta::Class::__ANON__::SERIAL::1=HASH(0x8029c4eb8)', 'fields', 'provides', 'HASH(0x8010575a0)', 'metaclass', 'Collection::Array', 'isa', 'ArrayRef[Str|My::MMA]', 'default', ...) called at /home/test/perl5/perlbrew/perls/perl-5.15.2/lib/site_perl/5.15.2/MooseX/ClassAttribute/Trait/Class.pm line 35
Class::MOP::Class:::around('CODE(0x8028397c8)', 'Moose::Meta::Class::__ANON__::SERIAL::1=HASH(0x8029c4eb8)', 'fields', 'provides', 'HASH(0x8010575a0)', 'metaclass', 'Collection::Array', 'isa', 'ArrayRef[Str|My::MMA]', ...) called at /home/test/perl5/perlbrew/perls/perl-5.15.2/lib/site_perl/5.15.2/amd64-freebsd/Class/MOP/Method/Wrapped.pm line 162
Class::MOP::Method::Wrapped::__ANON__('Moose::Meta::Class::__ANON__::SERIAL::1=HASH(0x8029c4eb8)', 'fields', 'provides', 'HASH(0x8010575a0)', 'metaclass', 'Collection::Array', 'isa', 'ArrayRef[Str|My::MMA]', 'default', ...) called at /home/test/perl5/perlbrew/perls/perl-5.15.2/lib/site_perl/5.15.2/amd64-freebsd/Class/MOP/Method/Wrapped.pm line 91
Moose::Meta::Class::__ANON__::SERIAL::1::add_class_attribute('Moose::Meta::Class::__ANON__::SERIAL::1=HASH(0x8029c4eb8)', 'fields', 'provides', 'HASH(0x8010575a0)', 'metaclass', 'Collection::Array', 'isa', 'ArrayRef[Str|My::MMA]', 'default', ...) called at /home/test/perl5/perlbrew/perls/perl-5.15.2/lib/site_perl/5.15.2/MooseX/ClassAttribute.pm line 39
MooseX::ClassAttribute::class_has('Moose::Meta::Class::__ANON__::SERIAL::1=HASH(0x8029c4eb8)', 'fields', 'metaclass', 'Collection::Array', 'default', 'CODE(0x801057648)', 'is', 'rw', 'isa', ...) called at /home/test/perl5/perlbrew/perls/perl-5.15.2/lib/site_perl/5.15.2/amd64-freebsd/Moose/Exporter.pm line 356
MooseX::ClassAttribute::class_has('fields', 'metaclass', 'Collection::Array', 'default', 'CODE(0x801057648)', 'is', 'rw', 'isa', 'ArrayRef[Str|My::MMA]', ...) called at /usr/home/test/.cpan/build/Parse-FixedRecord-0.02-8aOXSN/blib/lib/Parse/FixedRecord/Row.pm line 55
require Parse/FixedRecord/Row.pm called at /home/test/perl5/perlbrew/perls/perl-5.15.2/lib/site_perl/5.15.2/amd64-freebsd/Class/MOP.pm line 117
Class::MOP::__ANON__() called at /home/test/perl5/perlbrew/perls/perl-5.15.2/lib/site_perl/5.15.2/Try/Tiny.pm line 71
eval {...} called at /home/test/perl5/perlbrew/perls/perl-5.15.2/lib/site_perl/5.15.2/Try/Tiny.pm line 67
Try::Tiny::try('CODE(0x80100d798)', 'Try::Tiny::Catch=REF(0x802531888)') called at /home/test/perl5/perlbrew/perls/perl-5.15.2/lib/site_perl/5.15.2/amd64-freebsd/Class/MOP.pm line 128
Class::MOP::load_first_existing_class('Parse::FixedRecord::Row') called at /home/test/perl5/perlbrew/perls/perl-5.15.2/lib/site_perl/5.15.2/amd64-freebsd/Class/MOP.pm line 140
Class::MOP::load_class('Parse::FixedRecord::Row', undef) called at /home/test/perl5/perlbrew/perls/perl-5.15.2/lib/site_perl/5.15.2/amd64-freebsd/Moose/Meta/Class.pm line 554
Moose::Meta::Class::superclasses(undef, 'Parse::FixedRecord::Row') called at /home/test/perl5/perlbrew/perls/perl-5.15.2/lib/site_perl/5.15.2/amd64-freebsd/Moose.pm line 61
Moose::extends('Moose::Meta::Class=HASH(0x802564e40)', 'Parse::FixedRecord::Row') called at /home/test/perl5/perlbrew/perls/perl-5.15.2/lib/site_perl/5.15.2/amd64-freebsd/Moose/Exporter.pm line 356
Moose::extends('Parse::FixedRecord::Row') called at /usr/home/test/.cpan/build/Parse-FixedRecord-0.02-8aOXSN/t/lib/Row/Test.pm line 3
require Row/Test.pm called at t/03-table.t line 8
main::BEGIN() called at /usr/home/test/.cpan/build/Parse-FixedRecord-0.02-8aOXSN/blib/lib/Parse/FixedRecord/Row.pm line 0
eval {...} called at /usr/home/test/.cpan/build/Parse-FixedRecord-0.02-8aOXSN/blib/lib/Parse/FixedRecord/Row.pm line 0
Compilation failed in require at /home/test/perl5/perlbrew/perls/perl-5.15.2/lib/site_perl/5.15.2/amd64-freebsd/Class/MOP.pm line 117.
at /home/test/perl5/perlbrew/perls/perl-5.15.2/lib/site_perl/5.15.2/amd64-freebsd/Class/MOP.pm line 123
Class::MOP::__ANON__('Can\'t locate any of Moose::Meta::Attribute::Custom::Collecti...') called at /home/test/perl5/perlbrew/perls/perl-5.15.2/lib/site_perl/5.15.2/Try/Tiny.pm line 100
Try::Tiny::try('CODE(0x80100d798)', 'Try::Tiny::Catch=REF(0x802531888)') called at /home/test/perl5/perlbrew/perls/perl-5.15.2/lib/site_perl/5.15.2/amd64-freebsd/Class/MOP.pm line 128
Class::MOP::load_first_existing_class('Parse::FixedRecord::Row') called at /home/test/perl5/perlbrew/perls/perl-5.15.2/lib/site_perl/5.15.2/amd64-freebsd/Class/MOP.pm line 140
Class::MOP::load_class('Parse::FixedRecord::Row', undef) called at /home/test/perl5/perlbrew/perls/perl-5.15.2/lib/site_perl/5.15.2/amd64-freebsd/Moose/Meta/Class.pm line 554
Moose::Meta::Class::superclasses(undef, 'Parse::FixedRecord::Row') called at /home/test/perl5/perlbrew/perls/perl-5.15.2/lib/site_perl/5.15.2/amd64-freebsd/Moose.pm line 61
Moose::extends('Moose::Meta::Class=HASH(0x802564e40)', 'Parse::FixedRecord::Row') called at /home/test/perl5/perlbrew/perls/perl-5.15.2/lib/site_perl/5.15.2/amd64-freebsd/Moose/Exporter.pm line 356
Moose::extends('Parse::FixedRecord::Row') called at /usr/home/test/.cpan/build/Parse-FixedRecord-0.02-8aOXSN/t/lib/Row/Test.pm line 3
require Row/Test.pm called at t/03-table.t line 8
main::BEGIN() called at /usr/home/test/.cpan/build/Parse-FixedRecord-0.02-8aOXSN/t/lib/Row/Test.pm line 0
eval {...} called at /usr/home/test/.cpan/build/Parse-FixedRecord-0.02-8aOXSN/t/lib/Row/Test.pm line 0
Compilation failed in require at t/03-table.t line 8.
BEGIN failed--compilation aborted at t/03-table.t line 8.
# Looks like your test exited with 2 before it could output anything.
t/03-table.t ......
Dubious, test returned 2 (wstat 512, 0x200)
Failed 1/1 subtests
t/boilerplate.t ... ok
t/pod-coverage.t .. ok
t/pod.t ........... ok
Test Summary Report
-------------------
t/01-basic.t (Wstat: 512 Tests: 0 Failed: 0)
Non-zero exit status: 2
Parse errors: Bad plan. You planned 13 tests but ran 0.
t/02-error.t (Wstat: 512 Tests: 0 Failed: 0)
Non-zero exit status: 2
Parse errors: Bad plan. You planned 1 tests but ran 0.
t/03-table.t (Wstat: 512 Tests: 0 Failed: 0)
Non-zero exit status: 2
Parse errors: Bad plan. You planned 1 tests but ran 0.
Files=7, Tests=10, 3 wallclock secs ( 0.05 usr 0.23 sys + 2.02 cusr 0.38 csys = 2.69 CPU)
Result: FAIL
Failed 3/7 test programs. 0/10 subtests failed.
*** Error code 255
Stop in /usr/home/test/.cpan/build/Parse-FixedRecord-0.02-8aOXSN.
------------------------------
PREREQUISITES
------------------------------
Prerequisite modules loaded:
requires:
Module Need Have
-------------------------- ---- ------
DateTime 0 0.70
DateTime::Format::Strptime 0 1.5000
ExtUtils::MakeMaker 6.42 6.59
List::Util 0 1.23
Moose 0 2.0204
MooseX::ClassAttribute 0 0.26
MooseX::Types 0 0.29
build_requires:
Module Need Have
-------------------------- ---- ------
ExtUtils::MakeMaker 0 6.59
configure_requires:
Module Need Have
-------------------------- ---- ------
ExtUtils::MakeMaker 6.42 6.59
------------------------------
ENVIRONMENT AND OTHER CONTEXT
------------------------------
Environment variables:
AUTOMATED_TESTING = 1
LANG = C
LC_ALL = C
PATH = /home/test/perl5/perlbrew/bin:/home/test/perl5/perlbrew/perls/perl-5.15.2/bin:~/bin:/sbin:/bin:/usr/sbin:/usr/bin:/usr/games:/usr/local/sbin:/usr/local/bin:/home/test/bin
PATH_WITHOUT_PERLBREW = ~/bin:/sbin:/bin:/usr/sbin:/usr/bin:/usr/games:/usr/local/sbin:/usr/local/bin:/home/test/bin
PERL5LIB =
PERL5OPT =
PERL5_CPANPLUS_IS_RUNNING = 76997
PERL5_CPAN_IS_RUNNING = 76997
PERL5_CPAN_IS_RUNNING_IN_RECURSION = 1126,76997
PERLBREW_HOME = /home/test/.perlbrew
PERLBREW_PATH = /home/test/perl5/perlbrew/bin:/home/test/perl5/perlbrew/perls/perl-5.15.2/bin
PERLBREW_PERL = perl-5.15.2
PERLBREW_ROOT = /home/test/perl5/perlbrew
PERLBREW_VERSION = 0.28
PERL_CPANM_OPT = --prompt --mirror http://172.16.1.3/cpan/
PERL_CR_SMOKER_CURRENT = Parse-FixedRecord-0.02
PERL_EXTUTILS_AUTOINSTALL = --defaultdeps
PERL_MM_USE_DEFAULT = 1
SHELL = /usr/local/bin/bash
TERM = linux
Perl special variables (and OS-specific diagnostics, for MSWin32):
$^X = /home/test/perl5/perlbrew/perls/perl-5.15.2/bin/perl5.15.2
$UID/$EUID = 1002 / 1002
$GID = 1002 1002
$EGID = 1002 1002
Perl module toolchain versions installed:
Module Have
------------------- --------
CPAN 1.9800
CPAN::Meta 2.112150
Cwd 3.33
ExtUtils::CBuilder 0.280202
ExtUtils::Command 1.17
ExtUtils::Install 1.57
ExtUtils::MakeMaker 6.59
ExtUtils::Manifest 1.60
ExtUtils::ParseXS 3.04
File::Spec 3.33
JSON 2.53
JSON::PP 2.27008
Module::Build 0.39_01
Module::Signature 0.68
Parse::CPAN::Meta 1.4401
Test::Harness 3.23
Test::More 0.98
YAML 0.73
YAML::Syck n/a
version 0.94
--
Summary of my perl5 (revision 5 version 15 subversion 2) configuration:
Platform:
osname=freebsd, osvers=8.1-release, archname=amd64-freebsd
uname='freebsd fbsd.local 8.1-release freebsd 8.1-release #0: mon jul 19 02:36:49 utc 2010 root@mason.cse.buffalo.edu:usrobjusrsrcsysgeneric amd64 '
config_args='-de -Dprefix=/home/test/perl5/perlbrew/perls/perl-5.15.2 -Dusedevel'
hint=recommended, useposix=true, d_sigaction=define
useithreads=undef, usemultiplicity=undef
useperlio=define, d_sfio=undef, uselargefiles=define, usesocks=undef
use64bitint=define, use64bitall=define, uselongdouble=undef
usemymalloc=n, bincompat5005=undef
Compiler:
cc='cc', ccflags ='-DHAS_FPSETMASK -DHAS_FLOATINGPOINT_H -fno-strict-aliasing -pipe -fstack-protector -I/usr/local/include',
optimize='-O',
cppflags='-DHAS_FPSETMASK -DHAS_FLOATINGPOINT_H -fno-strict-aliasing -pipe -fstack-protector -I/usr/local/include'
ccversion='', gccversion='4.2.1 20070719 [FreeBSD]', gccosandvers=''
intsize=4, longsize=8, ptrsize=8, doublesize=8, byteorder=12345678
d_longlong=define, longlongsize=8, d_longdbl=define, longdblsize=16
ivtype='long', ivsize=8, nvtype='double', nvsize=8, Off_t='off_t', lseeksize=8
alignbytes=8, prototype=define
Linker and Libraries:
ld='cc', ldflags ='-Wl,-E -fstack-protector -L/usr/local/lib'
libpth=/usr/lib /usr/local/lib
libs=-lm -lcrypt -lutil -lc
perllibs=-lm -lcrypt -lutil -lc
libc=, so=so, useshrplib=false, libperl=libperl.a
gnulibc_version=''
Dynamic Linking:
dlsrc=dl_dlopen.xs, dlext=so, d_dlsymun=undef, ccdlflags=' '
cccdlflags='-DPIC -fPIC', lddlflags='-shared -L/usr/local/lib -fstack-protector'
Characteristics of this binary (from libperl):
Compile-time options: HAS_TIMES PERLIO_LAYERS PERL_DONT_CREATE_GVSV
PERL_MALLOC_WRAP PERL_PRESERVE_IVUV PERL_USE_DEVEL
USE_64_BIT_ALL USE_64_BIT_INT USE_LARGE_FILES
USE_LOCALE USE_LOCALE_COLLATE USE_LOCALE_CTYPE
USE_LOCALE_NUMERIC USE_PERLIO USE_PERL_ATOF
Built under freebsd
Compiled at Aug 25 2011 14:21:18
%ENV:
PERL5LIB=""
PERL5OPT=""
PERL5_CPANPLUS_IS_RUNNING="76997"
PERL5_CPAN_IS_RUNNING="76997"
PERL5_CPAN_IS_RUNNING_IN_RECURSION="1126,76997"
PERLBREW_HOME="/home/test/.perlbrew"
PERLBREW_PATH="/home/test/perl5/perlbrew/bin:/home/test/perl5/perlbrew/perls/perl-5.15.2/bin"
PERLBREW_PERL="perl-5.15.2"
PERLBREW_ROOT="/home/test/perl5/perlbrew"
PERLBREW_VERSION="0.28"
PERL_CPANM_OPT="--prompt --mirror http://172.16.1.3/cpan/"
PERL_CR_SMOKER_CURRENT="Parse-FixedRecord-0.02"
PERL_EXTUTILS_AUTOINSTALL="--defaultdeps"
PERL_MM_USE_DEFAULT="1"
@INC:
/home/test/perl5/perlbrew/perls/perl-5.15.2/lib/site_perl/5.15.2/amd64-freebsd
/home/test/perl5/perlbrew/perls/perl-5.15.2/lib/site_perl/5.15.2
/home/test/perl5/perlbrew/perls/perl-5.15.2/lib/5.15.2/amd64-freebsd
/home/test/perl5/perlbrew/perls/perl-5.15.2/lib/5.15.2
.