Report for Crypt-NSS-X509-0.05

Back
From: metabase:user:322078bc-2aae-11df-837a-5e0a49663a4f
Subject: FAIL Crypt-NSS-X509-0.05 v5.14.3 FreeBSD
Date: 2014-07-03T19:35:32Z

This distribution has been tested as part of the CPAN Testers
project, supporting the Perl programming language.  See
http://wiki.cpantesters.org/ for more information or email
questions to cpan-testers-discuss@perl.org


--

Dear JOHANNA,

This is a computer-generated error report created automatically by
CPANPLUS, version 0.9148. Testers personal comments may appear
at the end of this report.


Thank you for uploading your work to CPAN.  However, it appears that
there were some problems testing your distribution.

TEST RESULTS:

Below is the error stack from stage 'make test':

Running Mkbootstrap for Crypt::NSS::X509 ()
chmod 644 X509.bs
PERL_DL_NONLAZY=1 /usr/home/cpan/pit/thr-clang/perl-5.14.3/bin/perl "-MExtUtils::Command::MM" "-MTest::Harness" "-e" "undef *Test::Harness::Switches; test_harness(0, 'inc', 'blib/lib', 'blib/arch')" t/001-load.t t/002-verify-certlist.t t/003-verify-db.t t/004-db.t t/005-name.t t/006-crl.t t/007-signature.t t/author-critic.t t/author-pod-coverage.t t/author-pod.t t/author-spelling.t t/author-version.t

#   Failed test 'use Crypt::NSS::X509;'
#   at t/001-load.t line 7.
#     Tried to use 'Crypt::NSS::X509'.
#     Error:  Can't load '/usr/home/cpan/pit/thr-clang/conf/perl-5.14.3/.cpanplus/5.14.3/build/Crypt-NSS-X509-0.05/blib/arch/auto/Crypt/NSS/X509/X509.so' for module Crypt::NSS::X509: /usr/local/lib/libsqlite3.so: version SQLITE_3 required by /usr/home/cpan/pit/thr-clang/conf/perl-5.14.3/.cpanplus/5.14.3/build/Alien-NSS-0.17/blib/lib/auto/share/dist/Alien-NSS/lib/libsoftokn3.so not defined at /usr/home/cpan/pit/thr-clang/perl-5.14.3/lib/5.14.3/amd64-freebsd-thread-multi/DynaLoader.pm line 190.
#  at /usr/home/cpan/pit/thr-clang/conf/perl-5.14.3/.cpanplus/5.14.3/build/Crypt-NSS-X509-0.05/blib/lib/Crypt/NSS/X509.pm line 35
# Compilation failed in require at t/001-load.t line 7.
# BEGIN failed--compilation aborted at t/001-load.t line 7.
# Selfsigned certificate
Can't locate object method "new" via package "Crypt::NSS::X509::Certificate" at /usr/home/cpan/pit/thr-clang/conf/perl-5.14.3/.cpanplus/5.14.3/build/Crypt-NSS-X509-0.05/blib/lib/Crypt/NSS/X509/Certificate.pm line 25.
Can't locate object method "__cleanup" via package "Crypt::NSS::X509" at /usr/home/cpan/pit/thr-clang/conf/perl-5.14.3/.cpanplus/5.14.3/build/Crypt-NSS-X509-0.05/blib/lib/Crypt/NSS/X509.pm line 99.
END failed--call queue aborted at t/001-load.t line 25.
# Looks like you planned 56 tests but ran 1.
# Looks like you failed 1 test of 1 run.
# Looks like your test exited with 22 just after 1.
t/001-load.t ............. 
Dubious, test returned 22 (wstat 5632, 0x1600)
Failed 56/56 subtests 

#   Failed test 'use Crypt::NSS::X509;'
#   at t/002-verify-certlist.t line 10.
#     Tried to use 'Crypt::NSS::X509'.
#     Error:  Can't load '/usr/home/cpan/pit/thr-clang/conf/perl-5.14.3/.cpanplus/5.14.3/build/Crypt-NSS-X509-0.05/blib/arch/auto/Crypt/NSS/X509/X509.so' for module Crypt::NSS::X509: /usr/local/lib/libsqlite3.so: version SQLITE_3 required by /usr/home/cpan/pit/thr-clang/conf/perl-5.14.3/.cpanplus/5.14.3/build/Alien-NSS-0.17/blib/lib/auto/share/dist/Alien-NSS/lib/libsoftokn3.so not defined at /usr/home/cpan/pit/thr-clang/perl-5.14.3/lib/5.14.3/amd64-freebsd-thread-multi/DynaLoader.pm line 190.
#  at /usr/home/cpan/pit/thr-clang/conf/perl-5.14.3/.cpanplus/5.14.3/build/Crypt-NSS-X509-0.05/blib/lib/Crypt/NSS/X509.pm line 35
# Compilation failed in require at t/002-verify-certlist.t line 10.
# BEGIN failed--compilation aborted at t/002-verify-certlist.t line 10.
Bareword "Crypt::NSS::X509::certUsageSSLServer" not allowed while "strict subs" in use at t/002-verify-certlist.t line 20.
Bareword "Crypt::NSS::X509::certUsageSSLServer" not allowed while "strict subs" in use at t/002-verify-certlist.t line 30.
Bareword "Crypt::NSS::X509::certUsageSSLServer" not allowed while "strict subs" in use at t/002-verify-certlist.t line 31.
Execution of t/002-verify-certlist.t aborted due to compilation errors.
Can't locate object method "__cleanup" via package "Crypt::NSS::X509" at /usr/home/cpan/pit/thr-clang/conf/perl-5.14.3/.cpanplus/5.14.3/build/Crypt-NSS-X509-0.05/blib/lib/Crypt/NSS/X509.pm line 99.
END failed--call queue aborted at t/002-verify-certlist.t line 62.
# Looks like you planned 9 tests but ran 1.
# Looks like you failed 1 test of 1 run.
# Looks like your test exited with 22 just after 1.
t/002-verify-certlist.t .. 
Dubious, test returned 22 (wstat 5632, 0x1600)
Failed 9/9 subtests 

#   Failed test 'use Crypt::NSS::X509;'
#   at t/003-verify-db.t line 19.
#     Tried to use 'Crypt::NSS::X509'.
#     Error:  Can't load '/usr/home/cpan/pit/thr-clang/conf/perl-5.14.3/.cpanplus/5.14.3/build/Crypt-NSS-X509-0.05/blib/arch/auto/Crypt/NSS/X509/X509.so' for module Crypt::NSS::X509: /usr/local/lib/libsqlite3.so: version SQLITE_3 required by /usr/home/cpan/pit/thr-clang/conf/perl-5.14.3/.cpanplus/5.14.3/build/Alien-NSS-0.17/blib/lib/auto/share/dist/Alien-NSS/lib/libsoftokn3.so not defined at /usr/home/cpan/pit/thr-clang/perl-5.14.3/lib/5.14.3/amd64-freebsd-thread-multi/DynaLoader.pm line 190.
#  at /usr/home/cpan/pit/thr-clang/conf/perl-5.14.3/.cpanplus/5.14.3/build/Crypt-NSS-X509-0.05/blib/lib/Crypt/NSS/X509.pm line 35
# Compilation failed in require at t/003-verify-db.t line 19.
# BEGIN failed--compilation aborted at t/003-verify-db.t line 19.
Bareword "Crypt::NSS::X509::certUsageAnyCA" not allowed while "strict subs" in use at t/003-verify-db.t line 109.
Bareword "Crypt::NSS::X509::certUsageAnyCA" not allowed while "strict subs" in use at t/003-verify-db.t line 110.
Bareword "Crypt::NSS::X509::certUsageAnyCA" not allowed while "strict subs" in use at t/003-verify-db.t line 111.
Bareword "Crypt::NSS::X509::certUsageAnyCA" not allowed while "strict subs" in use at t/003-verify-db.t line 112.
Execution of t/003-verify-db.t aborted due to compilation errors.
Can't locate object method "__cleanup" via package "Crypt::NSS::X509" at /usr/home/cpan/pit/thr-clang/conf/perl-5.14.3/.cpanplus/5.14.3/build/Crypt-NSS-X509-0.05/blib/lib/Crypt/NSS/X509.pm line 99.
END failed--call queue aborted at t/003-verify-db.t line 141.
# Looks like you planned 45 tests but ran 1.
# Looks like you failed 1 test of 1 run.
# Looks like your test exited with 22 just after 1.
t/003-verify-db.t ........ 
Dubious, test returned 22 (wstat 5632, 0x1600)
Failed 45/45 subtests 

#   Failed test 'use Crypt::NSS::X509;'
#   at t/004-db.t line 16.
#     Tried to use 'Crypt::NSS::X509'.
#     Error:  Can't load '/usr/home/cpan/pit/thr-clang/conf/perl-5.14.3/.cpanplus/5.14.3/build/Crypt-NSS-X509-0.05/blib/arch/auto/Crypt/NSS/X509/X509.so' for module Crypt::NSS::X509: /usr/local/lib/libsqlite3.so: version SQLITE_3 required by /usr/home/cpan/pit/thr-clang/conf/perl-5.14.3/.cpanplus/5.14.3/build/Alien-NSS-0.17/blib/lib/auto/share/dist/Alien-NSS/lib/libsoftokn3.so not defined at /usr/home/cpan/pit/thr-clang/perl-5.14.3/lib/5.14.3/amd64-freebsd-thread-multi/DynaLoader.pm line 190.
#  at /usr/home/cpan/pit/thr-clang/conf/perl-5.14.3/.cpanplus/5.14.3/build/Crypt-NSS-X509-0.05/blib/lib/Crypt/NSS/X509.pm line 35
# Compilation failed in require at t/004-db.t line 16.
# BEGIN failed--compilation aborted at t/004-db.t line 16.
Can't locate object method "new" via package "Crypt::NSS::X509::Certificate" at /usr/home/cpan/pit/thr-clang/conf/perl-5.14.3/.cpanplus/5.14.3/build/Crypt-NSS-X509-0.05/blib/lib/Crypt/NSS/X509/Certificate.pm line 25.
Can't locate object method "__cleanup" via package "Crypt::NSS::X509" at /usr/home/cpan/pit/thr-clang/conf/perl-5.14.3/.cpanplus/5.14.3/build/Crypt-NSS-X509-0.05/blib/lib/Crypt/NSS/X509.pm line 99.
END failed--call queue aborted at t/004-db.t line 25.
# Looks like you planned 11 tests but ran 1.
# Looks like you failed 1 test of 1 run.
# Looks like your test exited with 22 just after 1.
t/004-db.t ............... 
Dubious, test returned 22 (wstat 5632, 0x1600)
Failed 11/11 subtests 

#   Failed test 'use Crypt::NSS::X509;'
#   at t/005-name.t line 7.
#     Tried to use 'Crypt::NSS::X509'.
#     Error:  Can't load '/usr/home/cpan/pit/thr-clang/conf/perl-5.14.3/.cpanplus/5.14.3/build/Crypt-NSS-X509-0.05/blib/arch/auto/Crypt/NSS/X509/X509.so' for module Crypt::NSS::X509: /usr/local/lib/libsqlite3.so: version SQLITE_3 required by /usr/home/cpan/pit/thr-clang/conf/perl-5.14.3/.cpanplus/5.14.3/build/Alien-NSS-0.17/blib/lib/auto/share/dist/Alien-NSS/lib/libsoftokn3.so not defined at /usr/home/cpan/pit/thr-clang/perl-5.14.3/lib/5.14.3/amd64-freebsd-thread-multi/DynaLoader.pm line 190.
#  at /usr/home/cpan/pit/thr-clang/conf/perl-5.14.3/.cpanplus/5.14.3/build/Crypt-NSS-X509-0.05/blib/lib/Crypt/NSS/X509.pm line 35
# Compilation failed in require at t/005-name.t line 7.
# BEGIN failed--compilation aborted at t/005-name.t line 7.
Can't locate object method "new" via package "Crypt::NSS::X509::Certificate" at /usr/home/cpan/pit/thr-clang/conf/perl-5.14.3/.cpanplus/5.14.3/build/Crypt-NSS-X509-0.05/blib/lib/Crypt/NSS/X509/Certificate.pm line 25.
Can't locate object method "__cleanup" via package "Crypt::NSS::X509" at /usr/home/cpan/pit/thr-clang/conf/perl-5.14.3/.cpanplus/5.14.3/build/Crypt-NSS-X509-0.05/blib/lib/Crypt/NSS/X509.pm line 99.
END failed--call queue aborted at t/005-name.t line 25.
# Looks like you planned 5 tests but ran 1.
# Looks like you failed 1 test of 1 run.
# Looks like your test exited with 22 just after 1.
t/005-name.t ............. 
Dubious, test returned 22 (wstat 5632, 0x1600)
Failed 5/5 subtests 

#   Failed test 'use Crypt::NSS::X509;'
#   at t/006-crl.t line 15.
#     Tried to use 'Crypt::NSS::X509'.
#     Error:  Can't load '/usr/home/cpan/pit/thr-clang/conf/perl-5.14.3/.cpanplus/5.14.3/build/Crypt-NSS-X509-0.05/blib/arch/auto/Crypt/NSS/X509/X509.so' for module Crypt::NSS::X509: /usr/local/lib/libsqlite3.so: version SQLITE_3 required by /usr/home/cpan/pit/thr-clang/conf/perl-5.14.3/.cpanplus/5.14.3/build/Alien-NSS-0.17/blib/lib/auto/share/dist/Alien-NSS/lib/libsoftokn3.so not defined at /usr/home/cpan/pit/thr-clang/perl-5.14.3/lib/5.14.3/amd64-freebsd-thread-multi/DynaLoader.pm line 190.
#  at /usr/home/cpan/pit/thr-clang/conf/perl-5.14.3/.cpanplus/5.14.3/build/Crypt-NSS-X509-0.05/blib/lib/Crypt/NSS/X509.pm line 35
# Compilation failed in require at t/006-crl.t line 15.
# BEGIN failed--compilation aborted at t/006-crl.t line 15.
Can't locate object method "new" via package "Crypt::NSS::X509::Certificate" at t/006-crl.t line 20.
Can't locate object method "__cleanup" via package "Crypt::NSS::X509" at /usr/home/cpan/pit/thr-clang/conf/perl-5.14.3/.cpanplus/5.14.3/build/Crypt-NSS-X509-0.05/blib/lib/Crypt/NSS/X509.pm line 99.
END failed--call queue aborted at t/006-crl.t line 20.
# Looks like you planned 18 tests but ran 1.
# Looks like you failed 1 test of 1 run.
# Looks like your test exited with 22 just after 1.
t/006-crl.t .............. 
Dubious, test returned 22 (wstat 5632, 0x1600)
Failed 18/18 subtests 
t/007-signature.t ........ skipped: Set the environment variable TEST_SIGNATURE to enable this test.
t/author-critic.t ........ skipped: Author testing disabled
t/author-pod-coverage.t .. skipped: Author testing disabled
t/author-pod.t ........... skipped: Author testing disabled
t/author-spelling.t ...... skipped: Author testing disabled
t/author-version.t ....... skipped: Author testing disabled

Test Summary Report
-------------------
t/001-load.t           (Wstat: 5632 Tests: 1 Failed: 1)
  Failed test:  1
  Non-zero exit status: 22
  Parse errors: Bad plan.  You planned 56 tests but ran 1.
t/002-verify-certlist.t (Wstat: 5632 Tests: 1 Failed: 1)
  Failed test:  1
  Non-zero exit status: 22
  Parse errors: Bad plan.  You planned 9 tests but ran 1.
t/003-verify-db.t      (Wstat: 5632 Tests: 1 Failed: 1)
  Failed test:  1
  Non-zero exit status: 22
  Parse errors: Bad plan.  You planned 45 tests but ran 1.
t/004-db.t             (Wstat: 5632 Tests: 1 Failed: 1)
  Failed test:  1
  Non-zero exit status: 22
  Parse errors: Bad plan.  You planned 11 tests but ran 1.
t/005-name.t           (Wstat: 5632 Tests: 1 Failed: 1)
  Failed test:  1
  Non-zero exit status: 22
  Parse errors: Bad plan.  You planned 5 tests but ran 1.
t/006-crl.t            (Wstat: 5632 Tests: 1 Failed: 1)
  Failed test:  1
  Non-zero exit status: 22
  Parse errors: Bad plan.  You planned 18 tests but ran 1.
Files=12, Tests=6,  2 wallclock secs ( 0.05 usr  0.02 sys +  0.86 cusr  0.50 csys =  1.43 CPU)
Result: FAIL
Failed 6/12 test programs. 6/6 subtests failed.
*** [test_dynamic] Error code 255

Stop in /usr/home/cpan/pit/thr-clang/conf/perl-5.14.3/.cpanplus/5.14.3/build/Crypt-NSS-X509-0.05.


PREREQUISITES:

Here is a list of prerequisites you specified and versions we
managed to load:

	  Module Name                        Have     Want
	  Alien::NSS                         0.17     0.05
	  Encode                          2.42_01      2.4
	  Exporter                        5.64_03      5.6
	  ExtUtils::MakeMaker                6.98     6.59
	  MIME::Base64                       3.13     3.13
	  Test::More                     1.001003     0.98
	  autodie                          2.1001      2.1

Perl module toolchain versions installed:
	Module Name                        Have
	CPANPLUS                         0.9148
	CPANPLUS::Dist::Build              0.76
	Cwd                                3.47
	ExtUtils::CBuilder             0.280216
	ExtUtils::Command                  1.17
	ExtUtils::Install                  1.67
	ExtUtils::MakeMaker                6.98
	ExtUtils::Manifest                 1.63
	ExtUtils::ParseXS                  3.24
	File::Spec                         3.47
	Module::Build                    0.4205
	Pod::Parser                        1.37
	Pod::Simple                        3.16
	Test::Harness                      3.30
	Test::More                     1.001003
	version                          0.9908

******************************** NOTE ********************************
The comments above are created mechanically, possibly without manual
checking by the sender.  As there are many people performing automatic
tests on each upload to CPAN, it is likely that you will receive
identical messages about the same problem.

If you believe that the message is mistaken, please reply to the first
one with correction and/or additional informations, and do not take
it personally.  We appreciate your patience. :)
**********************************************************************

Additional comments:


This report was machine-generated by CPANPLUS::Dist::YACSmoke 0.90.
Powered by minismokebox version 0.58

------------------------------
ENVIRONMENT AND OTHER CONTEXT
------------------------------

Environment variables:

    AUTOMATED_TESTING = 1
    NONINTERACTIVE_TESTING = 1
    PATH = /sbin:/bin:/usr/sbin:/usr/bin:/usr/games:/usr/local/sbin:/usr/local/bin:/home/cpan/bin
    PERL5LIB = :/usr/home/cpan/pit/thr-clang/conf/perl-5.14.3/.cpanplus/5.14.3/build/Capture-Tiny-0.24/blib/lib:/usr/home/cpan/pit/thr-clang/conf/perl-5.14.3/.cpanplus/5.14.3/build/Capture-Tiny-0.24/blib/arch:/usr/home/cpan/pit/thr-clang/conf/perl-5.14.3/.cpanplus/5.14.3/build/Class-Inspector-1.28/blib/lib:/usr/home/cpan/pit/thr-clang/conf/perl-5.14.3/.cpanplus/5.14.3/build/Class-Inspector-1.28/blib/arch:/usr/home/cpan/pit/thr-clang/conf/perl-5.14.3/.cpanplus/5.14.3/build/File-ShareDir-Install-0.08/blib/lib:/usr/home/cpan/pit/thr-clang/conf/perl-5.14.3/.cpanplus/5.14.3/build/File-ShareDir-Install-0.08/blib/arch:/usr/home/cpan/pit/thr-clang/conf/perl-5.14.3/.cpanplus/5.14.3/build/File-ShareDir-1.102/blib/lib:/usr/home/cpan/pit/thr-clang/conf/perl-5.14.3/.cpanplus/5.14.3/build/File-ShareDir-1.102/blib/arch:/usr/home/cpan/pit/thr-clang/conf/perl-5.14.3/.cpanplus/5.14.3/build/File-chdir-0.1008/blib/lib:/usr/home/cpan/pit/thr-clang/conf/perl-5.14.3/.cpanplus/5.14.3/build/File-chdir-0.1008/blib/arch:/usr/home/cpan/pit/thr-clang/conf/perl-5.14.3/.cpanplus/5.14.3/build/List-MoreUtils-0.33/blib/lib:/usr/home/cpan/pit/thr-clang/conf/perl-5.14.3/.cpanplus/5.14.3/build/List-MoreUtils-0.33/blib/arch:/usr/home/cpan/pit/thr-clang/conf/perl-5.14.3/.cpanplus/5.14.3/build/Sort-Versions-1.60/blib/lib:/usr/home/cpan/pit/thr-clang/conf/perl-5.14.3/.cpanplus/5.14.3/build/Sort-Versions-1.60/blib/arch:/usr/home/cpan/pit/thr-clang/conf/perl-5.14.3/.cpanplus/5.14.3/build/URI-1.60/blib/lib:/usr/home/cpan/pit/thr-clang/conf/perl-5.14.3/.cpanplus/5.14.3/build/URI-1.60/blib/arch:/usr/home/cpan/pit/thr-clang/conf/perl-5.14.3/.cpanplus/5.14.3/build/Alien-Base-0.004/blib/lib:/usr/home/cpan/pit/thr-clang/conf/perl-5.14.3/.cpanplus/5.14.3/build/Alien-Base-0.004/blib/arch:/usr/home/cpan/pit/thr-clang/conf/perl-5.14.3/.cpanplus/5.14.3/build/Alien-NSS-0.17/blib/lib:/usr/home/cpan/pit/thr-clang/conf/perl-5.14.3/.cpanplus/5.14.3/build/Alien-NSS-0.17/blib/arch:/usr/home/cpan/pit/thr-clang/conf/perl-5.14.3/.cpanplus/5.14.3/build/Crypt-NSS-X509-0.05/blib/lib:/usr/home/cpan/pit/thr-clang/conf/perl-5.14.3/.cpanplus/5.14.3/build/Crypt-NSS-X509-0.05/blib/arch
    PERL5_CPANPLUS_IS_RUNNING = 27341
    PERL5_CPANPLUS_IS_VERSION = 0.9148
    PERL5_MINISMOKEBOX = 0.58
    PERL5_YACSMOKE_BASE = /usr/home/cpan/pit/thr-clang/conf/perl-5.14.3
    PERL_EXTUTILS_AUTOINSTALL = --defaultdeps
    PERL_MM_USE_DEFAULT = 1
    SHELL = /usr/local/bin/bash
    TERM = screen

Perl special variables (and OS-specific diagnostics, for MSWin32):

    Perl: $^X = /usr/home/cpan/pit/thr-clang/perl-5.14.3/bin/perl
    UID:  $<  = 1002
    EUID: $>  = 1002
    GID:  $(  = 1002 1002
    EGID: $)  = 1002 1002


-------------------------------


--

Summary of my perl5 (revision 5 version 14 subversion 3) configuration:
   
  Platform:
    osname=freebsd, osvers=9.2-release, archname=amd64-freebsd-thread-multi
    uname='freebsd fremen 9.2-release freebsd 9.2-release #0 r255898: thu sep 26 22:50:31 utc 2013 root@bake.isc.freebsd.org:usrobjusrsrcsysgeneric amd64 '
    config_args='-des -Dprefix=/usr/home/cpan/pit/thr-clang/perl-5.14.3 -Dusethreads -Dcc=clang'
    hint=recommended, useposix=true, d_sigaction=define
    useithreads=define, usemultiplicity=define
    useperlio=define, d_sfio=undef, uselargefiles=define, usesocks=undef
    use64bitint=define, use64bitall=define, uselongdouble=undef
    usemymalloc=n, bincompat5005=undef
  Compiler:
    cc='clang', ccflags ='-DHAS_FPSETMASK -DHAS_FLOATINGPOINT_H -fno-strict-aliasing -pipe -fstack-protector -I/usr/local/include',
    optimize='-O',
    cppflags='-DHAS_FPSETMASK -DHAS_FLOATINGPOINT_H -fno-strict-aliasing -pipe -fstack-protector -I/usr/local/include'
    ccversion='', gccversion='4.2.1 Compatible FreeBSD Clang 3.3 (tags/RELEASE_33/final 183502)', gccosandvers=''
    intsize=4, longsize=8, ptrsize=8, doublesize=8, byteorder=12345678
    d_longlong=define, longlongsize=8, d_longdbl=define, longdblsize=16
    ivtype='long', ivsize=8, nvtype='double', nvsize=8, Off_t='off_t', lseeksize=8
    alignbytes=8, prototype=define
  Linker and Libraries:
    ld='clang', ldflags ='-pthread -Wl,-E  -fstack-protector -L/usr/local/lib'
    libpth=/usr/lib /usr/local/lib
    libs=-lgdbm -lm -lcrypt
    perllibs=-lm -lcrypt
    libc=, so=so, useshrplib=false, libperl=libperl.a
    gnulibc_version=''
  Dynamic Linking:
    dlsrc=dl_dlopen.xs, dlext=so, d_dlsymun=undef, ccdlflags=' '
    cccdlflags='-DPIC -fPIC', lddlflags='-shared  -L/usr/local/lib -fstack-protector'


Characteristics of this binary (from libperl): 
  Compile-time options: MULTIPLICITY PERL_DONT_CREATE_GVSV
                        PERL_IMPLICIT_CONTEXT PERL_MALLOC_WRAP
                        PERL_PRESERVE_IVUV USE_64_BIT_ALL USE_64_BIT_INT
                        USE_ITHREADS USE_LARGE_FILES USE_PERLIO USE_PERL_ATOF
                        USE_REENTRANT_API
  Built under freebsd
  Compiled at Nov 11 2013 23:14:19
  %ENV:
    PERL5LIB=":/usr/home/cpan/pit/thr-clang/conf/perl-5.14.3/.cpanplus/5.14.3/build/Capture-Tiny-0.24/blib/lib:/usr/home/cpan/pit/thr-clang/conf/perl-5.14.3/.cpanplus/5.14.3/build/Capture-Tiny-0.24/blib/arch:/usr/home/cpan/pit/thr-clang/conf/perl-5.14.3/.cpanplus/5.14.3/build/Class-Inspector-1.28/blib/lib:/usr/home/cpan/pit/thr-clang/conf/perl-5.14.3/.cpanplus/5.14.3/build/Class-Inspector-1.28/blib/arch:/usr/home/cpan/pit/thr-clang/conf/perl-5.14.3/.cpanplus/5.14.3/build/File-ShareDir-Install-0.08/blib/lib:/usr/home/cpan/pit/thr-clang/conf/perl-5.14.3/.cpanplus/5.14.3/build/File-ShareDir-Install-0.08/blib/arch:/usr/home/cpan/pit/thr-clang/conf/perl-5.14.3/.cpanplus/5.14.3/build/File-ShareDir-1.102/blib/lib:/usr/home/cpan/pit/thr-clang/conf/perl-5.14.3/.cpanplus/5.14.3/build/File-ShareDir-1.102/blib/arch:/usr/home/cpan/pit/thr-clang/conf/perl-5.14.3/.cpanplus/5.14.3/build/File-chdir-0.1008/blib/lib:/usr/home/cpan/pit/thr-clang/conf/perl-5.14.3/.cpanplus/5.14.3/build/File-chdir-0.1008/blib/arch:/usr/home/cpan/pit/thr-clang/conf/perl-5.14.3/.cpanplus/5.14.3/build/List-MoreUtils-0.33/blib/lib:/usr/home/cpan/pit/thr-clang/conf/perl-5.14.3/.cpanplus/5.14.3/build/List-MoreUtils-0.33/blib/arch:/usr/home/cpan/pit/thr-clang/conf/perl-5.14.3/.cpanplus/5.14.3/build/Sort-Versions-1.60/blib/lib:/usr/home/cpan/pit/thr-clang/conf/perl-5.14.3/.cpanplus/5.14.3/build/Sort-Versions-1.60/blib/arch:/usr/home/cpan/pit/thr-clang/conf/perl-5.14.3/.cpanplus/5.14.3/build/URI-1.60/blib/lib:/usr/home/cpan/pit/thr-clang/conf/perl-5.14.3/.cpanplus/5.14.3/build/URI-1.60/blib/arch:/usr/home/cpan/pit/thr-clang/conf/perl-5.14.3/.cpanplus/5.14.3/build/Alien-Base-0.004/blib/lib:/usr/home/cpan/pit/thr-clang/conf/perl-5.14.3/.cpanplus/5.14.3/build/Alien-Base-0.004/blib/arch:/usr/home/cpan/pit/thr-clang/conf/perl-5.14.3/.cpanplus/5.14.3/build/Alien-NSS-0.17/blib/lib:/usr/home/cpan/pit/thr-clang/conf/perl-5.14.3/.cpanplus/5.14.3/build/Alien-NSS-0.17/blib/arch:/usr/home/cpan/pit/thr-clang/conf/perl-5.14.3/.cpanplus/5.14.3/build/Crypt-NSS-X509-0.05/blib/lib:/usr/home/cpan/pit/thr-clang/conf/perl-5.14.3/.cpanplus/5.14.3/build/Crypt-NSS-X509-0.05/blib/arch"
    PERL5_CPANPLUS_IS_RUNNING="27341"
    PERL5_CPANPLUS_IS_VERSION="0.9148"
    PERL5_MINISMOKEBOX="0.58"
    PERL5_YACSMOKE_BASE="/usr/home/cpan/pit/thr-clang/conf/perl-5.14.3"
    PERL_EXTUTILS_AUTOINSTALL="--defaultdeps"
    PERL_MM_USE_DEFAULT="1"
  @INC:
    /usr/home/cpan/pit/thr-clang/conf/perl-5.14.3/.cpanplus/5.14.3/build/Capture-Tiny-0.24/blib/lib
    /usr/home/cpan/pit/thr-clang/conf/perl-5.14.3/.cpanplus/5.14.3/build/Capture-Tiny-0.24/blib/arch
    /usr/home/cpan/pit/thr-clang/conf/perl-5.14.3/.cpanplus/5.14.3/build/Class-Inspector-1.28/blib/lib
    /usr/home/cpan/pit/thr-clang/conf/perl-5.14.3/.cpanplus/5.14.3/build/Class-Inspector-1.28/blib/arch
    /usr/home/cpan/pit/thr-clang/conf/perl-5.14.3/.cpanplus/5.14.3/build/File-ShareDir-Install-0.08/blib/lib
    /usr/home/cpan/pit/thr-clang/conf/perl-5.14.3/.cpanplus/5.14.3/build/File-ShareDir-Install-0.08/blib/arch
    /usr/home/cpan/pit/thr-clang/conf/perl-5.14.3/.cpanplus/5.14.3/build/File-ShareDir-1.102/blib/lib
    /usr/home/cpan/pit/thr-clang/conf/perl-5.14.3/.cpanplus/5.14.3/build/File-ShareDir-1.102/blib/arch
    /usr/home/cpan/pit/thr-clang/conf/perl-5.14.3/.cpanplus/5.14.3/build/File-chdir-0.1008/blib/lib
    /usr/home/cpan/pit/thr-clang/conf/perl-5.14.3/.cpanplus/5.14.3/build/File-chdir-0.1008/blib/arch
    /usr/home/cpan/pit/thr-clang/conf/perl-5.14.3/.cpanplus/5.14.3/build/List-MoreUtils-0.33/blib/lib
    /usr/home/cpan/pit/thr-clang/conf/perl-5.14.3/.cpanplus/5.14.3/build/List-MoreUtils-0.33/blib/arch
    /usr/home/cpan/pit/thr-clang/conf/perl-5.14.3/.cpanplus/5.14.3/build/Sort-Versions-1.60/blib/lib
    /usr/home/cpan/pit/thr-clang/conf/perl-5.14.3/.cpanplus/5.14.3/build/Sort-Versions-1.60/blib/arch
    /usr/home/cpan/pit/thr-clang/conf/perl-5.14.3/.cpanplus/5.14.3/build/URI-1.60/blib/lib
    /usr/home/cpan/pit/thr-clang/conf/perl-5.14.3/.cpanplus/5.14.3/build/URI-1.60/blib/arch
    /usr/home/cpan/pit/thr-clang/conf/perl-5.14.3/.cpanplus/5.14.3/build/Alien-Base-0.004/blib/lib
    /usr/home/cpan/pit/thr-clang/conf/perl-5.14.3/.cpanplus/5.14.3/build/Alien-Base-0.004/blib/arch
    /usr/home/cpan/pit/thr-clang/conf/perl-5.14.3/.cpanplus/5.14.3/build/Alien-NSS-0.17/blib/lib
    /usr/home/cpan/pit/thr-clang/conf/perl-5.14.3/.cpanplus/5.14.3/build/Alien-NSS-0.17/blib/arch
    /usr/home/cpan/pit/thr-clang/conf/perl-5.14.3/.cpanplus/5.14.3/build/Crypt-NSS-X509-0.05/blib/lib
    /usr/home/cpan/pit/thr-clang/conf/perl-5.14.3/.cpanplus/5.14.3/build/Crypt-NSS-X509-0.05/blib/arch
    /usr/home/cpan/pit/thr-clang/perl-5.14.3/lib/site_perl/5.14.3/amd64-freebsd-thread-multi
    /usr/home/cpan/pit/thr-clang/perl-5.14.3/lib/site_perl/5.14.3
    /usr/home/cpan/pit/thr-clang/perl-5.14.3/lib/5.14.3/amd64-freebsd-thread-multi
    /usr/home/cpan/pit/thr-clang/perl-5.14.3/lib/5.14.3
    .