Report for Test-Mock-Recorder-0.01

Back
From: metabase:user:30f0bd62-2aae-11df-837a-5e0a49663a4f
Subject: FAIL Test-Mock-Recorder-0.01 v5.14.2 NetBSD
Date: 2011-10-16T16:09:17Z

This distribution has been tested as part of the CPAN Testers
project, supporting the Perl programming language.  See
http://wiki.cpantesters.org/ for more information or email
questions to cpan-testers-discuss@perl.org


--
Dear Kato Kazuyoshi,

This is a computer-generated report for Test-Mock-Recorder-0.01
on perl 5.14.2, created by CPAN-Reporter-1.2002.

Thank you for uploading your work to CPAN.  However, there was a problem
testing your distribution.

If you think this report is invalid, please consult the CPAN Testers Wiki
for suggestions on how to avoid getting FAIL reports for missing library
or binary dependencies, unsupported operating systems, and so on:

http://wiki.cpantesters.org/wiki/CPANAuthorNotes

Sections of this report:

    * Tester comments
    * Program output
    * Prerequisites
    * Environment and other context

------------------------------
TESTER COMMENTS
------------------------------

Additional comments from tester:

this report is from an automated smoke testing program
and was not reviewed by a human for accuracy

------------------------------
PROGRAM OUTPUT
------------------------------

Output from '/usr/bin/make test':

PERL_DL_NONLAZY=1 /home/sts/cpansmoke/perl-5.14.2/bin/perl "-MExtUtils::Command::MM" "-e" "test_harness(0, 'inc', 'blib/lib', 'blib/arch')" t/*.t

#   Failed test 'use Test::Mock::Recorder;'
#   at t/arguments.t line 5.
#     Tried to use 'Test::Mock::Recorder'.
#     Error:  Can't locate Test/MockObject.pm in @INC (@INC contains: /home/sts/cpansmoke/perl-5.14.2/cpan/build/Test-Mock-Recorder-0.01-jJAb9N/inc /home/sts/cpansmoke/perl-5.14.2/cpan/build/Test-Mock-Recorder-0.01-jJAb9N/blib/lib /home/sts/cpansmoke/perl-5.14.2/cpan/build/Test-Mock-Recorder-0.01-jJAb9N/blib/arch /home/sts/cpansmoke/perl-5.14.2/cpan/build/Class-Accessor-0.34-S219Up/blib/arch /home/sts/cpansmoke/perl-5.14.2/cpan/build/Class-Accessor-0.34-S219Up/blib/lib /home/sts/cpansmoke/perl-5.14.2/cpan/build/Class-Accessor-0.34-S219Up/blib/arch /home/sts/cpansmoke/perl-5.14.2/cpan/build/Class-Accessor-0.34-S219Up/blib/lib /home/sts/cpansmoke/perl-5.14.2/lib/site_perl/5.14.2/i386-netbsd-thread-multi /home/sts/cpansmoke/perl-5.14.2/lib/site_perl/5.14.2 /home/sts/cpansmoke/perl-5.14.2/lib/5.14.2/i386-netbsd-thread-multi /home/sts/cpansmoke/perl-5.14.2/lib/5.14.2 .) at /home/sts/cpansmoke/perl-5.14.2/cpan/build/Test-Mock-Recorder-0.01-jJAb9N/blib/lib/Test/Mock/Recorder.pm line 6.
# BEGIN failed--compilation aborted at /home/sts/cpansmoke/perl-5.14.2/cpan/build/Test-Mock-Recorder-0.01-jJAb9N/blib/lib/Test/Mock/Recorder.pm line 6.
# Compilation failed in require at (eval 4) line 2.
# BEGIN failed--compilation aborted at (eval 4) line 2.
Can't locate object method "expects" via package "Test::Mock::Recorder" at t/arguments.t line 9.
# Tests were run but no plan was declared and done_testing() was not seen.
t/arguments.t .. 
Dubious, test returned 255 (wstat 65280, 0xff00)
Failed 1/1 subtests 

#   Failed test 'use Test::Mock::Recorder;'
#   at t/chain.t line 5.
#     Tried to use 'Test::Mock::Recorder'.
#     Error:  Can't locate Test/MockObject.pm in @INC (@INC contains: /home/sts/cpansmoke/perl-5.14.2/cpan/build/Test-Mock-Recorder-0.01-jJAb9N/inc /home/sts/cpansmoke/perl-5.14.2/cpan/build/Test-Mock-Recorder-0.01-jJAb9N/blib/lib /home/sts/cpansmoke/perl-5.14.2/cpan/build/Test-Mock-Recorder-0.01-jJAb9N/blib/arch /home/sts/cpansmoke/perl-5.14.2/cpan/build/Class-Accessor-0.34-S219Up/blib/arch /home/sts/cpansmoke/perl-5.14.2/cpan/build/Class-Accessor-0.34-S219Up/blib/lib /home/sts/cpansmoke/perl-5.14.2/cpan/build/Class-Accessor-0.34-S219Up/blib/arch /home/sts/cpansmoke/perl-5.14.2/cpan/build/Class-Accessor-0.34-S219Up/blib/lib /home/sts/cpansmoke/perl-5.14.2/lib/site_perl/5.14.2/i386-netbsd-thread-multi /home/sts/cpansmoke/perl-5.14.2/lib/site_perl/5.14.2 /home/sts/cpansmoke/perl-5.14.2/lib/5.14.2/i386-netbsd-thread-multi /home/sts/cpansmoke/perl-5.14.2/lib/5.14.2 .) at /home/sts/cpansmoke/perl-5.14.2/cpan/build/Test-Mock-Recorder-0.01-jJAb9N/blib/lib/Test/Mock/Recorder.pm line 6.
# BEGIN failed--compilation aborted at /home/sts/cpansmoke/perl-5.14.2/cpan/build/Test-Mock-Recorder-0.01-jJAb9N/blib/lib/Test/Mock/Recorder.pm line 6.
# Compilation failed in require at (eval 4) line 2.
# BEGIN failed--compilation aborted at (eval 4) line 2.
Can't locate object method "expects" via package "Test::Mock::Recorder" at t/chain.t line 10.
# Tests were run but no plan was declared and done_testing() was not seen.
t/chain.t ...... 
Dubious, test returned 255 (wstat 65280, 0xff00)
Failed 1/1 subtests 
Can't locate Test/MockObject.pm in @INC (@INC contains: /home/sts/cpansmoke/perl-5.14.2/cpan/build/Test-Mock-Recorder-0.01-jJAb9N/inc /home/sts/cpansmoke/perl-5.14.2/cpan/build/Test-Mock-Recorder-0.01-jJAb9N/blib/lib /home/sts/cpansmoke/perl-5.14.2/cpan/build/Test-Mock-Recorder-0.01-jJAb9N/blib/arch /home/sts/cpansmoke/perl-5.14.2/cpan/build/Class-Accessor-0.34-S219Up/blib/arch /home/sts/cpansmoke/perl-5.14.2/cpan/build/Class-Accessor-0.34-S219Up/blib/lib /home/sts/cpansmoke/perl-5.14.2/cpan/build/Class-Accessor-0.34-S219Up/blib/arch /home/sts/cpansmoke/perl-5.14.2/cpan/build/Class-Accessor-0.34-S219Up/blib/lib /home/sts/cpansmoke/perl-5.14.2/lib/site_perl/5.14.2/i386-netbsd-thread-multi /home/sts/cpansmoke/perl-5.14.2/lib/site_perl/5.14.2 /home/sts/cpansmoke/perl-5.14.2/lib/5.14.2/i386-netbsd-thread-multi /home/sts/cpansmoke/perl-5.14.2/lib/5.14.2 .) at /home/sts/cpansmoke/perl-5.14.2/cpan/build/Test-Mock-Recorder-0.01-jJAb9N/blib/lib/Test/Mock/Recorder.pm line 6.
BEGIN failed--compilation aborted at /home/sts/cpansmoke/perl-5.14.2/cpan/build/Test-Mock-Recorder-0.01-jJAb9N/blib/lib/Test/Mock/Recorder.pm line 6.
Compilation failed in require at t/expects.t line 4.
BEGIN failed--compilation aborted at t/expects.t line 4.
t/expects.t .... 
Dubious, test returned 2 (wstat 512, 0x200)
No subtests run 

#   Failed test 'use Test::Mock::Recorder;'
#   at t/replay.t line 5.
#     Tried to use 'Test::Mock::Recorder'.
#     Error:  Can't locate Test/MockObject.pm in @INC (@INC contains: /home/sts/cpansmoke/perl-5.14.2/cpan/build/Test-Mock-Recorder-0.01-jJAb9N/inc /home/sts/cpansmoke/perl-5.14.2/cpan/build/Test-Mock-Recorder-0.01-jJAb9N/blib/lib /home/sts/cpansmoke/perl-5.14.2/cpan/build/Test-Mock-Recorder-0.01-jJAb9N/blib/arch /home/sts/cpansmoke/perl-5.14.2/cpan/build/Class-Accessor-0.34-S219Up/blib/arch /home/sts/cpansmoke/perl-5.14.2/cpan/build/Class-Accessor-0.34-S219Up/blib/lib /home/sts/cpansmoke/perl-5.14.2/cpan/build/Class-Accessor-0.34-S219Up/blib/arch /home/sts/cpansmoke/perl-5.14.2/cpan/build/Class-Accessor-0.34-S219Up/blib/lib /home/sts/cpansmoke/perl-5.14.2/lib/site_perl/5.14.2/i386-netbsd-thread-multi /home/sts/cpansmoke/perl-5.14.2/lib/site_perl/5.14.2 /home/sts/cpansmoke/perl-5.14.2/lib/5.14.2/i386-netbsd-thread-multi /home/sts/cpansmoke/perl-5.14.2/lib/5.14.2 .) at /home/sts/cpansmoke/perl-5.14.2/cpan/build/Test-Mock-Recorder-0.01-jJAb9N/blib/lib/Test/Mock/Recorder.pm line 6.
# BEGIN failed--compilation aborted at /home/sts/cpansmoke/perl-5.14.2/cpan/build/Test-Mock-Recorder-0.01-jJAb9N/blib/lib/Test/Mock/Recorder.pm line 6.
# Compilation failed in require at (eval 4) line 2.
# BEGIN failed--compilation aborted at (eval 4) line 2.
Can't locate object method "expects" via package "Test::Mock::Recorder" at t/replay.t line 7.
# Tests were run but no plan was declared and done_testing() was not seen.
t/replay.t ..... 
Dubious, test returned 255 (wstat 65280, 0xff00)
Failed 1/1 subtests 

#   Failed test 'use Test::Mock::Recorder;'
#   at t/synopsis.t line 23.
#     Tried to use 'Test::Mock::Recorder'.
#     Error:  Can't locate Test/MockObject.pm in @INC (@INC contains: /home/sts/cpansmoke/perl-5.14.2/cpan/build/Test-Mock-Recorder-0.01-jJAb9N/inc /home/sts/cpansmoke/perl-5.14.2/cpan/build/Test-Mock-Recorder-0.01-jJAb9N/blib/lib /home/sts/cpansmoke/perl-5.14.2/cpan/build/Test-Mock-Recorder-0.01-jJAb9N/blib/arch /home/sts/cpansmoke/perl-5.14.2/cpan/build/Class-Accessor-0.34-S219Up/blib/arch /home/sts/cpansmoke/perl-5.14.2/cpan/build/Class-Accessor-0.34-S219Up/blib/lib /home/sts/cpansmoke/perl-5.14.2/cpan/build/Class-Accessor-0.34-S219Up/blib/arch /home/sts/cpansmoke/perl-5.14.2/cpan/build/Class-Accessor-0.34-S219Up/blib/lib /home/sts/cpansmoke/perl-5.14.2/lib/site_perl/5.14.2/i386-netbsd-thread-multi /home/sts/cpansmoke/perl-5.14.2/lib/site_perl/5.14.2 /home/sts/cpansmoke/perl-5.14.2/lib/5.14.2/i386-netbsd-thread-multi /home/sts/cpansmoke/perl-5.14.2/lib/5.14.2 .) at /home/sts/cpansmoke/perl-5.14.2/cpan/build/Test-Mock-Recorder-0.01-jJAb9N/blib/lib/Test/Mock/Recorder.pm line 6.
# BEGIN failed--compilation aborted at /home/sts/cpansmoke/perl-5.14.2/cpan/build/Test-Mock-Recorder-0.01-jJAb9N/blib/lib/Test/Mock/Recorder.pm line 6.
# Compilation failed in require at (eval 4) line 2.
# BEGIN failed--compilation aborted at (eval 4) line 2.

#   Failed test 'eval synopsis'
#   at t/synopsis.t line 29.
#          got: 'Can't locate object method "expects" via package "Test::Mock::Recorder" at (eval 8) line 3.
# '
#     expected: ''
# Looks like you failed 2 tests of 3.
t/synopsis.t ... 
Dubious, test returned 2 (wstat 512, 0x200)
Failed 2/3 subtests 

#   Failed test 'use Test::Mock::Recorder;'
#   at t/test_name.t line 5.
#     Tried to use 'Test::Mock::Recorder'.
#     Error:  Can't locate Test/MockObject.pm in @INC (@INC contains: /home/sts/cpansmoke/perl-5.14.2/cpan/build/Test-Mock-Recorder-0.01-jJAb9N/inc /home/sts/cpansmoke/perl-5.14.2/cpan/build/Test-Mock-Recorder-0.01-jJAb9N/blib/lib /home/sts/cpansmoke/perl-5.14.2/cpan/build/Test-Mock-Recorder-0.01-jJAb9N/blib/arch /home/sts/cpansmoke/perl-5.14.2/cpan/build/Class-Accessor-0.34-S219Up/blib/arch /home/sts/cpansmoke/perl-5.14.2/cpan/build/Class-Accessor-0.34-S219Up/blib/lib /home/sts/cpansmoke/perl-5.14.2/cpan/build/Class-Accessor-0.34-S219Up/blib/arch /home/sts/cpansmoke/perl-5.14.2/cpan/build/Class-Accessor-0.34-S219Up/blib/lib /home/sts/cpansmoke/perl-5.14.2/lib/site_perl/5.14.2/i386-netbsd-thread-multi /home/sts/cpansmoke/perl-5.14.2/lib/site_perl/5.14.2 /home/sts/cpansmoke/perl-5.14.2/lib/5.14.2/i386-netbsd-thread-multi /home/sts/cpansmoke/perl-5.14.2/lib/5.14.2 .) at /home/sts/cpansmoke/perl-5.14.2/cpan/build/Test-Mock-Recorder-0.01-jJAb9N/blib/lib/Test/Mock/Recorder.pm line 6.
# BEGIN failed--compilation aborted at /home/sts/cpansmoke/perl-5.14.2/cpan/build/Test-Mock-Recorder-0.01-jJAb9N/blib/lib/Test/Mock/Recorder.pm line 6.
# Compilation failed in require at (eval 4) line 2.
# BEGIN failed--compilation aborted at (eval 4) line 2.
Can't locate object method "expects" via package "Test::Mock::Recorder" at t/test_name.t line 9.
    # Child (A) exited without calling finalize()

#   Failed test 'A'
#   at /home/sts/cpansmoke/perl-5.14.2/lib/5.14.2/Test/Builder.pm line 252.
# Tests were run but no plan was declared and done_testing() was not seen.
t/test_name.t .. 
Dubious, test returned 29 (wstat 7424, 0x1d00)
Failed 2/2 subtests 

#   Failed test 'use Test::Mock::Recorder;'
#   at t/use.t line 3.
#     Tried to use 'Test::Mock::Recorder'.
#     Error:  Can't locate Test/MockObject.pm in @INC (@INC contains: /home/sts/cpansmoke/perl-5.14.2/cpan/build/Test-Mock-Recorder-0.01-jJAb9N/inc /home/sts/cpansmoke/perl-5.14.2/cpan/build/Test-Mock-Recorder-0.01-jJAb9N/blib/lib /home/sts/cpansmoke/perl-5.14.2/cpan/build/Test-Mock-Recorder-0.01-jJAb9N/blib/arch /home/sts/cpansmoke/perl-5.14.2/cpan/build/Class-Accessor-0.34-S219Up/blib/arch /home/sts/cpansmoke/perl-5.14.2/cpan/build/Class-Accessor-0.34-S219Up/blib/lib /home/sts/cpansmoke/perl-5.14.2/cpan/build/Class-Accessor-0.34-S219Up/blib/arch /home/sts/cpansmoke/perl-5.14.2/cpan/build/Class-Accessor-0.34-S219Up/blib/lib /home/sts/cpansmoke/perl-5.14.2/lib/site_perl/5.14.2/i386-netbsd-thread-multi /home/sts/cpansmoke/perl-5.14.2/lib/site_perl/5.14.2 /home/sts/cpansmoke/perl-5.14.2/lib/5.14.2/i386-netbsd-thread-multi /home/sts/cpansmoke/perl-5.14.2/lib/5.14.2 .) at /home/sts/cpansmoke/perl-5.14.2/cpan/build/Test-Mock-Recorder-0.01-jJAb9N/blib/lib/Test/Mock/Recorder.pm line 6.
# BEGIN failed--compilation aborted at /home/sts/cpansmoke/perl-5.14.2/cpan/build/Test-Mock-Recorder-0.01-jJAb9N/blib/lib/Test/Mock/Recorder.pm line 6.
# Compilation failed in require at (eval 4) line 2.
# BEGIN failed--compilation aborted at (eval 4) line 2.
# Looks like you failed 1 test of 1.
t/use.t ........ 
Dubious, test returned 1 (wstat 256, 0x100)
Failed 1/1 subtests 

#   Failed test 'use Test::Mock::Recorder;'
#   at t/verify_ok.t line 5.
#     Tried to use 'Test::Mock::Recorder'.
#     Error:  Can't locate Test/MockObject.pm in @INC (@INC contains: /home/sts/cpansmoke/perl-5.14.2/cpan/build/Test-Mock-Recorder-0.01-jJAb9N/inc /home/sts/cpansmoke/perl-5.14.2/cpan/build/Test-Mock-Recorder-0.01-jJAb9N/blib/lib /home/sts/cpansmoke/perl-5.14.2/cpan/build/Test-Mock-Recorder-0.01-jJAb9N/blib/arch /home/sts/cpansmoke/perl-5.14.2/cpan/build/Class-Accessor-0.34-S219Up/blib/arch /home/sts/cpansmoke/perl-5.14.2/cpan/build/Class-Accessor-0.34-S219Up/blib/lib /home/sts/cpansmoke/perl-5.14.2/cpan/build/Class-Accessor-0.34-S219Up/blib/arch /home/sts/cpansmoke/perl-5.14.2/cpan/build/Class-Accessor-0.34-S219Up/blib/lib /home/sts/cpansmoke/perl-5.14.2/lib/site_perl/5.14.2/i386-netbsd-thread-multi /home/sts/cpansmoke/perl-5.14.2/lib/site_perl/5.14.2 /home/sts/cpansmoke/perl-5.14.2/lib/5.14.2/i386-netbsd-thread-multi /home/sts/cpansmoke/perl-5.14.2/lib/5.14.2 .) at /home/sts/cpansmoke/perl-5.14.2/cpan/build/Test-Mock-Recorder-0.01-jJAb9N/blib/lib/Test/Mock/Recorder.pm line 6.
# BEGIN failed--compilation aborted at /home/sts/cpansmoke/perl-5.14.2/cpan/build/Test-Mock-Recorder-0.01-jJAb9N/blib/lib/Test/Mock/Recorder.pm line 6.
# Compilation failed in require at (eval 4) line 2.
# BEGIN failed--compilation aborted at (eval 4) line 2.
Can't locate object method "expects" via package "Test::Mock::Recorder" at t/verify_ok.t line 8.
# Tests were run but no plan was declared and done_testing() was not seen.
t/verify_ok.t .. 
Dubious, test returned 255 (wstat 65280, 0xff00)
Failed 1/1 subtests 

Test Summary Report
-------------------
t/arguments.t (Wstat: 65280 Tests: 1 Failed: 1)
  Failed test:  1
  Non-zero exit status: 255
  Parse errors: No plan found in TAP output
t/chain.t    (Wstat: 65280 Tests: 1 Failed: 1)
  Failed test:  1
  Non-zero exit status: 255
  Parse errors: No plan found in TAP output
t/expects.t  (Wstat: 512 Tests: 0 Failed: 0)
  Non-zero exit status: 2
  Parse errors: No plan found in TAP output
t/replay.t   (Wstat: 65280 Tests: 1 Failed: 1)
  Failed test:  1
  Non-zero exit status: 255
  Parse errors: No plan found in TAP output
t/synopsis.t (Wstat: 512 Tests: 3 Failed: 2)
  Failed tests:  1, 3
  Non-zero exit status: 2
t/test_name.t (Wstat: 7424 Tests: 2 Failed: 2)
  Failed tests:  1-2
  Non-zero exit status: 29
  Parse errors: No plan found in TAP output
t/use.t      (Wstat: 256 Tests: 1 Failed: 1)
  Failed test:  1
  Non-zero exit status: 1
t/verify_ok.t (Wstat: 65280 Tests: 1 Failed: 1)
  Failed test:  1
  Non-zero exit status: 255
  Parse errors: No plan found in TAP output
Files=8, Tests=10,  1 wallclock secs ( 0.12 usr  0.06 sys +  0.67 cusr  0.24 csys =  1.09 CPU)
Result: FAIL
Failed 8/8 test programs. 9/10 subtests failed.
*** Error code 255

Stop.
make: stopped in /home/sts/cpansmoke/perl-5.14.2/cpan/build/Test-Mock-Recorder-0.01-jJAb9N

------------------------------
PREREQUISITES
------------------------------

Prerequisite modules loaded:

requires:

    Module                Need Have   
    --------------------- ---- -------
    Class::Accessor::Fast 0    0.34   
    Data::Compare         0    1.22   
    Test::Builder         0    0.98   

build_requires:

    Module                Need Have   
    --------------------- ---- -------
    ExtUtils::MakeMaker   6.42 6.57_05
    Test::More            0    0.98   

configure_requires:

    Module                Need Have   
    --------------------- ---- -------
    ExtUtils::MakeMaker   6.42 6.57_05


------------------------------
ENVIRONMENT AND OTHER CONTEXT
------------------------------

Environment variables:

    AUTOMATED_TESTING = 1
    PATH = /home/sts/bin:/bin:/sbin:/usr/bin:/usr/sbin:/usr/X11R7/bin:/usr/X11R6/bin:/usr/pkg/bin:/usr/pkg/sbin:/usr/games:/usr/local/bin:/usr/local/sbin
    PERL5LIB = /home/sts/cpansmoke/perl-5.14.2/cpan/build/Class-Accessor-0.34-S219Up/blib/arch:/home/sts/cpansmoke/perl-5.14.2/cpan/build/Class-Accessor-0.34-S219Up/blib/lib
    PERL5OPT = 
    PERL5_CPANPLUS_IS_RUNNING = 14689
    PERL5_CPAN_IS_RUNNING = 14689
    PERL5_CPAN_IS_RUNNING_IN_RECURSION = 229,14689
    PERL_CR_SMOKER_CURRENT = Test-Mock-Recorder-0.01
    PERL_EXTUTILS_AUTOINSTALL = --defaultdeps
    PERL_MM_USE_DEFAULT = 1
    SHELL = /usr/pkg/bin/bash
    TERM = screen
    TMPDIR = /home/sts/cpansmoke/tmp

Perl special variables (and OS-specific diagnostics, for MSWin32):

    $^X = /home/sts/cpansmoke/perl-5.14.2/bin/perl
    $UID/$EUID = 1000 / 1000
    $GID = 100 100 0
    $EGID = 100 100 0

Perl module toolchain versions installed:

    Module              Have    
    ------------------- --------
    CPAN                1.9800  
    CPAN::Meta          2.110440
    Cwd                 3.36    
    ExtUtils::CBuilder  0.280203
    ExtUtils::Command   1.17    
    ExtUtils::Install   1.56    
    ExtUtils::MakeMaker 6.57_05 
    ExtUtils::Manifest  1.58    
    ExtUtils::ParseXS   2.2210  
    File::Spec          3.33    
    JSON                n/a     
    JSON::PP            2.27105 
    Module::Build       0.3800  
    Module::Signature   n/a     
    Parse::CPAN::Meta   1.4401  
    Test::Harness       3.23    
    Test::More          0.98    
    YAML                n/a     
    YAML::Syck          n/a     
    version             0.88    


--

Summary of my perl5 (revision 5 version 14 subversion 2) configuration:
   
  Platform:
    osname=netbsd, osvers=5.1, archname=i386-netbsd-thread-multi
    uname='netbsd cpansmoke2 5.1 netbsd 5.1 (xen3_domu) #0: sun nov 7 14:54:55 utc 2010 builds@b6.netbsd.org:homebuildsabnetbsd-5-1-releasei386201011061943z-objhomebuildsabnetbsd-5-1-releasesrcsysarchi386compilexen3_domu i386 '
    config_args='-des -Dusethreads -Dprefix=/home/sts/cpansmoke/perl-5.14.2'
    hint=recommended, useposix=true, d_sigaction=define
    useithreads=define, usemultiplicity=define
    useperlio=define, d_sfio=undef, uselargefiles=define, usesocks=undef
    use64bitint=undef, use64bitall=undef, uselongdouble=undef
    usemymalloc=n, bincompat5005=undef
  Compiler:
    cc='cc', ccflags ='-fno-strict-aliasing -pipe -fstack-protector -I/usr/pkg/include',
    optimize='-O',
    cppflags='-fno-strict-aliasing -pipe -fstack-protector -I/usr/pkg/include'
    ccversion='', gccversion='4.1.3 20080704 prerelease (NetBSD nb2 20081120)', gccosandvers=''
    intsize=4, longsize=4, ptrsize=4, doublesize=8, byteorder=1234
    d_longlong=define, longlongsize=8, d_longdbl=define, longdblsize=12
    ivtype='long', ivsize=4, nvtype='double', nvsize=8, Off_t='off_t', lseeksize=8
    alignbytes=4, prototype=define
  Linker and Libraries:
    ld='cc', ldflags =' -Wl,-rpath,/usr/pkg/lib -Wl,-rpath,/usr/local/lib -fstack-protector -L/usr/pkg/lib'
    libpth=/usr/pkg/lib /lib /usr/lib
    libs=-lm -lcrypt -lutil -lc -lposix -lpthread
    perllibs=-lm -lcrypt -lutil -lc -lposix -lpthread
    libc=/lib/libc.so, so=so, useshrplib=false, libperl=libperl.a
    gnulibc_version=''
  Dynamic Linking:
    dlsrc=dl_dlopen.xs, dlext=so, d_dlsymun=undef, ccdlflags='-Wl,-E '
    cccdlflags='-DPIC -fPIC ', lddlflags='--whole-archive -shared  -L/usr/pkg/lib -fstack-protector'


Characteristics of this binary (from libperl): 
  Compile-time options: MULTIPLICITY PERL_DONT_CREATE_GVSV
                        PERL_IMPLICIT_CONTEXT PERL_MALLOC_WRAP
                        PERL_PRESERVE_IVUV USE_ITHREADS USE_LARGE_FILES
                        USE_PERLIO USE_PERL_ATOF USE_REENTRANT_API
  Built under netbsd
  Compiled at Oct  2 2011 22:32:52
  %ENV:
    PERL5LIB="/home/sts/cpansmoke/perl-5.14.2/cpan/build/Class-Accessor-0.34-S219Up/blib/arch:/home/sts/cpansmoke/perl-5.14.2/cpan/build/Class-Accessor-0.34-S219Up/blib/lib"
    PERL5OPT=""
    PERL5_CPANPLUS_IS_RUNNING="14689"
    PERL5_CPAN_IS_RUNNING="14689"
    PERL5_CPAN_IS_RUNNING_IN_RECURSION="229,14689"
    PERL_CR_SMOKER_CURRENT="Test-Mock-Recorder-0.01"
    PERL_EXTUTILS_AUTOINSTALL="--defaultdeps"
    PERL_MM_USE_DEFAULT="1"
  @INC:
    /home/sts/cpansmoke/perl-5.14.2/cpan/build/Class-Accessor-0.34-S219Up/blib/arch
    /home/sts/cpansmoke/perl-5.14.2/cpan/build/Class-Accessor-0.34-S219Up/blib/lib
    /home/sts/cpansmoke/perl-5.14.2/lib/site_perl/5.14.2/i386-netbsd-thread-multi
    /home/sts/cpansmoke/perl-5.14.2/lib/site_perl/5.14.2
    /home/sts/cpansmoke/perl-5.14.2/lib/5.14.2/i386-netbsd-thread-multi
    /home/sts/cpansmoke/perl-5.14.2/lib/5.14.2
    .