Back
From: metabase:user:30977d10-2aae-11df-837a-5e0a49663a4f
Subject: FAIL Text-Editor-Vip-0.08.1 v5.15.0 GNU/Linux
Date: 2011-07-08T10:22:35Z
This distribution has been tested as part of the CPAN Testers
project, supporting the Perl programming language. See
http://wiki.cpantesters.org/ for more information or email
questions to cpan-testers-discuss@perl.org
--
Dear Nadim Ibn Hamouda El Khemir,
This is a computer-generated report for Text-Editor-Vip-0.08.1
on perl 5.15.0, created by CPAN-Reporter-1.1902.
Thank you for uploading your work to CPAN. However, there was a problem
testing your distribution.
If you think this report is invalid, please consult the CPAN Testers Wiki
for suggestions on how to avoid getting FAIL reports for missing library
or binary dependencies, unsupported operating systems, and so on:
http://wiki.cpantesters.org/wiki/CPANAuthorNotes
Sections of this report:
* Tester comments
* Program output
* Prerequisites
* Environment and other context
------------------------------
TESTER COMMENTS
------------------------------
Additional comments from tester:
this report is from an automated smoke testing program
and was not reviewed by a human for accuracy
------------------------------
PROGRAM OUTPUT
------------------------------
Output from '/usr/bin/make test':
/home/trushel/perl/perl5150/bin/perl Build --makefile_env_macros 1 test
t/001_Text_Editor_Vip.t ................................. ok
"our" variable $buffer masks earlier declaration in same scope at /home/trushel/cpan/build/5.15.0/Text-Editor-Vip-0.08.1-NAxGrq/blib/lib/Text/Editor/Vip/Buffer.pm line 374.
t/002_Text_Editor_Vip_Buffer.t .......................... ok
t/003_Text_Editor_Vip_Selection.t ....................... ok
t/004_Text_Editor_Vip_CommandBlock.t .................... ok
"our" variable $buffer masks earlier declaration in same scope at /home/trushel/cpan/build/5.15.0/Text-Editor-Vip-0.08.1-NAxGrq/blib/lib/Text/Editor/Vip/Buffer.pm line 374.
t/005_Text_Editor_Vip_Buffer_DoUndoRedo.t ............... ok
t/006_Text_Editor_Vip_View.t ............................ ok
t/007_Text_Editor_Vip_Buffer_List.t ..................... ok
"our" variable $buffer masks earlier declaration in same scope at /home/trushel/cpan/build/5.15.0/Text-Editor-Vip-0.08.1-NAxGrq/blib/lib/Text/Editor/Vip/Buffer.pm line 374.
t/008_Text_Editor_Vip_Buffer_Plugins_Display.t .......... ok
"our" variable $buffer masks earlier declaration in same scope at /home/trushel/cpan/build/5.15.0/Text-Editor-Vip-0.08.1-NAxGrq/blib/lib/Text/Editor/Vip/Buffer.pm line 374.
t/009_Text_Editor_Vip_Buffer_Plugins_File.t ............. ok
"our" variable $buffer masks earlier declaration in same scope at /home/trushel/cpan/build/5.15.0/Text-Editor-Vip-0.08.1-NAxGrq/blib/lib/Text/Editor/Vip/Buffer.pm line 374.
t/010_Text_Editor_Vip_Buffer_Plugins_Case.t ............. ok
"our" variable $buffer masks earlier declaration in same scope at /home/trushel/cpan/build/5.15.0/Text-Editor-Vip-0.08.1-NAxGrq/blib/lib/Text/Editor/Vip/Buffer.pm line 374.
t/011_Text_Editor_Vip_Buffer_Attribute.t ................ ok
"our" variable $buffer masks earlier declaration in same scope at /home/trushel/cpan/build/5.15.0/Text-Editor-Vip-0.08.1-NAxGrq/blib/lib/Text/Editor/Vip/Buffer.pm line 374.
t/012_Text_Editor_Vip_Buffer_Plugins_GetWord.t .......... ok
"our" variable $buffer masks earlier declaration in same scope at /home/trushel/cpan/build/5.15.0/Text-Editor-Vip-0.08.1-NAxGrq/blib/lib/Text/Editor/Vip/Buffer.pm line 374.
t/013_Text_Editor_Vip_Buffer_Selection.t ................ ok
"our" variable $buffer masks earlier declaration in same scope at /home/trushel/cpan/build/5.15.0/Text-Editor-Vip-0.08.1-NAxGrq/blib/lib/Text/Editor/Vip/Buffer.pm line 374.
t/014_Text_Editor_Vip_Buffer_Plugins_Tags.t ............. ok
"our" variable $buffer masks earlier declaration in same scope at /home/trushel/cpan/build/5.15.0/Text-Editor-Vip-0.08.1-NAxGrq/blib/lib/Text/Editor/Vip/Buffer.pm line 374.
t/015_Text_Editor_Vip_Buffer_Plugins_InsertConstruct.t .. ok
"our" variable $buffer masks earlier declaration in same scope at /home/trushel/cpan/build/5.15.0/Text-Editor-Vip-0.08.1-NAxGrq/blib/lib/Text/Editor/Vip/Buffer.pm line 374.
t/016_Text_Editor_Vip_Buffer_Plugins_InsertDelete.t ..... ok
"our" variable $buffer masks earlier declaration in same scope at /home/trushel/cpan/build/5.15.0/Text-Editor-Vip-0.08.1-NAxGrq/blib/lib/Text/Editor/Vip/Buffer.pm line 374.
t/017_Text_Editor_Vip_Buffer_Plugins_Selection.t ........ ok
"our" variable $buffer masks earlier declaration in same scope at /home/trushel/cpan/build/5.15.0/Text-Editor-Vip-0.08.1-NAxGrq/blib/lib/Text/Editor/Vip/Buffer.pm line 374.
t/018_Text_Editor_Vip_Buffer_Plugins_Movements.t ........ ok
"our" variable $buffer masks earlier declaration in same scope at /home/trushel/cpan/build/5.15.0/Text-Editor-Vip-0.08.1-NAxGrq/blib/lib/Text/Editor/Vip/Buffer.pm line 374.
t/019_Text_Editor_Vip_Buffer_Plugins_PageUpDown.t ....... ok
"our" variable $buffer masks earlier declaration in same scope at /home/trushel/cpan/build/5.15.0/Text-Editor-Vip-0.08.1-NAxGrq/blib/lib/Text/Editor/Vip/Buffer.pm line 374.
# Failed test 'invalid replacement warning'
# at t/020_Text_Editor_Vip_Buffer_Plugins_Replace.t line 231.
# found warning: Use of uninitialized value $2 in substitution iterator at (eval 391) line 2.
# expected to find warning: (?^:Use of uninitialized value in substitution iterator)
# Failed test 'invalid replacement warning'
# at t/020_Text_Editor_Vip_Buffer_Plugins_Replace.t line 310.
# found warning: Use of uninitialized value $2 in substitution iterator at (eval 405) line 2.
# expected to find warning: (?^:Use of uninitialized value in substitution iterator)
# Looks like you failed 2 tests of 89.
t/020_Text_Editor_Vip_Buffer_Plugins_Replace.t ..........
Dubious, test returned 2 (wstat 512, 0x200)
Failed 2/89 subtests
"our" variable $buffer masks earlier declaration in same scope at /home/trushel/cpan/build/5.15.0/Text-Editor-Vip-0.08.1-NAxGrq/blib/lib/Text/Editor/Vip/Buffer.pm line 374.
t/021_Text_Editor_Vip_Buffer_Plugins_Find.t ............. ok
"our" variable $buffer masks earlier declaration in same scope at lib/Text/Editor/Vip/Buffer.pm line 374.
# Failed test 'invalid replacement warning'
# at t/022_Text_Editor_Vip_Buffer_Plugins_Replace_Sub.t line 65.
# found warning: Use of uninitialized value $2 in substitution iterator at (eval 306) line 2.
# expected to find warning: (?^:Use of uninitialized value in substitution iterator)
# Looks like you failed 1 test of 13.
t/022_Text_Editor_Vip_Buffer_Plugins_Replace_Sub.t ......
Dubious, test returned 1 (wstat 256, 0x100)
Failed 1/13 subtests
"our" variable $buffer masks earlier declaration in same scope at lib/Text/Editor/Vip/Buffer.pm line 374.
t/023_Text_Editor_Vip_Buffer_Clipboard.t ................ ok
Test Summary Report
-------------------
t/020_Text_Editor_Vip_Buffer_Plugins_Replace.t (Wstat: 512 Tests: 89 Failed: 2)
Failed tests: 62, 82
Non-zero exit status: 2
t/022_Text_Editor_Vip_Buffer_Plugins_Replace_Sub.t (Wstat: 256 Tests: 13 Failed: 1)
Failed test: 9
Non-zero exit status: 1
Files=23, Tests=1018, 9 wallclock secs ( 0.17 usr 0.04 sys + 2.07 cusr 0.21 csys = 2.49 CPU)
Result: FAIL
Failed 2/23 test programs. 3/1018 subtests failed.
make: *** [test] Error 255
------------------------------
PREREQUISITES
------------------------------
Prerequisite modules loaded:
requires:
Module Need Have
---------------- ---- -------
Clone 0 0.31
Data::Hexdumper 0 2.01
Data::TreeDumper 0.24 0.40
File::Slurp 0 9999.19
Readonly 0 1.03
Text::Diff 0 1.41
build_requires:
Module Need Have
---------------- ---- -------
Test::Block 0 0.11
Test::Exception 0 0.31
Test::NoWarnings 0 1.02
Test::Warn 0 0.23
Text::Diff 0 1.41
------------------------------
ENVIRONMENT AND OTHER CONTEXT
------------------------------
Environment variables:
AUTOMATED_TESTING = 1
LANG = en_US.UTF-8
LANGUAGE = en
LC_COLLATE = C
LC_MONETARY = C
LC_NUMERIC = C
LC_TIME = C
PATH = /usr/local/sbin:/usr/local/bin:/usr/sbin:/usr/bin:/sbin:/bin
PERL5LIB =
PERL5OPT =
PERL5_CPANPLUS_IS_RUNNING = 24581
PERL5_CPAN_IS_RUNNING = 24581
PERL5_CPAN_IS_RUNNING_IN_RECURSION = 2503,24581
PERL_CR_SMOKER_CURRENT = Text-Editor-Vip-0.08.1
PERL_EXTUTILS_AUTOINSTALL = --defaultdeps
PERL_MM_USE_DEFAULT = 1
SHELL = /bin/bash
TERM = xterm
Perl special variables (and OS-specific diagnostics, for MSWin32):
$^X = /home/trushel/perl/perl5150/bin/perl
$UID/$EUID = 138375 / 138375
$GID = 5762 4 20 21 24 25 26 30 44 46 104 105 119 122 431 5762
$EGID = 5762 4 20 21 24 25 26 30 44 46 104 105 119 122 431 5762
Perl module toolchain versions installed:
Module Have
------------------- --------
CPAN 1.9600
Cwd 3.36
ExtUtils::CBuilder 0.280204
ExtUtils::Command 1.17
ExtUtils::Install 1.54
ExtUtils::MakeMaker 6.57_11
ExtUtils::Manifest 1.58
ExtUtils::ParseXS 2.2210
File::Spec 3.33
Module::Build 0.3800
Module::Signature 0.68
Test::Harness 3.23
Test::More 0.98
YAML 0.73
YAML::Syck n/a
version 0.91
--
Summary of my perl5 (revision 5 version 15 subversion 0) configuration:
Platform:
osname=linux, osvers=2.6.32-32-generic, archname=x86_64-linux
uname='linux trushel-glaptop 2.6.32-32-generic #62-ubuntu smp wed apr 20 21:52:38 utc 2011 x86_64 gnulinux '
config_args=''
hint=recommended, useposix=true, d_sigaction=define
useithreads=undef, usemultiplicity=undef
useperlio=define, d_sfio=undef, uselargefiles=define, usesocks=undef
use64bitint=define, use64bitall=define, uselongdouble=undef
usemymalloc=n, bincompat5005=undef
Compiler:
cc='cc', ccflags ='-fno-strict-aliasing -pipe -fstack-protector -I/usr/local/include -D_LARGEFILE_SOURCE -D_FILE_OFFSET_BITS=64',
optimize='-O2',
cppflags='-fno-strict-aliasing -pipe -fstack-protector -I/usr/local/include'
ccversion='', gccversion='4.4.3', gccosandvers=''
intsize=4, longsize=8, ptrsize=8, doublesize=8, byteorder=12345678
d_longlong=define, longlongsize=8, d_longdbl=define, longdblsize=16
ivtype='long', ivsize=8, nvtype='double', nvsize=8, Off_t='off_t', lseeksize=8
alignbytes=8, prototype=define
Linker and Libraries:
ld='cc', ldflags =' -fstack-protector -L/usr/local/lib'
libpth=/usr/local/lib /lib/../lib /usr/lib/../lib /lib /usr/lib /usr/lib/x86_64-linux-gnu /lib64 /usr/lib64
libs=-lnsl -ldl -lm -lcrypt -lutil -lc
perllibs=-lnsl -ldl -lm -lcrypt -lutil -lc
libc=/lib/libc-2.11.1.so, so=so, useshrplib=false, libperl=libperl.a
gnulibc_version='2.11.1'
Dynamic Linking:
dlsrc=dl_dlopen.xs, dlext=so, d_dlsymun=undef, ccdlflags='-Wl,-E'
cccdlflags='-fPIC', lddlflags='-shared -O2 -L/usr/local/lib -fstack-protector'
Characteristics of this binary (from libperl):
Compile-time options: PERL_DONT_CREATE_GVSV PERL_MALLOC_WRAP
PERL_PRESERVE_IVUV USE_64_BIT_ALL USE_64_BIT_INT
USE_LARGE_FILES USE_LOCALE USE_LOCALE_COLLATE
USE_LOCALE_CTYPE USE_LOCALE_NUMERIC USE_PERLIO
USE_PERL_ATOF
Built under linux
Compiled at Jun 22 2011 19:13:19
%ENV:
PERL5LIB=""
PERL5OPT=""
PERL5_CPANPLUS_IS_RUNNING="24581"
PERL5_CPAN_IS_RUNNING="24581"
PERL5_CPAN_IS_RUNNING_IN_RECURSION="2503,24581"
PERL_CR_SMOKER_CURRENT="Text-Editor-Vip-0.08.1"
PERL_EXTUTILS_AUTOINSTALL="--defaultdeps"
PERL_MM_USE_DEFAULT="1"
@INC:
/home/trushel/perl/perl5150/lib/site_perl/5.15.0/x86_64-linux
/home/trushel/perl/perl5150/lib/site_perl/5.15.0
/home/trushel/perl/perl5150/lib/5.15.0/x86_64-linux
/home/trushel/perl/perl5150/lib/5.15.0
.