Perl-Critic-Policy-PreferredModules v0.004 Perl 5 v5.30.0 x86_64-linux-thread-multi-ld
- Status
- Fail
- From
- Andreas J. König (ANDK)
- Dist
-
Perl-Critic-Policy-PreferredModules v0.004
- Platform
- Perl 5 v5.30.0 x86_64-linux-thread-multi-ld
- Date
- 2022-02-12 03:38:10
- ID
- 334d40c4-8bb5-11ec-a23a-cf6fec218b3c
This distribution has been tested as part of the CPAN Testers
project, supporting the Perl programming language. See
http://wiki.cpantesters.org/ for more information or email
questions to cpan-testers-discuss@perl.org
--
Dear icolas .,
This is a computer-generated report for Perl-Critic-Policy-PreferredModules-0.004
on perl 5.30.0, created by CPAN-Reporter-1.2018.
Thank you for uploading your work to CPAN. However, there was a problem
testing your distribution.
If you think this report is invalid, please consult the CPAN Testers Wiki
for suggestions on how to avoid getting FAIL reports for missing library
or binary dependencies, unsupported operating systems, and so on:
http://wiki.cpantesters.org/wiki/CPANAuthorNotes
Sections of this report:
* Tester comments
* Program output
* Prerequisites
* Environment and other context
------------------------------
TESTER COMMENTS
------------------------------
Additional comments from tester:
this report is from an automated smoke testing program
and was not reviewed by a human for accuracy
------------------------------
PROGRAM OUTPUT
------------------------------
Output from '/usr/bin/make test':
PERL_DL_NONLAZY=1 "/home/sand/src/perl/repoperls/installed-perls/host/k93msid/v5.30.0/ac75/bin/perl" "-MExtUtils::Command::MM" "-MTest::Harness" "-e" "undef *Test::Harness::Switches; test_harness(0, 'blib/lib', 'blib/arch')" t/*.t
t/00-load.t ............ ok
#
# Versions for all modules listed in MYMETA.json (including optional ones):
#
# === Configure Requires ===
#
# Module Want Have
# ------------------- ---- ----
# ExtUtils::MakeMaker any 7.42
#
# === Build Requires ===
#
# Module Want Have
# ------------------- ---- ----
# ExtUtils::MakeMaker any 7.42
#
# === Test Requires ===
#
# Module Want Have
# ------------------------- ---- --------
# ExtUtils::MakeMaker any 7.42
# File::Spec any 3.78
# File::Temp any 0.2309
# Test2::Bundle::Extended any 0.000141
# Test2::Plugin::NoWarnings any 0.09
# Test2::Tools::Explain any 0.02
# Test::MockFile any 0.021
# Test::More any 1.302186
#
# === Test Recommends ===
#
# Module Want Have
# ---------- -------- --------
# CPAN::Meta 2.120900 2.150010
#
# === Runtime Requires ===
#
# Module Want Have
# ----------------------------------------------- ---- -----
# Config::INI::Reader any 0.025
# Perl::Critic any 1.140
# Perl::Critic::Exception::AggregateConfiguration any 1.140
# Perl::Critic::Exception::Configuration::Generic any 1.140
# Perl::Critic::Policy any 1.140
# Perl::Critic::Utils any 1.140
#
# === Runtime Recommends ===
#
# Module Want Have
# ----------------- ---- ----
# Module::Pluggable 5.2 5.2
#
t/00-report-prereqs.t .. ok
Exception::Fatal::Generic: A general problem was found.
Can't load Policies from namespace "Perl::Critic::Policy": Can't use string ("DIR") as a symbol ref while "strict refs" in use at /home/sand/src/perl/repoperls/installed-perls/host/k93msid/v5.30.0/ac75/lib/5.30.0/File/Find.pm line 619.
Sat Feb 12 03:37:53 2022
Trace begun at /home/sand/src/perl/repoperls/installed-perls/host/k93msid/v5.30.0/ac75/lib/site_perl/5.30.0/Perl/Critic/PolicyFactory.pm line 59
Perl::Critic::PolicyFactory::import('Perl::Critic::PolicyFactory') called at /home/sand/src/perl/repoperls/installed-perls/host/k93msid/v5.30.0/ac75/lib/site_perl/5.30.0/Perl/Critic/Config.pm line 17
Perl::Critic::Config::BEGIN at /home/sand/src/perl/repoperls/installed-perls/host/k93msid/v5.30.0/ac75/lib/site_perl/5.30.0/Perl/Critic/Config.pm line 17
eval {...} at /home/sand/src/perl/repoperls/installed-perls/host/k93msid/v5.30.0/ac75/lib/site_perl/5.30.0/Perl/Critic/Config.pm line 17
require Perl/Critic/Config.pm at /home/sand/src/perl/repoperls/installed-perls/host/k93msid/v5.30.0/ac75/lib/site_perl/5.30.0/Perl/Critic.pm line 17
Perl::Critic::BEGIN at /home/sand/src/perl/repoperls/installed-perls/host/k93msid/v5.30.0/ac75/lib/site_perl/5.30.0/Perl/Critic/Config.pm line 17
eval {...} at /home/sand/src/perl/repoperls/installed-perls/host/k93msid/v5.30.0/ac75/lib/site_perl/5.30.0/Perl/Critic/Config.pm line 17
require Perl/Critic.pm at t/check-policy.t line 13
main::BEGIN at /home/sand/src/perl/repoperls/installed-perls/host/k93msid/v5.30.0/ac75/lib/site_perl/5.30.0/Perl/Critic/Config.pm line 17
eval {...} at /home/sand/src/perl/repoperls/installed-perls/host/k93msid/v5.30.0/ac75/lib/site_perl/5.30.0/Perl/Critic/Config.pm line 17
BEGIN failed--compilation aborted at /home/sand/src/perl/repoperls/installed-perls/host/k93msid/v5.30.0/ac75/lib/site_perl/5.30.0/Perl/Critic/Config.pm line 17.
Compilation failed in require at /home/sand/src/perl/repoperls/installed-perls/host/k93msid/v5.30.0/ac75/lib/site_perl/5.30.0/Perl/Critic.pm line 17.
BEGIN failed--compilation aborted at /home/sand/src/perl/repoperls/installed-perls/host/k93msid/v5.30.0/ac75/lib/site_perl/5.30.0/Perl/Critic.pm line 17.
Compilation failed in require at t/check-policy.t line 13.
BEGIN failed--compilation aborted at t/check-policy.t line 13.
t/check-policy.t .......
Dubious, test returned 255 (wstat 65280, 0xff00)
No subtests run
Test Summary Report
-------------------
t/check-policy.t (Wstat: 65280 Tests: 0 Failed: 0)
Non-zero exit status: 255
Parse errors: No plan found in TAP output
Files=3, Tests=5, 3 wallclock secs ( 0.01 usr 0.02 sys + 0.49 cusr 0.14 csys = 0.66 CPU)
Result: FAIL
Failed 1/3 test programs. 0/5 subtests failed.
make: *** [Makefile:877: test_dynamic] Error 255
------------------------------
PREREQUISITES
------------------------------
Prerequisite modules loaded:
requires:
Module Need Have
----------------------------------------------- ----- --------
Config::INI::Reader 0 0.025
perl 5.010 5.030000
Perl::Critic 0 1.140
Perl::Critic::Exception::AggregateConfiguration 0 1.140
Perl::Critic::Exception::Configuration::Generic 0 1.140
Perl::Critic::Policy 0 1.140
Perl::Critic::Utils 0 1.140
build_requires:
Module Need Have
----------------------------------------------- ----- --------
ExtUtils::MakeMaker 0 7.42
File::Spec 0 3.78
File::Temp 0 0.2309
Test2::Bundle::Extended 0 0.000141
Test2::Plugin::NoWarnings 0 0.09
Test2::Tools::Explain 0 0.02
Test::MockFile 0 0.021
Test::More 0 1.302186
configure_requires:
Module Need Have
----------------------------------------------- ----- --------
ExtUtils::MakeMaker 0 7.42
opt_requires:
Module Need Have
----------------------------------------------- ----- --------
Module::Pluggable 5.2 5.2
------------------------------
ENVIRONMENT AND OTHER CONTEXT
------------------------------
Environment variables:
AUTOMATED_TESTING = 1
LANG = en_US.UTF-8
PATH = /home/sand/bin:/usr/local/bin:/usr/bin:/bin:/usr/games:/usr/local/perl/bin:/usr/X11/bin:/sbin:/usr/sbin
PERL5LIB =
PERL5OPT =
PERL5_CPANPLUS_IS_RUNNING = 1341980
PERL5_CPAN_IS_RUNNING = 1341980
PERL_CANARY_STABILITY_NOPROMPT = 1
PERL_MM_USE_DEFAULT = 1
PERL_USE_UNSAFE_INC = 1
SHELL = /usr/bin/zsh
TERM = screen
Perl special variables (and OS-specific diagnostics, for MSWin32):
$^X = /home/sand/src/perl/repoperls/installed-perls/host/k93msid/v5.30.0/ac75/bin/perl
$UID/$EUID = 1005 / 1005
$GID = 1005 1005
$EGID = 1005 1005
Perl module toolchain versions installed:
Module Have
------------------- --------
CPAN 2.27
CPAN::Meta 2.150010
Cwd 3.78
ExtUtils::CBuilder 0.280231
ExtUtils::Command 7.42
ExtUtils::Install 2.14
ExtUtils::MakeMaker 7.42
ExtUtils::Manifest 1.72
ExtUtils::ParseXS 3.40
File::Spec 3.78
JSON 4.03
JSON::PP 4.04
Module::Build 0.4229
Module::Signature 0.83
Parse::CPAN::Meta 2.150010
Test::Harness 3.42
Test::More 1.302186
YAML 1.29
YAML::Syck 1.32
version 0.9925
--
Summary of my perl5 (revision 5 version 30 subversion 0) configuration:
Derived from: 44523d1ffde5f23de2e13216cdbac46357631904
Platform:
osname=linux
osvers=5.3.0-2-amd64
archname=x86_64-linux-thread-multi-ld
uname='linux k93msid 5.3.0-2-amd64 #1 smp debian 5.3.9-3 (2019-11-19) x86_64 gnulinux '
config_args='-Dprefix=/home/sand/src/perl/repoperls/installed-perls/host/k93msid/v5.30.0/ac75 -Dmyhostname=k93msid -Dinstallusrbinperl=n -Uversiononly -Dusedevel -des -Ui_db -Dlibswanted=cl pthread socket inet nsl gdbm dbm malloc dl ld sun m crypt sec util c cposix posix ucb BSD gdbm_compat -Duseithreads -Duselongdouble -DEBUGGING=both'
hint=recommended
useposix=true
d_sigaction=define
useithreads=define
usemultiplicity=define
use64bitint=define
use64bitall=define
uselongdouble=define
usemymalloc=n
default_inc_excludes_dot=define
bincompat5005=undef
Compiler:
cc='cc'
ccflags ='-D_REENTRANT -D_GNU_SOURCE -fwrapv -DDEBUGGING -fno-strict-aliasing -pipe -fstack-protector-strong -I/usr/local/include -D_LARGEFILE_SOURCE -D_FILE_OFFSET_BITS=64 -D_FORTIFY_SOURCE=2'
optimize='-O2 -g'
cppflags='-D_REENTRANT -D_GNU_SOURCE -fwrapv -DDEBUGGING -fno-strict-aliasing -pipe -fstack-protector-strong -I/usr/local/include'
ccversion=''
gccversion='9.2.1 20191109'
gccosandvers=''
intsize=4
longsize=8
ptrsize=8
doublesize=8
byteorder=12345678
doublekind=3
d_longlong=define
longlongsize=8
d_longdbl=define
longdblsize=16
longdblkind=3
ivtype='long'
ivsize=8
nvtype='long double'
nvsize=16
Off_t='off_t'
lseeksize=8
alignbytes=16
prototype=define
Linker and Libraries:
ld='cc'
ldflags =' -fstack-protector-strong -L/usr/local/lib'
libpth=/usr/local/lib /usr/lib/gcc/x86_64-linux-gnu/9/include-fixed /usr/include/x86_64-linux-gnu /usr/lib /lib/x86_64-linux-gnu /lib/../lib /usr/lib/x86_64-linux-gnu /usr/lib/../lib /lib
libs=-lpthread -lnsl -ldl -lm -lcrypt -lutil -lc
perllibs=-lpthread -lnsl -ldl -lm -lcrypt -lutil -lc
libc=libc-2.29.so
so=so
useshrplib=false
libperl=libperl.a
gnulibc_version='2.29'
Dynamic Linking:
dlsrc=dl_dlopen.xs
dlext=so
d_dlsymun=undef
ccdlflags='-Wl,-E'
cccdlflags='-fPIC'
lddlflags='-shared -O2 -g -L/usr/local/lib -fstack-protector-strong'
Characteristics of this binary (from libperl):
Compile-time options:
DEBUGGING
HAS_TIMES
MULTIPLICITY
PERLIO_LAYERS
PERL_COPY_ON_WRITE
PERL_DONT_CREATE_GVSV
PERL_IMPLICIT_CONTEXT
PERL_MALLOC_WRAP
PERL_OP_PARENT
PERL_PRESERVE_IVUV
PERL_TRACK_MEMPOOL
PERL_USE_DEVEL
USE_64_BIT_ALL
USE_64_BIT_INT
USE_ITHREADS
USE_LARGE_FILES
USE_LOCALE
USE_LOCALE_COLLATE
USE_LOCALE_CTYPE
USE_LOCALE_NUMERIC
USE_LOCALE_TIME
USE_LONG_DOUBLE
USE_PERLIO
USE_PERL_ATOF
USE_REENTRANT_API
USE_THREAD_SAFE_LOCALE
Locally applied patches:
uncommitted-changes
Built under linux
Compiled at Nov 24 2019 10:55:08
%ENV:
PERL5LIB=""
PERL5OPT=""
PERL5_CPANPLUS_IS_RUNNING="1341980"
PERL5_CPAN_IS_RUNNING="1341980"
PERL_CANARY_STABILITY_NOPROMPT="1"
PERL_MM_USE_DEFAULT="1"
PERL_USE_UNSAFE_INC="1"
@INC:
/home/sand/src/perl/repoperls/installed-perls/host/k93msid/v5.30.0/ac75/lib/site_perl/5.30.0/x86_64-linux-thread-multi-ld
/home/sand/src/perl/repoperls/installed-perls/host/k93msid/v5.30.0/ac75/lib/site_perl/5.30.0
/home/sand/src/perl/repoperls/installed-perls/host/k93msid/v5.30.0/ac75/lib/5.30.0/x86_64-linux-thread-multi-ld
/home/sand/src/perl/repoperls/installed-perls/host/k93msid/v5.30.0/ac75/lib/5.30.0
.