Report for MRS-Client-0.600100

Back
From: metabase:user:de0c1687-6c17-1014-803a-aa7147b9bd01
Subject: FAIL MRS-Client-0.600100 v5.12.3 GNU/Linux
Date: 2013-02-12T04:46:44Z

This distribution has been tested as part of the CPAN Testers
project, supporting the Perl programming language.  See
http://wiki.cpantesters.org/ for more information or email
questions to cpan-testers-discuss@perl.org


--
Dear Martin Senger,

This is a computer-generated report for MRS-Client-0.600100
on perl 5.12.3, created by CPAN-Reporter-1.2009.

Thank you for uploading your work to CPAN.  However, there was a problem
testing your distribution.

If you think this report is invalid, please consult the CPAN Testers Wiki
for suggestions on how to avoid getting FAIL reports for missing library
or binary dependencies, unsupported operating systems, and so on:

http://wiki.cpantesters.org/wiki/CPANAuthorNotes

Sections of this report:

    * Tester comments
    * Program output
    * Prerequisites
    * Environment and other context

------------------------------
TESTER COMMENTS
------------------------------

Additional comments from tester:

this report is from an automated smoke testing program
and was not reviewed by a human for accuracy

------------------------------
PROGRAM OUTPUT
------------------------------

Output from '/usr/bin/make test':

PERL_DL_NONLAZY=1 /opt/perl/bin/perl "-MExtUtils::Command::MM" "-e" "test_harness(0, 'blib/lib', 'blib/arch')" t/*.t
t/00-compile.t .......... ok
# Testing MRS::Client 0.600100, Perl v5.12.3, /opt/perl/bin/perl
t/00-load.t ............. ok
# Data manipulation
t/01-data.t ............. ok
# Setting host and endpoints
t/02-endpoint.t ......... ok
# Calling MRS services

#   Failed test 'Databank name'
#   at t/03-network.t line 22.

#   Failed test 'Databank version'
#   at t/03-network.t line 23.

#   Failed test 'Databank parser'
#   at t/03-network.t line 25.

#   Failed test 'Databank URL'
#   at t/03-network.t line 26.
Use of uninitialized value in array dereference at t/03-network.t line 29.
Use of uninitialized value in numeric gt (>) at t/03-network.t line 29.

#   Failed test 'Databank files'
#   at t/03-network.t line 29.
Can't use an undefined value as an ARRAY reference at t/03-network.t line 30.
# Looks like you planned 30 tests but ran 8.
# Looks like you failed 5 tests of 8 run.
# Looks like your test exited with 255 just after 8.
t/03-network.t .......... 
Dubious, test returned 255 (wstat 65280, 0xff00)
Failed 27/30 subtests 
# Manipulation of hyperlinks
t/04-links.t ............ ok
t/author-critic.t ....... skipped: these tests are for testing by the author
t/author-pod-spell.t .... skipped: these tests are for testing by the author
t/release-distmeta.t .... skipped: these tests are for release candidate testing
t/release-eol.t ......... skipped: these tests are for release candidate testing
t/release-no-tabs.t ..... skipped: these tests are for release candidate testing
t/release-pod-syntax.t .. skipped: these tests are for release candidate testing

Test Summary Report
-------------------
t/03-network.t        (Wstat: 65280 Tests: 8 Failed: 5)
  Failed tests:  2-3, 5-6, 8
  Non-zero exit status: 255
  Parse errors: Bad plan.  You planned 30 tests but ran 8.
Files=12, Tests=121,  3 wallclock secs ( 0.11 usr  0.02 sys +  2.05 cusr  0.38 csys =  2.56 CPU)
Result: FAIL
Failed 1/12 test programs. 5/121 subtests failed.
make: *** [test_dynamic] Error 255

------------------------------
PREREQUISITES
------------------------------

Prerequisite modules loaded:

requires:

    Module                            Need Have
    --------------------------------- ---- ----
    base                              0    2.15
    Carp                              0    1.17
    constant                          0    1.20
    File::Basename                    0    2.78
    FindBin                           0    1.50
    Getopt::Std                       0    1.06
    Math::BigInt                      0    1.99
    overload                          0    1.10
    strict                            0    1.04
    vars                              0    1.01
    warnings                          0    1.09
    XML::Compile::SOAP11              2.26 2.35
    XML::Compile::Transport::SOAPHTTP 0    2.35
    XML::Compile::WSDL11              0    2.35

build_requires:

    Module                            Need Have
    --------------------------------- ---- ----
    English                           0    1.04
    File::Find                        0    1.15
    File::Spec                        0    3.33
    File::Temp                        0    0.22
    Test::More                        0    0.96
    Test::Requires                    0    0.06

configure_requires:

    Module                            Need Have
    --------------------------------- ---- ----
    ExtUtils::MakeMaker               6.30 6.62


------------------------------
ENVIRONMENT AND OTHER CONTEXT
------------------------------

Environment variables:

    AUTOMATED_TESTING = 1
    LANG = en_US.UTF-8
    LC_ALL = C
    PATH = /home/mmusgrove/bin:/home/mmusgrove/bin:/opt/perl/bin:/usr/pgsql-9.1/bin:/usr/pgsql-9.1/bin:/opt/perl/bin:/home/mmusgrove/bin:/home/mmusgrove/bin:/opt/perl/bin:/usr/pgsql-9.1/bin:/usr/lib64/qt-3.3/bin:/usr/pgsql-9.1/bin:/usr/pgsql-9.1/bin:/usr/lib64/qt-3.3/bin:/usr/pgsql-9.1/bin:/opt/perl/bin:/usr/local/bin:/bin:/usr/bin:/usr/local/sbin:/usr/sbin:/sbin
    PERL5LIB = /home/mmusgrove/.local/share/.cpan/build/XML-Compile-SOAP-2.35-FjcfkK/blib/arch:/home/mmusgrove/.local/share/.cpan/build/XML-Compile-SOAP-2.35-FjcfkK/blib/lib:/home/mmusgrove/.local/share/.cpan/build/XML-Compile-Cache-0.992-0hP4L4/blib/arch:/home/mmusgrove/.local/share/.cpan/build/XML-Compile-Cache-0.992-0hP4L4/blib/lib:/home/mmusgrove/.local/share/.cpan/build/XML-LibXML-Simple-0.92-3CB0vz/blib/arch:/home/mmusgrove/.local/share/.cpan/build/XML-LibXML-Simple-0.92-3CB0vz/blib/lib:/home/mmusgrove/.local/share/.cpan/build/XML-Compile-1.31-Z2nyWq/blib/arch:/home/mmusgrove/.local/share/.cpan/build/XML-Compile-1.31-Z2nyWq/blib/lib:/home/mmusgrove/.local/share/.cpan/build/XML-LibXML-2.0014-BEkyp0/blib/arch:/home/mmusgrove/.local/share/.cpan/build/XML-LibXML-2.0014-BEkyp0/blib/lib:/home/mmusgrove/.local/share/.cpan/build/XML-Compile-Tester-0.90-W_Ft80/blib/arch:/home/mmusgrove/.local/share/.cpan/build/XML-Compile-Tester-0.90-W_Ft80/blib/lib:/home/mmusgrove/.local/share/.cpan/build/MIME-Base64-3.13-7PId3C/blib/arch:/home/mmusgrove/.local/share/.cpan/build/MIME-Base64-3.13-7PId3C/blib/lib:/home/mmusgrove/.local/share/.cpan/build/Log-Report-0.992-VpzNut/blib/arch:/home/mmusgrove/.local/share/.cpan/build/Log-Report-0.992-VpzNut/blib/lib:/opt/nms/lib/perl
    PERL5OPT = 
    PERL5_CPANPLUS_IS_RUNNING = 32152
    PERL5_CPAN_IS_RUNNING = 32152
    PERL5_CPAN_IS_RUNNING_IN_RECURSION = 2480,32152
    PERLLIB = /opt/nms/lib/perl
    PERL_CR_SMOKER_CURRENT = MRS-Client-0.600100
    PERL_EXTUTILS_AUTOINSTALL = --defaultdeps
    PERL_MM_USE_DEFAULT = 1
    SHELL = /bin/bash
    TERM = xterm-256color

Perl special variables (and OS-specific diagnostics, for MSWin32):

    $^X = /opt/perl/bin/perl
    $UID/$EUID = 500 / 500
    $GID = 500 10 100 500
    $EGID = 500 10 100 500

Perl module toolchain versions installed:

    Module              Have    
    ------------------- --------
    CPAN                1.9800  
    CPAN::Meta          2.112150
    Cwd                 3.33    
    ExtUtils::CBuilder  0.280202
    ExtUtils::Command   1.16    
    ExtUtils::Install   1.55    
    ExtUtils::MakeMaker 6.62    
    ExtUtils::Manifest  1.58    
    ExtUtils::ParseXS   2.2206  
    File::Spec          3.33    
    JSON                2.50    
    JSON::PP            2.27104 
    Module::Build       0.40    
    Module::Signature   n/a     
    Parse::CPAN::Meta   1.4401  
    Test::Harness       3.22    
    Test::More          0.96    
    YAML                0.72    
    YAML::Syck          n/a     
    version             0.88    


--

Summary of my perl5 (revision 5 version 12 subversion 3) configuration:
   
  Platform:
    osname=linux, osvers=2.6.18-164.9.1.el5, archname=x86_64-linux-thread-multi
    uname='linux nmsdev3.efjdfw.local 2.6.18-164.9.1.el5 #1 smp tue dec 15 20:57:57 est 2009 x86_64 x86_64 x86_64 gnulinux '
    config_args='-Dusethreads -Duselargefiles -Dprefix=/opt/perl -Accflags=-fPIC -de'
    hint=previous, useposix=true, d_sigaction=define
    useithreads=define, usemultiplicity=define
    useperlio=define, d_sfio=undef, uselargefiles=define, usesocks=undef
    use64bitint=define, use64bitall=define, uselongdouble=undef
    usemymalloc=n, bincompat5005=undef
  Compiler:
    cc='cc', ccflags ='-D_REENTRANT -D_GNU_SOURCE -fno-strict-aliasing -pipe -fstack-protector -I/usr/local/include -D_LARGEFILE_SOURCE -D_FILE_OFFSET_BITS=64 -fPIC',
    optimize='-O2',
    cppflags='-D_REENTRANT -D_GNU_SOURCE -fno-strict-aliasing -pipe -fstack-protector -I/usr/local/include -D_REENTRANT -D_GNU_SOURCE -fno-strict-aliasing -pipe -fstack-protector -I/usr/local/include -D_LARGEFILE_SOURCE -D_FILE_OFFSET_BITS=64 -fPIC'
    ccversion='', gccversion='4.1.2 20080704 (Red Hat 4.1.2-46)', gccosandvers=''
    intsize=4, longsize=8, ptrsize=8, doublesize=8, byteorder=12345678
    d_longlong=define, longlongsize=8, d_longdbl=define, longdblsize=16
    ivtype='long', ivsize=8, nvtype='double', nvsize=8, Off_t='off_t', lseeksize=8
    alignbytes=8, prototype=define
  Linker and Libraries:
    ld='cc', ldflags =' -fstack-protector -L/usr/local/lib'
    libpth=/usr/local/lib /lib /usr/lib /lib64 /usr/lib64 /usr/local/lib64
    libs=-lnsl -ldb -ldl -lm -lcrypt -lutil -lpthread -lc
    perllibs=-lnsl -ldl -lm -lcrypt -lutil -lpthread -lc
    libc=/lib/libc-2.5.so, so=so, useshrplib=false, libperl=libperl.a
    gnulibc_version='2.5'
  Dynamic Linking:
    dlsrc=dl_dlopen.xs, dlext=so, d_dlsymun=undef, ccdlflags='-Wl,-E'
    cccdlflags='-fPIC', lddlflags='-shared -O2 -L/usr/local/lib -fstack-protector'


Characteristics of this binary (from libperl): 
  Compile-time options: MULTIPLICITY PERL_DONT_CREATE_GVSV
                        PERL_IMPLICIT_CONTEXT PERL_MALLOC_WRAP USE_64_BIT_ALL
                        USE_64_BIT_INT USE_ITHREADS USE_LARGE_FILES
                        USE_PERLIO USE_PERL_ATOF USE_REENTRANT_API
  Built under linux
  Compiled at Jan 24 2011 19:21:05
  %ENV:
    PERL5LIB="/home/mmusgrove/.local/share/.cpan/build/XML-Compile-SOAP-2.35-FjcfkK/blib/arch:/home/mmusgrove/.local/share/.cpan/build/XML-Compile-SOAP-2.35-FjcfkK/blib/lib:/home/mmusgrove/.local/share/.cpan/build/XML-Compile-Cache-0.992-0hP4L4/blib/arch:/home/mmusgrove/.local/share/.cpan/build/XML-Compile-Cache-0.992-0hP4L4/blib/lib:/home/mmusgrove/.local/share/.cpan/build/XML-LibXML-Simple-0.92-3CB0vz/blib/arch:/home/mmusgrove/.local/share/.cpan/build/XML-LibXML-Simple-0.92-3CB0vz/blib/lib:/home/mmusgrove/.local/share/.cpan/build/XML-Compile-1.31-Z2nyWq/blib/arch:/home/mmusgrove/.local/share/.cpan/build/XML-Compile-1.31-Z2nyWq/blib/lib:/home/mmusgrove/.local/share/.cpan/build/XML-LibXML-2.0014-BEkyp0/blib/arch:/home/mmusgrove/.local/share/.cpan/build/XML-LibXML-2.0014-BEkyp0/blib/lib:/home/mmusgrove/.local/share/.cpan/build/XML-Compile-Tester-0.90-W_Ft80/blib/arch:/home/mmusgrove/.local/share/.cpan/build/XML-Compile-Tester-0.90-W_Ft80/blib/lib:/home/mmusgrove/.local/share/.cpan/build/MIME-Base64-3.13-7PId3C/blib/arch:/home/mmusgrove/.local/share/.cpan/build/MIME-Base64-3.13-7PId3C/blib/lib:/home/mmusgrove/.local/share/.cpan/build/Log-Report-0.992-VpzNut/blib/arch:/home/mmusgrove/.local/share/.cpan/build/Log-Report-0.992-VpzNut/blib/lib:/opt/nms/lib/perl"
    PERL5OPT=""
    PERL5_CPANPLUS_IS_RUNNING="32152"
    PERL5_CPAN_IS_RUNNING="32152"
    PERL5_CPAN_IS_RUNNING_IN_RECURSION="2480,32152"
    PERLLIB="/opt/nms/lib/perl"
    PERL_CR_SMOKER_CURRENT="MRS-Client-0.600100"
    PERL_EXTUTILS_AUTOINSTALL="--defaultdeps"
    PERL_MM_USE_DEFAULT="1"
  @INC:
    /home/mmusgrove/.local/share/.cpan/build/XML-Compile-SOAP-2.35-FjcfkK/blib/arch
    /home/mmusgrove/.local/share/.cpan/build/XML-Compile-SOAP-2.35-FjcfkK/blib/lib
    /home/mmusgrove/.local/share/.cpan/build/XML-Compile-Cache-0.992-0hP4L4/blib/arch
    /home/mmusgrove/.local/share/.cpan/build/XML-Compile-Cache-0.992-0hP4L4/blib/lib
    /home/mmusgrove/.local/share/.cpan/build/XML-LibXML-Simple-0.92-3CB0vz/blib/arch
    /home/mmusgrove/.local/share/.cpan/build/XML-LibXML-Simple-0.92-3CB0vz/blib/lib
    /home/mmusgrove/.local/share/.cpan/build/XML-Compile-1.31-Z2nyWq/blib/arch
    /home/mmusgrove/.local/share/.cpan/build/XML-Compile-1.31-Z2nyWq/blib/lib
    /home/mmusgrove/.local/share/.cpan/build/XML-LibXML-2.0014-BEkyp0/blib/arch
    /home/mmusgrove/.local/share/.cpan/build/XML-LibXML-2.0014-BEkyp0/blib/lib
    /home/mmusgrove/.local/share/.cpan/build/XML-Compile-Tester-0.90-W_Ft80/blib/arch
    /home/mmusgrove/.local/share/.cpan/build/XML-Compile-Tester-0.90-W_Ft80/blib/lib
    /home/mmusgrove/.local/share/.cpan/build/MIME-Base64-3.13-7PId3C/blib/arch
    /home/mmusgrove/.local/share/.cpan/build/MIME-Base64-3.13-7PId3C/blib/lib
    /home/mmusgrove/.local/share/.cpan/build/Log-Report-0.992-VpzNut/blib/arch
    /home/mmusgrove/.local/share/.cpan/build/Log-Report-0.992-VpzNut/blib/lib
    /opt/nms/lib/perl
    /opt/perl/lib/site_perl/5.12.3/x86_64-linux-thread-multi
    /opt/perl/lib/site_perl/5.12.3
    /opt/perl/lib/5.12.3/x86_64-linux-thread-multi
    /opt/perl/lib/5.12.3
    /opt/perl/lib/site_perl
    .