Data-Bind v0.30 Perl 5 v5.36.0 x86_64-linux-thread-multi

Status
Fail
From
Andreas J. König (ANDK)
Dist
Data-Bind v0.30
Platform
Perl 5 v5.36.0 x86_64-linux-thread-multi
Date
2022-06-13 06:43:58
ID
33b64504-eae4-11ec-a569-aaf6d67db6fe
This distribution has been tested as part of the CPAN Testers
project, supporting the Perl programming language.  See
http://wiki.cpantesters.org/ for more information or email
questions to cpan-testers-discuss@perl.org


--
Dear Chia-liang Kao,

This is a computer-generated report for Data-Bind-0.30
on perl 5.36.0, created by CPAN-Reporter-1.2018.

Thank you for uploading your work to CPAN.  However, there was a problem
testing your distribution.

If you think this report is invalid, please consult the CPAN Testers Wiki
for suggestions on how to avoid getting FAIL reports for missing library
or binary dependencies, unsupported operating systems, and so on:

http://wiki.cpantesters.org/wiki/CPANAuthorNotes

Sections of this report:

    * Tester comments
    * Program output
    * Prerequisites
    * Environment and other context

------------------------------
TESTER COMMENTS
------------------------------

Additional comments from tester:

this report is from an automated smoke testing program
and was not reviewed by a human for accuracy

------------------------------
PROGRAM OUTPUT
------------------------------

Output from '/usr/bin/make test':

"/tmp/basesmoker-reloperl-h0gE/bin/perl" "-Iinc" -MExtUtils::Command::MM -e 'cp_nonempty' -- Bind.bs blib/arch/auto/Data/Bind/Bind.bs 644
PERL_DL_NONLAZY=1 "/tmp/basesmoker-reloperl-h0gE/bin/perl" "-MExtUtils::Command::MM" "-MTest::Harness" "-e" "undef *Test::Harness::Switches; test_harness(0, 'inc', 'blib/lib', 'blib/arch')" t/*.t
Attempt to free nonexistent shared string 'new_value', Perl interpreter: 0x55f4663392a0 at /home/sand/src/perl/repoperls/installed-perls/host/k93jammy/v5.36.0/b4f3/lib/5.36.0/Test/More.pm line 1554.
Attempt to free nonexistent shared string '—q9ñU', Perl interpreter: 0x55f4663392a0 at t/arrays.t line 140.
t/arrays.t .......... ok
t/coderef.t ......... ok
t/compat.t .......... ok
t/highlevel.t ....... ok
t/multidimension.t .. ok
t/objects.t ......... ok
t/overload.t ........ ok
Use of uninitialized value $got in string eq at (eval in cmp_ok) t/scalars.t line 100.

#   Failed test 'bound readonly sub param was bound correctly (1)'
#   at t/scalars.t line 100.
Use of uninitialized value in concatenation (.) or string at /home/sand/src/perl/repoperls/installed-perls/host/k93jammy/v5.36.0/b4f3/lib/5.36.0/Test/Builder.pm line 849.
#          got: ''
#     expected: '42'
Use of uninitialized value $got in string eq at (eval in cmp_ok) t/scalars.t line 102.

#   Failed test 'bound readonly sub param was bound correctly (2)'
#   at t/scalars.t line 102.
Use of uninitialized value in concatenation (.) or string at /home/sand/src/perl/repoperls/installed-perls/host/k93jammy/v5.36.0/b4f3/lib/5.36.0/Test/Builder.pm line 849.
#          got: ''
#     expected: '43'
Use of uninitialized value $got in string eq at (eval in cmp_ok) t/scalars.t line 107.

#   Failed test 'bound readonly sub param remains readonly (2)'
#   at t/scalars.t line 107.
Use of uninitialized value in concatenation (.) or string at /home/sand/src/perl/repoperls/installed-perls/host/k93jammy/v5.36.0/b4f3/lib/5.36.0/Test/Builder.pm line 849.
#          got: ''
#     expected: '43'
Use of uninitialized value $got in string eq at (eval in cmp_ok) t/scalars.t line 123.

#   Failed test 'bound rw sub param was bound correctly (1)'
#   at t/scalars.t line 123.
Use of uninitialized value in concatenation (.) or string at /home/sand/src/perl/repoperls/installed-perls/host/k93jammy/v5.36.0/b4f3/lib/5.36.0/Test/Builder.pm line 849.
#          got: ''
#     expected: '42'
Use of uninitialized value $got in string eq at (eval in cmp_ok) t/scalars.t line 125.

#   Failed test 'bound rw sub param was bound correctly (2)'
#   at t/scalars.t line 125.
Use of uninitialized value in concatenation (.) or string at /home/sand/src/perl/repoperls/installed-perls/host/k93jammy/v5.36.0/b4f3/lib/5.36.0/Test/Builder.pm line 849.
#          got: ''
#     expected: '43'
Use of uninitialized value $got in string eq at (eval in cmp_ok) t/scalars.t line 128.

#   Failed test 'bound rw sub param remains rw (2)'
#   at t/scalars.t line 128.
Use of uninitialized value in concatenation (.) or string at /home/sand/src/perl/repoperls/installed-perls/host/k93jammy/v5.36.0/b4f3/lib/5.36.0/Test/Builder.pm line 849.
#          got: ''
#     expected: '23'
# Looks like you failed 6 tests of 28.
t/scalars.t ......... 
Dubious, test returned 6 (wstat 1536, 0x600)
Failed 6/28 subtests 
	(less 1 skipped subtest: 21 okay)
# Testing with positional arguments

#   Failed test 'Testing the value for positional'
#   at t/slurpy_param.t line 51.
Use of uninitialized value in concatenation (.) or string at /home/sand/src/perl/repoperls/installed-perls/host/k93jammy/v5.36.0/b4f3/lib/5.36.0/Test/Builder.pm line 849.
#          got: ''
#     expected: '1'
# Testing without positional arguments

#   Failed test 'Testing the value for positional'
#   at t/slurpy_param.t line 70.
Use of uninitialized value in concatenation (.) or string at /home/sand/src/perl/repoperls/installed-perls/host/k93jammy/v5.36.0/b4f3/lib/5.36.0/Test/Builder.pm line 849.
#          got: ''
#     expected: '20'
# Testing with named arguments (named param isn't required)

#   Failed test 'Testing the named argument'
#   at t/slurpy_param.t line 125.
Use of uninitialized value in concatenation (.) or string at /home/sand/src/perl/repoperls/installed-perls/host/k93jammy/v5.36.0/b4f3/lib/5.36.0/Test/Builder.pm line 849.
#          got: ''
#     expected: '20'
# Testing with named arguments (named param is required) (++ version)
# Testing with named arguments (named param is required) (trait version)
# Testing with slurpy scalar

#   Failed test 'Testing the first slurpy scalar...'
#   at t/slurpy_param.t line 191.
Use of uninitialized value in concatenation (.) or string at /home/sand/src/perl/repoperls/installed-perls/host/k93jammy/v5.36.0/b4f3/lib/5.36.0/Test/Builder.pm line 849.
#          got: ''
#     expected: '1'

#   Failed test 'Testing the second slurpy scalar...'
#   at t/slurpy_param.t line 193.
Use of uninitialized value in concatenation (.) or string at /home/sand/src/perl/repoperls/installed-perls/host/k93jammy/v5.36.0/b4f3/lib/5.36.0/Test/Builder.pm line 849.
#          got: ''
#     expected: '2'
# Looks like you failed 5 tests of 26.
t/slurpy_param.t .... 
Dubious, test returned 5 (wstat 1280, 0x500)
Failed 5/26 subtests 
t/sub.t ............. ok

Test Summary Report
-------------------
t/scalars.t       (Wstat: 1536 (exited 6) Tests: 28 Failed: 6)
  Failed tests:  17-18, 20, 22-23, 25
  Non-zero exit status: 6
t/slurpy_param.t  (Wstat: 1280 (exited 5) Tests: 26 Failed: 5)
  Failed tests:  2, 7, 17, 24-25
  Non-zero exit status: 5
Files=10, Tests=140,  1 wallclock secs ( 0.05 usr  0.02 sys +  0.73 cusr  0.10 csys =  0.90 CPU)
Result: FAIL
Failed 2/10 test programs. 11/140 subtests failed.
make: *** [Makefile:959: test_dynamic] Error 255

------------------------------
PREREQUISITES
------------------------------

Prerequisite modules loaded:

requires:

    Module                Need Have
    --------------------- ---- ----
    Class::Accessor::Fast 0    0.51
    Data::Capture         0    0.27
    Devel::Caller         0.10 2.06
    Devel::LexAlias       0    0.05
    PadWalker             0    2.5 
    Test::Exception       0    0.43

build_requires:

    Module                Need Have
    --------------------- ---- ----
    ExtUtils::MakeMaker   0    7.64


------------------------------
ENVIRONMENT AND OTHER CONTEXT
------------------------------

Environment variables:

    AUTOMATED_TESTING = 1
    LANG = en_US.UTF-8
    LC_ADDRESS = de_DE.UTF-8
    LC_IDENTIFICATION = de_DE.UTF-8
    LC_MEASUREMENT = de_DE.UTF-8
    LC_MONETARY = de_DE.UTF-8
    LC_NAME = de_DE.UTF-8
    LC_NUMERIC = de_DE.UTF-8
    LC_PAPER = de_DE.UTF-8
    LC_TELEPHONE = de_DE.UTF-8
    LC_TIME = de_DE.UTF-8
    PATH = /home/sand/bin:/usr/local/bin:/usr/local/sbin:/usr/sbin:/usr/bin:/sbin:/bin:/usr/games:/usr/local/games:/snap/bin:/usr/local/perl/bin:/usr/X11/bin
    PERL = /tmp/basesmoker-reloperl-h0gE/bin/perl
    PERL5LIB = /tmp/loop_over_bdir-33648-E2Rab8/CORBA-Python-2.66-0/blib/arch:/tmp/loop_over_bdir-33648-E2Rab8/CORBA-Python-2.66-0/blib/lib:/tmp/loop_over_bdir-33648-E2Rab8/Net-ISP-Balance-1.31-0/blib/arch:/tmp/loop_over_bdir-33648-E2Rab8/Net-ISP-Balance-1.31-0/blib/lib
    PERL5OPT = 
    PERL5_CPANPLUS_IS_RUNNING = 33656
    PERL5_CPAN_IS_RUNNING = 33656
    PERL_CANARY_STABILITY_NOPROMPT = 1
    PERL_MM_USE_DEFAULT = 1
    PERL_USE_UNSAFE_INC = 1
    SHELL = /usr/bin/zsh
    TERM = screen

Perl special variables (and OS-specific diagnostics, for MSWin32):

    $^X = /tmp/basesmoker-reloperl-h0gE/bin/perl
    $UID/$EUID = 1005 / 1005
    $GID = 1005 1005
    $EGID = 1005 1005

Perl module toolchain versions installed:

    Module              Have    
    ------------------- --------
    CPAN                2.34    
    CPAN::Meta          2.150010
    Cwd                 3.84    
    ExtUtils::CBuilder  0.280236
    ExtUtils::Command   7.64    
    ExtUtils::Install   2.20    
    ExtUtils::MakeMaker 7.64    
    ExtUtils::Manifest  1.73    
    ExtUtils::ParseXS   3.45    
    File::Spec          3.84    
    JSON                4.06    
    JSON::PP            4.09    
    Module::Build       0.4231  
    Module::Signature   0.88    
    Parse::CPAN::Meta   2.150010
    Test::Harness       3.44    
    Test::More          1.302190
    YAML                1.30    
    YAML::Syck          1.34    
    version             0.9929  


--

Summary of my perl5 (revision 5 version 36 subversion 0) configuration:
  Commit id: b3c502b607191da0e743a4fa34501a05442305b3
  Platform:
    osname=linux
    osvers=5.15.0-35-generic
    archname=x86_64-linux-thread-multi
    uname='linux k93jammy 5.15.0-35-generic #36-ubuntu smp sat may 21 02:24:07 utc 2022 x86_64 x86_64 x86_64 gnulinux '
    config_args='-Dprefix=/home/sand/src/perl/repoperls/installed-perls/host/k93jammy/v5.36.0/b4f3 -Dmyhostname=k93jammy -Dinstallusrbinperl=n -Uversiononly -Dusedevel -des -Ui_db -Dlibswanted=cl pthread socket inet nsl gdbm dbm malloc dl ld sun m crypt sec util c cposix posix ucb BSD gdbm_compat -Duseithreads -Uuselongdouble -DEBUGGING=-g'
    hint=recommended
    useposix=true
    d_sigaction=define
    useithreads=define
    usemultiplicity=define
    use64bitint=define
    use64bitall=define
    uselongdouble=undef
    usemymalloc=n
    default_inc_excludes_dot=define
  Compiler:
    cc='cc'
    ccflags ='-D_REENTRANT -D_GNU_SOURCE -fwrapv -fno-strict-aliasing -pipe -fstack-protector-strong -I/usr/local/include -D_LARGEFILE_SOURCE -D_FILE_OFFSET_BITS=64'
    optimize='-O2 -g'
    cppflags='-D_REENTRANT -D_GNU_SOURCE -fwrapv -fno-strict-aliasing -pipe -fstack-protector-strong -I/usr/local/include'
    ccversion=''
    gccversion='11.2.0'
    gccosandvers=''
    intsize=4
    longsize=8
    ptrsize=8
    doublesize=8
    byteorder=12345678
    doublekind=3
    d_longlong=define
    longlongsize=8
    d_longdbl=define
    longdblsize=16
    longdblkind=3
    ivtype='long'
    ivsize=8
    nvtype='double'
    nvsize=8
    Off_t='off_t'
    lseeksize=8
    alignbytes=8
    prototype=define
  Linker and Libraries:
    ld='cc'
    ldflags =' -fstack-protector-strong -L/usr/local/lib'
    libpth=/usr/local/lib /usr/lib/x86_64-linux-gnu /usr/lib /usr/lib64
    libs=-lpthread -lnsl -ldl -lm -lcrypt -lutil -lc
    perllibs=-lpthread -lnsl -ldl -lm -lcrypt -lutil -lc
    libc=/lib/x86_64-linux-gnu/libc.so.6
    so=so
    useshrplib=false
    libperl=libperl.a
    gnulibc_version='2.35'
  Dynamic Linking:
    dlsrc=dl_dlopen.xs
    dlext=so
    d_dlsymun=undef
    ccdlflags='-Wl,-E'
    cccdlflags='-fPIC'
    lddlflags='-shared -O2 -g -L/usr/local/lib -fstack-protector-strong'


Characteristics of this binary (from libperl): 
  Compile-time options:
    HAS_TIMES
    MULTIPLICITY
    PERLIO_LAYERS
    PERL_COPY_ON_WRITE
    PERL_DONT_CREATE_GVSV
    PERL_MALLOC_WRAP
    PERL_OP_PARENT
    PERL_PRESERVE_IVUV
    PERL_USE_DEVEL
    USE_64_BIT_ALL
    USE_64_BIT_INT
    USE_ITHREADS
    USE_LARGE_FILES
    USE_LOCALE
    USE_LOCALE_COLLATE
    USE_LOCALE_CTYPE
    USE_LOCALE_NUMERIC
    USE_LOCALE_TIME
    USE_PERLIO
    USE_PERL_ATOF
    USE_REENTRANT_API
    USE_THREAD_SAFE_LOCALE
  Built under linux
  Compiled at Jun  8 2022 05:53:36
  %ENV:
    PERL="/tmp/basesmoker-reloperl-h0gE/bin/perl"
    PERL5LIB="/tmp/loop_over_bdir-33648-E2Rab8/CORBA-Python-2.66-0/blib/arch:/tmp/loop_over_bdir-33648-E2Rab8/CORBA-Python-2.66-0/blib/lib:/tmp/loop_over_bdir-33648-E2Rab8/Net-ISP-Balance-1.31-0/blib/arch:/tmp/loop_over_bdir-33648-E2Rab8/Net-ISP-Balance-1.31-0/blib/lib"
    PERL5OPT=""
    PERL5_CPANPLUS_IS_RUNNING="33656"
    PERL5_CPAN_IS_RUNNING="33656"
    PERL_CANARY_STABILITY_NOPROMPT="1"
    PERL_MM_USE_DEFAULT="1"
    PERL_USE_UNSAFE_INC="1"
  @INC:
    /tmp/loop_over_bdir-33648-E2Rab8/CORBA-Python-2.66-0/blib/arch
    /tmp/loop_over_bdir-33648-E2Rab8/CORBA-Python-2.66-0/blib/lib
    /tmp/loop_over_bdir-33648-E2Rab8/Net-ISP-Balance-1.31-0/blib/arch
    /tmp/loop_over_bdir-33648-E2Rab8/Net-ISP-Balance-1.31-0/blib/lib
    /home/sand/src/perl/repoperls/installed-perls/host/k93jammy/v5.36.0/b4f3/lib/site_perl/5.36.0/x86_64-linux-thread-multi
    /home/sand/src/perl/repoperls/installed-perls/host/k93jammy/v5.36.0/b4f3/lib/site_perl/5.36.0
    /home/sand/src/perl/repoperls/installed-perls/host/k93jammy/v5.36.0/b4f3/lib/5.36.0/x86_64-linux-thread-multi
    /home/sand/src/perl/repoperls/installed-perls/host/k93jammy/v5.36.0/b4f3/lib/5.36.0
    .