Back
From: metabase:user:30ae4450-2aae-11df-837a-5e0a49663a4f
Subject: FAIL Statistics-Test-WilcoxonRankSum-0.0.7 v5.22.1
Date: 2016-04-22T10:23:40Z
This distribution has been tested as part of the CPAN Testers
project, supporting the Perl programming language. See
http://wiki.cpantesters.org/ for more information or email
questions to cpan-testers-discuss@perl.org
--
Dear Ingrid Falk,
This is a computer-generated report for Statistics-Test-WilcoxonRankSum-0.0.7
on perl 5.22.1, created by CPAN-Reporter-1.2017.
Thank you for uploading your work to CPAN. However, there was a problem
testing your distribution.
If you think this report is invalid, please consult the CPAN Testers Wiki
for suggestions on how to avoid getting FAIL reports for missing library
or binary dependencies, unsupported operating systems, and so on:
http://wiki.cpantesters.org/wiki/CPANAuthorNotes
Sections of this report:
* Tester comments
* Program output
* Prerequisites
* Environment and other context
------------------------------
TESTER COMMENTS
------------------------------
Additional comments from tester:
this report is from an automated smoke testing program
and was not reviewed by a human for accuracy
------------------------------
PROGRAM OUTPUT
------------------------------
Output from 'C:\Strawberry221\perl\bin\perl.exe ./Build test':
# Testing Statistics::Test::WilcoxonRankSum 0.0.7
t\00.load.t ................... ok
t\01.load_data.t .............. ok
# Failed test 'Ranks array'
# at t\02.compute_ranks.t line 330.
# Structures begin differing at:
# $got->[1][1] = 'ds1'
# $expected->[1][1] = 'ds2'
# Looks like you failed 1 test of 7.
t\02.compute_ranks.t ..........
Dubious, test returned 1 (wstat 256, 0x100)
Failed 1/7 subtests
t\03.rankSums.t ............... ok
t\031.rankSums.t .............. ok
t\04.exact.t .................. ok
# Summary method in void context -> prints to stdout
# ----------------------------------------------------------------
# dataset | n | rank sum: observed / expected
# ----------------------------------------------------------------
# 1 | 8 | 41 / 64
# ----------------------------------------------------------------
# 2 | 8 | 94 / 64
# ----------------------------------------------------------------
# N (size of both datasets): 16
# Probability: 0.002797, exact
# Significant (at 0.05 level)
# Ranks of dataset 1 are lower than expected
t\05.probabilities.t .......... ok
# u-crit (95th percentile = 0.05 level) = 1.6449
# Example from http://www.stat.auckland.ac.nz/~wild/ChanceEnc/Ch10.wilcoxon.pdf
# Example from http://www.statsdirect.com/help/nonparametric_methods/mwt.htm
# Example from http://faculty.vassar.edu/lowry/ch11a.html
# An example from http://www.saburchill.com/IBbiology/stats/002.html
t\05.probability_approx.t ..... ok
t\05.probability_exact.t ...... ok
t\05.probability_greater_1.t .. ok
t\051.probability_exact.t ..... ok
# Failed test 'Test::Perl::Critic for "blib\lib\Statistics\Test\WilcoxonRankSum.pm"'
# at C:/Strawberry221/perl/site/lib/Test/Perl/Critic.pm line 104.
#
# Private Member Data shouldn't be accessed directly at line 121, column 22. Accessing an objects data directly breaks encapsulation and should be avoided. Example: $object->{ some_key }. (Severity: 5)
# Private Member Data shouldn't be accessed directly at line 121, column 39. Accessing an objects data directly breaks encapsulation and should be avoided. Example: $object->{ some_key }. (Severity: 5)
# Private Member Data shouldn't be accessed directly at line 385, column 23. Accessing an objects data directly breaks encapsulation and should be avoided. Example: $object->{ some_key }. (Severity: 5)
# Private Member Data shouldn't be accessed directly at line 401, column 19. Accessing an objects data directly breaks encapsulation and should be avoided. Example: $object->{ some_key }. (Severity: 5)
# Private Member Data shouldn't be accessed directly at line 427, column 23. Accessing an objects data directly breaks encapsulation and should be avoided. Example: $object->{ some_key }. (Severity: 5)
# Private Member Data shouldn't be accessed directly at line 445, column 14. Accessing an objects data directly breaks encapsulation and should be avoided. Example: $object->{ some_key }. (Severity: 5)
# Private Member Data shouldn't be accessed directly at line 455, column 14. Accessing an objects data directly breaks encapsulation and should be avoided. Example: $object->{ some_key }. (Severity: 5)
# Private Member Data shouldn't be accessed directly at line 578, column 13. Accessing an objects data directly breaks encapsulation and should be avoided. Example: $object->{ some_key }. (Severity: 5)
# Private Member Data shouldn't be accessed directly at line 580, column 18. Accessing an objects data directly breaks encapsulation and should be avoided. Example: $object->{ some_key }. (Severity: 5)
# Private Member Data shouldn't be accessed directly at line 596, column 11. Accessing an objects data directly breaks encapsulation and should be avoided. Example: $object->{ some_key }. (Severity: 5)
# Private Member Data shouldn't be accessed directly at line 600, column 26. Accessing an objects data directly breaks encapsulation and should be avoided. Example: $object->{ some_key }. (Severity: 5)
# Private Member Data shouldn't be accessed directly at line 600, column 48. Accessing an objects data directly breaks encapsulation and should be avoided. Example: $object->{ some_key }. (Severity: 5)
# Private Member Data shouldn't be accessed directly at line 605, column 11. Accessing an objects data directly breaks encapsulation and should be avoided. Example: $object->{ some_key }. (Severity: 5)
t\perlcritic.t ................
Dubious, test returned 1 (wstat 256, 0x100)
Failed 1/1 subtests
t\pod-coverage.t .............. ok
t\pod.t ....................... ok
Test Summary Report
-------------------
t\02.compute_ranks.t (Wstat: 256 Tests: 7 Failed: 1)
Failed test: 6
Non-zero exit status: 1
t\perlcritic.t (Wstat: 256 Tests: 1 Failed: 1)
Failed test: 1
Non-zero exit status: 1
Files=14, Tests=37, 21 wallclock secs ( 0.07 usr + 0.09 sys = 0.16 CPU)
Result: FAIL
Failed 2/14 test programs. 2/37 subtests failed.
------------------------------
PREREQUISITES
------------------------------
Prerequisite modules loaded:
requires:
Module Need Have
------------------------- ---- --------
Carp 0 1.38
Carp::Assert 0 0.21
Class::Std 0 0.013
Contextual::Return 0 0.004008
List::Util 0 1.45
Math::BigFloat 0 1.999715
Math::Counting 0 0.1305
Set::Partition 0 0.03
Statistics::Distributions 0 1.02
Test::More 0 1.001014
version 0 0.9916
configure_requires:
Module Need Have
------------------------- ---- --------
ExtUtils::MakeMaker 0 7.10
------------------------------
ENVIRONMENT AND OTHER CONTEXT
------------------------------
Environment variables:
AUTOMATED_TESTING = 1
COMSPEC = C:\WINDOWS\system32\cmd.exe
NUMBER_OF_PROCESSORS = 1
PATH = C:\WINDOWS\system32;C:\WINDOWS;C:\WINDOWS\System32\Wbem;C:\Strawberry221\c\bin;C:\Strawberry221\perl\site\bin;C:\Strawberry221\perl\bin;C:\Git\cmd
PERL5LIB = C:\STRAWB~1\cpan\build\Contextual-Return-0.004008-x34xmg/blib/arch;C:\STRAWB~1\cpan\build\Contextual-Return-0.004008-x34xmg/blib/lib;C:\STRAWB~1\cpan\build\Set-Partition-0.03-uvkEhI/blib/arch;C:\STRAWB~1\cpan\build\Set-Partition-0.03-uvkEhI/blib/lib;C:\STRAWB~1\cpan\build\Math-Counting-0.1305-EUHnHY/blib/arch;C:\STRAWB~1\cpan\build\Math-Counting-0.1305-EUHnHY/blib/lib;C:\STRAWB~1\cpan\build\Statistics-Distributions-1.02-in9JKZ/blib/arch;C:\STRAWB~1\cpan\build\Statistics-Distributions-1.02-in9JKZ/blib/lib
PERL5OPT =
PERL5_CPANPLUS_IS_RUNNING = 2244
PERL5_CPAN_IS_RUNNING = 2244
PERL5_CPAN_IS_RUNNING_IN_RECURSION = 816,2244
PERL_CR_SMOKER_CURRENT = Statistics-Test-WilcoxonRankSum-0.0.7
PERL_CR_SMOKER_RUNONCE = 1
PERL_EXTUTILS_AUTOINSTALL = --defaultdeps
PERL_HASH_SEED = 0x11111111
PERL_MM_USE_DEFAULT = 1
PROCESSOR_IDENTIFIER = x86 Family 16 Model 5 Stepping 3, AuthenticAMD
TEMP = C:\DOCUME~1\c\LOCALS~1\Temp
Perl special variables (and OS-specific diagnostics, for MSWin32):
$^X = C:\Strawberry221\perl\bin\perl.exe
$UID/$EUID = 0 / 0
$GID = 0
$EGID = 0
Win32::GetOSName = WinXP/.Net
Win32::GetOSVersion = Service Pack 3, 5, 1, 2600, 2, 3, 0, 256, 1
Win32::FsType = NTFS
Win32::IsAdminUser = 1
Perl module toolchain versions installed:
Module Have
------------------- --------
CPAN 2.11
CPAN::Meta 2.150005
Cwd 3.62
ExtUtils::CBuilder 0.280224
ExtUtils::Command 7.10
ExtUtils::Install 2.04
ExtUtils::MakeMaker 7.10
ExtUtils::Manifest 1.70
ExtUtils::ParseXS 3.30
File::Spec 3.62
JSON 2.90
JSON::PP 2.27300
Module::Build 0.4216
Module::Signature 0.79
Parse::CPAN::Meta 1.4417
Test::Harness 3.36
Test::More 1.001014
YAML 1.15
YAML::Syck 1.29
version 0.9916
--
Summary of my perl5 (revision 5 version 22 subversion 1) configuration:
Platform:
osname=MSWin32, osvers=4.0, archname=MSWin32-x86-multi-thread-64int
uname='Win32 strawberry-perl 5.22.1.4 #1 Sat Mar 26 14:08:02 2016 i386'
config_args='undef'
hint=recommended, useposix=true, d_sigaction=undef
useithreads=define, usemultiplicity=define
use64bitint=define, use64bitall=undef, uselongdouble=undef
usemymalloc=n, bincompat5005=undef
Compiler:
cc='gcc', ccflags =' -s -O2 -DWIN32 -DPERL_TEXTMODE_SCRIPTS -DPERL_IMPLICIT_CONTEXT -DPERL_IMPLICIT_SYS -fwrapv -fno-strict-aliasing -mms-bitfields',
optimize='-s -O2',
cppflags='-DWIN32'
ccversion='', gccversion='4.9.2', gccosandvers=''
intsize=4, longsize=4, ptrsize=4, doublesize=8, byteorder=12345678, doublekind=3
d_longlong=define, longlongsize=8, d_longdbl=define, longdblsize=12, longdblkind=3
ivtype='long long', ivsize=8, nvtype='double', nvsize=8, Off_t='long long', lseeksize=8
alignbytes=8, prototype=define
Linker and Libraries:
ld='g++', ldflags ='-s -L"C:\STRAWB~1\perl\lib\CORE" -L"C:\STRAWB~1\c\lib"'
libpth=C:\STRAWB~1\c\lib C:\STRAWB~1\c\i686-w64-mingw32\lib C:\STRAWB~1\c\lib\gcc\i686-w64-mingw32\4.9.2
libs=-lmoldname -lkernel32 -luser32 -lgdi32 -lwinspool -lcomdlg32 -ladvapi32 -lshell32 -lole32 -loleaut32 -lnetapi32 -luuid -lws2_32 -lmpr -lwinmm -lversion -lodbc32 -lodbccp32 -lcomctl32
perllibs=-lmoldname -lkernel32 -luser32 -lgdi32 -lwinspool -lcomdlg32 -ladvapi32 -lshell32 -lole32 -loleaut32 -lnetapi32 -luuid -lws2_32 -lmpr -lwinmm -lversion -lodbc32 -lodbccp32 -lcomctl32
libc=, so=dll, useshrplib=true, libperl=libperl522.a
gnulibc_version=''
Dynamic Linking:
dlsrc=dl_win32.xs, dlext=xs.dll, d_dlsymun=undef, ccdlflags=' '
cccdlflags=' ', lddlflags='-mdll -s -L"C:\STRAWB~1\perl\lib\CORE" -L"C:\STRAWB~1\c\lib"'
Characteristics of this binary (from libperl):
Compile-time options: HAS_TIMES HAVE_INTERP_INTERN MULTIPLICITY
PERLIO_LAYERS PERL_DONT_CREATE_GVSV
PERL_HASH_FUNC_ONE_AT_A_TIME_HARD
PERL_IMPLICIT_CONTEXT PERL_IMPLICIT_SYS
PERL_MALLOC_WRAP PERL_NEW_COPY_ON_WRITE
PERL_PRESERVE_IVUV USE_64_BIT_INT USE_ITHREADS
USE_LARGE_FILES USE_LOCALE USE_LOCALE_COLLATE
USE_LOCALE_CTYPE USE_LOCALE_NUMERIC USE_LOCALE_TIME
USE_PERLIO USE_PERL_ATOF
Built under MSWin32
Compiled at Mar 26 2016 14:12:26
%ENV:
PERL5LIB="C:\STRAWB~1\cpan\build\Contextual-Return-0.004008-x34xmg/blib/arch;C:\STRAWB~1\cpan\build\Contextual-Return-0.004008-x34xmg/blib/lib;C:\STRAWB~1\cpan\build\Set-Partition-0.03-uvkEhI/blib/arch;C:\STRAWB~1\cpan\build\Set-Partition-0.03-uvkEhI/blib/lib;C:\STRAWB~1\cpan\build\Math-Counting-0.1305-EUHnHY/blib/arch;C:\STRAWB~1\cpan\build\Math-Counting-0.1305-EUHnHY/blib/lib;C:\STRAWB~1\cpan\build\Statistics-Distributions-1.02-in9JKZ/blib/arch;C:\STRAWB~1\cpan\build\Statistics-Distributions-1.02-in9JKZ/blib/lib"
PERL5_CPANPLUS_IS_RUNNING="2244"
PERL5_CPAN_IS_RUNNING="2244"
PERL5_CPAN_IS_RUNNING_IN_RECURSION="816,2244"
PERL_CR_SMOKER_CURRENT="Statistics-Test-WilcoxonRankSum-0.0.7"
PERL_CR_SMOKER_RUNONCE="1"
PERL_EXTUTILS_AUTOINSTALL="--defaultdeps"
PERL_HASH_SEED="0x11111111"
PERL_MM_USE_DEFAULT="1"
@INC:
C:\STRAWB~1\cpan\build\Contextual-Return-0.004008-x34xmg/blib/arch
C:\STRAWB~1\cpan\build\Contextual-Return-0.004008-x34xmg/blib/lib
C:\STRAWB~1\cpan\build\Set-Partition-0.03-uvkEhI/blib/arch
C:\STRAWB~1\cpan\build\Set-Partition-0.03-uvkEhI/blib/lib
C:\STRAWB~1\cpan\build\Math-Counting-0.1305-EUHnHY/blib/arch
C:\STRAWB~1\cpan\build\Math-Counting-0.1305-EUHnHY/blib/lib
C:\STRAWB~1\cpan\build\Statistics-Distributions-1.02-in9JKZ/blib/arch
C:\STRAWB~1\cpan\build\Statistics-Distributions-1.02-in9JKZ/blib/lib
C:/Strawberry221/perl/site/lib
C:/Strawberry221/perl/vendor/lib
C:/Strawberry221/perl/lib
.