IO-File-CompressOnClose v0.11 Perl 5 v5.26.2 OpenBSD.amd64-openbsd-thread-multi
- Status
- Fail
- From
- Alceu Rodrigues de Freitas Junior
- Dist
-
IO-File-CompressOnClose v0.11
- Platform
- Perl 5 v5.26.2 OpenBSD.amd64-openbsd-thread-multi
- Date
- 2018-07-27 21:22:45
- ID
- 33f995e2-91e3-11e8-8b75-ed93528cb6e9
This distribution has been tested as part of the CPAN Testers
project, supporting the Perl programming language. See
http://wiki.cpantesters.org/ for more information or email
questions to cpan-testers-discuss@perl.org
--
Dear James FitzGibbon,
This is a computer-generated report for IO-File-CompressOnClose-0.11
on perl 5.26.2, created by CPAN-Reporter-1.2018.
Thank you for uploading your work to CPAN. However, there was a problem
testing your distribution.
If you think this report is invalid, please consult the CPAN Testers Wiki
for suggestions on how to avoid getting FAIL reports for missing library
or binary dependencies, unsupported operating systems, and so on:
http://wiki.cpantesters.org/wiki/CPANAuthorNotes
Sections of this report:
* Tester comments
* Program output
* Prerequisites
* Environment and other context
------------------------------
TESTER COMMENTS
------------------------------
Additional comments from tester:
this report is from an automated smoke testing program
and was not reviewed by a human for accuracy
------------------------------
PROGRAM OUTPUT
------------------------------
Output from './Build test':
t/01_use.t .................... ok
# Failed test 'open/print/close a file'
# at t/02_basic.t line 32.
# died: IO::File::CompressOnClose::Gzip is not a subclass of IO::File::CompressOnClose at t/02_basic.t line 31.
# Looks like you failed 1 test of 2.
t/02_basic.t ..................
Dubious, test returned 1 (wstat 256, 0x100)
Failed 1/2 subtests
t/03_pod.t .................... ok
t/04_accessors.t .............. ok
# Failed test 'close file opened for append'
# at t/05_modes.t line 61.
# died: IO::File::CompressOnClose::Gzip is not a subclass of IO::File::CompressOnClose at t/05_modes.t line 60.
# Failed test 'file 'foo' does not exist'
# at t/05_modes.t line 62.
# Failed test 'file 'foo.archive' exists'
# at t/05_modes.t line 63.
# Failed test 'file 'foo.archive' has non-zero size'
# at t/05_modes.t line 64.
# Failed test 'close file opened for write'
# at t/05_modes.t line 77.
# died: IO::File::CompressOnClose::Gzip is not a subclass of IO::File::CompressOnClose at t/05_modes.t line 76.
# Failed test 'file 'foo' does not exist'
# at t/05_modes.t line 78.
# Failed test 'file 'foo.archive2' exists'
# at t/05_modes.t line 79.
# Failed test 'file 'foo.archive2' has non-zero size'
# at t/05_modes.t line 80.
# Failed test 'close file opened for append'
# at t/05_modes.t line 108.
# died: IO::File::CompressOnClose::Gzip is not a subclass of IO::File::CompressOnClose at t/05_modes.t line 107.
# Failed test 'file 'foo' does not exist'
# at t/05_modes.t line 109.
# Failed test 'file 'foo.archive' exists'
# at t/05_modes.t line 110.
# Failed test 'file 'foo.archive' has non-zero size'
# at t/05_modes.t line 111.
# Failed test 'close file opened for write'
# at t/05_modes.t line 124.
# died: IO::File::CompressOnClose::Gzip is not a subclass of IO::File::CompressOnClose at t/05_modes.t line 123.
# Failed test 'file 'foo' does not exist'
# at t/05_modes.t line 125.
# Failed test 'file 'foo.archive2' exists'
# at t/05_modes.t line 126.
# Failed test 'file 'foo.archive2' has non-zero size'
# at t/05_modes.t line 127.
# Looks like you failed 16 tests of 46.
t/05_modes.t ..................
Dubious, test returned 16 (wstat 4096, 0x1000)
Failed 16/46 subtests
t/06_gzip.t ................... ok
t/07_zip.t .................... ok
t/08_coderef.t ................ ok
# Failed test 'close file opened for write'
# at t/09_delete_after_compress.t line 39.
# died: IO::File::CompressOnClose::Gzip is not a subclass of IO::File::CompressOnClose at t/09_delete_after_compress.t line 38.
# Failed test 'file 'foo' does not exist'
# at t/09_delete_after_compress.t line 40.
# Failed test 'file 'foo.archive' exists'
# at t/09_delete_after_compress.t line 41.
# Failed test 'file 'foo.archive' has non-zero size'
# at t/09_delete_after_compress.t line 42.
# Failed test 'close file opened for write'
# at t/09_delete_after_compress.t line 59.
# died: IO::File::CompressOnClose::Gzip is not a subclass of IO::File::CompressOnClose at t/09_delete_after_compress.t line 58.
# Failed test 'file 'foo.archive2' exists'
# at t/09_delete_after_compress.t line 61.
# Failed test 'file 'foo.archive2' has non-zero size'
# at t/09_delete_after_compress.t line 62.
# Looks like you failed 7 tests of 17.
t/09_delete_after_compress.t ..
Dubious, test returned 7 (wstat 1792, 0x700)
Failed 7/17 subtests
t/10_subclass.t ............... ok
t/11_esoteric.t ............... ok
Test Summary Report
-------------------
t/02_basic.t (Wstat: 256 Tests: 2 Failed: 1)
Failed test: 2
Non-zero exit status: 1
t/05_modes.t (Wstat: 4096 Tests: 46 Failed: 16)
Failed tests: 14-17, 21-24, 34-37, 41-44
Non-zero exit status: 16
t/09_delete_after_compress.t (Wstat: 1792 Tests: 17 Failed: 7)
Failed tests: 5-8, 14, 16-17
Non-zero exit status: 7
Files=11, Tests=146, 3 wallclock secs ( 0.06 usr 0.14 sys + 1.70 cusr 1.03 csys = 2.93 CPU)
Result: FAIL
Failed 3/11 test programs. 24/146 subtests failed.
------------------------------
PREREQUISITES
------------------------------
Prerequisite modules loaded:
requires:
Module Need Have
--------------- ---- --------
Compress::Zlib 0 2.081
IO::Zlib 0 1.10
build_requires:
Module Need Have
--------------- ---- --------
Archive::Zip 0 1.60
Compress::Zlib 0 2.081
IO::Zlib 0 1.10
Test::Exception 0 0.43
Test::More 0 1.302139
------------------------------
ENVIRONMENT AND OTHER CONTEXT
------------------------------
Environment variables:
AUTOMATED_TESTING = 1
DBD_MYSQL_TESTDB = test
DBD_MYSQL_TESTHOST = localhost
DBD_MYSQL_TESTPASSWORD =
DBD_MYSQL_TESTPORT = 3306
DBD_MYSQL_TESTUSER = goku
EXTENDED_TESTING = 1
PATH = /home/goku/perl5/perlbrew/bin:/home/goku/perl5/perlbrew/perls/perl-5.26.2/bin:/home/goku/bin:/usr/bin:/bin:/usr/sbin:/sbin:/usr/X11R6/bin:/usr/local/bin:/usr/local/sbin
PERL5LIB =
PERL5OPT =
PERL5_CPANPLUS_IS_RUNNING = 97228
PERL5_CPAN_IS_RUNNING = 97228
PERL5_CPAN_IS_RUNNING_IN_RECURSION = 27835,97228
PERLBREW_HOME = /home/goku/.perlbrew
PERLBREW_MANPATH = /home/goku/perl5/perlbrew/perls/perl-5.26.2/man
PERLBREW_PATH = /home/goku/perl5/perlbrew/bin:/home/goku/perl5/perlbrew/perls/perl-5.26.2/bin
PERLBREW_PERL = perl-5.26.2
PERLBREW_ROOT = /home/goku/perl5/perlbrew
PERLBREW_SHELLRC_VERSION = 0.84
PERLBREW_VERSION = 0.84
PERL_CR_SMOKER_CURRENT = IO-File-CompressOnClose-0.11
PERL_EXTUTILS_AUTOINSTALL = --defaultdeps
PERL_MM_USE_DEFAULT = 1
SHELL = /usr/local/bin/bash
TERM = xterm
Perl special variables (and OS-specific diagnostics, for MSWin32):
$^X = /home/goku/perl5/perlbrew/perls/perl-5.26.2/bin/perl
$UID/$EUID = 1002 / 1002
$GID = 1002 1002 1001
$EGID = 1002 1002 1001
Perl module toolchain versions installed:
Module Have
------------------- --------
CPAN 2.16
CPAN::Meta 2.150010
Cwd 3.74
ExtUtils::CBuilder 0.280230
ExtUtils::Command 7.35_06
ExtUtils::Install 2.14
ExtUtils::MakeMaker 7.35_06
ExtUtils::Manifest 1.71
ExtUtils::ParseXS 3.35
File::Spec 3.74
JSON 2.90
JSON::PP 2.97001
Module::Build 0.4224
Module::Signature 0.81
Parse::CPAN::Meta 2.150010
Test::Harness 3.42
Test::More 1.302139
YAML 1.26
YAML::Syck 1.30
version 0.9924
--
Summary of my perl5 (revision 5 version 26 subversion 2) configuration:
Platform:
osname=openbsd
osvers=6.3
archname=OpenBSD.amd64-openbsd-thread-multi
uname='openbsd cpan-smoker-openbsd 6.3 generic.mp#107 amd64 '
config_args='-de -Dprefix=/home/goku/perl5/perlbrew/perls/perl-5.26.2 -Dman1dir=none -Dman3dir=none -Duse64bitall -Dusethreads -Dusemultiplicity -Duse64bitint -Aeval:scriptdir=/home/goku/perl5/perlbrew/perls/perl-5.26.2/bin'
hint=recommended
useposix=true
d_sigaction=define
useithreads=define
usemultiplicity=define
use64bitint=define
use64bitall=define
uselongdouble=undef
usemymalloc=n
default_inc_excludes_dot=define
bincompat5005=undef
Compiler:
cc='cc'
ccflags ='-pthread -fno-strict-aliasing -pipe -fstack-protector-strong -I/usr/local/include -D_FORTIFY_SOURCE=2'
optimize='-O2'
cppflags='-pthread -fno-strict-aliasing -pipe -fstack-protector-strong -I/usr/local/include'
ccversion=''
gccversion='4.2.1 Compatible OpenBSD Clang 5.0.1 (tags/RELEASE_501/final)'
gccosandvers=''
intsize=4
longsize=8
ptrsize=8
doublesize=8
byteorder=12345678
doublekind=3
d_longlong=define
longlongsize=8
d_longdbl=define
longdblsize=16
longdblkind=3
ivtype='long'
ivsize=8
nvtype='double'
nvsize=8
Off_t='off_t'
lseeksize=8
alignbytes=8
prototype=define
Linker and Libraries:
ld='cc'
ldflags ='-pthread -Wl,-E -fstack-protector-strong -L/usr/local/lib'
libpth=/usr/lib /usr/local/lib
libs=-lpthread -lm -lutil -lc
perllibs=-lpthread -lm -lutil -lc
libc=/usr/lib/libc.so.92.3
so=so
useshrplib=false
libperl=libperl.a
gnulibc_version=''
Dynamic Linking:
dlsrc=dl_dlopen.xs
dlext=so
d_dlsymun=undef
ccdlflags=' '
cccdlflags='-DPIC -fPIC '
lddlflags='-shared -fPIC -L/usr/local/lib -fstack-protector-strong'
Characteristics of this binary (from libperl):
Compile-time options:
HAS_TIMES
MULTIPLICITY
PERLIO_LAYERS
PERL_COPY_ON_WRITE
PERL_DONT_CREATE_GVSV
PERL_IMPLICIT_CONTEXT
PERL_MALLOC_WRAP
PERL_OP_PARENT
PERL_PRESERVE_IVUV
USE_64_BIT_ALL
USE_64_BIT_INT
USE_ITHREADS
USE_LARGE_FILES
USE_LOCALE
USE_LOCALE_COLLATE
USE_LOCALE_CTYPE
USE_LOCALE_NUMERIC
USE_LOCALE_TIME
USE_PERLIO
USE_PERL_ATOF
USE_REENTRANT_API
Locally applied patches:
Devel::PatchPerl 1.48
Built under openbsd
Compiled at Jun 10 2018 14:27:37
%ENV:
PERL5LIB=""
PERL5OPT=""
PERL5_CPANPLUS_IS_RUNNING="97228"
PERL5_CPAN_IS_RUNNING="97228"
PERL5_CPAN_IS_RUNNING_IN_RECURSION="27835,97228"
PERLBREW_HOME="/home/goku/.perlbrew"
PERLBREW_MANPATH="/home/goku/perl5/perlbrew/perls/perl-5.26.2/man"
PERLBREW_PATH="/home/goku/perl5/perlbrew/bin:/home/goku/perl5/perlbrew/perls/perl-5.26.2/bin"
PERLBREW_PERL="perl-5.26.2"
PERLBREW_ROOT="/home/goku/perl5/perlbrew"
PERLBREW_SHELLRC_VERSION="0.84"
PERLBREW_VERSION="0.84"
PERL_CR_SMOKER_CURRENT="IO-File-CompressOnClose-0.11"
PERL_EXTUTILS_AUTOINSTALL="--defaultdeps"
PERL_MM_USE_DEFAULT="1"
@INC:
/home/goku/perl5/perlbrew/perls/perl-5.26.2/lib/site_perl/5.26.2/OpenBSD.amd64-openbsd-thread-multi
/home/goku/perl5/perlbrew/perls/perl-5.26.2/lib/site_perl/5.26.2
/home/goku/perl5/perlbrew/perls/perl-5.26.2/lib/5.26.2/OpenBSD.amd64-openbsd-thread-multi
/home/goku/perl5/perlbrew/perls/perl-5.26.2/lib/5.26.2