Report for MogileFS-Client-Async-0.030

Back
From: metabase:user:d4d7c3de-2458-11e2-906a-e1860846da88
Subject: FAIL MogileFS-Client-Async-0.030 v5.14.2 GNU/Linux
Date: 2013-05-10T08:47:12Z

This distribution has been tested as part of the CPAN Testers
project, supporting the Perl programming language.  See
http://wiki.cpantesters.org/ for more information or email
questions to cpan-testers-discuss@perl.org


--

Dear DLAMBLEY,
    
This is a computer-generated error report created automatically by
CPANPLUS, version 0.9103. Testers personal comments may appear 
at the end of this report.


Thank you for uploading your work to CPAN.  However, it appears that
there were some problems testing your distribution.

TEST RESULTS:

Below is the error stack from stage 'make test':

[MSG] [Fri May 10 10:44:43 2013] Trying to get 'ftp://ftp.cpan.org/pub/CPAN/authors/id/D/DL/DLAMBLEY/MogileFS-Client-Async-0.030.tar.gz'
[MSG] [Fri May 10 10:44:47 2013] Trying to get 'ftp://ftp.cpan.org/pub/CPAN/authors/id/D/DL/DLAMBLEY/CHECKSUMS'
[MSG] [Fri May 10 10:44:48 2013] Checksum matches for 'MogileFS-Client-Async-0.030.tar.gz'
[MSG] [Fri May 10 10:44:50 2013] Extracted 'MogileFS-Client-Async-0.030/'
[MSG] [Fri May 10 10:44:50 2013] Extracted 'MogileFS-Client-Async-0.030/debian/'
[MSG] [Fri May 10 10:44:50 2013] Extracted 'MogileFS-Client-Async-0.030/debian/watch'
[MSG] [Fri May 10 10:44:50 2013] Extracted 'MogileFS-Client-Async-0.030/debian/control'
[MSG] [Fri May 10 10:44:50 2013] Extracted 'MogileFS-Client-Async-0.030/debian/compat'
[MSG] [Fri May 10 10:44:50 2013] Extracted 'MogileFS-Client-Async-0.030/debian/changelog'
[MSG] [Fri May 10 10:44:50 2013] Extracted 'MogileFS-Client-Async-0.030/debian/rules'
[MSG] [Fri May 10 10:44:50 2013] Extracted 'MogileFS-Client-Async-0.030/debian/copyright'
[MSG] [Fri May 10 10:44:50 2013] Extracted 'MogileFS-Client-Async-0.030/META.yml'
[MSG] [Fri May 10 10:44:50 2013] Extracted 'MogileFS-Client-Async-0.030/MANIFEST'
[MSG] [Fri May 10 10:44:50 2013] Extracted 'MogileFS-Client-Async-0.030/lib/'
[MSG] [Fri May 10 10:44:50 2013] Extracted 'MogileFS-Client-Async-0.030/lib/MogileFS/'
[MSG] [Fri May 10 10:44:50 2013] Extracted 'MogileFS-Client-Async-0.030/lib/MogileFS/Client/'
[MSG] [Fri May 10 10:44:50 2013] Extracted 'MogileFS-Client-Async-0.030/lib/MogileFS/Client/Async.pm'
[MSG] [Fri May 10 10:44:50 2013] Extracted 'MogileFS-Client-Async-0.030/lib/MogileFS/Client/CallbackFile.pm'
[MSG] [Fri May 10 10:44:50 2013] Extracted 'MogileFS-Client-Async-0.030/Changes'
[MSG] [Fri May 10 10:44:50 2013] Extracted 'MogileFS-Client-Async-0.030/t/'
[MSG] [Fri May 10 10:44:50 2013] Extracted 'MogileFS-Client-Async-0.030/t/callbackfile_works.t'
[MSG] [Fri May 10 10:44:50 2013] Extracted 'MogileFS-Client-Async-0.030/t/00_compile.t'
[MSG] [Fri May 10 10:44:50 2013] Extracted 'MogileFS-Client-Async-0.030/t/works.t'
[MSG] [Fri May 10 10:44:50 2013] Extracted 'MogileFS-Client-Async-0.030/inc/'
[MSG] [Fri May 10 10:44:50 2013] Extracted 'MogileFS-Client-Async-0.030/inc/Module/'
[MSG] [Fri May 10 10:44:50 2013] Extracted 'MogileFS-Client-Async-0.030/inc/Module/Install.pm'
[MSG] [Fri May 10 10:44:50 2013] Extracted 'MogileFS-Client-Async-0.030/inc/Module/Install/'
[MSG] [Fri May 10 10:44:50 2013] Extracted 'MogileFS-Client-Async-0.030/inc/Module/Install/Win32.pm'
[MSG] [Fri May 10 10:44:50 2013] Extracted 'MogileFS-Client-Async-0.030/inc/Module/Install/WriteAll.pm'
[MSG] [Fri May 10 10:44:50 2013] Extracted 'MogileFS-Client-Async-0.030/inc/Module/Install/Metadata.pm'
[MSG] [Fri May 10 10:44:50 2013] Extracted 'MogileFS-Client-Async-0.030/inc/Module/Install/Makefile.pm'
[MSG] [Fri May 10 10:44:50 2013] Extracted 'MogileFS-Client-Async-0.030/inc/Module/Install/Fetch.pm'
[MSG] [Fri May 10 10:44:50 2013] Extracted 'MogileFS-Client-Async-0.030/inc/Module/Install/Base.pm'
[MSG] [Fri May 10 10:44:50 2013] Extracted 'MogileFS-Client-Async-0.030/inc/Module/Install/Can.pm'
[MSG] [Fri May 10 10:44:50 2013] Extracted 'MogileFS-Client-Async-0.030/Makefile.PL'
[MSG] [Fri May 10 10:44:50 2013] Extracted 'MogileFS-Client-Async-0.030/TODO'
[MSG] [Fri May 10 10:44:50 2013] Extracted 'MogileFS::Client::Async' to '/home/cpanbuilder/.cpanplus/5.14.2/build/MogileFS-Client-Async-0.030'
[MSG] [Fri May 10 10:44:51 2013] Cannot determine perl version info from lib/MogileFS/Client/Async.pm
Cannot determine author info from lib/MogileFS/Client/Async.pm
Cannot determine license info from lib/MogileFS/Client/Async.pm
Checking if your kit is complete...
Warning: the following files are missing in your kit:
	lib/MogileFS/Client/Callback.pm
	t/callback_works.t
Please inform the author.
Warning: prerequisite AnyEvent 0 not found.
Warning: prerequisite AnyEvent::HTTP 0 not found.
Warning: prerequisite Digest::SHA1 0 not found.
Warning: prerequisite File::Slurp 0 not found.
Warning: prerequisite IO::AIO 3.25 not found.
Warning: prerequisite Linux::PipeMagic 0.03 not found.
Warning: prerequisite MogileFS::Client 0 not found.
Writing Makefile for MogileFS::Client::Async
Writing MYMETA.yml and MYMETA.json

[MSG] [Fri May 10 10:44:51 2013] DEFAULT 'filter_prereqs' HANDLER RETURNING 'sub return value'
[MSG] [Fri May 10 10:44:51 2013] Module 'MogileFS::Client::Async' requires 'AnyEvent' version '0' to be installed 
[MSG] [Fri May 10 10:44:51 2013] Module 'MogileFS::Client::Async' requires 'AnyEvent::HTTP' version '0' to be installed 
[MSG] [Fri May 10 10:44:51 2013] Module 'MogileFS::Client::Async' requires 'Digest::SHA1' version '0' to be installed 
[MSG] [Fri May 10 10:44:51 2013] Module 'MogileFS::Client::Async' requires 'File::Slurp' version '0' to be installed 
[MSG] [Fri May 10 10:44:51 2013] Module 'MogileFS::Client::Async' requires 'IO::AIO' version '3.25' to be installed 
[MSG] [Fri May 10 10:44:51 2013] Module 'MogileFS::Client::Async' requires 'Linux::PipeMagic' version '0.03' to be installed 
[MSG] [Fri May 10 10:44:51 2013] Module 'MogileFS::Client::Async' requires 'MogileFS::Client' version '0' to be installed 
[MSG] [Fri May 10 10:44:54 2013] Trying to get 'ftp://ftp.cpan.org/pub/CPAN/authors/id/M/ML/MLEHMANN/CHECKSUMS'
[MSG] [Fri May 10 10:44:55 2013] Checksum matches for 'AnyEvent-7.04.tar.gz'
[MSG] [Fri May 10 10:45:00 2013] Extracted 'AnyEvent-7.04/'
[MSG] [Fri May 10 10:45:00 2013] Extracted 'AnyEvent-7.04/util/'
[MSG] [Fri May 10 10:45:00 2013] Extracted 'AnyEvent-7.04/util/gen_uts46data'
[MSG] [Fri May 10 10:45:00 2013] Extracted 'AnyEvent-7.04/util/tst_uts46data'
[MSG] [Fri May 10 10:45:00 2013] Extracted 'AnyEvent-7.04/t/'
[MSG] [Fri May 10 10:45:00 2013] Extracted 'AnyEvent-7.04/t/68_poe_07_io.t'
[MSG] [Fri May 10 10:45:00 2013] Extracted 'AnyEvent-7.04/t/61_fltk_07_io.t'
[MSG] [Fri May 10 10:45:00 2013] Extracted 'AnyEvent-7.04/t/62_cocoa_05_dns.t'
[MSG] [Fri May 10 10:45:00 2013] Extracted 'AnyEvent-7.04/t/80_ssltest.t'
[MSG] [Fri May 10 10:45:00 2013] Extracted 'AnyEvent-7.04/t/61_fltk_01_basic.t'
[MSG] [Fri May 10 10:45:00 2013] Extracted 'AnyEvent-7.04/t/61_fltk_03_child.t'
[MSG] [Fri May 10 10:45:00 2013] Extracted 'AnyEvent-7.04/t/65_event_02_signals.t'
[MSG] [Fri May 10 10:45:00 2013] Extracted 'AnyEvent-7.04/t/61_fltk_04_condvar.t'
[MSG] [Fri May 10 10:45:00 2013] Extracted 'AnyEvent-7.04/t/handle/'
[MSG] [Fri May 10 10:45:00 2013] Extracted 'AnyEvent-7.04/t/handle/01_readline.t'
[MSG] [Fri May 10 10:45:00 2013] Extracted 'AnyEvent-7.04/t/handle/03_http_req.t'
[MSG] [Fri May 10 10:45:00 2013] Extracted 'AnyEvent-7.04/t/handle/04_listen.t'
[MSG] [Fri May 10 10:45:00 2013] Extracted 'AnyEvent-7.04/t/handle/02_write.t'
[MSG] [Fri May 10 10:45:00 2013] Extracted 'AnyEvent-7.04/t/64_glib_07_io.t'
[MSG] [Fri May 10 10:45:00 2013] Extracted 'AnyEvent-7.04/t/68_poe_05_dns.t'
[MSG] [Fri May 10 10:45:00 2013] Extracted 'AnyEvent-7.04/t/67_tk_05_dns.t'
[MSG] [Fri May 10 10:45:00 2013] Extracted 'AnyEvent-7.04/t/61_fltk_02_signals.t'
[MSG] [Fri May 10 10:45:00 2013] Extracted 'AnyEvent-7.04/t/66_ioasync_09_multi.t'
[MSG] [Fri May 10 10:45:00 2013] Extracted 'AnyEvent-7.04/t/67_tk_01_basic.t'
[MSG] [Fri May 10 10:45:00 2013] Extracted 'AnyEvent-7.04/t/69_ev_05_dns.t'
[MSG] [Fri May 10 10:45:00 2013] Extracted 'AnyEvent-7.04/t/62_cocoa_09_multi.t'
[MSG] [Fri May 10 10:45:00 2013] Extracted 'AnyEvent-7.04/t/io_common'
[MSG] [Fri May 10 10:45:00 2013] Extracted 'AnyEvent-7.04/t/64_glib_02_signals.t'
[MSG] [Fri May 10 10:45:00 2013] Extracted 'AnyEvent-7.04/t/62_cocoa_02_signals.t'
[MSG] [Fri May 10 10:45:00 2013] Extracted 'AnyEvent-7.04/t/64_glib_09_multi.t'
[MSG] [Fri May 10 10:45:00 2013] Extracted 'AnyEvent-7.04/t/06_socket.t'
[MSG] [Fri May 10 10:45:00 2013] Extracted 'AnyEvent-7.04/t/61_fltk_09_multi.t'
[MSG] [Fri May 10 10:45:00 2013] Extracted 'AnyEvent-7.04/t/66_ioasync_07_io.t'
[MSG] [Fri May 10 10:45:00 2013] Extracted 'AnyEvent-7.04/t/09_multi.t'
[MSG] [Fri May 10 10:45:00 2013] Extracted 'AnyEvent-7.04/t/64_glib_04_condvar.t'
[MSG] [Fri May 10 10:45:00 2013] Extracted 'AnyEvent-7.04/t/64_glib_05_dns.t'
[MSG] [Fri May 10 10:45:00 2013] Extracted 'AnyEvent-7.04/t/05_dns.t'
[MSG] [Fri May 10 10:45:00 2013] Extracted 'AnyEvent-7.04/t/66_ioasync_01_basic.t'
[MSG] [Fri May 10 10:45:00 2013] Extracted 'AnyEvent-7.04/t/69_ev_02_signals.t'
[MSG] [Fri May 10 10:45:00 2013] Extracted 'AnyEvent-7.04/t/69_ev_01_basic.t'
[MSG] [Fri May 10 10:45:00 2013] Extracted 'AnyEvent-7.04/t/65_event_09_multi.t'
[MSG] [Fri May 10 10:45:00 2013] Extracted 'AnyEvent-7.04/t/65_event_04_condvar.t'
[MSG] [Fri May 10 10:45:00 2013] Extracted 'AnyEvent-7.04/t/07_io.t'
[MSG] [Fri May 10 10:45:00 2013] Extracted 'AnyEvent-7.04/t/65_event_07_io.t'
[MSG] [Fri May 10 10:45:00 2013] Extracted 'AnyEvent-7.04/t/08_idna.t'
[MSG] [Fri May 10 10:45:00 2013] Extracted 'AnyEvent-7.04/t/68_poe_01_basic.t'
[MSG] [Fri May 10 10:45:00 2013] Extracted 'AnyEvent-7.04/t/67_tk_09_multi.t'
[MSG] [Fri May 10 10:45:00 2013] Extracted 'AnyEvent-7.04/t/61_fltk_05_dns.t'
[MSG] [Fri May 10 10:45:00 2013] Extracted 'AnyEvent-7.04/t/65_event_01_basic.t'
[MSG] [Fri May 10 10:45:00 2013] Extracted 'AnyEvent-7.04/t/65_event_05_dns.t'
[MSG] [Fri May 10 10:45:00 2013] Extracted 'AnyEvent-7.04/t/62_cocoa_03_child.t'
[MSG] [Fri May 10 10:45:00 2013] Extracted 'AnyEvent-7.04/t/62_cocoa_04_condvar.t'
[MSG] [Fri May 10 10:45:00 2013] Extracted 'AnyEvent-7.04/t/67_tk_07_io.t'
[MSG] [Fri May 10 10:45:00 2013] Extracted 'AnyEvent-7.04/t/69_ev_07_io.t'
[MSG] [Fri May 10 10:45:00 2013] Extracted 'AnyEvent-7.04/t/12_io_ioaio.t'
[MSG] [Fri May 10 10:45:00 2013] Extracted 'AnyEvent-7.04/t/65_event_03_child.t'
[MSG] [Fri May 10 10:45:00 2013] Extracted 'AnyEvent-7.04/t/69_ev_09_multi.t'
[MSG] [Fri May 10 10:45:00 2013] Extracted 'AnyEvent-7.04/t/68_poe_02_signals.t'
[MSG] [Fri May 10 10:45:00 2013] Extracted 'AnyEvent-7.04/t/69_ev_03_child.t'
[MSG] [Fri May 10 10:45:00 2013] Extracted 'AnyEvent-7.04/t/68_poe_03_child.t'
[MSG] [Fri May 10 10:45:00 2013] Extracted 'AnyEvent-7.04/t/66_ioasync_03_child.t'
[MSG] [Fri May 10 10:45:00 2013] Extracted 'AnyEvent-7.04/t/04_condvar.t'
[MSG] [Fri May 10 10:45:00 2013] Extracted 'AnyEvent-7.04/t/68_poe_04_condvar.t'
[MSG] [Fri May 10 10:45:00 2013] Extracted 'AnyEvent-7.04/t/02_signals.t'
[MSG] [Fri May 10 10:45:00 2013] Extracted 'AnyEvent-7.04/t/00_load.t'
[MSG] [Fri May 10 10:45:00 2013] Extracted 'AnyEvent-7.04/t/66_ioasync_02_signals.t'
[MSG] [Fri May 10 10:45:00 2013] Extracted 'AnyEvent-7.04/t/66_ioasync_05_dns.t'
[MSG] [Fri May 10 10:45:00 2013] Extracted 'AnyEvent-7.04/t/64_glib_03_child.t'
[MSG] [Fri May 10 10:45:00 2013] Extracted 'AnyEvent-7.04/t/11_io_perl.t'
[MSG] [Fri May 10 10:45:00 2013] Extracted 'AnyEvent-7.04/t/01_basic.t'
[MSG] [Fri May 10 10:45:00 2013] Extracted 'AnyEvent-7.04/t/67_tk_03_child.t'
[MSG] [Fri May 10 10:45:00 2013] Extracted 'AnyEvent-7.04/t/67_tk_02_signals.t'
[MSG] [Fri May 10 10:45:00 2013] Extracted 'AnyEvent-7.04/t/10_loadall.t'
[MSG] [Fri May 10 10:45:00 2013] Extracted 'AnyEvent-7.04/t/03_child.t'
[MSG] [Fri May 10 10:45:00 2013] Extracted 'AnyEvent-7.04/t/69_ev_04_condvar.t'
[MSG] [Fri May 10 10:45:00 2013] Extracted 'AnyEvent-7.04/t/67_tk_04_condvar.t'
[MSG] [Fri May 10 10:45:00 2013] Extracted 'AnyEvent-7.04/t/64_glib_01_basic.t'
[MSG] [Fri May 10 10:45:00 2013] Extracted 'AnyEvent-7.04/t/62_cocoa_01_basic.t'
[MSG] [Fri May 10 10:45:00 2013] Extracted 'AnyEvent-7.04/t/66_ioasync_04_condvar.t'
[MSG] [Fri May 10 10:45:00 2013] Extracted 'AnyEvent-7.04/t/62_cocoa_07_io.t'
[MSG] [Fri May 10 10:45:00 2013] Extracted 'AnyEvent-7.04/t/68_poe_09_multi.t'
[MSG] [Fri May 10 10:45:00 2013] Extracted 'AnyEvent-7.04/lib/'
[MSG] [Fri May 10 10:45:00 2013] Extracted 'AnyEvent-7.04/lib/AnyEvent.pm'
[MSG] [Fri May 10 10:45:00 2013] Extracted 'AnyEvent-7.04/lib/AnyEvent/'
[MSG] [Fri May 10 10:45:00 2013] Extracted 'AnyEvent-7.04/lib/AnyEvent/IO.pm'
[MSG] [Fri May 10 10:45:00 2013] Extracted 'AnyEvent-7.04/lib/AnyEvent/IO/'
[MSG] [Fri May 10 10:45:00 2013] Extracted 'AnyEvent-7.04/lib/AnyEvent/IO/Perl.pm'
[MSG] [Fri May 10 10:45:00 2013] Extracted 'AnyEvent-7.04/lib/AnyEvent/IO/IOAIO.pm'
[MSG] [Fri May 10 10:45:00 2013] Extracted 'AnyEvent-7.04/lib/AnyEvent/Impl/'
[MSG] [Fri May 10 10:45:00 2013] Extracted 'AnyEvent-7.04/lib/AnyEvent/Impl/EventLib.pm'
[MSG] [Fri May 10 10:45:00 2013] Extracted 'AnyEvent-7.04/lib/AnyEvent/Impl/Cocoa.pm'
[MSG] [Fri May 10 10:45:00 2013] Extracted 'AnyEvent-7.04/lib/AnyEvent/Impl/Event.pm'
[MSG] [Fri May 10 10:45:01 2013] Extracted 'AnyEvent-7.04/lib/AnyEvent/Impl/FLTK.pm'
[MSG] [Fri May 10 10:45:01 2013] Extracted 'AnyEvent-7.04/lib/AnyEvent/Impl/Tk.pm'
[MSG] [Fri May 10 10:45:01 2013] Extracted 'AnyEvent-7.04/lib/AnyEvent/Impl/Perl.pm'
[MSG] [Fri May 10 10:45:01 2013] Extracted 'AnyEvent-7.04/lib/AnyEvent/Impl/IOAsync.pm'
[MSG] [Fri May 10 10:45:01 2013] Extracted 'AnyEvent-7.04/lib/AnyEvent/Impl/Glib.pm'
[MSG] [Fri May 10 10:45:01 2013] Extracted 'AnyEvent-7.04/lib/AnyEvent/Impl/POE.pm'
[MSG] [Fri May 10 10:45:01 2013] Extracted 'AnyEvent-7.04/lib/AnyEvent/Impl/Irssi.pm'
[MSG] [Fri May 10 10:45:01 2013] Extracted 'AnyEvent-7.04/lib/AnyEvent/Impl/Qt.pm'
[MSG] [Fri May 10 10:45:01 2013] Extracted 'AnyEvent-7.04/lib/AnyEvent/Impl/EV.pm'
[MSG] [Fri May 10 10:45:01 2013] Extracted 'AnyEvent-7.04/lib/AnyEvent/Util.pm'
[MSG] [Fri May 10 10:45:01 2013] Extracted 'AnyEvent-7.04/lib/AnyEvent/Log.pm'
[MSG] [Fri May 10 10:45:01 2013] Extracted 'AnyEvent-7.04/lib/AnyEvent/Handle.pm'
[MSG] [Fri May 10 10:45:01 2013] Extracted 'AnyEvent-7.04/lib/AnyEvent/Intro.pod'
[MSG] [Fri May 10 10:45:01 2013] Extracted 'AnyEvent-7.04/lib/AnyEvent/Strict.pm'
[MSG] [Fri May 10 10:45:01 2013] Extracted 'AnyEvent-7.04/lib/AnyEvent/Debug.pm'
[MSG] [Fri May 10 10:45:01 2013] Extracted 'AnyEvent-7.04/lib/AnyEvent/FAQ.pod'
[MSG] [Fri May 10 10:45:01 2013] Extracted 'AnyEvent-7.04/lib/AnyEvent/Socket.pm'
[MSG] [Fri May 10 10:45:01 2013] Extracted 'AnyEvent-7.04/lib/AnyEvent/Loop.pm'
[MSG] [Fri May 10 10:45:01 2013] Extracted 'AnyEvent-7.04/lib/AnyEvent/TLS.pm'
[MSG] [Fri May 10 10:45:01 2013] Extracted 'AnyEvent-7.04/lib/AnyEvent/Util/'
[MSG] [Fri May 10 10:45:01 2013] Extracted 'AnyEvent-7.04/lib/AnyEvent/Util/uts46data.pl'
[MSG] [Fri May 10 10:45:01 2013] Extracted 'AnyEvent-7.04/lib/AnyEvent/Util/idna.pl'
[MSG] [Fri May 10 10:45:01 2013] Extracted 'AnyEvent-7.04/lib/AnyEvent/DNS.pm'
[MSG] [Fri May 10 10:45:01 2013] Extracted 'AnyEvent-7.04/lib/AE.pm'
[MSG] [Fri May 10 10:45:01 2013] Extracted 'AnyEvent-7.04/Changes'
[MSG] [Fri May 10 10:45:01 2013] Extracted 'AnyEvent-7.04/META.json'
[MSG] [Fri May 10 10:45:01 2013] Extracted 'AnyEvent-7.04/constants.pl.PL'
[MSG] [Fri May 10 10:45:01 2013] Extracted 'AnyEvent-7.04/META.yml'
[MSG] [Fri May 10 10:45:01 2013] Extracted 'AnyEvent-7.04/README'
[MSG] [Fri May 10 10:45:01 2013] Extracted 'AnyEvent-7.04/eg/'
[MSG] [Fri May 10 10:45:01 2013] Extracted 'AnyEvent-7.04/eg/handle'
[MSG] [Fri May 10 10:45:01 2013] Extracted 'AnyEvent-7.04/eg/ae2.pl'
[MSG] [Fri May 10 10:45:01 2013] Extracted 'AnyEvent-7.04/eg/bench2'
[MSG] [Fri May 10 10:45:01 2013] Extracted 'AnyEvent-7.04/eg/runbench'
[MSG] [Fri May 10 10:45:01 2013] Extracted 'AnyEvent-7.04/eg/bench'
[MSG] [Fri May 10 10:45:01 2013] Extracted 'AnyEvent-7.04/eg/runbench2'
[MSG] [Fri May 10 10:45:01 2013] Extracted 'AnyEvent-7.04/eg/listen'
[MSG] [Fri May 10 10:45:01 2013] Extracted 'AnyEvent-7.04/eg/connect'
[MSG] [Fri May 10 10:45:01 2013] Extracted 'AnyEvent-7.04/eg/ae0.pl'
[MSG] [Fri May 10 10:45:01 2013] Extracted 'AnyEvent-7.04/Makefile.PL'
[MSG] [Fri May 10 10:45:01 2013] Extracted 'AnyEvent-7.04/COPYING'
[MSG] [Fri May 10 10:45:01 2013] Extracted 'AnyEvent-7.04/mktest'
[MSG] [Fri May 10 10:45:01 2013] Extracted 'AnyEvent-7.04/MANIFEST'
[MSG] [Fri May 10 10:45:01 2013] Extracted 'AnyEvent' to '/home/cpanbuilder/.cpanplus/5.14.2/build/AnyEvent-7.04'
[MSG] [Fri May 10 10:45:01 2013] 
***
*** The EV module is recommended for even better performance, unless you
*** have to use one of the other adaptors (Event, Glib, Tk, etc.).
*** The Async::Interrupt module is highly recommended to efficiently avoid
*** race conditions in/with other event loops.
***
*** This module does not have ANY dependencies, even if it might look
*** otherwise. If you are building a distribution package or have
*** difficulties installing this package due to dependencies, report this
*** to the packager as a bug.
***
*** This module is guaranteed to stay 100% pure-perl, full-featured
*** and performant, even without any of the optional modules.
***

Writing Makefile for AnyEvent
Writing MYMETA.yml and MYMETA.json

[MSG] [Fri May 10 10:45:02 2013] DEFAULT 'filter_prereqs' HANDLER RETURNING 'sub return value'
[MSG] [Fri May 10 10:45:05 2013] Skip blib/lib/AnyEvent/Debug.pm (unchanged)
Skip blib/lib/AnyEvent/Impl/Perl.pm (unchanged)
Skip blib/lib/AnyEvent/Impl/POE.pm (unchanged)
Skip blib/arch/AnyEvent/constants.pl (unchanged)
Skip blib/lib/AnyEvent/Strict.pm (unchanged)
Skip blib/lib/AnyEvent/Log.pm (unchanged)
Skip blib/lib/AnyEvent/Impl/IOAsync.pm (unchanged)
Skip blib/lib/AnyEvent/IO/IOAIO.pm (unchanged)
Skip blib/lib/AnyEvent/Impl/Glib.pm (unchanged)
Skip blib/lib/AnyEvent/Loop.pm (unchanged)
Skip blib/lib/AnyEvent/TLS.pm (unchanged)
Skip blib/lib/AnyEvent/Impl/Tk.pm (unchanged)
Skip blib/lib/AnyEvent/IO/Perl.pm (unchanged)
Skip blib/lib/AnyEvent/Impl/Cocoa.pm (unchanged)
Skip blib/lib/AnyEvent/IO.pm (unchanged)
Skip blib/lib/AnyEvent/Impl/Irssi.pm (unchanged)
Skip blib/lib/AnyEvent/Util/idna.pl (unchanged)
Skip blib/lib/AnyEvent/Impl/EventLib.pm (unchanged)
Skip blib/lib/AnyEvent/FAQ.pod (unchanged)
Skip blib/lib/AnyEvent.pm (unchanged)
Skip blib/lib/AnyEvent/Intro.pod (unchanged)
Skip blib/lib/AE.pm (unchanged)
Skip blib/lib/AnyEvent/Socket.pm (unchanged)
Skip blib/lib/AnyEvent/Impl/FLTK.pm (unchanged)
Skip blib/lib/AnyEvent/Impl/Qt.pm (unchanged)
Skip blib/lib/AnyEvent/Handle.pm (unchanged)
Skip blib/lib/AnyEvent/DNS.pm (unchanged)
Skip blib/lib/AnyEvent/Impl/EV.pm (unchanged)
Skip blib/lib/AnyEvent/Util/uts46data.pl (unchanged)
Skip blib/lib/AnyEvent/Util.pm (unchanged)
Skip blib/lib/AnyEvent/Impl/Event.pm (unchanged)
Manifying blib/man3/AnyEvent::Debug.3pm
Manifying blib/man3/AnyEvent::Impl::Perl.3pm
Manifying blib/man3/AnyEvent::Impl::POE.3pm
Manifying blib/man3/AnyEvent::Strict.3pm
Manifying blib/man3/AnyEvent::Log.3pm
Manifying blib/man3/AnyEvent::Impl::IOAsync.3pm
Manifying blib/man3/AnyEvent::IO::IOAIO.3pm
Manifying blib/man3/AnyEvent::Impl::Glib.3pm
Manifying blib/man3/AnyEvent::TLS.3pm
Manifying blib/man3/AnyEvent::Loop.3pm
Manifying blib/man3/AnyEvent::IO::Perl.3pm
Manifying blib/man3/AnyEvent::Impl::Tk.3pm
Manifying blib/man3/AnyEvent::IO.3pm
Manifying blib/man3/AnyEvent::Impl::Cocoa.3pm
Manifying blib/man3/AnyEvent::Impl::Irssi.3pm
Manifying blib/man3/AnyEvent::Intro.3pm
Manifying blib/man3/AnyEvent.3pm
Manifying blib/man3/AnyEvent::FAQ.3pm
Manifying blib/man3/AnyEvent::Impl::EventLib.3pm
Manifying blib/man3/AnyEvent::Socket.3pm
Manifying blib/man3/AE.3pm
Manifying blib/man3/AnyEvent::Impl::Qt.3pm
Manifying blib/man3/AnyEvent::Impl::FLTK.3pm
Manifying blib/man3/AnyEvent::Handle.3pm
Manifying blib/man3/AnyEvent::Impl::EV.3pm
Manifying blib/man3/AnyEvent::DNS.3pm
Manifying blib/man3/AnyEvent::Util.3pm
Manifying blib/man3/AnyEvent::Impl::Event.3pm
/usr/bin/perl "-Iblib/arch" "-Iblib/lib" constants.pl.PL constants.pl

[MSG] [Fri May 10 10:45:18 2013] MAKE TEST passed: Skip blib/lib/AnyEvent/Debug.pm (unchanged)
Skip blib/lib/AnyEvent/Impl/Perl.pm (unchanged)
Skip blib/lib/AnyEvent/Impl/POE.pm (unchanged)
Skip blib/arch/AnyEvent/constants.pl (unchanged)
Skip blib/lib/AnyEvent/Strict.pm (unchanged)
Skip blib/lib/AnyEvent/Log.pm (unchanged)
Skip blib/lib/AnyEvent/Impl/IOAsync.pm (unchanged)
Skip blib/lib/AnyEvent/IO/IOAIO.pm (unchanged)
Skip blib/lib/AnyEvent/Impl/Glib.pm (unchanged)
Skip blib/lib/AnyEvent/Loop.pm (unchanged)
Skip blib/lib/AnyEvent/TLS.pm (unchanged)
Skip blib/lib/AnyEvent/Impl/Tk.pm (unchanged)
Skip blib/lib/AnyEvent/IO/Perl.pm (unchanged)
Skip blib/lib/AnyEvent/Impl/Cocoa.pm (unchanged)
Skip blib/lib/AnyEvent/IO.pm (unchanged)
Skip blib/lib/AnyEvent/Impl/Irssi.pm (unchanged)
Skip blib/lib/AnyEvent/Util/idna.pl (unchanged)
Skip blib/lib/AnyEvent/Impl/EventLib.pm (unchanged)
Skip blib/lib/AnyEvent/FAQ.pod (unchanged)
Skip blib/lib/AnyEvent.pm (unchanged)
Skip blib/lib/AnyEvent/Intro.pod (unchanged)
Skip blib/lib/AE.pm (unchanged)
Skip blib/lib/AnyEvent/Socket.pm (unchanged)
Skip blib/lib/AnyEvent/Impl/FLTK.pm (unchanged)
Skip blib/lib/AnyEvent/Impl/Qt.pm (unchanged)
Skip blib/lib/AnyEvent/Handle.pm (unchanged)
Skip blib/lib/AnyEvent/DNS.pm (unchanged)
Skip blib/lib/AnyEvent/Impl/EV.pm (unchanged)
Skip blib/lib/AnyEvent/Util/uts46data.pl (unchanged)
Skip blib/lib/AnyEvent/Util.pm (unchanged)
Skip blib/lib/AnyEvent/Impl/Event.pm (unchanged)
PERL_DL_NONLAZY=1 /usr/bin/perl "-MExtUtils::Command::MM" "-e" "test_harness(0, 'blib/lib', 'blib/arch')" t/*.t t/handle/*.t
t/00_load.t ................ ok
t/01_basic.t ............... ok
t/02_signals.t ............. ok
t/03_child.t ............... ok
t/04_condvar.t ............. ok
t/05_dns.t ................. ok
t/06_socket.t .............. ok
t/07_io.t .................. ok
t/08_idna.t ................ ok
t/09_multi.t ............... ok
t/10_loadall.t ............. ok
t/11_io_perl.t ............. ok
t/12_io_ioaio.t ............ skipped: AnyEvent::IO::IOAIO not loadable
t/61_fltk_01_basic.t ....... skipped: PERL_ANYEVENT_LOOP_TESTS not true
t/61_fltk_02_signals.t ..... skipped: PERL_ANYEVENT_LOOP_TESTS not true
t/61_fltk_03_child.t ....... skipped: PERL_ANYEVENT_LOOP_TESTS not true
t/61_fltk_04_condvar.t ..... skipped: PERL_ANYEVENT_LOOP_TESTS not true
t/61_fltk_05_dns.t ......... skipped: PERL_ANYEVENT_LOOP_TESTS not true
t/61_fltk_07_io.t .......... skipped: PERL_ANYEVENT_LOOP_TESTS not true
t/61_fltk_09_multi.t ....... skipped: PERL_ANYEVENT_LOOP_TESTS not true
t/62_cocoa_01_basic.t ...... skipped: PERL_ANYEVENT_LOOP_TESTS not true
t/62_cocoa_02_signals.t .... skipped: PERL_ANYEVENT_LOOP_TESTS not true
t/62_cocoa_03_child.t ...... skipped: PERL_ANYEVENT_LOOP_TESTS not true
t/62_cocoa_04_condvar.t .... skipped: PERL_ANYEVENT_LOOP_TESTS not true
t/62_cocoa_05_dns.t ........ skipped: PERL_ANYEVENT_LOOP_TESTS not true
t/62_cocoa_07_io.t ......... skipped: PERL_ANYEVENT_LOOP_TESTS not true
t/62_cocoa_09_multi.t ...... skipped: PERL_ANYEVENT_LOOP_TESTS not true
t/64_glib_01_basic.t ....... skipped: PERL_ANYEVENT_LOOP_TESTS not true
t/64_glib_02_signals.t ..... skipped: PERL_ANYEVENT_LOOP_TESTS not true
t/64_glib_03_child.t ....... skipped: PERL_ANYEVENT_LOOP_TESTS not true
t/64_glib_04_condvar.t ..... skipped: PERL_ANYEVENT_LOOP_TESTS not true
t/64_glib_05_dns.t ......... skipped: PERL_ANYEVENT_LOOP_TESTS not true
t/64_glib_07_io.t .......... skipped: PERL_ANYEVENT_LOOP_TESTS not true
t/64_glib_09_multi.t ....... skipped: PERL_ANYEVENT_LOOP_TESTS not true
t/65_event_01_basic.t ...... skipped: PERL_ANYEVENT_LOOP_TESTS not true
t/65_event_02_signals.t .... skipped: PERL_ANYEVENT_LOOP_TESTS not true
t/65_event_03_child.t ...... skipped: PERL_ANYEVENT_LOOP_TESTS not true
t/65_event_04_condvar.t .... skipped: PERL_ANYEVENT_LOOP_TESTS not true
t/65_event_05_dns.t ........ skipped: PERL_ANYEVENT_LOOP_TESTS not true
t/65_event_07_io.t ......... skipped: PERL_ANYEVENT_LOOP_TESTS not true
t/65_event_09_multi.t ...... skipped: PERL_ANYEVENT_LOOP_TESTS not true
t/66_ioasync_01_basic.t .... skipped: PERL_ANYEVENT_LOOP_TESTS not true
t/66_ioasync_02_signals.t .. skipped: PERL_ANYEVENT_LOOP_TESTS not true
t/66_ioasync_03_child.t .... skipped: PERL_ANYEVENT_LOOP_TESTS not true
t/66_ioasync_04_condvar.t .. skipped: PERL_ANYEVENT_LOOP_TESTS not true
t/66_ioasync_05_dns.t ...... skipped: PERL_ANYEVENT_LOOP_TESTS not true
t/66_ioasync_07_io.t ....... skipped: PERL_ANYEVENT_LOOP_TESTS not true
t/66_ioasync_09_multi.t .... skipped: PERL_ANYEVENT_LOOP_TESTS not true
t/67_tk_01_basic.t ......... skipped: PERL_ANYEVENT_LOOP_TESTS not true
t/67_tk_02_signals.t ....... skipped: PERL_ANYEVENT_LOOP_TESTS not true
t/67_tk_03_child.t ......... skipped: PERL_ANYEVENT_LOOP_TESTS not true
t/67_tk_04_condvar.t ....... skipped: PERL_ANYEVENT_LOOP_TESTS not true
t/67_tk_05_dns.t ........... skipped: PERL_ANYEVENT_LOOP_TESTS not true
t/67_tk_07_io.t ............ skipped: PERL_ANYEVENT_LOOP_TESTS not true
t/67_tk_09_multi.t ......... skipped: PERL_ANYEVENT_LOOP_TESTS not true
t/68_poe_01_basic.t ........ skipped: PERL_ANYEVENT_LOOP_TESTS not true
t/68_poe_02_signals.t ...... skipped: PERL_ANYEVENT_LOOP_TESTS not true
t/68_poe_03_child.t ........ skipped: PERL_ANYEVENT_LOOP_TESTS not true
t/68_poe_04_condvar.t ...... skipped: PERL_ANYEVENT_LOOP_TESTS not true
t/68_poe_05_dns.t .......... skipped: PERL_ANYEVENT_LOOP_TESTS not true
t/68_poe_07_io.t ........... skipped: PERL_ANYEVENT_LOOP_TESTS not true
t/68_poe_09_multi.t ........ skipped: PERL_ANYEVENT_LOOP_TESTS not true
t/69_ev_01_basic.t ......... skipped: PERL_ANYEVENT_LOOP_TESTS not true
t/69_ev_02_signals.t ....... skipped: PERL_ANYEVENT_LOOP_TESTS not true
t/69_ev_03_child.t ......... skipped: PERL_ANYEVENT_LOOP_TESTS not true
t/69_ev_04_condvar.t ....... skipped: PERL_ANYEVENT_LOOP_TESTS not true
t/69_ev_05_dns.t ........... skipped: PERL_ANYEVENT_LOOP_TESTS not true
t/69_ev_07_io.t ............ skipped: PERL_ANYEVENT_LOOP_TESTS not true
t/69_ev_09_multi.t ......... skipped: PERL_ANYEVENT_LOOP_TESTS not true
t/80_ssltest.t ............. ok
t/handle/01_readline.t ..... ok
t/handle/02_write.t ........ ok
t/handle/03_http_req.t ..... skipped: PERL_ANYEVENT_NET_TESTS environment variable not set
t/handle/04_listen.t ....... ok
All tests successful.
Files=74, Tests=663, 12 wallclock secs ( 1.15 usr  0.18 sys +  5.89 cusr  1.02 csys =  8.24 CPU)
Result: PASS

[MSG] [Fri May 10 10:45:18 2013] Sending test report for 'AnyEvent-7.04'
[MSG] [Fri May 10 10:45:18 2013] Ok, not sending test report
[MSG] [Fri May 10 10:45:21 2013] Using cached file '/home/cpanbuilder/.cpanplus/authors/id/M/ML/MLEHMANN/CHECKSUMS' on disk; ttl (3600s) is not exceeded
[MSG] [Fri May 10 10:45:21 2013] Checksum matches for 'AnyEvent-HTTP-2.15.tar.gz'
[MSG] [Fri May 10 10:45:22 2013] Extracted 'AnyEvent-HTTP-2.15/'
[MSG] [Fri May 10 10:45:22 2013] Extracted 'AnyEvent-HTTP-2.15/t/'
[MSG] [Fri May 10 10:45:22 2013] Extracted 'AnyEvent-HTTP-2.15/t/00_load.t'
[MSG] [Fri May 10 10:45:22 2013] Extracted 'AnyEvent-HTTP-2.15/t/01_basic.t'
[MSG] [Fri May 10 10:45:22 2013] Extracted 'AnyEvent-HTTP-2.15/Changes'
[MSG] [Fri May 10 10:45:22 2013] Extracted 'AnyEvent-HTTP-2.15/HTTP.pm'
[MSG] [Fri May 10 10:45:22 2013] Extracted 'AnyEvent-HTTP-2.15/META.json'
[MSG] [Fri May 10 10:45:22 2013] Extracted 'AnyEvent-HTTP-2.15/META.yml'
[MSG] [Fri May 10 10:45:22 2013] Extracted 'AnyEvent-HTTP-2.15/README'
[MSG] [Fri May 10 10:45:22 2013] Extracted 'AnyEvent-HTTP-2.15/Makefile.PL'
[MSG] [Fri May 10 10:45:22 2013] Extracted 'AnyEvent-HTTP-2.15/COPYING'
[MSG] [Fri May 10 10:45:22 2013] Extracted 'AnyEvent-HTTP-2.15/MANIFEST'
[MSG] [Fri May 10 10:45:22 2013] Extracted 'AnyEvent::HTTP' to '/home/cpanbuilder/.cpanplus/5.14.2/build/AnyEvent-HTTP-2.15'
[MSG] [Fri May 10 10:45:22 2013] Writing Makefile for AnyEvent::HTTP
Writing MYMETA.yml and MYMETA.json

[MSG] [Fri May 10 10:45:22 2013] DEFAULT 'filter_prereqs' HANDLER RETURNING 'sub return value'
[MSG] [Fri May 10 10:45:23 2013] Skip blib/lib/AnyEvent/HTTP.pm (unchanged)
Manifying blib/man3/AnyEvent::HTTP.3pm

[MSG] [Fri May 10 10:45:24 2013] MAKE TEST passed: PERL_DL_NONLAZY=1 /usr/bin/perl "-MExtUtils::Command::MM" "-e" "test_harness(0, 'blib/lib', 'blib/arch')" t/*.t
t/00_load.t ... ok
t/01_basic.t .. ok
All tests successful.
Files=2, Tests=5,  1 wallclock secs ( 0.07 usr  0.03 sys +  0.26 cusr  0.05 csys =  0.41 CPU)
Result: PASS

[MSG] [Fri May 10 10:45:24 2013] Sending test report for 'AnyEvent-HTTP-2.15'
[MSG] [Fri May 10 10:45:24 2013] Ok, not sending test report
[MSG] [Fri May 10 10:45:24 2013] Using cached file '/home/cpanbuilder/.cpanplus/authors/id/G/GA/GAAS/CHECKSUMS' on disk; ttl (3600s) is not exceeded
[MSG] [Fri May 10 10:45:24 2013] Checksum matches for 'Digest-SHA1-2.13.tar.gz'
[MSG] [Fri May 10 10:45:25 2013] Extracted 'Digest-SHA1-2.13/'
[MSG] [Fri May 10 10:45:25 2013] Extracted 'Digest-SHA1-2.13/Changes'
[MSG] [Fri May 10 10:45:25 2013] Extracted 'Digest-SHA1-2.13/fip180-1.gif'
[MSG] [Fri May 10 10:45:25 2013] Extracted 'Digest-SHA1-2.13/fip180-1.html'
[MSG] [Fri May 10 10:45:25 2013] Extracted 'Digest-SHA1-2.13/hints/'
[MSG] [Fri May 10 10:45:25 2013] Extracted 'Digest-SHA1-2.13/Makefile.PL'
[MSG] [Fri May 10 10:45:25 2013] Extracted 'Digest-SHA1-2.13/MANIFEST'
[MSG] [Fri May 10 10:45:25 2013] Extracted 'Digest-SHA1-2.13/META.yml'
[MSG] [Fri May 10 10:45:25 2013] Extracted 'Digest-SHA1-2.13/README'
[MSG] [Fri May 10 10:45:25 2013] Extracted 'Digest-SHA1-2.13/SHA1.pm'
[MSG] [Fri May 10 10:45:25 2013] Extracted 'Digest-SHA1-2.13/SHA1.xs'
[MSG] [Fri May 10 10:45:25 2013] Extracted 'Digest-SHA1-2.13/t/'
[MSG] [Fri May 10 10:45:25 2013] Extracted 'Digest-SHA1-2.13/typemap'
[MSG] [Fri May 10 10:45:25 2013] Extracted 'Digest-SHA1-2.13/t/badfile.t'
[MSG] [Fri May 10 10:45:25 2013] Extracted 'Digest-SHA1-2.13/t/bits.t'
[MSG] [Fri May 10 10:45:25 2013] Extracted 'Digest-SHA1-2.13/t/sha1.t'
[MSG] [Fri May 10 10:45:25 2013] Extracted 'Digest-SHA1-2.13/hints/irix_6.pl'
[MSG] [Fri May 10 10:45:25 2013] Extracted 'Digest::SHA1' to '/home/cpanbuilder/.cpanplus/5.14.2/build/Digest-SHA1-2.13'
[MSG] [Fri May 10 10:45:25 2013] Writing Makefile for Digest::SHA1
Writing MYMETA.yml and MYMETA.json

[MSG] [Fri May 10 10:45:25 2013] DEFAULT 'filter_prereqs' HANDLER RETURNING 'sub return value'
[MSG] [Fri May 10 10:45:28 2013] Skip blib/lib/Digest/SHA1.pm (unchanged)
cc -c   -D_REENTRANT -D_GNU_SOURCE -DDEBIAN -fstack-protector -fno-strict-aliasing -pipe -I/usr/local/include -D_LARGEFILE_SOURCE -D_FILE_OFFSET_BITS=64 -O2 -g   -DVERSION=\"2.13\" -DXS_VERSION=\"2.13\" -fPIC "-I/usr/lib/perl/5.14/CORE"   SHA1.c
Running Mkbootstrap for Digest::SHA1 ()
chmod 644 SHA1.bs
rm -f blib/arch/auto/Digest/SHA1/SHA1.so
cc  -shared -L/usr/local/lib -fstack-protector SHA1.o  -o blib/arch/auto/Digest/SHA1/SHA1.so 	\
	     	\
	  
chmod 755 blib/arch/auto/Digest/SHA1/SHA1.so
cp SHA1.bs blib/arch/auto/Digest/SHA1/SHA1.bs
chmod 644 blib/arch/auto/Digest/SHA1/SHA1.bs
Manifying blib/man3/Digest::SHA1.3pm

[MSG] [Fri May 10 10:45:29 2013] MAKE TEST passed: PERL_DL_NONLAZY=1 /usr/bin/perl "-MExtUtils::Command::MM" "-e" "test_harness(0, 'blib/lib', 'blib/arch')" t/*.t
t/badfile.t .. ok
t/bits.t ..... ok
t/sha1.t ..... ok
All tests successful.
Files=3, Tests=17,  0 wallclock secs ( 0.08 usr  0.02 sys +  0.10 cusr  0.03 csys =  0.23 CPU)
Result: PASS

[MSG] [Fri May 10 10:45:29 2013] Sending test report for 'Digest-SHA1-2.13'
[MSG] [Fri May 10 10:45:29 2013] Ok, not sending test report
[MSG] [Fri May 10 10:45:29 2013] Trying to get 'ftp://ftp.cpan.org/pub/CPAN/authors/id/U/UR/URI/CHECKSUMS'
[MSG] [Fri May 10 10:45:30 2013] Checksum matches for 'File-Slurp-9999.19.tar.gz'
[MSG] [Fri May 10 10:45:32 2013] Extracted 'File-Slurp-9999.19/'
[MSG] [Fri May 10 10:45:32 2013] Extracted 'File-Slurp-9999.19/t/'
[MSG] [Fri May 10 10:45:32 2013] Extracted 'File-Slurp-9999.19/t/no_clobber.t'
[MSG] [Fri May 10 10:45:32 2013] Extracted 'File-Slurp-9999.19/t/edit_file.t'
[MSG] [Fri May 10 10:45:32 2013] Extracted 'File-Slurp-9999.19/t/write_file_win32.t'
[MSG] [Fri May 10 10:45:32 2013] Extracted 'File-Slurp-9999.19/t/error.t'
[MSG] [Fri May 10 10:45:32 2013] Extracted 'File-Slurp-9999.19/t/pod_coverage.t'
[MSG] [Fri May 10 10:45:32 2013] Extracted 'File-Slurp-9999.19/t/perms.t'
[MSG] [Fri May 10 10:45:32 2013] Extracted 'File-Slurp-9999.19/t/binmode.t'
[MSG] [Fri May 10 10:45:32 2013] Extracted 'File-Slurp-9999.19/t/pod.t'
[MSG] [Fri May 10 10:45:32 2013] Extracted 'File-Slurp-9999.19/t/file_object.t'
[MSG] [Fri May 10 10:45:32 2013] Extracted 'File-Slurp-9999.19/t/stdin.t'
[MSG] [Fri May 10 10:45:32 2013] Extracted 'File-Slurp-9999.19/t/prepend_file.t'
[MSG] [Fri May 10 10:45:32 2013] Extracted 'File-Slurp-9999.19/t/read_dir.t'
[MSG] [Fri May 10 10:45:32 2013] Extracted 'File-Slurp-9999.19/t/large.t'
[MSG] [Fri May 10 10:45:32 2013] Extracted 'File-Slurp-9999.19/t/paragraph.t'
[MSG] [Fri May 10 10:45:32 2013] Extracted 'File-Slurp-9999.19/t/error_mode.t'
[MSG] [Fri May 10 10:45:32 2013] Extracted 'File-Slurp-9999.19/t/signal.t'
[MSG] [Fri May 10 10:45:32 2013] Extracted 'File-Slurp-9999.19/t/TestDriver.pm'
[MSG] [Fri May 10 10:45:32 2013] Extracted 'File-Slurp-9999.19/t/handle.t'
[MSG] [Fri May 10 10:45:32 2013] Extracted 'File-Slurp-9999.19/t/data_list.t'
[MSG] [Fri May 10 10:45:32 2013] Extracted 'File-Slurp-9999.19/t/original.t'
[MSG] [Fri May 10 10:45:32 2013] Extracted 'File-Slurp-9999.19/t/append_null.t'
[MSG] [Fri May 10 10:45:32 2013] Extracted 'File-Slurp-9999.19/t/inode.t'
[MSG] [Fri May 10 10:45:32 2013] Extracted 'File-Slurp-9999.19/t/newline.t'
[MSG] [Fri May 10 10:45:32 2013] Extracted 'File-Slurp-9999.19/t/slurp.t'
[MSG] [Fri May 10 10:45:32 2013] Extracted 'File-Slurp-9999.19/t/tainted.t'
[MSG] [Fri May 10 10:45:32 2013] Extracted 'File-Slurp-9999.19/t/data_scalar.t'
[MSG] [Fri May 10 10:45:32 2013] Extracted 'File-Slurp-9999.19/t/pseudo.t'
[MSG] [Fri May 10 10:45:32 2013] Extracted 'File-Slurp-9999.19/t/stringify.t'
[MSG] [Fri May 10 10:45:32 2013] Extracted 'File-Slurp-9999.19/t/chomp.t'
[MSG] [Fri May 10 10:45:32 2013] Extracted 'File-Slurp-9999.19/TODO'
[MSG] [Fri May 10 10:45:32 2013] Extracted 'File-Slurp-9999.19/README'
[MSG] [Fri May 10 10:45:32 2013] Extracted 'File-Slurp-9999.19/lib/'
[MSG] [Fri May 10 10:45:32 2013] Extracted 'File-Slurp-9999.19/lib/File/'
[MSG] [Fri May 10 10:45:32 2013] Extracted 'File-Slurp-9999.19/lib/File/Slurp.pm'
[MSG] [Fri May 10 10:45:32 2013] Extracted 'File-Slurp-9999.19/MANIFEST'
[MSG] [Fri May 10 10:45:32 2013] Extracted 'File-Slurp-9999.19/META.yml'
[MSG] [Fri May 10 10:45:32 2013] Extracted 'File-Slurp-9999.19/Changes'
[MSG] [Fri May 10 10:45:32 2013] Extracted 'File-Slurp-9999.19/extras/'
[MSG] [Fri May 10 10:45:32 2013] Extracted 'File-Slurp-9999.19/extras/slurp_bench.pl'
[MSG] [Fri May 10 10:45:32 2013] Extracted 'File-Slurp-9999.19/extras/slurp_article.pod'
[MSG] [Fri May 10 10:45:32 2013] Extracted 'File-Slurp-9999.19/extras/FileSlurp_12.pm'
[MSG] [Fri May 10 10:45:32 2013] Extracted 'File-Slurp-9999.19/Makefile.PL'
[MSG] [Fri May 10 10:45:32 2013] Extracted 'File::Slurp' to '/home/cpanbuilder/.cpanplus/5.14.2/build/File-Slurp-9999.19'
[MSG] [Fri May 10 10:45:33 2013] Writing Makefile for File::Slurp
Writing MYMETA.yml and MYMETA.json

[MSG] [Fri May 10 10:45:33 2013] DEFAULT 'filter_prereqs' HANDLER RETURNING 'sub return value'
[MSG] [Fri May 10 10:45:33 2013] Skip blib/lib/File/Slurp.pm (unchanged)
Manifying blib/man3/File::Slurp.3pm

[MSG] [Fri May 10 10:45:42 2013] MAKE TEST passed: PERL_DL_NONLAZY=1 /usr/bin/perl "-MExtUtils::Command::MM" "-e" "test_harness(0, 'blib/lib', 'blib/arch')" t/*.t
t/append_null.t ....... ok
t/binmode.t ........... ok
t/chomp.t ............. ok
t/data_list.t ......... ok
t/data_scalar.t ....... ok
t/edit_file.t ......... ok
t/error.t ............. ok
t/error_mode.t ........ ok
t/file_object.t ....... ok
t/handle.t ............ ok
t/inode.t ............. ok
t/large.t ............. ok
t/newline.t ........... ok
t/no_clobber.t ........ ok
t/original.t .......... ok
t/paragraph.t ......... ok
t/perms.t ............. ok
t/pod.t ............... skipped: Test::Pod 1.14 required for testing POD
t/pod_coverage.t ...... skipped: Test::Pod::Coverage 1.04 required for testing POD coverage
t/prepend_file.t ...... ok
t/pseudo.t ............ ok
t/read_dir.t .......... ok
t/signal.t ............ ok
t/slurp.t ............. ok
t/stdin.t ............. ok
t/stringify.t ......... ok
t/tainted.t ........... ok
t/write_file_win32.t .. ok
All tests successful.
Files=28, Tests=296,  8 wallclock secs ( 0.46 usr  0.07 sys +  4.82 cusr  0.78 csys =  6.13 CPU)
Result: PASS

[MSG] [Fri May 10 10:45:42 2013] Sending test report for 'File-Slurp-9999.19'
[MSG] [Fri May 10 10:45:42 2013] Ok, not sending test report
[MSG] [Fri May 10 10:45:45 2013] Using cached file '/home/cpanbuilder/.cpanplus/authors/id/M/ML/MLEHMANN/CHECKSUMS' on disk; ttl (3600s) is not exceeded
[MSG] [Fri May 10 10:45:45 2013] Checksum matches for 'IO-AIO-4.18.tar.gz'
[MSG] [Fri May 10 10:45:46 2013] Extracted 'IO-AIO-4.18/'
[MSG] [Fri May 10 10:45:46 2013] Extracted 'IO-AIO-4.18/configure.ac'
[MSG] [Fri May 10 10:45:46 2013] Extracted 'IO-AIO-4.18/def0.h'
[MSG] [Fri May 10 10:45:46 2013] Extracted 'IO-AIO-4.18/libeio/'
[MSG] [Fri May 10 10:45:46 2013] Extracted 'IO-AIO-4.18/libeio/config.h.in'
[MSG] [Fri May 10 10:45:46 2013] Extracted 'IO-AIO-4.18/libeio/xthread.h'
[MSG] [Fri May 10 10:45:46 2013] Extracted 'IO-AIO-4.18/libeio/eio.h'
[MSG] [Fri May 10 10:45:46 2013] Extracted 'IO-AIO-4.18/libeio/eio.c'
[MSG] [Fri May 10 10:45:46 2013] Extracted 'IO-AIO-4.18/libeio/ecb.h'
[MSG] [Fri May 10 10:45:46 2013] Extracted 'IO-AIO-4.18/libeio/libeio.m4'
[MSG] [Fri May 10 10:45:46 2013] Extracted 'IO-AIO-4.18/schmorp.h'
[MSG] [Fri May 10 10:45:46 2013] Extracted 'IO-AIO-4.18/AIO.pm'
[MSG] [Fri May 10 10:45:46 2013] Extracted 'IO-AIO-4.18/t/'
[MSG] [Fri May 10 10:45:46 2013] Extracted 'IO-AIO-4.18/t/aio_test_common.pm'
[MSG] [Fri May 10 10:45:46 2013] Extracted 'IO-AIO-4.18/t/04_fork.t'
[MSG] [Fri May 10 10:45:46 2013] Extracted 'IO-AIO-4.18/t/02_read.t'
[MSG] [Fri May 10 10:45:46 2013] Extracted 'IO-AIO-4.18/t/03_errors.t'
[MSG] [Fri May 10 10:45:46 2013] Extracted 'IO-AIO-4.18/t/05_readdir.t'
[MSG] [Fri May 10 10:45:46 2013] Extracted 'IO-AIO-4.18/t/07_feeder.t'
[MSG] [Fri May 10 10:45:46 2013] Extracted 'IO-AIO-4.18/t/06_group.t'
[MSG] [Fri May 10 10:45:46 2013] Extracted 'IO-AIO-4.18/t/01_stat.t'
[MSG] [Fri May 10 10:45:46 2013] Extracted 'IO-AIO-4.18/t/00_load.t'
[MSG] [Fri May 10 10:45:46 2013] Extracted 'IO-AIO-4.18/AIO.xs'
[MSG] [Fri May 10 10:45:46 2013] Extracted 'IO-AIO-4.18/autogen.sh'
[MSG] [Fri May 10 10:45:46 2013] Extracted 'IO-AIO-4.18/Changes'
[MSG] [Fri May 10 10:45:46 2013] Extracted 'IO-AIO-4.18/bin/'
[MSG] [Fri May 10 10:45:46 2013] Extracted 'IO-AIO-4.18/bin/treescan'
[MSG] [Fri May 10 10:45:46 2013] Extracted 'IO-AIO-4.18/configure'
[MSG] [Fri May 10 10:45:46 2013] Extracted 'IO-AIO-4.18/META.json'
[MSG] [Fri May 10 10:45:46 2013] Extracted 'IO-AIO-4.18/META.yml'
[MSG] [Fri May 10 10:45:46 2013] Extracted 'IO-AIO-4.18/README'
[MSG] [Fri May 10 10:45:46 2013] Extracted 'IO-AIO-4.18/Makefile.PL'
[MSG] [Fri May 10 10:45:46 2013] Extracted 'IO-AIO-4.18/gendef0'
[MSG] [Fri May 10 10:45:46 2013] Extracted 'IO-AIO-4.18/typemap'
[MSG] [Fri May 10 10:45:46 2013] Extracted 'IO-AIO-4.18/COPYING'
[MSG] [Fri May 10 10:45:46 2013] Extracted 'IO-AIO-4.18/MANIFEST'
[MSG] [Fri May 10 10:45:46 2013] Extracted 'IO::AIO' to '/home/cpanbuilder/.cpanplus/5.14.2/build/IO-AIO-4.18'
[MSG] [Fri May 10 10:45:56 2013] checking for gcc... cc
checking whether the C compiler works... yes
checking for C compiler default output file name... a.out
checking for suffix of executables... 
checking whether we are cross compiling... no
checking for suffix of object files... o
checking whether we are using the GNU C compiler... yes
checking whether cc accepts -g... yes
checking for cc option to accept ISO C89... none needed
checking how to run the C preprocessor... cc -E
checking for grep that handles long lines and -e... /bin/grep
checking for egrep... /bin/grep -E
checking for ANSI C header files... yes
checking for sys/types.h... yes
checking for sys/stat.h... yes
checking for stdlib.h... yes
checking for string.h... yes
checking for memory.h... yes
checking for strings.h... yes
checking for inttypes.h... yes
checking for stdint.h... yes
checking for unistd.h... yes
checking minix/config.h usability... no
checking minix/config.h presence... no
checking for minix/config.h... no
checking whether it is safe to define __EXTENSIONS__... yes
checking for gcc... (cached) cc
checking whether we are using the GNU C compiler... (cached) yes
checking whether cc accepts -g... (cached) yes
checking for cc option to accept ISO C89... (cached) none needed
checking for stdint.h... (cached) yes
checking sys/syscall.h usability... yes
checking sys/syscall.h presence... yes
checking for sys/syscall.h... yes
checking sys/prctl.h usability... yes
checking sys/prctl.h presence... yes
checking for sys/prctl.h... yes
checking for library containing pthread_create... -lpthread
checking for utimes... yes
checking for futimes... yes
checking for readahead... yes
checking for fdatasync... yes
checking for sendfile... yes
checking for sync_file_range... yes
checking for fallocate... yes
checking for sys_syncfs... yes
checking for prctl_set_name... yes
checking for posix_madvise... yes
checking for posix_fadvise... yes
checking linux/fs.h usability... yes
checking linux/fs.h presence... yes
checking for linux/fs.h... yes
checking linux/fiemap.h usability... yes
checking linux/fiemap.h presence... yes
checking for linux/fiemap.h... yes
checking for splice, vmsplice and tee... yes
configure: creating ./config.status
config.status: creating libeio/config.h
config.status: libeio/config.h is unchanged
Writing Makefile for IO::AIO
Writing MYMETA.yml and MYMETA.json

[MSG] [Fri May 10 10:45:56 2013] DEFAULT 'filter_prereqs' HANDLER RETURNING 'sub return value'
[MSG] [Fri May 10 10:46:06 2013] Skip blib/lib/IO/AIO.pm (unchanged)
cc -c   -D_REENTRANT -D_GNU_SOURCE -DDEBIAN -fstack-protector -fno-strict-aliasing -pipe -I/usr/local/include -D_LARGEFILE_SOURCE -D_FILE_OFFSET_BITS=64 -O2 -g   -DVERSION=\"4.18\" -DXS_VERSION=\"4.18\" -fPIC "-I/usr/lib/perl/5.14/CORE"   AIO.c
In file included from AIO.xs:9:0:
AIO.c: In function ‘s_epipe_drain’:
schmorp.h:463:8: warning: ignoring return value of ‘read’, declared with attribute warn_unused_result [-Wunused-result]
AIO.c: In function ‘s_epipe_signal’:
schmorp.h:450:11: warning: ignoring return value of ‘write’, declared with attribute warn_unused_result [-Wunused-result]
Running Mkbootstrap for IO::AIO ()
chmod 644 AIO.bs
rm -f blib/arch/auto/IO/AIO/AIO.so
cc  -shared -L/usr/local/lib -fstack-protector AIO.o  -o blib/arch/auto/IO/AIO/AIO.so 	\
	   -lpthread  	\
	  
chmod 755 blib/arch/auto/IO/AIO/AIO.so
cp AIO.bs blib/arch/auto/IO/AIO/AIO.bs
chmod 644 blib/arch/auto/IO/AIO/AIO.bs
cp bin/treescan blib/script/treescan
/usr/bin/perl -MExtUtils::MY -e 'MY->fixin(shift)' -- blib/script/treescan
Manifying blib/man3/IO::AIO.3pm

[MSG] [Fri May 10 10:46:09 2013] MAKE TEST passed: PERL_DL_NONLAZY=1 /usr/bin/perl "-MExtUtils::Command::MM" "-e" "test_harness(0, 'blib/lib', 'blib/arch')" t/*.t
t/00_load.t ..... ok
t/01_stat.t ..... ok
t/02_read.t ..... ok
t/03_errors.t ... ok
t/04_fork.t ..... ok
t/05_readdir.t .. ok
t/06_group.t .... ok
t/07_feeder.t ... ok
All tests successful.
Files=8, Tests=67,  2 wallclock secs ( 0.17 usr  0.01 sys +  0.46 cusr  0.18 csys =  0.82 CPU)
Result: PASS

[MSG] [Fri May 10 10:46:09 2013] Sending test report for 'IO-AIO-4.18'
[MSG] [Fri May 10 10:46:09 2013] Ok, not sending test report
[MSG] [Fri May 10 10:46:12 2013] Using cached file '/home/cpanbuilder/.cpanplus/authors/id/D/DL/DLAMBLEY/CHECKSUMS' on disk; ttl (3600s) is not exceeded
[MSG] [Fri May 10 10:46:12 2013] Checksum matches for 'Linux-PipeMagic-0.03.tar.gz'
[MSG] [Fri May 10 10:46:13 2013] Extracted 'Linux-PipeMagic-0.03/'
[MSG] [Fri May 10 10:46:13 2013] Extracted 'Linux-PipeMagic-0.03/ppport.h'
[MSG] [Fri May 10 10:46:13 2013] Extracted 'Linux-PipeMagic-0.03/fallback/'
[MSG] [Fri May 10 10:46:13 2013] Extracted 'Linux-PipeMagic-0.03/fallback/const-xs.inc'
[MSG] [Fri May 10 10:46:13 2013] Extracted 'Linux-PipeMagic-0.03/fallback/const-c.inc'
[MSG] [Fri May 10 10:46:13 2013] Extracted 'Linux-PipeMagic-0.03/Makefile.PL'
[MSG] [Fri May 10 10:46:13 2013] Extracted 'Linux-PipeMagic-0.03/debian/'
[MSG] [Fri May 10 10:46:13 2013] Extracted 'Linux-PipeMagic-0.03/debian/rules'
[MSG] [Fri May 10 10:46:13 2013] Extracted 'Linux-PipeMagic-0.03/debian/liblinux-pipemagic-perl.docs'
[MSG] [Fri May 10 10:46:13 2013] Extracted 'Linux-PipeMagic-0.03/debian/watch'
[MSG] [Fri May 10 10:46:13 2013] Extracted 'Linux-PipeMagic-0.03/debian/compat'
[MSG] [Fri May 10 10:46:13 2013] Extracted 'Linux-PipeMagic-0.03/debian/control'
[MSG] [Fri May 10 10:46:13 2013] Extracted 'Linux-PipeMagic-0.03/debian/copyright'
[MSG] [Fri May 10 10:46:13 2013] Extracted 'Linux-PipeMagic-0.03/README'
[MSG] [Fri May 10 10:46:13 2013] Extracted 'Linux-PipeMagic-0.03/t/'
[MSG] [Fri May 10 10:46:13 2013] Extracted 'Linux-PipeMagic-0.03/t/compile.t'
[MSG] [Fri May 10 10:46:13 2013] Extracted 'Linux-PipeMagic-0.03/t/tee.t'
[MSG] [Fri May 10 10:46:13 2013] Extracted 'Linux-PipeMagic-0.03/t/sendfile.t'
[MSG] [Fri May 10 10:46:13 2013] Extracted 'Linux-PipeMagic-0.03/t/constants.t'
[MSG] [Fri May 10 10:46:13 2013] Extracted 'Linux-PipeMagic-0.03/MANIFEST'
[MSG] [Fri May 10 10:46:13 2013] Extracted 'Linux-PipeMagic-0.03/const-xs.inc'
[MSG] [Fri May 10 10:46:13 2013] Extracted 'Linux-PipeMagic-0.03/Changes'
[MSG] [Fri May 10 10:46:13 2013] Extracted 'Linux-PipeMagic-0.03/const-c.inc'
[MSG] [Fri May 10 10:46:13 2013] Extracted 'Linux-PipeMagic-0.03/PipeMagic.xs'
[MSG] [Fri May 10 10:46:13 2013] Extracted 'Linux-PipeMagic-0.03/META.yml'
[MSG] [Fri May 10 10:46:13 2013] Extracted 'Linux-PipeMagic-0.03/lib/'
[MSG] [Fri May 10 10:46:13 2013] Extracted 'Linux-PipeMagic-0.03/lib/Linux/'
[MSG] [Fri May 10 10:46:13 2013] Extracted 'Linux-PipeMagic-0.03/lib/Linux/PipeMagic.pm'
[MSG] [Fri May 10 10:46:13 2013] Extracted 'Linux::PipeMagic' to '/home/cpanbuilder/.cpanplus/5.14.2/build/Linux-PipeMagic-0.03'
[MSG] [Fri May 10 10:46:14 2013] Writing Makefile for Linux::PipeMagic
Writing MYMETA.yml and MYMETA.json

[MSG] [Fri May 10 10:46:14 2013] DEFAULT 'filter_prereqs' HANDLER RETURNING 'sub return value'
[MSG] [Fri May 10 10:46:16 2013] Skip blib/lib/Linux/PipeMagic.pm (unchanged)
cc -c  -I. -D_REENTRANT -D_GNU_SOURCE -DDEBIAN -fstack-protector -fno-strict-aliasing -pipe -I/usr/local/include -D_LARGEFILE_SOURCE -D_FILE_OFFSET_BITS=64 -O2 -g   -DVERSION=\"0.03\" -DXS_VERSION=\"0.03\" -fPIC "-I/usr/lib/perl/5.14/CORE"   PipeMagic.c
Running Mkbootstrap for Linux::PipeMagic ()
chmod 644 PipeMagic.bs
rm -f blib/arch/auto/Linux/PipeMagic/PipeMagic.so
cc  -shared -L/usr/local/lib -fstack-protector PipeMagic.o  -o blib/arch/auto/Linux/PipeMagic/PipeMagic.so 	\
	     	\
	  
chmod 755 blib/arch/auto/Linux/PipeMagic/PipeMagic.so
cp PipeMagic.bs blib/arch/auto/Linux/PipeMagic/PipeMagic.bs
chmod 644 blib/arch/auto/Linux/PipeMagic/PipeMagic.bs
Manifying blib/man3/Linux::PipeMagic.3pm

[MSG] [Fri May 10 10:46:17 2013] MAKE TEST passed: PERL_DL_NONLAZY=1 /usr/bin/perl "-MExtUtils::Command::MM" "-e" "test_harness(0, 'blib/lib', 'blib/arch')" t/*.t
t/compile.t .... ok
t/constants.t .. ok
# listening on port 59509
t/sendfile.t ... ok
t/tee.t ........ ok
All tests successful.
Files=4, Tests=16,  1 wallclock secs ( 0.09 usr  0.03 sys +  0.60 cusr  0.10 csys =  0.82 CPU)
Result: PASS

[MSG] [Fri May 10 10:46:17 2013] Sending test report for 'Linux-PipeMagic-0.03'
[MSG] [Fri May 10 10:46:17 2013] Ok, not sending test report
[MSG] [Fri May 10 10:46:20 2013] Trying to get 'ftp://ftp.cpan.org/pub/CPAN/authors/id/D/DO/DORMANDO/CHECKSUMS'
[MSG] [Fri May 10 10:46:21 2013] Checksum matches for 'MogileFS-Client-1.16.tar.gz'
[MSG] [Fri May 10 10:46:22 2013] Extracted 'MogileFS-Client-1.16/'
[MSG] [Fri May 10 10:46:22 2013] Extracted 'MogileFS-Client-1.16/MANIFEST'
[MSG] [Fri May 10 10:46:22 2013] Extracted 'MogileFS-Client-1.16/t/'
[MSG] [Fri May 10 10:46:22 2013] Extracted 'MogileFS-Client-1.16/t/00use.t'
[MSG] [Fri May 10 10:46:22 2013] Extracted 'MogileFS-Client-1.16/t/20-edit.t'
[MSG] [Fri May 10 10:46:22 2013] Extracted 'MogileFS-Client-1.16/t/10-basics.t'
[MSG] [Fri May 10 10:46:22 2013] Extracted 'MogileFS-Client-1.16/META.yml'
[MSG] [Fri May 10 10:46:22 2013] Extracted 'MogileFS-Client-1.16/lib/'
[MSG] [Fri May 10 10:46:22 2013] Extracted 'MogileFS-Client-1.16/lib/MogileFS/'
[MSG] [Fri May 10 10:46:22 2013] Extracted 'MogileFS-Client-1.16/lib/MogileFS/Admin.pm'
[MSG] [Fri May 10 10:46:22 2013] Extracted 'MogileFS-Client-1.16/lib/MogileFS/Client.pm'
[MSG] [Fri May 10 10:46:22 2013] Extracted 'MogileFS-Client-1.16/lib/MogileFS/NewHTTPFile.pm'
[MSG] [Fri May 10 10:46:22 2013] Extracted 'MogileFS-Client-1.16/lib/MogileFS/ClientHTTPFile.pm'
[MSG] [Fri May 10 10:46:22 2013] Extracted 'MogileFS-Client-1.16/lib/MogileFS/Backend.pm'
[MSG] [Fri May 10 10:46:22 2013] Extracted 'MogileFS-Client-1.16/TODO'
[MSG] [Fri May 10 10:46:22 2013] Extracted 'MogileFS-Client-1.16/MANIFEST.SKIP'
[MSG] [Fri May 10 10:46:22 2013] Extracted 'MogileFS-Client-1.16/Makefile.PL'
[MSG] [Fri May 10 10:46:22 2013] Extracted 'MogileFS-Client-1.16/CHANGES'
[MSG] [Fri May 10 10:46:22 2013] Extracted 'MogileFS::Client' to '/home/cpanbuilder/.cpanplus/5.14.2/build/MogileFS-Client-1.16'
[MSG] [Fri May 10 10:46:22 2013] Warning: prerequisite IO::WrapTie 2.102 not found.
Writing Makefile for MogileFS::Client
Writing MYMETA.yml and MYMETA.json

[MSG] [Fri May 10 10:46:23 2013] DEFAULT 'filter_prereqs' HANDLER RETURNING 'sub return value'
[MSG] [Fri May 10 10:46:23 2013] Module 'MogileFS::Client' requires 'IO::WrapTie' version '2.102' to be installed 
[MSG] [Fri May 10 10:46:23 2013] Trying to get 'ftp://ftp.cpan.org/pub/CPAN/authors/id/D/DS/DSKOLL/CHECKSUMS'
[MSG] [Fri May 10 10:46:24 2013] Checksum matches for 'IO-stringy-2.110.tar.gz'
[MSG] [Fri May 10 10:46:25 2013] Extracted 'IO-stringy-2.110/'
[MSG] [Fri May 10 10:46:25 2013] Extracted 'IO-stringy-2.110/examples/'
[MSG] [Fri May 10 10:46:25 2013] Extracted 'IO-stringy-2.110/examples/IO_Scalar_synopsis'
[MSG] [Fri May 10 10:46:25 2013] Extracted 'IO-stringy-2.110/lib/'
[MSG] [Fri May 10 10:46:25 2013] Extracted 'IO-stringy-2.110/lib/IO/'
[MSG] [Fri May 10 10:46:25 2013] Extracted 'IO-stringy-2.110/lib/IO/Stringy.pm'
[MSG] [Fri May 10 10:46:25 2013] Extracted 'IO-stringy-2.110/lib/IO/AtomicFile.pm'
[MSG] [Fri May 10 10:46:25 2013] Extracted 'IO-stringy-2.110/lib/IO/Scalar.pm'
[MSG] [Fri May 10 10:46:25 2013] Extracted 'IO-stringy-2.110/lib/IO/WrapTie.pm'
[MSG] [Fri May 10 10:46:25 2013] Extracted 'IO-stringy-2.110/lib/IO/Lines.pm'
[MSG] [Fri May 10 10:46:25 2013] Extracted 'IO-stringy-2.110/lib/IO/ScalarArray.pm'
[MSG] [Fri May 10 10:46:25 2013] Extracted 'IO-stringy-2.110/lib/IO/Wrap.pm'
[MSG] [Fri May 10 10:46:25 2013] Extracted 'IO-stringy-2.110/lib/IO/InnerFile.pm'
[MSG] [Fri May 10 10:46:25 2013] Extracted 'IO-stringy-2.110/t/'
[MSG] [Fri May 10 10:46:25 2013] Extracted 'IO-stringy-2.110/t/two.t'
[MSG] [Fri May 10 10:46:25 2013] Extracted 'IO-stringy-2.110/t/IO_ScalarArray.t'
[MSG] [Fri May 10 10:46:25 2013] Extracted 'IO-stringy-2.110/t/simple.t'
[MSG] [Fri May 10 10:46:25 2013] Extracted 'IO-stringy-2.110/t/ExtUtils/'
[MSG] [Fri May 10 10:46:25 2013] Extracted 'IO-stringy-2.110/t/ExtUtils/TBone.pm'
[MSG] [Fri May 10 10:46:25 2013] Extracted 'IO-stringy-2.110/t/Common.pm'
[MSG] [Fri May 10 10:46:25 2013] Extracted 'IO-stringy-2.110/t/IO_Scalar.t'
[MSG] [Fri May 10 10:46:25 2013] Extracted 'IO-stringy-2.110/t/IO_Lines.t'
[MSG] [Fri May 10 10:46:25 2013] Extracted 'IO-stringy-2.110/t/IO_WrapTie.t'
[MSG] [Fri May 10 10:46:25 2013] Extracted 'IO-stringy-2.110/COPYING'
[MSG] [Fri May 10 10:46:25 2013] Extracted 'IO-stringy-2.110/contrib/'
[MSG] [Fri May 10 10:46:25 2013] Extracted 'IO-stringy-2.110/contrib/Clever.pm'
[MSG] [Fri May 10 10:46:25 2013] Extracted 'IO-stringy-2.110/MANIFEST'
[MSG] [Fri May 10 10:46:25 2013] Extracted 'IO-stringy-2.110/META.yml'
[MSG] [Fri May 10 10:46:25 2013] Extracted 'IO-stringy-2.110/README'
[MSG] [Fri May 10 10:46:25 2013] Extracted 'IO-stringy-2.110/Makefile.PL'
[MSG] [Fri May 10 10:46:25 2013] Extracted 'IO::WrapTie' to '/home/cpanbuilder/.cpanplus/5.14.2/build/IO-stringy-2.110'
[MSG] [Fri May 10 10:46:26 2013] Writing Makefile for IO::Stringy
Writing MYMETA.yml and MYMETA.json

[MSG] [Fri May 10 10:46:26 2013] DEFAULT 'filter_prereqs' HANDLER RETURNING 'sub return value'
[MSG] [Fri May 10 10:46:27 2013] Skip blib/lib/IO/Lines.pm (unchanged)
Skip blib/lib/IO/InnerFile.pm (unchanged)
Skip blib/lib/IO/Scalar.pm (unchanged)
Skip blib/lib/IO/ScalarArray.pm (unchanged)
Skip blib/lib/IO/WrapTie.pm (unchanged)
Skip blib/lib/IO/Stringy.pm (unchanged)
Skip blib/lib/IO/Wrap.pm (unchanged)
Skip blib/lib/IO/AtomicFile.pm (unchanged)
Manifying blib/man3/IO::Lines.3pm
Manifying blib/man3/IO::Scalar.3pm
Manifying blib/man3/IO::InnerFile.3pm
Manifying blib/man3/IO::Stringy.3pm
Manifying blib/man3/IO::WrapTie.3pm
Manifying blib/man3/IO::ScalarArray.3pm
Manifying blib/man3/IO::Wrap.3pm
Manifying blib/man3/IO::AtomicFile.3pm

[MSG] [Fri May 10 10:46:28 2013] MAKE TEST passed: PERL_DL_NONLAZY=1 /usr/bin/perl "-MExtUtils::Command::MM" "-e" "test_harness(0, 'blib/lib', 'blib/arch')" t/*.t
t/IO_Lines.t ........ ok
t/IO_Scalar.t ....... ok
t/IO_ScalarArray.t .. ok
t/IO_WrapTie.t ...... ok
t/simple.t .......... ok
t/two.t ............. ok
All tests successful.
Files=6, Tests=116,  1 wallclock secs ( 0.12 usr  0.03 sys +  0.48 cusr  0.14 csys =  0.77 CPU)
Result: PASS

[MSG] [Fri May 10 10:46:28 2013] Sending test report for 'IO-stringy-2.110'
[MSG] [Fri May 10 10:46:28 2013] Ok, not sending test report
[MSG] [Fri May 10 10:46:28 2013] Skip blib/lib/MogileFS/Client.pm (unchanged)
Skip blib/lib/MogileFS/ClientHTTPFile.pm (unchanged)
Skip blib/lib/MogileFS/Backend.pm (unchanged)
Skip blib/lib/MogileFS/Admin.pm (unchanged)
Skip blib/lib/MogileFS/NewHTTPFile.pm (unchanged)
Manifying blib/man3/MogileFS::Client.3pm

[MSG] [Fri May 10 10:46:30 2013] MAKE TEST passed: PERL_DL_NONLAZY=1 /usr/bin/perl "-MExtUtils::Command::MM" "-e" "test_harness(0, 'blib/lib', 'blib/arch')" t/*.t
t/00use.t ...... ok
t/10-basics.t .. skipped: No mogilefsd process running on 127.0.0.1:7001
t/20-edit.t .... skipped: experimental/unfinished feature, skipping tests
All tests successful.
Files=3, Tests=2,  1 wallclock secs ( 0.07 usr  0.03 sys +  0.79 cusr  0.16 csys =  1.05 CPU)
Result: PASS

[MSG] [Fri May 10 10:46:30 2013] Sending test report for 'MogileFS-Client-1.16'
[MSG] [Fri May 10 10:46:30 2013] Ok, not sending test report
[MSG] [Fri May 10 10:46:31 2013] cp lib/MogileFS/Client/CallbackFile.pm blib/lib/MogileFS/Client/CallbackFile.pm
cp lib/MogileFS/Client/Async.pm blib/lib/MogileFS/Client/Async.pm
Manifying blib/man3/MogileFS::Client::CallbackFile.3pm
Manifying blib/man3/MogileFS::Client::Async.3pm

[ERROR] [Fri May 10 10:47:11 2013] MAKE TEST failed: PERL_DL_NONLAZY=1 /usr/bin/perl "-MExtUtils::Command::MM" "-e" "test_harness(0, 'inc', 'blib/lib', 'blib/arch')" t/*.t

#   Failed test 'use MogileFS::Client::Callback;'
#   at t/00_compile.t line 6.
#     Tried to use 'MogileFS::Client::Callback'.
#     Error:  Can't locate MogileFS/Client/Callback.pm in @INC (@INC contains: /home/cpanbuilder/.cpanplus/5.14.2/build/MogileFS-Client-Async-0.030/inc /home/cpanbuilder/.cpanplus/5.14.2/build/MogileFS-Client-Async-0.030/blib/lib /home/cpanbuilder/.cpanplus/5.14.2/build/MogileFS-Client-Async-0.030/blib/arch /home/cpanbuilder/perl5/lib/perl5/x86_64-linux-gnu-thread-multi /home/cpanbuilder/perl5/lib/perl5/x86_64-linux-gnu-thread-multi /home/cpanbuilder/perl5/lib/perl5 /home/cpanbuilder/.cpanplus/5.14.2/build/AnyEvent-7.04/blib/lib /home/cpanbuilder/.cpanplus/5.14.2/build/AnyEvent-7.04/blib/arch /home/cpanbuilder/.cpanplus/5.14.2/build/AnyEvent-HTTP-2.15/blib/lib /home/cpanbuilder/.cpanplus/5.14.2/build/AnyEvent-HTTP-2.15/blib/arch /home/cpanbuilder/.cpanplus/5.14.2/build/Digest-SHA1-2.13/blib/lib /home/cpanbuilder/.cpanplus/5.14.2/build/Digest-SHA1-2.13/blib/arch /home/cpanbuilder/.cpanplus/5.14.2/build/File-Slurp-9999.19/blib/lib /home/cpanbuilder/.cpanplus/5.14.2/build/File-Slurp-9999.19/blib/arch /home/cpanbuilder/.cpanplus/5.14.2/build/IO-AIO-4.18/blib/lib /home/cpanbuilder/.cpanplus/5.14.2/build/IO-AIO-4.18/blib/arch /home/cpanbuilder/.cpanplus/5.14.2/build/Linux-PipeMagic-0.03/blib/lib /home/cpanbuilder/.cpanplus/5.14.2/build/Linux-PipeMagic-0.03/blib/arch /home/cpanbuilder/.cpanplus/5.14.2/build/IO-stringy-2.110/blib/lib /home/cpanbuilder/.cpanplus/5.14.2/build/IO-stringy-2.110/blib/arch /home/cpanbuilder/.cpanplus/5.14.2/build/MogileFS-Client-1.16/blib/lib /home/cpanbuilder/.cpanplus/5.14.2/build/MogileFS-Client-1.16/blib/arch /home/cpanbuilder/perl5/lib/perl5/x86_64-linux-gnu-thread-multi /home/cpanbuilder/perl5/lib/perl5/x86_64-linux-gnu-thread-multi /home/cpanbuilder/perl5/lib/perl5 /home/cpanbuilder/.cpanplus/5.14.2/build/AnyEvent-7.04/blib/lib /home/cpanbuilder/.cpanplus/5.14.2/build/AnyEvent-7.04/blib/arch /home/cpanbuilder/.cpanplus/5.14.2/build/AnyEvent-HTTP-2.15/blib/lib /home/cpanbuilder/.cpanplus/5.14.2/build/AnyEvent-HTTP-2.15/blib/arch /home/cpanbuilder/.cpanplus/5.14.2/build/Digest-SHA1-2.13/blib/lib /home/cpanbuilder/.cpanplus/5.14.2/build/Digest-SHA1-2.13/blib/arch /home/cpanbuilder/.cpanplus/5.14.2/build/File-Slurp-9999.19/blib/lib /home/cpanbuilder/.cpanplus/5.14.2/build/File-Slurp-9999.19/blib/arch /home/cpanbuilder/.cpanplus/5.14.2/build/IO-AIO-4.18/blib/lib /home/cpanbuilder/.cpanplus/5.14.2/build/IO-AIO-4.18/blib/arch /home/cpanbuilder/.cpanplus/5.14.2/build/Linux-PipeMagic-0.03/blib/lib /home/cpanbuilder/.cpanplus/5.14.2/build/Linux-PipeMagic-0.03/blib/arch /home/cpanbuilder/.cpanplus/5.14.2/build/IO-stringy-2.110/blib/lib /home/cpanbuilder/.cpanplus/5.14.2/build/IO-stringy-2.110/blib/arch /home/cpanbuilder/.cpanplus/5.14.2/build/MogileFS-Client-1.16/blib/lib /home/cpanbuilder/.cpanplus/5.14.2/build/MogileFS-Client-1.16/blib/arch /home/cpanbuilder/.cpanplus/5.14.2/build/MogileFS-Client-Async-0.030/blib/lib /home/cpanbuilder/.cpanplus/5.14.2/build/MogileFS-Client-Async-0.030/blib/arch /etc/perl /usr/local/lib/perl/5.14.2 /usr/local/share/perl/5.14.2 /usr/lib/perl5 /usr/share/perl5 /usr/lib/perl/5.14 /usr/share/perl/5.14 /usr/local/lib/site_perl .) at (eval 45) line 2.
# BEGIN failed--compilation aborted at (eval 45) line 2.
# Looks like you failed 1 test of 2.
t/00_compile.t .......... 
Dubious, test returned 1 (wstat 256, 0x100)
Failed 1/2 subtests 
Mogile backend failed: MogileFS::Backend: couldn't connect to mogilefsd backend at /home/cpanbuilder/.cpanplus/5.14.2/build/MogileFS-Client-Async-0.030/blib/lib/MogileFS/Client/CallbackFile.pm line 95.
Mogile backend failed: MogileFS::Backend: couldn't connect to mogilefsd backend at /home/cpanbuilder/.cpanplus/5.14.2/build/MogileFS-Client-Async-0.030/blib/lib/MogileFS/Client/CallbackFile.pm line 95.
Mogile backend failed: MogileFS::Backend: couldn't connect to mogilefsd backend at /home/cpanbuilder/.cpanplus/5.14.2/build/MogileFS-Client-Async-0.030/blib/lib/MogileFS/Client/CallbackFile.pm line 95.
Mogile backend failed: MogileFS::Backend: couldn't connect to mogilefsd backend at /home/cpanbuilder/.cpanplus/5.14.2/build/MogileFS-Client-Async-0.030/blib/lib/MogileFS/Client/CallbackFile.pm line 95.
Mogile backend failed: MogileFS::Backend: couldn't connect to mogilefsd backend at /home/cpanbuilder/.cpanplus/5.14.2/build/MogileFS-Client-Async-0.030/blib/lib/MogileFS/Client/CallbackFile.pm line 95.
Fail to get a destination to write to. at /home/cpanbuilder/.cpanplus/5.14.2/build/MogileFS-Client-Async-0.030/blib/lib/MogileFS/Client/CallbackFile.pm line 132.
Mogile backend failed: MogileFS::Backend: couldn't connect to mogilefsd backend at /home/cpanbuilder/.cpanplus/5.14.2/build/MogileFS-Client-Async-0.030/blib/lib/MogileFS/Client/CallbackFile.pm line 95.
Mogile backend failed: MogileFS::Backend: couldn't connect to mogilefsd backend at /home/cpanbuilder/.cpanplus/5.14.2/build/MogileFS-Client-Async-0.030/blib/lib/MogileFS/Client/CallbackFile.pm line 95.
Mogile backend failed: MogileFS::Backend: couldn't connect to mogilefsd backend at /home/cpanbuilder/.cpanplus/5.14.2/build/MogileFS-Client-Async-0.030/blib/lib/MogileFS/Client/CallbackFile.pm line 95.
Mogile backend failed: MogileFS::Backend: couldn't connect to mogilefsd backend at /home/cpanbuilder/.cpanplus/5.14.2/build/MogileFS-Client-Async-0.030/blib/lib/MogileFS/Client/CallbackFile.pm line 95.
Mogile backend failed: MogileFS::Backend: couldn't connect to mogilefsd backend at /home/cpanbuilder/.cpanplus/5.14.2/build/MogileFS-Client-Async-0.030/blib/lib/MogileFS/Client/CallbackFile.pm line 95.
Fail to get a destination to write to. at /home/cpanbuilder/.cpanplus/5.14.2/build/MogileFS-Client-Async-0.030/blib/lib/MogileFS/Client/CallbackFile.pm line 132.
Mogile backend failed: MogileFS::Backend: couldn't connect to mogilefsd backend at /home/cpanbuilder/.cpanplus/5.14.2/build/MogileFS-Client-Async-0.030/blib/lib/MogileFS/Client/CallbackFile.pm line 95.
Mogile backend failed: MogileFS::Backend: couldn't connect to mogilefsd backend at /home/cpanbuilder/.cpanplus/5.14.2/build/MogileFS-Client-Async-0.030/blib/lib/MogileFS/Client/CallbackFile.pm line 95.
Mogile backend failed: MogileFS::Backend: couldn't connect to mogilefsd backend at /home/cpanbuilder/.cpanplus/5.14.2/build/MogileFS-Client-Async-0.030/blib/lib/MogileFS/Client/CallbackFile.pm line 95.
Mogile backend failed: MogileFS::Backend: couldn't connect to mogilefsd backend at /home/cpanbuilder/.cpanplus/5.14.2/build/MogileFS-Client-Async-0.030/blib/lib/MogileFS/Client/CallbackFile.pm line 95.
Mogile backend failed: MogileFS::Backend: couldn't connect to mogilefsd backend at /home/cpanbuilder/.cpanplus/5.14.2/build/MogileFS-Client-Async-0.030/blib/lib/MogileFS/Client/CallbackFile.pm line 95.
Fail to get a destination to write to. at /home/cpanbuilder/.cpanplus/5.14.2/build/MogileFS-Client-Async-0.030/blib/lib/MogileFS/Client/CallbackFile.pm line 132.
Mogile backend failed: MogileFS::Backend: couldn't connect to mogilefsd backend at /home/cpanbuilder/.cpanplus/5.14.2/build/MogileFS-Client-Async-0.030/blib/lib/MogileFS/Client/CallbackFile.pm line 95.
Mogile backend failed: MogileFS::Backend: couldn't connect to mogilefsd backend at /home/cpanbuilder/.cpanplus/5.14.2/build/MogileFS-Client-Async-0.030/blib/lib/MogileFS/Client/CallbackFile.pm line 95.
Mogile backend failed: MogileFS::Backend: couldn't connect to mogilefsd backend at /home/cpanbuilder/.cpanplus/5.14.2/build/MogileFS-Client-Async-0.030/blib/lib/MogileFS/Client/CallbackFile.pm line 95.
Mogile backend failed: MogileFS::Backend: couldn't connect to mogilefsd backend at /home/cpanbuilder/.cpanplus/5.14.2/build/MogileFS-Client-Async-0.030/blib/lib/MogileFS/Client/CallbackFile.pm line 95.
Mogile backend failed: MogileFS::Backend: couldn't connect to mogilefsd backend at /home/cpanbuilder/.cpanplus/5.14.2/build/MogileFS-Client-Async-0.030/blib/lib/MogileFS/Client/CallbackFile.pm line 95.
Fail to get a destination to write to. at /home/cpanbuilder/.cpanplus/5.14.2/build/MogileFS-Client-Async-0.030/blib/lib/MogileFS/Client/CallbackFile.pm line 132.
Mogile backend failed: MogileFS::Backend: couldn't connect to mogilefsd backend at /home/cpanbuilder/.cpanplus/5.14.2/build/MogileFS-Client-Async-0.030/blib/lib/MogileFS/Client/CallbackFile.pm line 95.
Mogile backend failed: MogileFS::Backend: couldn't connect to mogilefsd backend at /home/cpanbuilder/.cpanplus/5.14.2/build/MogileFS-Client-Async-0.030/blib/lib/MogileFS/Client/CallbackFile.pm line 95.
Mogile backend failed: MogileFS::Backend: couldn't connect to mogilefsd backend at /home/cpanbuilder/.cpanplus/5.14.2/build/MogileFS-Client-Async-0.030/blib/lib/MogileFS/Client/CallbackFile.pm line 95.
Mogile backend failed: MogileFS::Backend: couldn't connect to mogilefsd backend at /home/cpanbuilder/.cpanplus/5.14.2/build/MogileFS-Client-Async-0.030/blib/lib/MogileFS/Client/CallbackFile.pm line 95.
Mogile backend failed: MogileFS::Backend: couldn't connect to mogilefsd backend at /home/cpanbuilder/.cpanplus/5.14.2/build/MogileFS-Client-Async-0.030/blib/lib/MogileFS/Client/CallbackFile.pm line 95.
Fail to get a destination to write to. at /home/cpanbuilder/.cpanplus/5.14.2/build/MogileFS-Client-Async-0.030/blib/lib/MogileFS/Client/CallbackFile.pm line 132.
Mogile backend failed: MogileFS::Backend: couldn't connect to mogilefsd backend at /home/cpanbuilder/.cpanplus/5.14.2/build/MogileFS-Client-Async-0.030/blib/lib/MogileFS/Client/CallbackFile.pm line 95.
Mogile backend failed: MogileFS::Backend: couldn't connect to mogilefsd backend at /home/cpanbuilder/.cpanplus/5.14.2/build/MogileFS-Client-Async-0.030/blib/lib/MogileFS/Client/CallbackFile.pm line 95.
Mogile backend failed: MogileFS::Backend: couldn't connect to mogilefsd backend at /home/cpanbuilder/.cpanplus/5.14.2/build/MogileFS-Client-Async-0.030/blib/lib/MogileFS/Client/CallbackFile.pm line 95.
Mogile backend failed: MogileFS::Backend: couldn't connect to mogilefsd backend at /home/cpanbuilder/.cpanplus/5.14.2/build/MogileFS-Client-Async-0.030/blib/lib/MogileFS/Client/CallbackFile.pm line 95.
Mogile backend failed: MogileFS::Backend: couldn't connect to mogilefsd backend at /home/cpanbuilder/.cpanplus/5.14.2/build/MogileFS-Client-Async-0.030/blib/lib/MogileFS/Client/CallbackFile.pm line 95.
Fail to get a destination to write to. at /home/cpanbuilder/.cpanplus/5.14.2/build/MogileFS-Client-Async-0.030/blib/lib/MogileFS/Client/CallbackFile.pm line 132.
Mogile write failed: Fail to get a destination to write to. at /home/cpanbuilder/.cpanplus/5.14.2/build/MogileFS-Client-Async-0.030/blib/lib/MogileFS/Client/CallbackFile.pm line 132.
# Tests were run but no plan was declared and done_testing() was not seen.
t/callbackfile_works.t .. 
Dubious, test returned 115 (wstat 29440, 0x7300)
All 3 subtests passed 

#   Failed test at t/works.t line 35.
# died: MogileFS::Backend: couldn't connect to mogilefsd backend at /home/cpanbuilder/.cpanplus/5.14.2/build/MogileFS-Client-Async-0.030/blib/lib/MogileFS/Client/Async.pm line 131.

#   Failed test at t/works.t line 44.
# died: MogileFS::Backend: couldn't connect to mogilefsd backend at /home/cpanbuilder/.cpanplus/5.14.2/build/MogileFS-Client-1.16/blib/lib/MogileFS/Client.pm line 567.
# Looks like you failed 2 tests of 3.
t/works.t ............... 
Dubious, test returned 2 (wstat 512, 0x200)
Failed 2/3 subtests 

Test Summary Report
-------------------
t/00_compile.t        (Wstat: 256 Tests: 2 Failed: 1)
  Failed test:  2
  Non-zero exit status: 1
t/callbackfile_works.t (Wstat: 29440 Tests: 3 Failed: 0)
  Non-zero exit status: 115
  Parse errors: No plan found in TAP output
t/works.t             (Wstat: 512 Tests: 3 Failed: 2)
  Failed tests:  2-3
  Non-zero exit status: 2
Files=3, Tests=8, 39 wallclock secs ( 0.10 usr  0.02 sys +  1.58 cusr  0.24 csys =  1.94 CPU)
Result: FAIL
Failed 3/3 test programs. 3/8 subtests failed.
make: *** [test_dynamic] Error 2

[MSG] [Fri May 10 10:47:11 2013] DEFAULT 'proceed_on_test_failure' HANDLER RETURNING 'sub return value'


MISSING PREREQUISITES:

It was observed that the test suite seem to fail without these modules:

MogileFS::Client::Callback

As such, adding the prerequisite module(s) to 'PREREQ_PM' in your
Makefile.PL should solve this problem.  For example:

WriteMakefile(
    AUTHOR      => 'DLAMBLEY (cpanplus-info@lists.sf.net)',
    ... # other information
    PREREQ_PM   => {
	'MogileFS::Client::Callback'	=> '0', # or a minimum working version
    }
);

Thanks! :-)

PREREQUISITES:

Here is a list of prerequisites you specified and versions we 
managed to load:
                                
	  Module Name                        Have     Want
	  AnyEvent                           7.04        0
	  AnyEvent::HTTP                     2.15        0
	  Data::Dumper                   2.130_02        0
	  Digest::MD5                        2.51        0
	  Digest::SHA1                       2.13        0
	  ExtUtils::MakeMaker                6.62     6.42
	  File::Slurp                     9999.19        0
	  File::Temp                         0.22        0
	  IO::AIO                            4.18     3.25
	  IO::Socket::INET                   1.31        0
	  LWP::Simple                        6.00        0
	  Linux::PipeMagic                   0.03     0.03
	  MogileFS::Client                   1.16        0
	  Test::Exception                    0.31     0.31
	  Test::More                         0.98     0.88
	  Try::Tiny                          0.11        0
	  namespace::clean                   0.23        0

Perl module toolchain versions installed:
	Module Name                        Have
	CPANPLUS                         0.9103
	CPANPLUS::Dist::Build              0.54
	Cwd                                3.36
	ExtUtils::CBuilder             0.280203
	ExtUtils::Command                  1.17
	ExtUtils::Install                  1.56
	ExtUtils::MakeMaker                6.62
	ExtUtils::Manifest                 1.58
	ExtUtils::ParseXS                2.2210
	File::Spec                         3.33
	Module::Build                    0.3800
	Test::Harness                      3.23
	Test::More                         0.98
	version                            0.88

******************************** NOTE ********************************
The comments above are created mechanically, possibly without manual
checking by the sender.  As there are many people performing automatic
tests on each upload to CPAN, it is likely that you will receive 
identical messages about the same problem.

If you believe that the message is mistaken, please reply to the first
one with correction and/or additional informations, and do not take
it personally.  We appreciate your patience. :)
**********************************************************************

Additional comments:
 

This report was machine-generated by CPAN::YACSmoke 0.03.

--

Summary of my perl5 (revision 5 version 14 subversion 2) configuration:
   
  Platform:
    osname=linux, osvers=3.2.0-23-generic, archname=x86_64-linux-gnu-thread-multi
    uname='linux batsu 3.2.0-23-generic #36-ubuntu smp tue apr 10 20:39:51 utc 2012 x86_64 x86_64 x86_64 gnulinux '
    config_args='-Dusethreads -Duselargefiles -Dccflags=-DDEBIAN -D_FORTIFY_SOURCE=2 -g -O2 -fstack-protector --param=ssp-buffer-size=4 -Wformat -Werror=format-security -Dldflags= -Wl,-Bsymbolic-functions -Wl,-z,relro -Dlddlflags=-shared -Wl,-Bsymbolic-functions -Wl,-z,relro -Dcccdlflags=-fPIC -Darchname=x86_64-linux-gnu -Dprefix=/usr -Dprivlib=/usr/share/perl/5.14 -Darchlib=/usr/lib/perl/5.14 -Dvendorprefix=/usr -Dvendorlib=/usr/share/perl5 -Dvendorarch=/usr/lib/perl5 -Dsiteprefix=/usr/local -Dsitelib=/usr/local/share/perl/5.14.2 -Dsitearch=/usr/local/lib/perl/5.14.2 -Dman1dir=/usr/share/man/man1 -Dman3dir=/usr/share/man/man3 -Dsiteman1dir=/usr/local/man/man1 -Dsiteman3dir=/usr/local/man/man3 -Duse64bitint -Dman1ext=1 -Dman3ext=3perl -Dpager=/usr/bin/sensible-pager -Uafs -Ud_csh -Ud_ualarm -Uusesfio -Uusenm -Ui_libutil -DDEBUGGING=-g -Doptimize=-O2 -Duseshrplib -Dlibperl=libperl.so.5.14.2 -des'
    hint=recommended, useposix=true, d_sigaction=define
    useithreads=define, usemultiplicity=define
    useperlio=define, d_sfio=undef, uselargefiles=define, usesocks=undef
    use64bitint=define, use64bitall=define, uselongdouble=undef
    usemymalloc=n, bincompat5005=undef
  Compiler:
    cc='cc', ccflags ='-D_REENTRANT -D_GNU_SOURCE -DDEBIAN -fstack-protector -fno-strict-aliasing -pipe -I/usr/local/include -D_LARGEFILE_SOURCE -D_FILE_OFFSET_BITS=64',
    optimize='-O2 -g',
    cppflags='-D_REENTRANT -D_GNU_SOURCE -DDEBIAN -fstack-protector -fno-strict-aliasing -pipe -I/usr/local/include'
    ccversion='', gccversion='4.7.1 20120908 (prerelease)', gccosandvers=''
    intsize=4, longsize=8, ptrsize=8, doublesize=8, byteorder=12345678
    d_longlong=define, longlongsize=8, d_longdbl=define, longdblsize=16
    ivtype='long', ivsize=8, nvtype='double', nvsize=8, Off_t='off_t', lseeksize=8
    alignbytes=8, prototype=define
  Linker and Libraries:
    ld='cc', ldflags =' -fstack-protector -L/usr/local/lib'
    libpth=/usr/local/lib /lib/x86_64-linux-gnu /lib/../lib /usr/lib/x86_64-linux-gnu /usr/lib/../lib /lib /usr/lib
    libs=-lgdbm -lgdbm_compat -ldb -ldl -lm -lpthread -lc -lcrypt
    perllibs=-ldl -lm -lpthread -lc -lcrypt
    libc=, so=so, useshrplib=true, libperl=libperl.so.5.14.2
    gnulibc_version='2.15'
  Dynamic Linking:
    dlsrc=dl_dlopen.xs, dlext=so, d_dlsymun=undef, ccdlflags='-Wl,-E'
    cccdlflags='-fPIC', lddlflags='-shared -L/usr/local/lib -fstack-protector'


Characteristics of this binary (from libperl): 
  Compile-time options: MULTIPLICITY PERL_DONT_CREATE_GVSV
                        PERL_IMPLICIT_CONTEXT PERL_MALLOC_WRAP
                        PERL_PRESERVE_IVUV USE_64_BIT_ALL USE_64_BIT_INT
                        USE_ITHREADS USE_LARGE_FILES USE_PERLIO USE_PERL_ATOF
                        USE_REENTRANT_API
  Locally applied patches:
	DEBPKG:debian/arm_thread_stress_timeout - http://bugs.debian.org/501970 Raise the timeout of ext/threads/shared/t/stress.t to accommodate slower build hosts
	DEBPKG:debian/cpan_definstalldirs - Provide a sensible INSTALLDIRS default for modules installed from CPAN.
	DEBPKG:debian/db_file_ver - http://bugs.debian.org/340047 Remove overly restrictive DB_File version check.
	DEBPKG:debian/doc_info - Replace generic man(1) instructions with Debian-specific information.
	DEBPKG:debian/enc2xs_inc - http://bugs.debian.org/290336 Tweak enc2xs to follow symlinks and ignore missing @INC directories.
	DEBPKG:debian/errno_ver - http://bugs.debian.org/343351 Remove Errno version check due to upgrade problems with long-running processes.
	DEBPKG:debian/libperl_embed_doc - http://bugs.debian.org/186778 Note that libperl-dev package is required for embedded linking
	DEBPKG:fixes/respect_umask - Respect umask during installation
	DEBPKG:debian/writable_site_dirs - Set umask approproately for site install directories
	DEBPKG:debian/extutils_set_libperl_path - EU:MM: Set location of libperl.a to /usr/lib
	DEBPKG:debian/no_packlist_perllocal - Don't install .packlist or perllocal.pod for perl or vendor
	DEBPKG:debian/prefix_changes - Fiddle with *PREFIX and variables written to the makefile
	DEBPKG:debian/fakeroot - Postpone LD_LIBRARY_PATH evaluation to the binary targets.
	DEBPKG:debian/instmodsh_doc - Debian policy doesn't install .packlist files for core or vendor.
	DEBPKG:debian/ld_run_path - Remove standard libs from LD_RUN_PATH as per Debian policy.
	DEBPKG:debian/libnet_config_path - Set location of libnet.cfg to /etc/perl/Net as /usr may not be writable.
	DEBPKG:debian/m68k_thread_stress - http://bugs.debian.org/517938 http://bugs.debian.org/495826 Disable some threads tests on m68k for now due to missing TLS.
	DEBPKG:debian/mod_paths - Tweak @INC ordering for Debian
	DEBPKG:debian/module_build_man_extensions - http://bugs.debian.org/479460 Adjust Module::Build manual page extensions for the Debian Perl policy
	DEBPKG:debian/prune_libs - http://bugs.debian.org/128355 Prune the list of libraries wanted to what we actually need.
	DEBPKG:fixes/net_smtp_docs - [rt.cpan.org #36038] http://bugs.debian.org/100195 Document the Net::SMTP 'Port' option
	DEBPKG:debian/perlivp - http://bugs.debian.org/510895 Make perlivp skip include directories in /usr/local
	DEBPKG:debian/cpanplus_definstalldirs - http://bugs.debian.org/533707 Configure CPANPLUS to use the site directories by default.
	DEBPKG:debian/cpanplus_config_path - Save local versions of CPANPLUS::Config::System into /etc/perl.
	DEBPKG:debian/deprecate-with-apt - http://bugs.debian.org/580034 Point users to Debian packages of deprecated core modules
	DEBPKG:fixes/hurd-ccflags - [a190e64] http://bugs.debian.org/587901 [perl #92244] Make hints/gnu.sh append to $ccflags rather than overriding them
	DEBPKG:debian/squelch-locale-warnings - http://bugs.debian.org/508764 Squelch locale warnings in Debian package maintainer scripts
	DEBPKG:debian/skip-upstream-git-tests - Skip tests specific to the upstream Git repository
	DEBPKG:fixes/extutils-cbuilder-cflags - [011e8fb] http://bugs.debian.org/624460 [perl #89478] Append CFLAGS and LDFLAGS to their Config.pm counterparts in EU::CBuilder
	DEBPKG:fixes/module-build-home-directory - http://bugs.debian.org/624850 [rt.cpan.org #67893] Fix failing tilde test when run under a UID without a passwd entry
	DEBPKG:debian/patchlevel - http://bugs.debian.org/567489 List packaged patches for 5.14.2-13 in patchlevel.h
	DEBPKG:fixes/h2ph-multiarch - [e7ec705] http://bugs.debian.org/625808 [perl #90122] Make h2ph correctly search gcc include directories
	DEBPKG:fixes/index-tainting - [3b36395] http://bugs.debian.org/291450 [perl #64804] RT 64804: tainting with index() of a constant
	DEBPKG:fixes/document_makemaker_ccflags - http://bugs.debian.org/628522 [rt.cpan.org #68613] Document that CCFLAGS should include $Config{ccflags}
	DEBPKG:fixes/sys-syslog-socket-timeout-kfreebsd.patch - http://bugs.debian.org/627821 [rt.cpan.org #69997] Use a socket timeout on GNU/kFreeBSD to catch ICMP port unreachable messages
	DEBPKG:fixes/hurd-hints - http://bugs.debian.org/636609 Improve general GNU hints, needed for GNU/Hurd.
	DEBPKG:fixes/pod_fixes - [7698aed] http://bugs.debian.org/637816 Fix typos in several pod/perl*.pod files
	DEBPKG:debian/find_html2text - http://bugs.debian.org/640479 Configure CPAN::Distribution with correct name of html2text
	DEBPKG:fixes/digest_eval_hole - http://bugs.debian.org/644108 Close the eval "require $module" security hole in Digest->new($algorithm)
	DEBPKG:fixes/hurd-ndbm - [f0d0a20] [perl #102680] http://bugs.debian.org/645989 Add GNU/Hurd hints for NDBM_File
	DEBPKG:fixes/sysconf.t-posix - [8040185] [perl #102888] http://bugs.debian.org/646016 Fix hang in ext/POSIX/t/sysconf.t on GNU/Hurd
	DEBPKG:fixes/hurd-largefile - [1fda587] [perl #103014] http://bugs.debian.org/645790 enable LFS on GNU/Hurd
	DEBPKG:debian/hurd_test_todo_syslog - http://bugs.debian.org/650093 Disable failing GNU/Hurd tests in cpan/Sys-Syslog/t/syslog.t
	DEBPKG:fixes/hurd_skip_itimer_virtual - [rt.cpan.org #72754] http://bugs.debian.org/650094 Skip interval timer tests in Time::HiRes on GNU/Hurd
	DEBPKG:debian/hurd_test_skip_sigdispatch - http://bugs.debian.org/650188 Disable failing GNU/Hurd tests op/sigdispatch.t
	DEBPKG:debian/hurd_test_skip_stack - http://bugs.debian.org/650175 Disable failing GNU/Hurd tests dist/threads/t/stack.t
	DEBPKG:debian/hurd_test_skip_pipe - http://bugs.debian.org/650187 Disable failing GNU/Hurd tests io/pipe.t
	DEBPKG:debian/hurd_test_skip_io_pipe - http://bugs.debian.org/650096 Disable failing GNU/Hurd tests dist/IO/t/io_pipe.t
	DEBPKG:fixes/manpage_name_CPAN - http://bugs.debian.org/650448 [rt.cpan.org #73396] cpan/CPAN: add NAME headings in modules with POD
	DEBPKG:fixes/manpage_name_CPANPLUS - http://bugs.debian.org/650450 [rt.cpan.org #73398] cpan/CPANPLUS: add NAME headings in modules with POD
	DEBPKG:fixes/manpage_name_Test-Harness - http://bugs.debian.org/650451 [rt.cpan.org #73399] cpan/Test-Harness: add NAME headings in modules with POD
	DEBPKG:fixes/manpage_name_Term-UI - http://bugs.debian.org/650452 [rt.cpan.org #73400] cpan/Term-UI: add NAME headings in modules with POD
	DEBPKG:fixes/podlators_ae_ligature_fallback - http://bugs.debian.org/652851 Fix the ASCII fallback string for AE
	DEBPKG:fixes/fsf_postal_address - [de89470] Update references to the FSF's postal address
	DEBPKG:fixes/cpan_module_pod_fixes - [perl #106870] [rt.cpan.org #73447] [rt.cpan.org #73446] Fix POD formatting in Term-Cap and Pod-Parser
	DEBPKG:fixes/cgi_no_shellwords_pl - Use Text::ParseWords instead of shellwords.pl
	DEBPKG:fixes/path_max_fallback - [perl #109262] http://bugs.debian.org/656869 Don't use _POSIX_PATH_MAX as a fallback PATH_MAX
	DEBPKG:debian/makemaker-pasthru - http://bugs.debian.org/660195 [rt.cpan.org #28632] Make EU::MM pass LD through to recursive Makefile.PL invocations
	DEBPKG:fixes/propagate_tainted_errors.patch - http://bugs.debian.org/cgi-bin/bugreport.cgi?bug=663158 [perl #111654] properly propagate tainted errors
	DEBPKG:debian/perl5db-x-terminal-emulator.patch - http://bugs.debian.org/668490 Invoke x-terminal-emulator rather than xterm in perl5db.pl
	DEBPKG:fixes/socket_cache_propagate - http://bugs.debian.org/cgi-bin/bugreport.cgi?bug=659075 [rt.cpan.org #61577] [perl #112736] sockdomain and socktype undef on newly accepted sockets
	DEBPKG:fixes/ipc_open3 - [perl #114454] http://bugs.debian.org/683894 IPC::Open3::open3(..., '-') broken
  Built under linux
  Compiled at Sep 13 2012 15:41:30
  %ENV:
    PERL5LIB="/home/cpanbuilder/perl5/lib/perl5/x86_64-linux-gnu-thread-multi:/home/cpanbuilder/perl5/lib/perl5:/home/cpanbuilder/.cpanplus/5.14.2/build/AnyEvent-7.04/blib/lib:/home/cpanbuilder/.cpanplus/5.14.2/build/AnyEvent-7.04/blib/arch:/home/cpanbuilder/.cpanplus/5.14.2/build/AnyEvent-HTTP-2.15/blib/lib:/home/cpanbuilder/.cpanplus/5.14.2/build/AnyEvent-HTTP-2.15/blib/arch:/home/cpanbuilder/.cpanplus/5.14.2/build/Digest-SHA1-2.13/blib/lib:/home/cpanbuilder/.cpanplus/5.14.2/build/Digest-SHA1-2.13/blib/arch:/home/cpanbuilder/.cpanplus/5.14.2/build/File-Slurp-9999.19/blib/lib:/home/cpanbuilder/.cpanplus/5.14.2/build/File-Slurp-9999.19/blib/arch:/home/cpanbuilder/.cpanplus/5.14.2/build/IO-AIO-4.18/blib/lib:/home/cpanbuilder/.cpanplus/5.14.2/build/IO-AIO-4.18/blib/arch:/home/cpanbuilder/.cpanplus/5.14.2/build/Linux-PipeMagic-0.03/blib/lib:/home/cpanbuilder/.cpanplus/5.14.2/build/Linux-PipeMagic-0.03/blib/arch:/home/cpanbuilder/.cpanplus/5.14.2/build/IO-stringy-2.110/blib/lib:/home/cpanbuilder/.cpanplus/5.14.2/build/IO-stringy-2.110/blib/arch:/home/cpanbuilder/.cpanplus/5.14.2/build/MogileFS-Client-1.16/blib/lib:/home/cpanbuilder/.cpanplus/5.14.2/build/MogileFS-Client-1.16/blib/arch:/home/cpanbuilder/.cpanplus/5.14.2/build/MogileFS-Client-Async-0.030/blib/lib:/home/cpanbuilder/.cpanplus/5.14.2/build/MogileFS-Client-Async-0.030/blib/arch"
    PERL5_CPANPLUS_IS_RUNNING="11881"
    PERL5_CPANPLUS_IS_VERSION="0.9103"
    PERL_LOCAL_LIB_ROOT="/home/cpanbuilder/perl5"
    PERL_MB_OPT="--install_base /home/cpanbuilder/perl5"
    PERL_MM_OPT="INSTALL_BASE=/home/cpanbuilder/perl5"
  @INC:
    /home/cpanbuilder/perl5/lib/perl5/x86_64-linux-gnu-thread-multi
    /home/cpanbuilder/perl5/lib/perl5/x86_64-linux-gnu-thread-multi
    /home/cpanbuilder/perl5/lib/perl5
    /home/cpanbuilder/.cpanplus/5.14.2/build/AnyEvent-7.04/blib/lib
    /home/cpanbuilder/.cpanplus/5.14.2/build/AnyEvent-7.04/blib/arch
    /home/cpanbuilder/.cpanplus/5.14.2/build/AnyEvent-HTTP-2.15/blib/lib
    /home/cpanbuilder/.cpanplus/5.14.2/build/AnyEvent-HTTP-2.15/blib/arch
    /home/cpanbuilder/.cpanplus/5.14.2/build/Digest-SHA1-2.13/blib/lib
    /home/cpanbuilder/.cpanplus/5.14.2/build/Digest-SHA1-2.13/blib/arch
    /home/cpanbuilder/.cpanplus/5.14.2/build/File-Slurp-9999.19/blib/lib
    /home/cpanbuilder/.cpanplus/5.14.2/build/File-Slurp-9999.19/blib/arch
    /home/cpanbuilder/.cpanplus/5.14.2/build/IO-AIO-4.18/blib/lib
    /home/cpanbuilder/.cpanplus/5.14.2/build/IO-AIO-4.18/blib/arch
    /home/cpanbuilder/.cpanplus/5.14.2/build/Linux-PipeMagic-0.03/blib/lib
    /home/cpanbuilder/.cpanplus/5.14.2/build/Linux-PipeMagic-0.03/blib/arch
    /home/cpanbuilder/.cpanplus/5.14.2/build/IO-stringy-2.110/blib/lib
    /home/cpanbuilder/.cpanplus/5.14.2/build/IO-stringy-2.110/blib/arch
    /home/cpanbuilder/.cpanplus/5.14.2/build/MogileFS-Client-1.16/blib/lib
    /home/cpanbuilder/.cpanplus/5.14.2/build/MogileFS-Client-1.16/blib/arch
    /home/cpanbuilder/.cpanplus/5.14.2/build/MogileFS-Client-Async-0.030/blib/lib
    /home/cpanbuilder/.cpanplus/5.14.2/build/MogileFS-Client-Async-0.030/blib/arch
    /etc/perl
    /usr/local/lib/perl/5.14.2
    /usr/local/share/perl/5.14.2
    /usr/lib/perl5
    /usr/share/perl5
    /usr/lib/perl/5.14
    /usr/share/perl/5.14
    /usr/local/lib/site_perl
    .