Test-MonitorSites v0.15 Perl 5 v5.35.5 x86_64-linux

Status
Fail
From
Andreas J. König (ANDK)
Dist
Test-MonitorSites v0.15
Platform
Perl 5 v5.35.5 x86_64-linux
Date
2021-11-06 17:08:48
ID
34f5fd22-3f24-11ec-9347-1960bf849bb0
This distribution has been tested as part of the CPAN Testers
project, supporting the Perl programming language.  See
http://wiki.cpantesters.org/ for more information or email
questions to cpan-testers-discuss@perl.org


--
Dear Hugh Esco,

This is a computer-generated report for Test-MonitorSites-0.15
on perl 5.35.5, created by CPAN-Reporter-1.2018.

Thank you for uploading your work to CPAN.  However, there was a problem
testing your distribution.

If you think this report is invalid, please consult the CPAN Testers Wiki
for suggestions on how to avoid getting FAIL reports for missing library
or binary dependencies, unsupported operating systems, and so on:

http://wiki.cpantesters.org/wiki/CPANAuthorNotes

Sections of this report:

    * Tester comments
    * Program output
    * Prerequisites
    * Environment and other context

------------------------------
TESTER COMMENTS
------------------------------

Additional comments from tester:

this report is from an automated smoke testing program
and was not reviewed by a human for accuracy

------------------------------
PROGRAM OUTPUT
------------------------------

Output from '/usr/bin/make test':

PERL_DL_NONLAZY=1 "/tmp/basesmoker-reloperl-z4vs/bin/perl" "-MExtUtils::Command::MM" "-MTest::Harness" "-e" "undef *Test::Harness::Switches; test_harness(0, 'blib/lib', 'blib/arch')" t/*.t
# Testing Test::MonitorSites 0.15
t/00.load.t ........................ ok
Error GETing http://not.example.com: Can't connect to not.example.com:80 (Name or service not known) at t/10_exercise_constructor.t line 52.
# Looks like your test exited with 22 just after 17.
t/10_exercise_constructor.t ........ 
Dubious, test returned 22 (wstat 5632, 0x1600)
Failed 32/49 subtests 
Error GETing http://www.campaignfoundations.com: Can't connect to www.campaignfoundations.com:80 (Network is unreachable) at lib/Test/MonitorSites.pm line 481.
t/12_exercise_test_sites_method.t .. 
Dubious, test returned 101 (wstat 25856, 0x6500)
Failed 16/33 subtests 
Error GETing http://www.campaignfoundations.com: Can't connect to www.campaignfoundations.com:80 (Network is unreachable) at lib/Test/MonitorSites.pm line 481.
t/14_cover_conditions.t ............ 
Dubious, test returned 101 (wstat 25856, 0x6500)
Failed 17/17 subtests 
Error GETing http://www.campaignfoundations.com: Can't connect to www.campaignfoundations.com:80 (Network is unreachable) at lib/Test/MonitorSites.pm line 481.
t/15_report_by_ip.t ................ 
Dubious, test returned 101 (wstat 25856, 0x6500)
Failed 4/4 subtests 
No mailer type specified (and no default available), thus can not find executable program. at lib/Test/MonitorSites.pm line 355.
t/16_monitor_quietly.t ............. 
Dubious, test returned 2 (wstat 512, 0x200)
Failed 12/18 subtests 
t/perlcritic.t ..................... ok
t/pod-coverage.t ................... ok
t/pod.t ............................ ok

Test Summary Report
-------------------
t/00.load.t                      (Wstat: 0 Tests: 5 Failed: 0)
  TODO passed:   2-5
t/10_exercise_constructor.t      (Wstat: 5632 Tests: 17 Failed: 0)
  Non-zero exit status: 22
  Parse errors: Bad plan.  You planned 49 tests but ran 17.
t/12_exercise_test_sites_method.t (Wstat: 25856 Tests: 17 Failed: 0)
  Non-zero exit status: 101
  Parse errors: Bad plan.  You planned 33 tests but ran 17.
t/14_cover_conditions.t          (Wstat: 25856 Tests: 0 Failed: 0)
  Non-zero exit status: 101
  Parse errors: Bad plan.  You planned 17 tests but ran 0.
t/15_report_by_ip.t              (Wstat: 25856 Tests: 0 Failed: 0)
  Non-zero exit status: 101
  Parse errors: Bad plan.  You planned 4 tests but ran 0.
t/16_monitor_quietly.t           (Wstat: 512 Tests: 6 Failed: 0)
  Non-zero exit status: 2
  Parse errors: Bad plan.  You planned 18 tests but ran 6.
Files=9, Tests=48,  8 wallclock secs ( 0.03 usr  0.04 sys +  1.68 cusr  0.51 csys =  2.26 CPU)
Result: FAIL
Failed 5/9 test programs. 0/48 subtests failed.
Makefile:874: recipe for target 'test_dynamic' failed
make: *** [test_dynamic] Error 255

------------------------------
PREREQUISITES
------------------------------

Prerequisite modules loaded:

requires:

    Module                Need Have    
    --------------------- ---- --------
    Carp                  0    1.52    
    Config::Simple        0    4.58    
    Cwd                   0    3.82    
    Data::Dumper          0    2.183   
    HTML::Tidy            0    1.60    
    HTTP::Request::Common 0    6.33    
    Mail::Mailer          0    2.21    
    Test::Builder         0    1.302188
    Test::Builder::Tester 0    1.302188
    Test::HTML::Tidy      0    1.00    
    Test::More            0    1.302188
    Test::Perl::Critic    0    1.04    
    Test::Pod             1.14 1.52    
    Test::Pod::Coverage   1.04 1.10    
    Test::WWW::Mechanize  0    1.54    
    WWW::Mechanize        0    2.06    

build_requires:

    Module                Need Have    
    --------------------- ---- --------
    ExtUtils::MakeMaker   0    7.62    


------------------------------
ENVIRONMENT AND OTHER CONTEXT
------------------------------

Environment variables:

    AUTOMATED_TESTING = 1
    LANG = en_US.utf8
    PATH = /home/sand/bin:/usr/local/bin:/usr/local/sbin:/usr/sbin:/usr/bin:/sbin:/bin:/usr/games:/usr/local/games:/snap/bin:/usr/local/perl/bin:/usr/X11/bin
    PERL = /tmp/basesmoker-reloperl-z4vs/bin/perl
    PERL5LIB = 
    PERL5OPT = 
    PERL5_CPANPLUS_IS_RUNNING = 29879
    PERL5_CPAN_IS_RUNNING = 29879
    PERL_CANARY_STABILITY_NOPROMPT = 1
    PERL_MM_USE_DEFAULT = 1
    PERL_USE_UNSAFE_INC = 1
    SHELL = /usr/bin/zsh
    TERM = screen

Perl special variables (and OS-specific diagnostics, for MSWin32):

    $^X = /tmp/basesmoker-reloperl-z4vs/bin/perl
    $UID/$EUID = 1005 / 1005
    $GID = 1005 1005
    $EGID = 1005 1005

Perl module toolchain versions installed:

    Module              Have    
    ------------------- --------
    CPAN                2.28    
    CPAN::Meta          2.150010
    Cwd                 3.82    
    ExtUtils::CBuilder  0.280236
    ExtUtils::Command   7.62    
    ExtUtils::Install   2.20    
    ExtUtils::MakeMaker 7.62    
    ExtUtils::Manifest  1.73    
    ExtUtils::ParseXS   3.44    
    File::Spec          3.81    
    JSON                4.03    
    JSON::PP            4.06    
    Module::Build       0.4231  
    Module::Signature   0.87    
    Parse::CPAN::Meta   2.150010
    Test::Harness       3.43    
    Test::More          1.302188
    YAML                1.30    
    YAML::Syck          1.34    
    version             0.9929  


--

Summary of my perl5 (revision 5 version 35 subversion 5) configuration:
  Commit id: 36149847e29e423be58d70fad50d9908be1d0373
  Platform:
    osname=linux
    osvers=4.15.0-159-generic
    archname=x86_64-linux
    uname='linux k93bionic 4.15.0-159-generic #167-ubuntu smp tue sep 21 08:55:05 utc 2021 x86_64 x86_64 x86_64 gnulinux '
    config_args='-Dprefix=/home/sand/src/perl/repoperls/installed-perls/host/k93bionic/v5.35.4-99-g36149847e2/2aaf -Dmyhostname=k93bionic -Dinstallusrbinperl=n -Uversiononly -Dusedevel -des -Ui_db -Dlibswanted=cl pthread socket inet nsl gdbm dbm malloc dl ld sun m crypt sec util c cposix posix ucb BSD gdbm_compat -Uuseithreads -Uuselongdouble -DEBUGGING=-g'
    hint=recommended
    useposix=true
    d_sigaction=define
    useithreads=undef
    usemultiplicity=undef
    use64bitint=define
    use64bitall=define
    uselongdouble=undef
    usemymalloc=n
    default_inc_excludes_dot=define
  Compiler:
    cc='cc'
    ccflags ='-fwrapv -fno-strict-aliasing -pipe -fstack-protector-strong -I/usr/local/include -D_LARGEFILE_SOURCE -D_FILE_OFFSET_BITS=64'
    optimize='-O2 -g'
    cppflags='-fwrapv -fno-strict-aliasing -pipe -fstack-protector-strong -I/usr/local/include'
    ccversion=''
    gccversion='7.5.0'
    gccosandvers=''
    intsize=4
    longsize=8
    ptrsize=8
    doublesize=8
    byteorder=12345678
    doublekind=3
    d_longlong=define
    longlongsize=8
    d_longdbl=define
    longdblsize=16
    longdblkind=3
    ivtype='long'
    ivsize=8
    nvtype='double'
    nvsize=8
    Off_t='off_t'
    lseeksize=8
    alignbytes=8
    prototype=define
  Linker and Libraries:
    ld='cc'
    ldflags =' -fstack-protector-strong -L/usr/local/lib'
    libpth=/usr/local/lib /usr/lib/x86_64-linux-gnu /usr/lib /lib/x86_64-linux-gnu /lib
    libs=-lpthread -lnsl -ldl -lm -lcrypt -lutil -lc
    perllibs=-lpthread -lnsl -ldl -lm -lcrypt -lutil -lc
    libc=libc-2.27.so
    so=so
    useshrplib=false
    libperl=libperl.a
    gnulibc_version='2.27'
  Dynamic Linking:
    dlsrc=dl_dlopen.xs
    dlext=so
    d_dlsymun=undef
    ccdlflags='-Wl,-E'
    cccdlflags='-fPIC'
    lddlflags='-shared -O2 -g -L/usr/local/lib -fstack-protector-strong'


Characteristics of this binary (from libperl): 
  Compile-time options:
    HAS_TIMES
    PERLIO_LAYERS
    PERL_COPY_ON_WRITE
    PERL_DONT_CREATE_GVSV
    PERL_MALLOC_WRAP
    PERL_OP_PARENT
    PERL_PRESERVE_IVUV
    PERL_USE_DEVEL
    USE_64_BIT_ALL
    USE_64_BIT_INT
    USE_LARGE_FILES
    USE_LOCALE
    USE_LOCALE_COLLATE
    USE_LOCALE_CTYPE
    USE_LOCALE_NUMERIC
    USE_LOCALE_TIME
    USE_PERLIO
    USE_PERL_ATOF
  Built under linux
  Compiled at Nov  6 2021 03:58:34
  %ENV:
    PERL="/tmp/basesmoker-reloperl-z4vs/bin/perl"
    PERL5LIB=""
    PERL5OPT=""
    PERL5_CPANPLUS_IS_RUNNING="29879"
    PERL5_CPAN_IS_RUNNING="29879"
    PERL_CANARY_STABILITY_NOPROMPT="1"
    PERL_MM_USE_DEFAULT="1"
    PERL_USE_UNSAFE_INC="1"
  @INC:
    /home/sand/src/perl/repoperls/installed-perls/host/k93bionic/v5.35.4-99-g36149847e2/2aaf/lib/site_perl/5.35.5/x86_64-linux
    /home/sand/src/perl/repoperls/installed-perls/host/k93bionic/v5.35.4-99-g36149847e2/2aaf/lib/site_perl/5.35.5
    /home/sand/src/perl/repoperls/installed-perls/host/k93bionic/v5.35.4-99-g36149847e2/2aaf/lib/5.35.5/x86_64-linux
    /home/sand/src/perl/repoperls/installed-perls/host/k93bionic/v5.35.4-99-g36149847e2/2aaf/lib/5.35.5
    .