Report for SOAP-Transport-TCP-0.717

Back
From: metabase:user:30f4dfbe-2aae-11df-837a-5e0a49663a4f
Subject: FAIL SOAP-Transport-TCP-0.717 v5.14.2 Debian GNU/kFreeBSD
Date: 2013-05-23T23:12:15Z

This distribution has been tested as part of the CPAN Testers
project, supporting the Perl programming language.  See
http://wiki.cpantesters.org/ for more information or email
questions to cpan-testers-discuss@perl.org


--
Dear Fred Moyer,

This is a computer-generated report for SOAP-Transport-TCP-0.717
on perl 5.14.2, created by CPAN-Reporter-1.2006.

Thank you for uploading your work to CPAN.  However, there was a problem
testing your distribution.

If you think this report is invalid, please consult the CPAN Testers Wiki
for suggestions on how to avoid getting FAIL reports for missing library
or binary dependencies, unsupported operating systems, and so on:

http://wiki.cpantesters.org/wiki/CPANAuthorNotes

Sections of this report:

    * Tester comments
    * Program output
    * Prerequisites
    * Environment and other context

------------------------------
TESTER COMMENTS
------------------------------

Additional comments from tester:

this report is from an automated smoke testing program
and was not reviewed by a human for accuracy

------------------------------
PROGRAM OUTPUT
------------------------------

Output from '/usr/bin/make test':

PERL_DL_NONLAZY=1 /usr/bin/perl "-MExtUtils::Command::MM" "-e" "test_harness(0, 'blib/lib', 'blib/arch')" t/*.t
t/096_characters.t .... skipped: (no reason given)
t/097_kwalitee.t ...... skipped: (no reason given)
t/098_pod.t ........... skipped: (no reason given)
t/099_pod_coverage.t .. skipped: (no reason given)

#   Failed test 'use SOAP::Transport::TCP;'
#   at t/TCP.t line 4.
#     Tried to use 'SOAP::Transport::TCP'.
#     Error:  Can't locate SOAP/Lite.pm in @INC (@INC contains: /home/njh/.cpan/build/SOAP-Transport-TCP-0.717-6MHx_6/blib/lib /home/njh/.cpan/build/SOAP-Transport-TCP-0.717-6MHx_6/blib/arch /home/njh/.cpan/build/IO-SessionData-1.03-lIXSAX/blib/arch /home/njh/.cpan/build/IO-SessionData-1.03-lIXSAX/blib/lib /home/njh/.cpan/build/IO-SessionData-1.03-lIXSAX/blib/arch /home/njh/.cpan/build/IO-SessionData-1.03-lIXSAX/blib/lib /etc/perl /usr/local/lib/perl/5.14.2 /usr/local/share/perl/5.14.2 /usr/lib/perl5 /usr/share/perl5 /usr/lib/perl/5.14 /usr/share/perl/5.14 /usr/local/lib/site_perl .) at /home/njh/.cpan/build/SOAP-Transport-TCP-0.717-6MHx_6/blib/lib/SOAP/Transport/TCP.pm line 38.
# Compilation failed in require at (eval 4) line 2.
# BEGIN failed--compilation aborted at (eval 4) line 2.
Undefined subroutine &SOAP::Trace::objects called at /home/njh/.cpan/build/SOAP-Transport-TCP-0.717-6MHx_6/blib/lib/SOAP/Transport/TCP.pm line 56.
	(in cleanup) Undefined subroutine &SOAP::Trace::objects called at /home/njh/.cpan/build/SOAP-Transport-TCP-0.717-6MHx_6/blib/lib/SOAP/Transport/TCP.pm line 41.
# Looks like you planned 7 tests but ran 1.
# Looks like you failed 1 test of 1 run.
# Looks like your test exited with 255 just after 1.
t/TCP.t ............... 
Dubious, test returned 255 (wstat 65280, 0xff00)
Failed 7/7 subtests 

Test Summary Report
-------------------
t/TCP.t             (Wstat: 65280 Tests: 1 Failed: 1)
  Failed test:  1
  Non-zero exit status: 255
  Parse errors: Bad plan.  You planned 7 tests but ran 1.
Files=5, Tests=1,  0 wallclock secs ( 0.05 usr  0.08 sys +  0.17 cusr  0.05 csys =  0.35 CPU)
Result: FAIL
Failed 1/5 test programs. 1/1 subtests failed.
make: *** [test_dynamic] Error 255

------------------------------
PREREQUISITES
------------------------------

Prerequisite modules loaded:

requires:

    Module              Need Have
    ------------------- ---- ----
    IO::SessionData     1.03 1.03

build_requires:

    Module              Need Have
    ------------------- ---- ----
    ExtUtils::MakeMaker 0    6.62

configure_requires:

    Module              Need Have
    ------------------- ---- ----
    ExtUtils::MakeMaker 0    6.62


------------------------------
ENVIRONMENT AND OTHER CONTEXT
------------------------------

Environment variables:

    AUTOMATED_TESTING = 1
    LANG = en_GB.UTF-8
    LANGUAGE = en_GB:en
    MANPATH_WITHOUT_PERLBREW = /usr/local/man:/usr/local/share/man:/usr/share/man
    PATH = /home/njh/perl5/perlbrew/bin:/home/njh/perl5/perlbrew/perls/perl-5.18.0/bin:/home/njh/perl5/perlbrew/bin:/usr/local/bin:/usr/bin:/bin:/usr/local/games:/usr/games:/home/njh/bin
    PATH_WITHOUT_PERLBREW = /usr/local/bin:/usr/bin:/bin:/usr/local/games:/usr/games
    PERL5LIB = /home/njh/.cpan/build/IO-SessionData-1.03-lIXSAX/blib/arch:/home/njh/.cpan/build/IO-SessionData-1.03-lIXSAX/blib/lib
    PERL5OPT = 
    PERL5_CPANPLUS_IS_RUNNING = 48365
    PERL5_CPAN_IS_RUNNING = 48365
    PERL5_MINISMOKEBOX = 0.54
    PERLBREW_BASHRC_VERSION = 0.50
    PERLBREW_HOME = /home/njh/.perlbrew
    PERLBREW_LIB = 
    PERLBREW_MANPATH = /home/njh/perl5/perlbrew/perls/perl-5.18.0/man
    PERLBREW_PATH = /home/njh/perl5/perlbrew/bin:/home/njh/perl5/perlbrew/perls/perl-5.18.0/bin
    PERLBREW_PERL = perl-5.18.0
    PERLBREW_ROOT = /home/njh/perl5/perlbrew
    PERLBREW_VERSION = 0.50
    PERL_EXTUTILS_AUTOINSTALL = --defaultdeps
    PERL_MM_USE_DEFAULT = 1
    SHELL = /bin/bash
    TERM = xterm

Perl special variables (and OS-specific diagnostics, for MSWin32):

    $^X = /usr/bin/perl
    $UID/$EUID = 1000 / 1000
    $GID = 1000 1000 24 25 29 30 44 46
    $EGID = 1000 1000 24 25 29 30 44 46

Perl module toolchain versions installed:

    Module              Have     
    ------------------- ---------
    CPAN                1.9600_01
    CPAN::Meta          2.112150 
    Cwd                 3.36     
    ExtUtils::CBuilder  0.280203 
    ExtUtils::Command   1.17     
    ExtUtils::Install   1.56     
    ExtUtils::MakeMaker 6.62     
    ExtUtils::Manifest  1.58     
    ExtUtils::ParseXS   2.2210   
    File::Spec          3.33     
    JSON                n/a      
    JSON::PP            2.27105  
    Module::Build       0.3800   
    Module::Signature   0.68     
    Parse::CPAN::Meta   1.4401   
    Test::Harness       3.23     
    Test::More          0.98     
    YAML                0.84     
    YAML::Syck          1.20     
    version             0.88     


--

Summary of my perl5 (revision 5 version 14 subversion 2) configuration:
   
  Platform:
    osname=gnukfreebsd, osvers=8.1-1-amd64, archname=x86_64-kfreebsd-gnu-thread-multi
    uname='gnukfreebsd fasch 8.1-1-amd64 #0 sat jul 21 15:08:42 cest 2012 x86_64 amd64 intel(r) xeon(tm) cpu 3.80ghz gnukfreebsd '
    config_args='-Dusethreads -Duselargefiles -Dccflags=-DDEBIAN -D_FORTIFY_SOURCE=2 -g -O2 -fstack-protector --param=ssp-buffer-size=4 -Wformat -Werror=format-security -Dldflags= -Wl,-z,relro -Dlddlflags=-shared -Wl,-z,relro -Dcccdlflags=-fPIC -Darchname=x86_64-kfreebsd-gnu -Dprefix=/usr -Dprivlib=/usr/share/perl/5.14 -Darchlib=/usr/lib/perl/5.14 -Dvendorprefix=/usr -Dvendorlib=/usr/share/perl5 -Dvendorarch=/usr/lib/perl5 -Dsiteprefix=/usr/local -Dsitelib=/usr/local/share/perl/5.14.2 -Dsitearch=/usr/local/lib/perl/5.14.2 -Dman1dir=/usr/share/man/man1 -Dman3dir=/usr/share/man/man3 -Dsiteman1dir=/usr/local/man/man1 -Dsiteman3dir=/usr/local/man/man3 -Duse64bitint -Dman1ext=1 -Dman3ext=3perl -Dpager=/usr/bin/sensible-pager -Uafs -Ud_csh -Ud_ualarm -Uusesfio -Uusenm -Ui_libutil -DDEBUGGING=-g -Doptimize=-O2 -Duseshrplib -Dlibperl=libperl.so.5.14.2 -des'
    hint=recommended, useposix=true, d_sigaction=define
    useithreads=define, usemultiplicity=define
    useperlio=define, d_sfio=undef, uselargefiles=define, usesocks=undef
    use64bitint=define, use64bitall=define, uselongdouble=undef
    usemymalloc=n, bincompat5005=undef
  Compiler:
    cc='cc', ccflags ='-D_REENTRANT -D_GNU_SOURCE -DTHREADS_HAVE_PIDS -DDEBIAN -fstack-protector -fno-strict-aliasing -pipe -I/usr/local/include -D_LARGEFILE_SOURCE -D_FILE_OFFSET_BITS=64',
    optimize='-O2 -g',
    cppflags='-D_REENTRANT -D_GNU_SOURCE -DTHREADS_HAVE_PIDS -DDEBIAN -fstack-protector -fno-strict-aliasing -pipe -I/usr/local/include'
    ccversion='', gccversion='4.7.2', gccosandvers=''
    intsize=4, longsize=8, ptrsize=8, doublesize=8, byteorder=12345678
    d_longlong=define, longlongsize=8, d_longdbl=define, longdblsize=16
    ivtype='long', ivsize=8, nvtype='double', nvsize=8, Off_t='off_t', lseeksize=8
    alignbytes=8, prototype=define
  Linker and Libraries:
    ld='cc', ldflags =' -fstack-protector -L/usr/local/lib'
    libpth=/usr/local/lib /lib/x86_64-kfreebsd-gnu /lib/../lib /usr/lib/x86_64-kfreebsd-gnu /usr/lib/../lib /lib /usr/lib
    libs=-lgdbm -lgdbm_compat -ldb -ldl -lm -lpthread -lc -lcrypt
    perllibs=-ldl -lm -lpthread -lc -lcrypt
    libc=, so=so, useshrplib=true, libperl=libperl.so.5.14.2
    gnulibc_version='2.13'
  Dynamic Linking:
    dlsrc=dl_dlopen.xs, dlext=so, d_dlsymun=undef, ccdlflags='-Wl,-E'
    cccdlflags='-fPIC', lddlflags='-shared -L/usr/local/lib -fstack-protector'


Characteristics of this binary (from libperl): 
  Compile-time options: MULTIPLICITY PERL_DONT_CREATE_GVSV
                        PERL_IMPLICIT_CONTEXT PERL_MALLOC_WRAP
                        PERL_PRESERVE_IVUV THREADS_HAVE_PIDS USE_64_BIT_ALL
                        USE_64_BIT_INT USE_ITHREADS USE_LARGE_FILES
                        USE_PERLIO USE_PERL_ATOF USE_REENTRANT_API
  Locally applied patches:
	DEBPKG:debian/arm_thread_stress_timeout - http://bugs.debian.org/501970 Raise the timeout of ext/threads/shared/t/stress.t to accommodate slower build hosts
	DEBPKG:debian/cpan_definstalldirs - Provide a sensible INSTALLDIRS default for modules installed from CPAN.
	DEBPKG:debian/db_file_ver - http://bugs.debian.org/340047 Remove overly restrictive DB_File version check.
	DEBPKG:debian/doc_info - Replace generic man(1) instructions with Debian-specific information.
	DEBPKG:debian/enc2xs_inc - http://bugs.debian.org/290336 Tweak enc2xs to follow symlinks and ignore missing @INC directories.
	DEBPKG:debian/errno_ver - http://bugs.debian.org/343351 Remove Errno version check due to upgrade problems with long-running processes.
	DEBPKG:debian/libperl_embed_doc - http://bugs.debian.org/186778 Note that libperl-dev package is required for embedded linking
	DEBPKG:fixes/respect_umask - Respect umask during installation
	DEBPKG:debian/writable_site_dirs - Set umask approproately for site install directories
	DEBPKG:debian/extutils_set_libperl_path - EU:MM: Set location of libperl.a to /usr/lib
	DEBPKG:debian/no_packlist_perllocal - Don't install .packlist or perllocal.pod for perl or vendor
	DEBPKG:debian/prefix_changes - Fiddle with *PREFIX and variables written to the makefile
	DEBPKG:debian/fakeroot - Postpone LD_LIBRARY_PATH evaluation to the binary targets.
	DEBPKG:debian/instmodsh_doc - Debian policy doesn't install .packlist files for core or vendor.
	DEBPKG:debian/ld_run_path - Remove standard libs from LD_RUN_PATH as per Debian policy.
	DEBPKG:debian/libnet_config_path - Set location of libnet.cfg to /etc/perl/Net as /usr may not be writable.
	DEBPKG:debian/m68k_thread_stress - http://bugs.debian.org/517938 http://bugs.debian.org/495826 Disable some threads tests on m68k for now due to missing TLS.
	DEBPKG:debian/mod_paths - Tweak @INC ordering for Debian
	DEBPKG:debian/module_build_man_extensions - http://bugs.debian.org/479460 Adjust Module::Build manual page extensions for the Debian Perl policy
	DEBPKG:debian/prune_libs - http://bugs.debian.org/128355 Prune the list of libraries wanted to what we actually need.
	DEBPKG:fixes/net_smtp_docs - [rt.cpan.org #36038] http://bugs.debian.org/100195 Document the Net::SMTP 'Port' option
	DEBPKG:debian/perlivp - http://bugs.debian.org/510895 Make perlivp skip include directories in /usr/local
	DEBPKG:debian/cpanplus_definstalldirs - http://bugs.debian.org/533707 Configure CPANPLUS to use the site directories by default.
	DEBPKG:debian/cpanplus_config_path - Save local versions of CPANPLUS::Config::System into /etc/perl.
	DEBPKG:debian/deprecate-with-apt - http://bugs.debian.org/580034 Point users to Debian packages of deprecated core modules
	DEBPKG:fixes/hurd-ccflags - [a190e64] http://bugs.debian.org/587901 [perl #92244] Make hints/gnu.sh append to $ccflags rather than overriding them
	DEBPKG:debian/squelch-locale-warnings - http://bugs.debian.org/508764 Squelch locale warnings in Debian package maintainer scripts
	DEBPKG:debian/skip-upstream-git-tests - Skip tests specific to the upstream Git repository
	DEBPKG:fixes/extutils-cbuilder-cflags - [011e8fb] http://bugs.debian.org/624460 [perl #89478] Append CFLAGS and LDFLAGS to their Config.pm counterparts in EU::CBuilder
	DEBPKG:fixes/module-build-home-directory - http://bugs.debian.org/624850 [rt.cpan.org #67893] Fix failing tilde test when run under a UID without a passwd entry
	DEBPKG:debian/patchlevel - http://bugs.debian.org/567489 List packaged patches for 5.14.2-16 in patchlevel.h
	DEBPKG:fixes/h2ph-multiarch - [e7ec705] http://bugs.debian.org/625808 [perl #90122] Make h2ph correctly search gcc include directories
	DEBPKG:fixes/index-tainting - [3b36395] http://bugs.debian.org/291450 [perl #64804] RT 64804: tainting with index() of a constant
	DEBPKG:fixes/document_makemaker_ccflags - http://bugs.debian.org/628522 [rt.cpan.org #68613] Document that CCFLAGS should include $Config{ccflags}
	DEBPKG:fixes/sys-syslog-socket-timeout-kfreebsd.patch - http://bugs.debian.org/627821 [rt.cpan.org #69997] Use a socket timeout on GNU/kFreeBSD to catch ICMP port unreachable messages
	DEBPKG:fixes/hurd-hints - http://bugs.debian.org/636609 Improve general GNU hints, needed for GNU/Hurd.
	DEBPKG:fixes/pod_fixes - [7698aed] http://bugs.debian.org/637816 Fix typos in several pod/perl*.pod files
	DEBPKG:debian/find_html2text - http://bugs.debian.org/640479 Configure CPAN::Distribution with correct name of html2text
	DEBPKG:fixes/digest_eval_hole - http://bugs.debian.org/644108 Close the eval "require $module" security hole in Digest->new($algorithm)
	DEBPKG:fixes/hurd-ndbm - [f0d0a20] [perl #102680] http://bugs.debian.org/645989 Add GNU/Hurd hints for NDBM_File
	DEBPKG:fixes/sysconf.t-posix - [8040185] [perl #102888] http://bugs.debian.org/646016 Fix hang in ext/POSIX/t/sysconf.t on GNU/Hurd
	DEBPKG:fixes/hurd-largefile - [1fda587] [perl #103014] http://bugs.debian.org/645790 enable LFS on GNU/Hurd
	DEBPKG:debian/hurd_test_todo_syslog - http://bugs.debian.org/650093 Disable failing GNU/Hurd tests in cpan/Sys-Syslog/t/syslog.t
	DEBPKG:fixes/hurd_skip_itimer_virtual - [rt.cpan.org #72754] http://bugs.debian.org/650094 Skip interval timer tests in Time::HiRes on GNU/Hurd
	DEBPKG:debian/hurd_test_skip_sigdispatch - http://bugs.debian.org/650188 Disable failing GNU/Hurd tests op/sigdispatch.t
	DEBPKG:debian/hurd_test_skip_stack - http://bugs.debian.org/650175 Disable failing GNU/Hurd tests dist/threads/t/stack.t
	DEBPKG:debian/hurd_test_skip_pipe - http://bugs.debian.org/650187 Disable failing GNU/Hurd tests io/pipe.t
	DEBPKG:debian/hurd_test_skip_io_pipe - http://bugs.debian.org/650096 Disable failing GNU/Hurd tests dist/IO/t/io_pipe.t
	DEBPKG:fixes/manpage_name_CPAN - http://bugs.debian.org/650448 [rt.cpan.org #73396] cpan/CPAN: add NAME headings in modules with POD
	DEBPKG:fixes/manpage_name_CPANPLUS - http://bugs.debian.org/650450 [rt.cpan.org #73398] cpan/CPANPLUS: add NAME headings in modules with POD
	DEBPKG:fixes/manpage_name_Test-Harness - http://bugs.debian.org/650451 [rt.cpan.org #73399] cpan/Test-Harness: add NAME headings in modules with POD
	DEBPKG:fixes/manpage_name_Term-UI - http://bugs.debian.org/650452 [rt.cpan.org #73400] cpan/Term-UI: add NAME headings in modules with POD
	DEBPKG:fixes/podlators_ae_ligature_fallback - http://bugs.debian.org/652851 Fix the ASCII fallback string for AE
	DEBPKG:fixes/fsf_postal_address - [de89470] Update references to the FSF's postal address
	DEBPKG:fixes/cpan_module_pod_fixes - [perl #106870] [rt.cpan.org #73447] [rt.cpan.org #73446] Fix POD formatting in Term-Cap and Pod-Parser
	DEBPKG:fixes/cgi_no_shellwords_pl - Use Text::ParseWords instead of shellwords.pl
	DEBPKG:fixes/path_max_fallback - [perl #109262] http://bugs.debian.org/656869 Don't use _POSIX_PATH_MAX as a fallback PATH_MAX
	DEBPKG:debian/makemaker-pasthru - http://bugs.debian.org/660195 [rt.cpan.org #28632] Make EU::MM pass LD through to recursive Makefile.PL invocations
	DEBPKG:fixes/propagate_tainted_errors.patch - http://bugs.debian.org/cgi-bin/bugreport.cgi?bug=663158 [perl #111654] properly propagate tainted errors
	DEBPKG:debian/perl5db-x-terminal-emulator.patch - http://bugs.debian.org/668490 Invoke x-terminal-emulator rather than xterm in perl5db.pl
	DEBPKG:fixes/socket_cache_propagate - http://bugs.debian.org/cgi-bin/bugreport.cgi?bug=659075 [rt.cpan.org #61577] [perl #112736] sockdomain and socktype undef on newly accepted sockets
	DEBPKG:fixes/ipc_open3 - [perl #114454] http://bugs.debian.org/683894 IPC::Open3::open3(..., '-') broken
	DEBPKG:fixes/string_repeat_overrun - http://bugs.debian.org/689314 [b675304] avoid calling memset with a negative count
	DEBPKG:debian/cpan-missing-site-dirs - http://bugs.debian.org/688842 Fix CPAN::FirstTime defaults with nonexisting site dirs if a parent is writable
	DEBPKG:fixes/kfreebsd-overrides - http://bugs.debian.org/689713 [perl #115324] [7dc6565] Remove unnecessary overrides in gnukfreebsd and gnuknetbsd hints.
	DEBPKG:fixes/tainted-smartmatch - [be88a5c] http://bugs.debian.org/690571 [perl #93590] $tainted ~~ [...] failing
	DEBPKG:fixes/regexp-matching-starter - [6e634c5] http://bugs.debian.org/690975 [perl #101710] Regression with /i, latin1 chars.
	DEBPKG:fixes/regexp-matching-fold - [399fb9c] http://bugs.debian.org/690976 regexec.c: Fix "\x{FB01}\x{FB00}" =~ /ff/i
	DEBPKG:fixes/regexp-matching-opposite-case - [dc91d5a] http://bugs.debian.org/690979 [perl #101970] /[[:lower:]]/i matches upper case
	DEBPKG:fixes/reading-glob-copy-handle - [fd1564b] http://bugs.debian.org/629363 [perl #92258] <$fh> hangs on a glob copy
	DEBPKG:fixes/smartmatch-rhs-precedence - http://bugs.debian.org/691102 [011be0b] Enforce Any ~~ Object smartmatch precedence
	DEBPKG:fixes/perlcheat-update - http://bugs.debian.org/691112 [ab0ae0a] Update PerlCheat to 5.14
	DEBPKG:fixes/cgi-cr-escaping - http://bugs.debian.org/693420 CR escaping for P3P and Set-Cookie headers
	DEBPKG:fixes/maketext-code-execution - [1735f6f] http://bugs.debian.org/695224 Fix misparsing of maketext strings.
	DEBPKG:fixes/storable-security-warning - [664f237] http://bugs.debian.org/695223 add a note about security concerns in Storable
  Built under gnukfreebsd
  Compiled at Dec 10 2012 16:05:49
  %ENV:
    PERL5LIB="/home/njh/.cpan/build/IO-SessionData-1.03-lIXSAX/blib/arch:/home/njh/.cpan/build/IO-SessionData-1.03-lIXSAX/blib/lib"
    PERL5OPT=""
    PERL5_CPANPLUS_IS_RUNNING="48365"
    PERL5_CPAN_IS_RUNNING="48365"
    PERL5_MINISMOKEBOX="0.54"
    PERLBREW_BASHRC_VERSION="0.50"
    PERLBREW_HOME="/home/njh/.perlbrew"
    PERLBREW_LIB=""
    PERLBREW_MANPATH="/home/njh/perl5/perlbrew/perls/perl-5.18.0/man"
    PERLBREW_PATH="/home/njh/perl5/perlbrew/bin:/home/njh/perl5/perlbrew/perls/perl-5.18.0/bin"
    PERLBREW_PERL="perl-5.18.0"
    PERLBREW_ROOT="/home/njh/perl5/perlbrew"
    PERLBREW_VERSION="0.50"
    PERL_EXTUTILS_AUTOINSTALL="--defaultdeps"
    PERL_MM_USE_DEFAULT="1"
  @INC:
    /home/njh/.cpan/build/IO-SessionData-1.03-lIXSAX/blib/arch
    /home/njh/.cpan/build/IO-SessionData-1.03-lIXSAX/blib/lib
    /etc/perl
    /usr/local/lib/perl/5.14.2
    /usr/local/share/perl/5.14.2
    /usr/lib/perl5
    /usr/share/perl5
    /usr/lib/perl/5.14
    /usr/share/perl/5.14
    /usr/local/lib/site_perl
    .