App-highlight v0.14 Perl 5 v5.8.3 x86_64-linux-ld
- Status
- Fail
- From
- Andreas J. König (ANDK)
- Dist
-
App-highlight v0.14
- Platform
- Perl 5 v5.8.3 x86_64-linux-ld
- Date
- 2019-06-07 15:52:09
- ID
- 352c715e-893c-11e9-86ec-472b9f98ef1c
This distribution has been tested as part of the CPAN Testers
project, supporting the Perl programming language. See
http://wiki.cpantesters.org/ for more information or email
questions to cpan-testers-discuss@perl.org
--
Dear Alex Balhatchet,
This is a computer-generated report for App-highlight-0.14
on perl 5.8.3, created by CPAN-Reporter-1.2018.
Thank you for uploading your work to CPAN. However, there was a problem
testing your distribution.
If you think this report is invalid, please consult the CPAN Testers Wiki
for suggestions on how to avoid getting FAIL reports for missing library
or binary dependencies, unsupported operating systems, and so on:
http://wiki.cpantesters.org/wiki/CPANAuthorNotes
Sections of this report:
* Tester comments
* Program output
* Prerequisites
* Environment and other context
------------------------------
TESTER COMMENTS
------------------------------
Additional comments from tester:
this report is from an automated smoke testing program
and was not reviewed by a human for accuracy
------------------------------
PROGRAM OUTPUT
------------------------------
Output from '/usr/bin/make test':
PERL_DL_NONLAZY=1 "/tmp/basesmoker-reloperl-Q8x_/bin/perl" "-MExtUtils::Command::MM" "-MTest::Harness" "-e" "undef *Test::Harness::Switches; test_harness(0, 'blib/lib', 'blib/arch')" t/*.t
t/00-compile.t ............ ok
# Failed test 'foo - no match for "ba"'
# at t/01-basics.t line 19.
# 'foo
# [1;31mba[0mr
# [1;31mba[0mz
# qux
# quux
# corge
# grault
# garply
# waldo
# fred
# plugh
# xyzzy
# thud
# '
# doesn't match '(?ms-xi:^foo$)'
# Failed test 'qux - no match for "ba"'
# at t/01-basics.t line 22.
# 'foo
# [1;31mba[0mr
# [1;31mba[0mz
# qux
# quux
# corge
# grault
# garply
# waldo
# fred
# plugh
# xyzzy
# thud
# '
# doesn't match '(?ms-xi:^qux$)'
# Failed test 'quux - no match for "ba"'
# at t/01-basics.t line 23.
# 'foo
# [1;31mba[0mr
# [1;31mba[0mz
# qux
# quux
# corge
# grault
# garply
# waldo
# fred
# plugh
# xyzzy
# thud
# '
# doesn't match '(?ms-xi:^quux$)'
# Failed test 'corge - no match for "ba"'
# at t/01-basics.t line 24.
# 'foo
# [1;31mba[0mr
# [1;31mba[0mz
# qux
# quux
# corge
# grault
# garply
# waldo
# fred
# plugh
# xyzzy
# thud
# '
# doesn't match '(?ms-xi:^corge$)'
# Failed test 'grault - no match for "ba"'
# at t/01-basics.t line 25.
# 'foo
# [1;31mba[0mr
# [1;31mba[0mz
# qux
# quux
# corge
# grault
# garply
# waldo
# fred
# plugh
# xyzzy
# thud
# '
# doesn't match '(?ms-xi:^grault$)'
# Failed test 'garply - no match for "ba"'
# at t/01-basics.t line 26.
# 'foo
# [1;31mba[0mr
# [1;31mba[0mz
# qux
# quux
# corge
# grault
# garply
# waldo
# fred
# plugh
# xyzzy
# thud
# '
# doesn't match '(?ms-xi:^garply$)'
# Failed test 'waldo - no match for "ba"'
# at t/01-basics.t line 27.
# 'foo
# [1;31mba[0mr
# [1;31mba[0mz
# qux
# quux
# corge
# grault
# garply
# waldo
# fred
# plugh
# xyzzy
# thud
# '
# doesn't match '(?ms-xi:^waldo$)'
# Failed test 'fred - no match for "ba"'
# at t/01-basics.t line 28.
# 'foo
# [1;31mba[0mr
# [1;31mba[0mz
# qux
# quux
# corge
# grault
# garply
# waldo
# fred
# plugh
# xyzzy
# thud
# '
# doesn't match '(?ms-xi:^fred$)'
# Failed test 'plugh - no match for "ba"'
# at t/01-basics.t line 29.
# 'foo
# [1;31mba[0mr
# [1;31mba[0mz
# qux
# quux
# corge
# grault
# garply
# waldo
# fred
# plugh
# xyzzy
# thud
# '
# doesn't match '(?ms-xi:^plugh$)'
# Failed test 'xyzzy - no match for "ba"'
# at t/01-basics.t line 30.
# 'foo
# [1;31mba[0mr
# [1;31mba[0mz
# qux
# quux
# corge
# grault
# garply
# waldo
# fred
# plugh
# xyzzy
# thud
# '
# doesn't match '(?ms-xi:^xyzzy$)'
# Failed test 'foo - no match for "ba" "q"'
# at t/01-basics.t line 44.
# 'foo
# [1;31mba[0mr
# [1;31mba[0mz
# [1;32mq[0mux
# [1;32mq[0muux
# corge
# grault
# garply
# waldo
# fred
# plugh
# xyzzy
# thud
# '
# doesn't match '(?ms-xi:^foo$)'
# Failed test 'qux - matched "ba" "q"'
# at t/01-basics.t line 47.
# 'foo
# [1;31mba[0mr
# [1;31mba[0mz
# [1;32mq[0mux
# [1;32mq[0muux
# corge
# grault
# garply
# waldo
# fred
# plugh
# xyzzy
# thud
# '
# doesn't match '(?ms-xi:^.+q.+ux$)'
# Failed test 'quux - matched "ba" "q"'
# at t/01-basics.t line 48.
# 'foo
# [1;31mba[0mr
# [1;31mba[0mz
# [1;32mq[0mux
# [1;32mq[0muux
# corge
# grault
# garply
# waldo
# fred
# plugh
# xyzzy
# thud
# '
# doesn't match '(?ms-xi:^.+q.+uux$)'
# Failed test 'corge - no match for "ba" "q"'
# at t/01-basics.t line 49.
# 'foo
# [1;31mba[0mr
# [1;31mba[0mz
# [1;32mq[0mux
# [1;32mq[0muux
# corge
# grault
# garply
# waldo
# fred
# plugh
# xyzzy
# thud
# '
# doesn't match '(?ms-xi:^corge$)'
# Failed test 'grault - no match for "ba" "q"'
# at t/01-basics.t line 50.
# 'foo
# [1;31mba[0mr
# [1;31mba[0mz
# [1;32mq[0mux
# [1;32mq[0muux
# corge
# grault
# garply
# waldo
# fred
# plugh
# xyzzy
# thud
# '
# doesn't match '(?ms-xi:^grault$)'
# Failed test 'garply - no match for "ba" "q"'
# at t/01-basics.t line 51.
# 'foo
# [1;31mba[0mr
# [1;31mba[0mz
# [1;32mq[0mux
# [1;32mq[0muux
# corge
# grault
# garply
# waldo
# fred
# plugh
# xyzzy
# thud
# '
# doesn't match '(?ms-xi:^garply$)'
# Failed test 'waldo - no match for "ba" "q"'
# at t/01-basics.t line 52.
# 'foo
# [1;31mba[0mr
# [1;31mba[0mz
# [1;32mq[0mux
# [1;32mq[0muux
# corge
# grault
# garply
# waldo
# fred
# plugh
# xyzzy
# thud
# '
# doesn't match '(?ms-xi:^waldo$)'
# Failed test 'fred - no match for "ba" "q"'
# at t/01-basics.t line 53.
# 'foo
# [1;31mba[0mr
# [1;31mba[0mz
# [1;32mq[0mux
# [1;32mq[0muux
# corge
# grault
# garply
# waldo
# fred
# plugh
# xyzzy
# thud
# '
# doesn't match '(?ms-xi:^fred$)'
# Failed test 'plugh - no match for "ba" "q"'
# at t/01-basics.t line 54.
# 'foo
# [1;31mba[0mr
# [1;31mba[0mz
# [1;32mq[0mux
# [1;32mq[0muux
# corge
# grault
# garply
# waldo
# fred
# plugh
# xyzzy
# thud
# '
# doesn't match '(?ms-xi:^plugh$)'
# Failed test 'xyzzy - no match for "ba" "q"'
# at t/01-basics.t line 55.
# 'foo
# [1;31mba[0mr
# [1;31mba[0mz
# [1;32mq[0mux
# [1;32mq[0muux
# corge
# grault
# garply
# waldo
# fred
# plugh
# xyzzy
# thud
# '
# doesn't match '(?ms-xi:^xyzzy$)'
# Failed test 'foo - no match for "ba" "q" "y"'
# at t/01-basics.t line 69.
# 'foo
# [1;31mba[0mr
# [1;31mba[0mz
# [1;32mq[0mux
# [1;32mq[0muux
# corge
# grault
# garpl[1;33my[0m
# waldo
# fred
# plugh
# x[1;33my[0mzz[1;33my[0m
# thud
# '
# doesn't match '(?ms-xi:^foo$)'
# Failed test 'qux - matched "ba" "q" "y"'
# at t/01-basics.t line 72.
# 'foo
# [1;31mba[0mr
# [1;31mba[0mz
# [1;32mq[0mux
# [1;32mq[0muux
# corge
# grault
# garpl[1;33my[0m
# waldo
# fred
# plugh
# x[1;33my[0mzz[1;33my[0m
# thud
# '
# doesn't match '(?ms-xi:^.+q.+ux$)'
# Failed test 'quux - matched "ba" "q" "y"'
# at t/01-basics.t line 73.
# 'foo
# [1;31mba[0mr
# [1;31mba[0mz
# [1;32mq[0mux
# [1;32mq[0muux
# corge
# grault
# garpl[1;33my[0m
# waldo
# fred
# plugh
# x[1;33my[0mzz[1;33my[0m
# thud
# '
# doesn't match '(?ms-xi:^.+q.+uux$)'
# Failed test 'corge - no match for "ba" "q" "y"'
# at t/01-basics.t line 74.
# 'foo
# [1;31mba[0mr
# [1;31mba[0mz
# [1;32mq[0mux
# [1;32mq[0muux
# corge
# grault
# garpl[1;33my[0m
# waldo
# fred
# plugh
# x[1;33my[0mzz[1;33my[0m
# thud
# '
# doesn't match '(?ms-xi:^corge$)'
# Failed test 'grault - no match for "ba" "q" "y"'
# at t/01-basics.t line 75.
# 'foo
# [1;31mba[0mr
# [1;31mba[0mz
# [1;32mq[0mux
# [1;32mq[0muux
# corge
# grault
# garpl[1;33my[0m
# waldo
# fred
# plugh
# x[1;33my[0mzz[1;33my[0m
# thud
# '
# doesn't match '(?ms-xi:^grault$)'
# Failed test 'waldo - no match for "ba" "q" "y"'
# at t/01-basics.t line 77.
# 'foo
# [1;31mba[0mr
# [1;31mba[0mz
# [1;32mq[0mux
# [1;32mq[0muux
# corge
# grault
# garpl[1;33my[0m
# waldo
# fred
# plugh
# x[1;33my[0mzz[1;33my[0m
# thud
# '
# doesn't match '(?ms-xi:^waldo$)'
# Failed test 'fred - no match for "ba" "q" "y"'
# at t/01-basics.t line 78.
# 'foo
# [1;31mba[0mr
# [1;31mba[0mz
# [1;32mq[0mux
# [1;32mq[0muux
# corge
# grault
# garpl[1;33my[0m
# waldo
# fred
# plugh
# x[1;33my[0mzz[1;33my[0m
# thud
# '
# doesn't match '(?ms-xi:^fred$)'
# Failed test 'plugh - no match for "ba" "q" "y"'
# at t/01-basics.t line 79.
# 'foo
# [1;31mba[0mr
# [1;31mba[0mz
# [1;32mq[0mux
# [1;32mq[0muux
# corge
# grault
# garpl[1;33my[0m
# waldo
# fred
# plugh
# x[1;33my[0mzz[1;33my[0m
# thud
# '
# doesn't match '(?ms-xi:^plugh$)'
# Looks like you failed 28 tests of 42.
t/01-basics.t .............
Dubious, test returned 28 (wstat 7168, 0x1c00)
Failed 28/42 subtests
# Failed test 'foo - no match for "[abcde]+" (default = escape)'
# at t/02-escaping.t line 19.
# 'foo
# bar
# baz
# qux
# quux
# corge
# grault
# garply
# waldo
# fred
# plugh
# xyzzy
# thud
# '
# doesn't match '(?ms-xi:^foo$)'
# Failed test 'bar - no match for "[abcde]+" (default = escape)'
# at t/02-escaping.t line 20.
# 'foo
# bar
# baz
# qux
# quux
# corge
# grault
# garply
# waldo
# fred
# plugh
# xyzzy
# thud
# '
# doesn't match '(?ms-xi:^bar$)'
# Failed test 'baz - no match for "[abcde]+" (default = escape)'
# at t/02-escaping.t line 21.
# 'foo
# bar
# baz
# qux
# quux
# corge
# grault
# garply
# waldo
# fred
# plugh
# xyzzy
# thud
# '
# doesn't match '(?ms-xi:^baz$)'
# Failed test 'qux - no match for "[abcde]+" (default = escape)'
# at t/02-escaping.t line 22.
# 'foo
# bar
# baz
# qux
# quux
# corge
# grault
# garply
# waldo
# fred
# plugh
# xyzzy
# thud
# '
# doesn't match '(?ms-xi:^qux$)'
# Failed test 'quux - no match for "[abcde]+" (default = escape)'
# at t/02-escaping.t line 23.
# 'foo
# bar
# baz
# qux
# quux
# corge
# grault
# garply
# waldo
# fred
# plugh
# xyzzy
# thud
# '
# doesn't match '(?ms-xi:^quux$)'
# Failed test 'corge - no match for "[abcde]+" (default = escape)'
# at t/02-escaping.t line 24.
# 'foo
# bar
# baz
# qux
# quux
# corge
# grault
# garply
# waldo
# fred
# plugh
# xyzzy
# thud
# '
# doesn't match '(?ms-xi:^corge$)'
# Failed test 'grault - no match for "[abcde]+" (default = escape)'
# at t/02-escaping.t line 25.
# 'foo
# bar
# baz
# qux
# quux
# corge
# grault
# garply
# waldo
# fred
# plugh
# xyzzy
# thud
# '
# doesn't match '(?ms-xi:^grault$)'
# Failed test 'garply - no match for "[abcde]+" (default = escape)'
# at t/02-escaping.t line 26.
# 'foo
# bar
# baz
# qux
# quux
# corge
# grault
# garply
# waldo
# fred
# plugh
# xyzzy
# thud
# '
# doesn't match '(?ms-xi:^garply$)'
# Failed test 'waldo - no match for "[abcde]+" (default = escape)'
# at t/02-escaping.t line 27.
# 'foo
# bar
# baz
# qux
# quux
# corge
# grault
# garply
# waldo
# fred
# plugh
# xyzzy
# thud
# '
# doesn't match '(?ms-xi:^waldo$)'
# Failed test 'fred - no match for "[abcde]+" (default = escape)'
# at t/02-escaping.t line 28.
# 'foo
# bar
# baz
# qux
# quux
# corge
# grault
# garply
# waldo
# fred
# plugh
# xyzzy
# thud
# '
# doesn't match '(?ms-xi:^fred$)'
# Failed test 'plugh - no match for "[abcde]+" (default = escape)'
# at t/02-escaping.t line 29.
# 'foo
# bar
# baz
# qux
# quux
# corge
# grault
# garply
# waldo
# fred
# plugh
# xyzzy
# thud
# '
# doesn't match '(?ms-xi:^plugh$)'
# Failed test 'xyzzy - no match for "[abcde]+" (default = escape)'
# at t/02-escaping.t line 30.
# 'foo
# bar
# baz
# qux
# quux
# corge
# grault
# garply
# waldo
# fred
# plugh
# xyzzy
# thud
# '
# doesn't match '(?ms-xi:^xyzzy$)'
# Failed test 'foo - no match for "[abcde]+" (default = escape)'
# at t/02-escaping.t line 44.
# 'foo
# bar
# baz
# qux
# quux
# corge
# grault
# garply
# waldo
# fred
# plugh
# xyzzy
# thud
# '
# doesn't match '(?ms-xi:^foo$)'
# Failed test 'bar - no match for "[abcde]+" (default = escape)'
# at t/02-escaping.t line 45.
# 'foo
# bar
# baz
# qux
# quux
# corge
# grault
# garply
# waldo
# fred
# plugh
# xyzzy
# thud
# '
# doesn't match '(?ms-xi:^bar$)'
# Failed test 'baz - no match for "[abcde]+" (default = escape)'
# at t/02-escaping.t line 46.
# 'foo
# bar
# baz
# qux
# quux
# corge
# grault
# garply
# waldo
# fred
# plugh
# xyzzy
# thud
# '
# doesn't match '(?ms-xi:^baz$)'
# Failed test 'qux - no match for "[abcde]+" (default = escape)'
# at t/02-escaping.t line 47.
# 'foo
# bar
# baz
# qux
# quux
# corge
# grault
# garply
# waldo
# fred
# plugh
# xyzzy
# thud
# '
# doesn't match '(?ms-xi:^qux$)'
# Failed test 'quux - no match for "[abcde]+" (default = escape)'
# at t/02-escaping.t line 48.
# 'foo
# bar
# baz
# qux
# quux
# corge
# grault
# garply
# waldo
# fred
# plugh
# xyzzy
# thud
# '
# doesn't match '(?ms-xi:^quux$)'
# Failed test 'corge - no match for "[abcde]+" (default = escape)'
# at t/02-escaping.t line 49.
# 'foo
# bar
# baz
# qux
# quux
# corge
# grault
# garply
# waldo
# fred
# plugh
# xyzzy
# thud
# '
# doesn't match '(?ms-xi:^corge$)'
# Failed test 'grault - no match for "[abcde]+" (default = escape)'
# at t/02-escaping.t line 50.
# 'foo
# bar
# baz
# qux
# quux
# corge
# grault
# garply
# waldo
# fred
# plugh
# xyzzy
# thud
# '
# doesn't match '(?ms-xi:^grault$)'
# Failed test 'garply - no match for "[abcde]+" (default = escape)'
# at t/02-escaping.t line 51.
# 'foo
# bar
# baz
# qux
# quux
# corge
# grault
# garply
# waldo
# fred
# plugh
# xyzzy
# thud
# '
# doesn't match '(?ms-xi:^garply$)'
# Failed test 'waldo - no match for "[abcde]+" (default = escape)'
# at t/02-escaping.t line 52.
# 'foo
# bar
# baz
# qux
# quux
# corge
# grault
# garply
# waldo
# fred
# plugh
# xyzzy
# thud
# '
# doesn't match '(?ms-xi:^waldo$)'
# Failed test 'fred - no match for "[abcde]+" (default = escape)'
# at t/02-escaping.t line 53.
# 'foo
# bar
# baz
# qux
# quux
# corge
# grault
# garply
# waldo
# fred
# plugh
# xyzzy
# thud
# '
# doesn't match '(?ms-xi:^fred$)'
# Failed test 'plugh - no match for "[abcde]+" (default = escape)'
# at t/02-escaping.t line 54.
# 'foo
# bar
# baz
# qux
# quux
# corge
# grault
# garply
# waldo
# fred
# plugh
# xyzzy
# thud
# '
# doesn't match '(?ms-xi:^plugh$)'
# Failed test 'xyzzy - no match for "[abcde]+" (default = escape)'
# at t/02-escaping.t line 55.
# 'foo
# bar
# baz
# qux
# quux
# corge
# grault
# garply
# waldo
# fred
# plugh
# xyzzy
# thud
# '
# doesn't match '(?ms-xi:^xyzzy$)'
# Failed test 'foo - no match for "[abcde]+" (no-escape mode)'
# at t/02-escaping.t line 69.
# 'foo
# [1;31mba[0mr
# [1;31mba[0mz
# qux
# quux
# [1;31mc[0morg[1;31me[0m
# gr[1;31ma[0mult
# g[1;31ma[0mrply
# w[1;31ma[0ml[1;31md[0mo
# fr[1;31med[0m
# plugh
# xyzzy
# thu[1;31md[0m
# '
# doesn't match '(?ms-xi:^foo$)'
# Failed test 'qux - no match for "[abcde]+" (no-escape mode)'
# at t/02-escaping.t line 72.
# 'foo
# [1;31mba[0mr
# [1;31mba[0mz
# qux
# quux
# [1;31mc[0morg[1;31me[0m
# gr[1;31ma[0mult
# g[1;31ma[0mrply
# w[1;31ma[0ml[1;31md[0mo
# fr[1;31med[0m
# plugh
# xyzzy
# thu[1;31md[0m
# '
# doesn't match '(?ms-xi:^qux$)'
# Failed test 'quux - no match for "[abcde]+" (no-escape mode)'
# at t/02-escaping.t line 73.
# 'foo
# [1;31mba[0mr
# [1;31mba[0mz
# qux
# quux
# [1;31mc[0morg[1;31me[0m
# gr[1;31ma[0mult
# g[1;31ma[0mrply
# w[1;31ma[0ml[1;31md[0mo
# fr[1;31med[0m
# plugh
# xyzzy
# thu[1;31md[0m
# '
# doesn't match '(?ms-xi:^quux$)'
# Failed test 'grault - match for "[abcde]+" (no-escape mode)'
# at t/02-escaping.t line 75.
# 'foo
# [1;31mba[0mr
# [1;31mba[0mz
# qux
# quux
# [1;31mc[0morg[1;31me[0m
# gr[1;31ma[0mult
# g[1;31ma[0mrply
# w[1;31ma[0ml[1;31md[0mo
# fr[1;31med[0m
# plugh
# xyzzy
# thu[1;31md[0m
# '
# doesn't match '(?ms-xi:^gr.+a.+ult$)'
# Failed test 'garply - match for "[abcde]+" (no-escape mode)'
# at t/02-escaping.t line 76.
# 'foo
# [1;31mba[0mr
# [1;31mba[0mz
# qux
# quux
# [1;31mc[0morg[1;31me[0m
# gr[1;31ma[0mult
# g[1;31ma[0mrply
# w[1;31ma[0ml[1;31md[0mo
# fr[1;31med[0m
# plugh
# xyzzy
# thu[1;31md[0m
# '
# doesn't match '(?ms-xi:^g.+a.+rply$)'
# Failed test 'waldo - match for "[abcde]+" (no-escape mode)'
# at t/02-escaping.t line 77.
# 'foo
# [1;31mba[0mr
# [1;31mba[0mz
# qux
# quux
# [1;31mc[0morg[1;31me[0m
# gr[1;31ma[0mult
# g[1;31ma[0mrply
# w[1;31ma[0ml[1;31md[0mo
# fr[1;31med[0m
# plugh
# xyzzy
# thu[1;31md[0m
# '
# doesn't match '(?ms-xi:^w.+a.+l.+d.+o$)'
# Failed test 'plugh - no match for "[abcde]+" (no-escape mode)'
# at t/02-escaping.t line 79.
# 'foo
# [1;31mba[0mr
# [1;31mba[0mz
# qux
# quux
# [1;31mc[0morg[1;31me[0m
# gr[1;31ma[0mult
# g[1;31ma[0mrply
# w[1;31ma[0ml[1;31md[0mo
# fr[1;31med[0m
# plugh
# xyzzy
# thu[1;31md[0m
# '
# doesn't match '(?ms-xi:^plugh$)'
# Failed test 'xyzzy - no match for "[abcde]+" (no-escape mode)'
# at t/02-escaping.t line 80.
# 'foo
# [1;31mba[0mr
# [1;31mba[0mz
# qux
# quux
# [1;31mc[0morg[1;31me[0m
# gr[1;31ma[0mult
# g[1;31ma[0mrply
# w[1;31ma[0ml[1;31md[0mo
# fr[1;31med[0m
# plugh
# xyzzy
# thu[1;31md[0m
# '
# doesn't match '(?ms-xi:^xyzzy$)'
# Looks like you failed 32 tests of 42.
t/02-escaping.t ...........
Dubious, test returned 32 (wstat 8192, 0x2000)
Failed 32/42 subtests
# Failed test 'bar - matched "a" "o"'
# at t/03-colors.t line 20.
# 'f[1;32mo[0m[1;32mo[0m
# b[1;31ma[0mr
# b[1;31ma[0mz
# qux
# quux
# c[1;32mo[0mrge
# gr[1;31ma[0mult
# g[1;31ma[0mrply
# w[1;31ma[0mld[1;32mo[0m
# fred
# plugh
# xyzzy
# thud
# '
# doesn't match '(?ms-xi:^b.+a.+r$)'
# Failed test 'baz - matched "a" "o"'
# at t/03-colors.t line 21.
# 'f[1;32mo[0m[1;32mo[0m
# b[1;31ma[0mr
# b[1;31ma[0mz
# qux
# quux
# c[1;32mo[0mrge
# gr[1;31ma[0mult
# g[1;31ma[0mrply
# w[1;31ma[0mld[1;32mo[0m
# fred
# plugh
# xyzzy
# thud
# '
# doesn't match '(?ms-xi:^b.+a.+z$)'
# Failed test 'qux - no match for "a" "o"'
# at t/03-colors.t line 22.
# 'f[1;32mo[0m[1;32mo[0m
# b[1;31ma[0mr
# b[1;31ma[0mz
# qux
# quux
# c[1;32mo[0mrge
# gr[1;31ma[0mult
# g[1;31ma[0mrply
# w[1;31ma[0mld[1;32mo[0m
# fred
# plugh
# xyzzy
# thud
# '
# doesn't match '(?ms-xi:^qux$)'
# Failed test 'quux - no match for "a" "o"'
# at t/03-colors.t line 23.
# 'f[1;32mo[0m[1;32mo[0m
# b[1;31ma[0mr
# b[1;31ma[0mz
# qux
# quux
# c[1;32mo[0mrge
# gr[1;31ma[0mult
# g[1;31ma[0mrply
# w[1;31ma[0mld[1;32mo[0m
# fred
# plugh
# xyzzy
# thud
# '
# doesn't match '(?ms-xi:^quux$)'
# Failed test 'corge - matched "a" "o"'
# at t/03-colors.t line 24.
# 'f[1;32mo[0m[1;32mo[0m
# b[1;31ma[0mr
# b[1;31ma[0mz
# qux
# quux
# c[1;32mo[0mrge
# gr[1;31ma[0mult
# g[1;31ma[0mrply
# w[1;31ma[0mld[1;32mo[0m
# fred
# plugh
# xyzzy
# thud
# '
# doesn't match '(?ms-xi:^c.+o.+rge$)'
# Failed test 'grault - matched "a" "o"'
# at t/03-colors.t line 25.
# 'f[1;32mo[0m[1;32mo[0m
# b[1;31ma[0mr
# b[1;31ma[0mz
# qux
# quux
# c[1;32mo[0mrge
# gr[1;31ma[0mult
# g[1;31ma[0mrply
# w[1;31ma[0mld[1;32mo[0m
# fred
# plugh
# xyzzy
# thud
# '
# doesn't match '(?ms-xi:^gr.+a.+ult$)'
# Failed test 'garply - matched "a" "o"'
# at t/03-colors.t line 26.
# 'f[1;32mo[0m[1;32mo[0m
# b[1;31ma[0mr
# b[1;31ma[0mz
# qux
# quux
# c[1;32mo[0mrge
# gr[1;31ma[0mult
# g[1;31ma[0mrply
# w[1;31ma[0mld[1;32mo[0m
# fred
# plugh
# xyzzy
# thud
# '
# doesn't match '(?ms-xi:^g.+a.+rply$)'
# Failed test 'fred - no match for "a" "o"'
# at t/03-colors.t line 28.
# 'f[1;32mo[0m[1;32mo[0m
# b[1;31ma[0mr
# b[1;31ma[0mz
# qux
# quux
# c[1;32mo[0mrge
# gr[1;31ma[0mult
# g[1;31ma[0mrply
# w[1;31ma[0mld[1;32mo[0m
# fred
# plugh
# xyzzy
# thud
# '
# doesn't match '(?ms-xi:^fred$)'
# Failed test 'plugh - no match for "a" "o"'
# at t/03-colors.t line 29.
# 'f[1;32mo[0m[1;32mo[0m
# b[1;31ma[0mr
# b[1;31ma[0mz
# qux
# quux
# c[1;32mo[0mrge
# gr[1;31ma[0mult
# g[1;31ma[0mrply
# w[1;31ma[0mld[1;32mo[0m
# fred
# plugh
# xyzzy
# thud
# '
# doesn't match '(?ms-xi:^plugh$)'
# Failed test 'xyzzy - no match for "a" "o"'
# at t/03-colors.t line 30.
# 'f[1;32mo[0m[1;32mo[0m
# b[1;31ma[0mr
# b[1;31ma[0mz
# qux
# quux
# c[1;32mo[0mrge
# gr[1;31ma[0mult
# g[1;31ma[0mrply
# w[1;31ma[0mld[1;32mo[0m
# fred
# plugh
# xyzzy
# thud
# '
# doesn't match '(?ms-xi:^xyzzy$)'
# Failed test 'bar - matched "a" "o" (one-color mode)'
# at t/03-colors.t line 45.
# 'f[1;31mo[0m[1;31mo[0m
# b[1;31ma[0mr
# b[1;31ma[0mz
# qux
# quux
# c[1;31mo[0mrge
# gr[1;31ma[0mult
# g[1;31ma[0mrply
# w[1;31ma[0mld[1;31mo[0m
# fred
# plugh
# xyzzy
# thud
# '
# doesn't match '(?ms-xi:^b.+a.+r$)'
# Failed test 'baz - matched "a" "o" (one-color mode)'
# at t/03-colors.t line 46.
# 'f[1;31mo[0m[1;31mo[0m
# b[1;31ma[0mr
# b[1;31ma[0mz
# qux
# quux
# c[1;31mo[0mrge
# gr[1;31ma[0mult
# g[1;31ma[0mrply
# w[1;31ma[0mld[1;31mo[0m
# fred
# plugh
# xyzzy
# thud
# '
# doesn't match '(?ms-xi:^b.+a.+z$)'
# Failed test 'qux - no match for "a" "o" (one-color mode)'
# at t/03-colors.t line 47.
# 'f[1;31mo[0m[1;31mo[0m
# b[1;31ma[0mr
# b[1;31ma[0mz
# qux
# quux
# c[1;31mo[0mrge
# gr[1;31ma[0mult
# g[1;31ma[0mrply
# w[1;31ma[0mld[1;31mo[0m
# fred
# plugh
# xyzzy
# thud
# '
# doesn't match '(?ms-xi:^qux$)'
# Failed test 'quux - no match for "a" "o" (one-color mode)'
# at t/03-colors.t line 48.
# 'f[1;31mo[0m[1;31mo[0m
# b[1;31ma[0mr
# b[1;31ma[0mz
# qux
# quux
# c[1;31mo[0mrge
# gr[1;31ma[0mult
# g[1;31ma[0mrply
# w[1;31ma[0mld[1;31mo[0m
# fred
# plugh
# xyzzy
# thud
# '
# doesn't match '(?ms-xi:^quux$)'
# Failed test 'corge - matched "a" "o" (one-color mode)'
# at t/03-colors.t line 49.
# 'f[1;31mo[0m[1;31mo[0m
# b[1;31ma[0mr
# b[1;31ma[0mz
# qux
# quux
# c[1;31mo[0mrge
# gr[1;31ma[0mult
# g[1;31ma[0mrply
# w[1;31ma[0mld[1;31mo[0m
# fred
# plugh
# xyzzy
# thud
# '
# doesn't match '(?ms-xi:^c.+o.+rge$)'
# Failed test 'grault - matched "a" "o" (one-color mode)'
# at t/03-colors.t line 50.
# 'f[1;31mo[0m[1;31mo[0m
# b[1;31ma[0mr
# b[1;31ma[0mz
# qux
# quux
# c[1;31mo[0mrge
# gr[1;31ma[0mult
# g[1;31ma[0mrply
# w[1;31ma[0mld[1;31mo[0m
# fred
# plugh
# xyzzy
# thud
# '
# doesn't match '(?ms-xi:^gr.+a.+ult$)'
# Failed test 'garply - matched "a" "o" (one-color mode)'
# at t/03-colors.t line 51.
# 'f[1;31mo[0m[1;31mo[0m
# b[1;31ma[0mr
# b[1;31ma[0mz
# qux
# quux
# c[1;31mo[0mrge
# gr[1;31ma[0mult
# g[1;31ma[0mrply
# w[1;31ma[0mld[1;31mo[0m
# fred
# plugh
# xyzzy
# thud
# '
# doesn't match '(?ms-xi:^g.+a.+rply$)'
# Failed test 'fred - no match for "a" "o" (one-color mode)'
# at t/03-colors.t line 53.
# 'f[1;31mo[0m[1;31mo[0m
# b[1;31ma[0mr
# b[1;31ma[0mz
# qux
# quux
# c[1;31mo[0mrge
# gr[1;31ma[0mult
# g[1;31ma[0mrply
# w[1;31ma[0mld[1;31mo[0m
# fred
# plugh
# xyzzy
# thud
# '
# doesn't match '(?ms-xi:^fred$)'
# Failed test 'plugh - no match for "a" "o" (one-color mode)'
# at t/03-colors.t line 54.
# 'f[1;31mo[0m[1;31mo[0m
# b[1;31ma[0mr
# b[1;31ma[0mz
# qux
# quux
# c[1;31mo[0mrge
# gr[1;31ma[0mult
# g[1;31ma[0mrply
# w[1;31ma[0mld[1;31mo[0m
# fred
# plugh
# xyzzy
# thud
# '
# doesn't match '(?ms-xi:^plugh$)'
# Failed test 'xyzzy - no match for "a" "o" (one-color mode)'
# at t/03-colors.t line 55.
# 'f[1;31mo[0m[1;31mo[0m
# b[1;31ma[0mr
# b[1;31ma[0mz
# qux
# quux
# c[1;31mo[0mrge
# gr[1;31ma[0mult
# g[1;31ma[0mrply
# w[1;31ma[0mld[1;31mo[0m
# fred
# plugh
# xyzzy
# thud
# '
# doesn't match '(?ms-xi:^xyzzy$)'
# Looks like you failed 20 tests of 28.
t/03-colors.t .............
Dubious, test returned 20 (wstat 5120, 0x1400)
Failed 20/28 subtests
# Failed test 'foo - no match for "u"'
# at t/04-full-line.t line 19.
# 'foo
# bar
# baz
# q[1;31mu[0mx
# q[1;31mu[0m[1;31mu[0mx
# corge
# gra[1;31mu[0mlt
# garply
# waldo
# fred
# pl[1;31mu[0mgh
# xyzzy
# th[1;31mu[0md
# '
# doesn't match '(?ms-xi:^foo$)'
# Failed test 'bar - no match for "u"'
# at t/04-full-line.t line 20.
# 'foo
# bar
# baz
# q[1;31mu[0mx
# q[1;31mu[0m[1;31mu[0mx
# corge
# gra[1;31mu[0mlt
# garply
# waldo
# fred
# pl[1;31mu[0mgh
# xyzzy
# th[1;31mu[0md
# '
# doesn't match '(?ms-xi:^bar$)'
# Failed test 'baz - no match for "u"'
# at t/04-full-line.t line 21.
# 'foo
# bar
# baz
# q[1;31mu[0mx
# q[1;31mu[0m[1;31mu[0mx
# corge
# gra[1;31mu[0mlt
# garply
# waldo
# fred
# pl[1;31mu[0mgh
# xyzzy
# th[1;31mu[0md
# '
# doesn't match '(?ms-xi:^baz$)'
# Failed test 'qux - matched "u"'
# at t/04-full-line.t line 22.
# 'foo
# bar
# baz
# q[1;31mu[0mx
# q[1;31mu[0m[1;31mu[0mx
# corge
# gra[1;31mu[0mlt
# garply
# waldo
# fred
# pl[1;31mu[0mgh
# xyzzy
# th[1;31mu[0md
# '
# doesn't match '(?ms-xi:^q.+u.+x$)'
# Failed test 'quux - matched "u"'
# at t/04-full-line.t line 23.
# 'foo
# bar
# baz
# q[1;31mu[0mx
# q[1;31mu[0m[1;31mu[0mx
# corge
# gra[1;31mu[0mlt
# garply
# waldo
# fred
# pl[1;31mu[0mgh
# xyzzy
# th[1;31mu[0md
# '
# doesn't match '(?ms-xi:^q.+u.+u.+x$)'
# Failed test 'corge - no match for "u"'
# at t/04-full-line.t line 24.
# 'foo
# bar
# baz
# q[1;31mu[0mx
# q[1;31mu[0m[1;31mu[0mx
# corge
# gra[1;31mu[0mlt
# garply
# waldo
# fred
# pl[1;31mu[0mgh
# xyzzy
# th[1;31mu[0md
# '
# doesn't match '(?ms-xi:^corge$)'
# Failed test 'grault - matched "u"'
# at t/04-full-line.t line 25.
# 'foo
# bar
# baz
# q[1;31mu[0mx
# q[1;31mu[0m[1;31mu[0mx
# corge
# gra[1;31mu[0mlt
# garply
# waldo
# fred
# pl[1;31mu[0mgh
# xyzzy
# th[1;31mu[0md
# '
# doesn't match '(?ms-xi:^gra.+u.+lt$)'
# Failed test 'garply - no match for "u"'
# at t/04-full-line.t line 26.
# 'foo
# bar
# baz
# q[1;31mu[0mx
# q[1;31mu[0m[1;31mu[0mx
# corge
# gra[1;31mu[0mlt
# garply
# waldo
# fred
# pl[1;31mu[0mgh
# xyzzy
# th[1;31mu[0md
# '
# doesn't match '(?ms-xi:^garply$)'
# Failed test 'waldo - no match for "u"'
# at t/04-full-line.t line 27.
# 'foo
# bar
# baz
# q[1;31mu[0mx
# q[1;31mu[0m[1;31mu[0mx
# corge
# gra[1;31mu[0mlt
# garply
# waldo
# fred
# pl[1;31mu[0mgh
# xyzzy
# th[1;31mu[0md
# '
# doesn't match '(?ms-xi:^waldo$)'
# Failed test 'fred - no match for "u"'
# at t/04-full-line.t line 28.
# 'foo
# bar
# baz
# q[1;31mu[0mx
# q[1;31mu[0m[1;31mu[0mx
# corge
# gra[1;31mu[0mlt
# garply
# waldo
# fred
# pl[1;31mu[0mgh
# xyzzy
# th[1;31mu[0md
# '
# doesn't match '(?ms-xi:^fred$)'
# Failed test 'plugh - matched "u"'
# at t/04-full-line.t line 29.
# 'foo
# bar
# baz
# q[1;31mu[0mx
# q[1;31mu[0m[1;31mu[0mx
# corge
# gra[1;31mu[0mlt
# garply
# waldo
# fred
# pl[1;31mu[0mgh
# xyzzy
# th[1;31mu[0md
# '
# doesn't match '(?ms-xi:^pl.+u.+gh$)'
# Failed test 'xyzzy - no match for "u"'
# at t/04-full-line.t line 30.
# 'foo
# bar
# baz
# q[1;31mu[0mx
# q[1;31mu[0m[1;31mu[0mx
# corge
# gra[1;31mu[0mlt
# garply
# waldo
# fred
# pl[1;31mu[0mgh
# xyzzy
# th[1;31mu[0md
# '
# doesn't match '(?ms-xi:^xyzzy$)'
# Failed test 'foo - no match for "u" (full-line mode)'
# at t/04-full-line.t line 44.
# 'foo
# bar
# baz
# [1;31mqux[0m
# [1;31mquux[0m
# corge
# [1;31mgrault[0m
# garply
# waldo
# fred
# [1;31mplugh[0m
# xyzzy
# [1;31mthud[0m
# '
# doesn't match '(?ms-xi:^foo$)'
# Failed test 'bar - no match for "u" (full-line mode)'
# at t/04-full-line.t line 45.
# 'foo
# bar
# baz
# [1;31mqux[0m
# [1;31mquux[0m
# corge
# [1;31mgrault[0m
# garply
# waldo
# fred
# [1;31mplugh[0m
# xyzzy
# [1;31mthud[0m
# '
# doesn't match '(?ms-xi:^bar$)'
# Failed test 'baz - no match for "u" (full-line mode)'
# at t/04-full-line.t line 46.
# 'foo
# bar
# baz
# [1;31mqux[0m
# [1;31mquux[0m
# corge
# [1;31mgrault[0m
# garply
# waldo
# fred
# [1;31mplugh[0m
# xyzzy
# [1;31mthud[0m
# '
# doesn't match '(?ms-xi:^baz$)'
# Failed test 'corge - no match for "u" (full-line mode)'
# at t/04-full-line.t line 49.
# 'foo
# bar
# baz
# [1;31mqux[0m
# [1;31mquux[0m
# corge
# [1;31mgrault[0m
# garply
# waldo
# fred
# [1;31mplugh[0m
# xyzzy
# [1;31mthud[0m
# '
# doesn't match '(?ms-xi:^corge$)'
# Failed test 'garply - no match for "u" (full-line mode)'
# at t/04-full-line.t line 51.
# 'foo
# bar
# baz
# [1;31mqux[0m
# [1;31mquux[0m
# corge
# [1;31mgrault[0m
# garply
# waldo
# fred
# [1;31mplugh[0m
# xyzzy
# [1;31mthud[0m
# '
# doesn't match '(?ms-xi:^garply$)'
# Failed test 'waldo - no match for "u" (full-line mode)'
# at t/04-full-line.t line 52.
# 'foo
# bar
# baz
# [1;31mqux[0m
# [1;31mquux[0m
# corge
# [1;31mgrault[0m
# garply
# waldo
# fred
# [1;31mplugh[0m
# xyzzy
# [1;31mthud[0m
# '
# doesn't match '(?ms-xi:^waldo$)'
# Failed test 'fred - no match for "u" (full-line mode)'
# at t/04-full-line.t line 53.
# 'foo
# bar
# baz
# [1;31mqux[0m
# [1;31mquux[0m
# corge
# [1;31mgrault[0m
# garply
# waldo
# fred
# [1;31mplugh[0m
# xyzzy
# [1;31mthud[0m
# '
# doesn't match '(?ms-xi:^fred$)'
# Failed test 'xyzzy - no match for "u" (full-line mode)'
# at t/04-full-line.t line 55.
# 'foo
# bar
# baz
# [1;31mqux[0m
# [1;31mquux[0m
# corge
# [1;31mgrault[0m
# garply
# waldo
# fred
# [1;31mplugh[0m
# xyzzy
# [1;31mthud[0m
# '
# doesn't match '(?ms-xi:^xyzzy$)'
# Looks like you failed 20 tests of 28.
t/04-full-line.t ..........
Dubious, test returned 20 (wstat 5120, 0x1400)
Failed 20/28 subtests
# Failed test 'foo - matched "a" "o"'
# at t/05-nocolors.t line 20.
# 'f[[o]][[o]]
# b<<a>>r
# b<<a>>z
# qux
# quux
# c[[o]]rge
# gr<<a>>ult
# g<<a>>rply
# w<<a>>ld[[o]]
# fred
# plugh
# xyzzy
# thud
# '
# doesn't match '(?ms-xi:^f\[\[o\]\]\[\[o\]\]$)'
# Failed test 'bar - matched "a" "o"'
# at t/05-nocolors.t line 21.
# 'f[[o]][[o]]
# b<<a>>r
# b<<a>>z
# qux
# quux
# c[[o]]rge
# gr<<a>>ult
# g<<a>>rply
# w<<a>>ld[[o]]
# fred
# plugh
# xyzzy
# thud
# '
# doesn't match '(?ms-xi:^b<<a>>r$)'
# Failed test 'baz - matched "a" "o"'
# at t/05-nocolors.t line 22.
# 'f[[o]][[o]]
# b<<a>>r
# b<<a>>z
# qux
# quux
# c[[o]]rge
# gr<<a>>ult
# g<<a>>rply
# w<<a>>ld[[o]]
# fred
# plugh
# xyzzy
# thud
# '
# doesn't match '(?ms-xi:^b<<a>>z$)'
# Failed test 'qux - no match for "a" "o"'
# at t/05-nocolors.t line 23.
# 'f[[o]][[o]]
# b<<a>>r
# b<<a>>z
# qux
# quux
# c[[o]]rge
# gr<<a>>ult
# g<<a>>rply
# w<<a>>ld[[o]]
# fred
# plugh
# xyzzy
# thud
# '
# doesn't match '(?ms-xi:^qux$)'
# Failed test 'quux - no match for "a" "o"'
# at t/05-nocolors.t line 24.
# 'f[[o]][[o]]
# b<<a>>r
# b<<a>>z
# qux
# quux
# c[[o]]rge
# gr<<a>>ult
# g<<a>>rply
# w<<a>>ld[[o]]
# fred
# plugh
# xyzzy
# thud
# '
# doesn't match '(?ms-xi:^quux$)'
# Failed test 'corge - matched "a" "o"'
# at t/05-nocolors.t line 25.
# 'f[[o]][[o]]
# b<<a>>r
# b<<a>>z
# qux
# quux
# c[[o]]rge
# gr<<a>>ult
# g<<a>>rply
# w<<a>>ld[[o]]
# fred
# plugh
# xyzzy
# thud
# '
# doesn't match '(?ms-xi:^c\[\[o\]\]rge$)'
# Failed test 'grault - matched "a" "o"'
# at t/05-nocolors.t line 26.
# 'f[[o]][[o]]
# b<<a>>r
# b<<a>>z
# qux
# quux
# c[[o]]rge
# gr<<a>>ult
# g<<a>>rply
# w<<a>>ld[[o]]
# fred
# plugh
# xyzzy
# thud
# '
# doesn't match '(?ms-xi:^gr<<a>>ult$)'
# Failed test 'garply - matched "a" "o"'
# at t/05-nocolors.t line 27.
# 'f[[o]][[o]]
# b<<a>>r
# b<<a>>z
# qux
# quux
# c[[o]]rge
# gr<<a>>ult
# g<<a>>rply
# w<<a>>ld[[o]]
# fred
# plugh
# xyzzy
# thud
# '
# doesn't match '(?ms-xi:^g<<a>>rply$)'
# Failed test 'waldo - matched "a" "o"'
# at t/05-nocolors.t line 28.
# 'f[[o]][[o]]
# b<<a>>r
# b<<a>>z
# qux
# quux
# c[[o]]rge
# gr<<a>>ult
# g<<a>>rply
# w<<a>>ld[[o]]
# fred
# plugh
# xyzzy
# thud
# '
# doesn't match '(?ms-xi:^w<<a>>ld\[\[o\]\]$)'
# Failed test 'fred - no match for "a" "o"'
# at t/05-nocolors.t line 29.
# 'f[[o]][[o]]
# b<<a>>r
# b<<a>>z
# qux
# quux
# c[[o]]rge
# gr<<a>>ult
# g<<a>>rply
# w<<a>>ld[[o]]
# fred
# plugh
# xyzzy
# thud
# '
# doesn't match '(?ms-xi:^fred$)'
# Failed test 'plugh - no match for "a" "o"'
# at t/05-nocolors.t line 30.
# 'f[[o]][[o]]
# b<<a>>r
# b<<a>>z
# qux
# quux
# c[[o]]rge
# gr<<a>>ult
# g<<a>>rply
# w<<a>>ld[[o]]
# fred
# plugh
# xyzzy
# thud
# '
# doesn't match '(?ms-xi:^plugh$)'
# Failed test 'xyzzy - no match for "a" "o"'
# at t/05-nocolors.t line 31.
# 'f[[o]][[o]]
# b<<a>>r
# b<<a>>z
# qux
# quux
# c[[o]]rge
# gr<<a>>ult
# g<<a>>rply
# w<<a>>ld[[o]]
# fred
# plugh
# xyzzy
# thud
# '
# doesn't match '(?ms-xi:^xyzzy$)'
# Failed test 'foo - matched "a" "o"'
# at t/05-nocolors.t line 49.
# 'f[[o]][[o]]
# b<<a>>r
# b<<a>>z
# qux
# quux
# c[[o]]rge
# gr<<a>>ult
# g<<a>>rply
# w<<a>>ld[[o]]
# fred
# plugh
# xyzzy
# thud
# '
# doesn't match '(?ms-xi:^f\[\[o\]\]\[\[o\]\]$)'
# Failed test 'bar - matched "a" "o"'
# at t/05-nocolors.t line 50.
# 'f[[o]][[o]]
# b<<a>>r
# b<<a>>z
# qux
# quux
# c[[o]]rge
# gr<<a>>ult
# g<<a>>rply
# w<<a>>ld[[o]]
# fred
# plugh
# xyzzy
# thud
# '
# doesn't match '(?ms-xi:^b<<a>>r$)'
# Failed test 'baz - matched "a" "o"'
# at t/05-nocolors.t line 51.
# 'f[[o]][[o]]
# b<<a>>r
# b<<a>>z
# qux
# quux
# c[[o]]rge
# gr<<a>>ult
# g<<a>>rply
# w<<a>>ld[[o]]
# fred
# plugh
# xyzzy
# thud
# '
# doesn't match '(?ms-xi:^b<<a>>z$)'
# Failed test 'qux - no match for "a" "o"'
# at t/05-nocolors.t line 52.
# 'f[[o]][[o]]
# b<<a>>r
# b<<a>>z
# qux
# quux
# c[[o]]rge
# gr<<a>>ult
# g<<a>>rply
# w<<a>>ld[[o]]
# fred
# plugh
# xyzzy
# thud
# '
# doesn't match '(?ms-xi:^qux$)'
# Failed test 'quux - no match for "a" "o"'
# at t/05-nocolors.t line 53.
# 'f[[o]][[o]]
# b<<a>>r
# b<<a>>z
# qux
# quux
# c[[o]]rge
# gr<<a>>ult
# g<<a>>rply
# w<<a>>ld[[o]]
# fred
# plugh
# xyzzy
# thud
# '
# doesn't match '(?ms-xi:^quux$)'
# Failed test 'corge - matched "a" "o"'
# at t/05-nocolors.t line 54.
# 'f[[o]][[o]]
# b<<a>>r
# b<<a>>z
# qux
# quux
# c[[o]]rge
# gr<<a>>ult
# g<<a>>rply
# w<<a>>ld[[o]]
# fred
# plugh
# xyzzy
# thud
# '
# doesn't match '(?ms-xi:^c\[\[o\]\]rge$)'
# Failed test 'grault - matched "a" "o"'
# at t/05-nocolors.t line 55.
# 'f[[o]][[o]]
# b<<a>>r
# b<<a>>z
# qux
# quux
# c[[o]]rge
# gr<<a>>ult
# g<<a>>rply
# w<<a>>ld[[o]]
# fred
# plugh
# xyzzy
# thud
# '
# doesn't match '(?ms-xi:^gr<<a>>ult$)'
# Failed test 'garply - matched "a" "o"'
# at t/05-nocolors.t line 56.
# 'f[[o]][[o]]
# b<<a>>r
# b<<a>>z
# qux
# quux
# c[[o]]rge
# gr<<a>>ult
# g<<a>>rply
# w<<a>>ld[[o]]
# fred
# plugh
# xyzzy
# thud
# '
# doesn't match '(?ms-xi:^g<<a>>rply$)'
# Failed test 'waldo - matched "a" "o"'
# at t/05-nocolors.t line 57.
# 'f[[o]][[o]]
# b<<a>>r
# b<<a>>z
# qux
# quux
# c[[o]]rge
# gr<<a>>ult
# g<<a>>rply
# w<<a>>ld[[o]]
# fred
# plugh
# xyzzy
# thud
# '
# doesn't match '(?ms-xi:^w<<a>>ld\[\[o\]\]$)'
# Failed test 'fred - no match for "a" "o"'
# at t/05-nocolors.t line 58.
# 'f[[o]][[o]]
# b<<a>>r
# b<<a>>z
# qux
# quux
# c[[o]]rge
# gr<<a>>ult
# g<<a>>rply
# w<<a>>ld[[o]]
# fred
# plugh
# xyzzy
# thud
# '
# doesn't match '(?ms-xi:^fred$)'
# Failed test 'plugh - no match for "a" "o"'
# at t/05-nocolors.t line 59.
# 'f[[o]][[o]]
# b<<a>>r
# b<<a>>z
# qux
# quux
# c[[o]]rge
# gr<<a>>ult
# g<<a>>rply
# w<<a>>ld[[o]]
# fred
# plugh
# xyzzy
# thud
# '
# doesn't match '(?ms-xi:^plugh$)'
# Failed test 'xyzzy - no match for "a" "o"'
# at t/05-nocolors.t line 60.
# 'f[[o]][[o]]
# b<<a>>r
# b<<a>>z
# qux
# quux
# c[[o]]rge
# gr<<a>>ult
# g<<a>>rply
# w<<a>>ld[[o]]
# fred
# plugh
# xyzzy
# thud
# '
# doesn't match '(?ms-xi:^xyzzy$)'
# Looks like you failed 24 tests of 29.
t/05-nocolors.t ...........
Dubious, test returned 24 (wstat 6144, 0x1800)
Failed 24/29 subtests
# Failed test '"test" - no bad spaces'
# at t/06-show-bad-spaces.t line 19.
# 'test
# test with spaces
# test with spaces on the end[37;41m [0m
# just spaces on the next line
# [37;41m [0m
# empty line next
#
# end of test
# '
# doesn't match '(?ms-xi:^test$)'
# Failed test '"test with spaces" - no bad spaces'
# at t/06-show-bad-spaces.t line 20.
# 'test
# test with spaces
# test with spaces on the end[37;41m [0m
# just spaces on the next line
# [37;41m [0m
# empty line next
#
# end of test
# '
# doesn't match '(?ms-xi:^test with spaces$)'
# Failed test '"just spaces on the next line" - no bad spaces'
# at t/06-show-bad-spaces.t line 22.
# 'test
# test with spaces
# test with spaces on the end[37;41m [0m
# just spaces on the next line
# [37;41m [0m
# empty line next
#
# end of test
# '
# doesn't match '(?ms-xi:^just spaces on the next line$)'
# Failed test '"empty line next" - no bad spaces'
# at t/06-show-bad-spaces.t line 24.
# 'test
# test with spaces
# test with spaces on the end[37;41m [0m
# just spaces on the next line
# [37;41m [0m
# empty line next
#
# end of test
# '
# doesn't match '(?ms-xi:^empty line next$)'
# Failed test '"test" - no bad spaces'
# at t/06-show-bad-spaces.t line 39.
# 'test
# test with spaces
# test with spaces on the endXXXX
# just spaces on the next line
# XXXXXXXX
# empty line next
#
# end of test
# '
# doesn't match '(?ms-xi:^test$)'
# Failed test '"test with spaces" - no bad spaces'
# at t/06-show-bad-spaces.t line 40.
# 'test
# test with spaces
# test with spaces on the endXXXX
# just spaces on the next line
# XXXXXXXX
# empty line next
#
# end of test
# '
# doesn't match '(?ms-xi:^test with spaces$)'
# Failed test '"test with spaces on the end " - matched bad spaces'
# at t/06-show-bad-spaces.t line 41.
# 'test
# test with spaces
# test with spaces on the endXXXX
# just spaces on the next line
# XXXXXXXX
# empty line next
#
# end of test
# '
# doesn't match '(?ms-xi:^test with spaces on the endXXXX$)'
# Failed test '"just spaces on the next line" - no bad spaces'
# at t/06-show-bad-spaces.t line 42.
# 'test
# test with spaces
# test with spaces on the endXXXX
# just spaces on the next line
# XXXXXXXX
# empty line next
#
# end of test
# '
# doesn't match '(?ms-xi:^just spaces on the next line$)'
# Failed test '" " - matched bad spaces'
# at t/06-show-bad-spaces.t line 43.
# 'test
# test with spaces
# test with spaces on the endXXXX
# just spaces on the next line
# XXXXXXXX
# empty line next
#
# end of test
# '
# doesn't match '(?ms-xi:^XXXXXXXX$)'
# Failed test '"empty line next" - no bad spaces'
# at t/06-show-bad-spaces.t line 44.
# 'test
# test with spaces
# test with spaces on the endXXXX
# just spaces on the next line
# XXXXXXXX
# empty line next
#
# end of test
# '
# doesn't match '(?ms-xi:^empty line next$)'
# Looks like you failed 10 tests of 18.
t/06-show-bad-spaces.t ....
Dubious, test returned 10 (wstat 2560, 0xa00)
Failed 10/18 subtests
t/07-ignore-case.t ........ ok
t/88-version.t ............ ok
t/99-help.t ............... ok
t/release-cpan-changes.t .. skipped: these tests are for release candidate testing
t/release-pod-syntax.t .... skipped: these tests are for release candidate testing
Test Summary Report
-------------------
t/01-basics.t (Wstat: 7168 Tests: 42 Failed: 28)
Failed tests: 1, 4-12, 15, 18-26, 29, 32-35, 37-39
Non-zero exit status: 28
t/02-escaping.t (Wstat: 8192 Tests: 42 Failed: 32)
Failed tests: 1-12, 15-26, 29, 32-33, 35-37, 39-40
Non-zero exit status: 32
t/03-colors.t (Wstat: 5120 Tests: 28 Failed: 20)
Failed tests: 2-8, 10-12, 16-22, 24-26
Non-zero exit status: 20
t/04-full-line.t (Wstat: 5120 Tests: 28 Failed: 20)
Failed tests: 1-12, 15-17, 20, 22-24, 26
Non-zero exit status: 20
t/05-nocolors.t (Wstat: 6144 Tests: 29 Failed: 24)
Failed tests: 1-12, 16-27
Non-zero exit status: 24
t/06-show-bad-spaces.t (Wstat: 2560 Tests: 18 Failed: 10)
Failed tests: 1-2, 4, 6, 10-15
Non-zero exit status: 10
Files=12, Tests=201, 2 wallclock secs ( 0.06 usr 0.06 sys + 1.41 cusr 0.29 csys = 1.82 CPU)
Result: FAIL
Failed 6/12 test programs. 134/201 subtests failed.
Makefile:880: recipe for target 'test_dynamic' failed
make: *** [test_dynamic] Error 255
------------------------------
PREREQUISITES
------------------------------
Prerequisite modules loaded:
requires:
Module Need Have
------------------------- ------- --------
App::Cmd::Simple 0.309 0.331
ExtUtils::MakeMaker 6.55_02 7.36
Getopt::Long 2.39 2.5
Getopt::Long::Descriptive 0.085 0.104
Module::Load 0.18 0.34
Try::Tiny 0.09 0.30
build_requires:
Module Need Have
------------------------- ------- --------
App::Cmd::Tester 0.309 0.331
Test::More 0.92 1.302164
Test::Without::Module 0.17 0.20
configure_requires:
Module Need Have
------------------------- ------- --------
ExtUtils::MakeMaker 6.30 7.36
------------------------------
ENVIRONMENT AND OTHER CONTEXT
------------------------------
Environment variables:
AUTOMATED_TESTING = 1
LANG = en_US.UTF-8
PATH = /home/sand/bin:/usr/local/bin:/usr/local/sbin:/usr/sbin:/usr/bin:/sbin:/bin:/usr/games:/usr/local/games:/usr/local/perl/bin:/usr/X11/bin
PERL5LIB =
PERL5OPT =
PERL5_CPANPLUS_IS_RUNNING = 25636
PERL5_CPAN_IS_RUNNING = 25636
PERL_CANARY_STABILITY_NOPROMPT = 1
PERL_MM_USE_DEFAULT = 1
PERL_USE_UNSAFE_INC = 1
SHELL = /usr/bin/zsh
TERM = screen
Perl special variables (and OS-specific diagnostics, for MSWin32):
$^X = /tmp/basesmoker-reloperl-Q8x_/bin/perl
$UID/$EUID = 1005 / 1005
$GID = 1005 1005
$EGID = 1005 1005
Perl module toolchain versions installed:
Module Have
------------------- --------
CPAN 2.27
CPAN::Meta 2.150010
Cwd 3.75
ExtUtils::CBuilder 0.280231
ExtUtils::Command 7.36
ExtUtils::Install 2.14
ExtUtils::MakeMaker 7.36
ExtUtils::Manifest 1.72
ExtUtils::ParseXS 3.35
File::Spec 3.75
JSON 4.02
JSON::PP 4.02
Module::Build 0.4229
Module::Signature 0.83
Parse::CPAN::Meta 2.150010
Test::Harness 3.42
Test::More 1.302164
YAML 1.29
YAML::Syck 1.31
version 0.9924
--
Summary of my perl5 (revision 5.0 version 8 subversion 3) configuration:
Platform:
osname=linux, osvers=4.15.0-50-generic, archname=x86_64-linux-ld
uname='linux k93bionic 4.15.0-50-generic #54-ubuntu smp mon may 6 18:46:08 utc 2019 x86_64 x86_64 x86_64 gnulinux '
config_args='-Dprefix=/home/sand/src/perl/repoperls/installed-perls/host/k93bionic/perl-5.8.3/94e4 -Dmyhostname=k93bionic -Dinstallusrbinperl=n -Uversiononly -Dusedevel -des -Ui_db -Dlibswanted=cl pthread socket inet nsl gdbm dbm malloc dl ld sun m crypt sec util c cposix posix ucb BSD gdbm_compat -Uuseithreads -Duselongdouble -Doptimize=-g'
hint=recommended, useposix=true, d_sigaction=define
usethreads=undef use5005threads=undef useithreads=undef usemultiplicity=undef
useperlio=define d_sfio=undef uselargefiles=define usesocks=undef
use64bitint=define use64bitall=define uselongdouble=define
usemymalloc=n, bincompat5005=undef
Compiler:
cc='cc', ccflags ='-DDEBUGGING -fno-strict-aliasing -I/usr/local/include -D_LARGEFILE_SOURCE -D_FILE_OFFSET_BITS=64',
optimize='-g',
cppflags='-DDEBUGGING -fno-strict-aliasing -I/usr/local/include'
ccversion='', gccversion='7.4.0', gccosandvers=''
intsize=4, longsize=8, ptrsize=8, doublesize=8, byteorder=12345678
d_longlong=define, longlongsize=8, d_longdbl=define, longdblsize=16
ivtype='long', ivsize=8, nvtype='long double', nvsize=16, Off_t='off_t', lseeksize=8
alignbytes=16, prototype=define
Linker and Libraries:
ld='cc', ldflags =' -L/usr/local/lib'
libpth=/usr/local/lib /lib/x86_64-linux-gnu /lib/../lib /usr/lib/x86_64-linux-gnu /usr/lib/../lib /lib /usr/lib
libs=-lpthread -lnsl -ldl -lm -lcrypt -lutil -lc
perllibs=-lpthread -lnsl -ldl -lm -lcrypt -lutil -lc
libc=libc-2.27.so, so=so, useshrplib=false, libperl=libperl.a
gnulibc_version='2.27'
Dynamic Linking:
dlsrc=dl_dlopen.xs, dlext=so, d_dlsymun=undef, ccdlflags='-rdynamic'
cccdlflags='-fpic', lddlflags='-shared -L/usr/local/lib'
Characteristics of this binary (from libperl):
Compile-time options: DEBUGGING USE_64_BIT_INT USE_64_BIT_ALL USE_LONG_DOUBLE USE_LARGE_FILES
Built under linux
Compiled at Jun 2 2019 06:44:02
%ENV:
PERL5LIB=""
PERL5OPT=""
PERL5_CPANPLUS_IS_RUNNING="25636"
PERL5_CPAN_IS_RUNNING="25636"
PERL_CANARY_STABILITY_NOPROMPT="1"
PERL_MM_USE_DEFAULT="1"
PERL_USE_UNSAFE_INC="1"
@INC:
/home/sand/src/perl/repoperls/installed-perls/host/k93bionic/perl-5.8.3/94e4/lib/5.8.3/x86_64-linux-ld
/home/sand/src/perl/repoperls/installed-perls/host/k93bionic/perl-5.8.3/94e4/lib/5.8.3
/home/sand/src/perl/repoperls/installed-perls/host/k93bionic/perl-5.8.3/94e4/lib/site_perl/5.8.3/x86_64-linux-ld
/home/sand/src/perl/repoperls/installed-perls/host/k93bionic/perl-5.8.3/94e4/lib/site_perl/5.8.3
/home/sand/src/perl/repoperls/installed-perls/host/k93bionic/perl-5.8.3/94e4/lib/site_perl
.