Search-Elasticsearch-Async v6.00 Perl 5 v5.29.8 x86_64-linux-thread-multi

Status
Fail
From
Andreas J. König (ANDK)
Dist
Search-Elasticsearch-Async v6.00
Platform
Perl 5 v5.29.8 x86_64-linux-thread-multi
Date
2019-03-03 02:29:45
ID
3562435a-3d5c-11e9-8d5a-0d04a748dcc8
This distribution has been tested as part of the CPAN Testers
project, supporting the Perl programming language.  See
http://wiki.cpantesters.org/ for more information or email
questions to cpan-testers-discuss@perl.org


--
Dear Clinton Gormley,

This is a computer-generated report for Search-Elasticsearch-Async-6.00
on perl 5.29.8, created by CPAN-Reporter-1.2018.

Thank you for uploading your work to CPAN.  However, there was a problem
testing your distribution.

If you think this report is invalid, please consult the CPAN Testers Wiki
for suggestions on how to avoid getting FAIL reports for missing library
or binary dependencies, unsupported operating systems, and so on:

http://wiki.cpantesters.org/wiki/CPANAuthorNotes

Sections of this report:

    * Tester comments
    * Program output
    * Prerequisites
    * Environment and other context

------------------------------
TESTER COMMENTS
------------------------------

Additional comments from tester:

this report is from an automated smoke testing program
and was not reviewed by a human for accuracy

------------------------------
PROGRAM OUTPUT
------------------------------

Output from '/usr/bin/make test':

PERL_DL_NONLAZY=1 "/home/sand/src/perl/repoperls/installed-perls/host/k93bionic/v5.29.8/7ee9/bin/perl" "-MExtUtils::Command::MM" "-MTest::Harness" "-e" "undef *Test::Harness::Switches; test_harness(0, 'blib/lib', 'blib/arch')" t/*.t t/10_Basic_Async/*.t t/20_Serializer_Async/*.t t/30_Logger_Async/*.t t/40_Transport_Async/*.t t/50_Cxn_Pool_Async/*.t t/60_Cxn_Async/*.t t/Client_6_0_Async/*.t
Log::Any version 1.02 required--this is only version 0.11 at /home/sand/src/perl/repoperls/installed-perls/host/k93bionic/v5.29.8/7ee9/lib/site_perl/5.29.8/Search/Elasticsearch/Logger/LogAny.pm line 8.
BEGIN failed--compilation aborted at /home/sand/src/perl/repoperls/installed-perls/host/k93bionic/v5.29.8/7ee9/lib/site_perl/5.29.8/Search/Elasticsearch/Logger/LogAny.pm line 8.
Compilation failed in require at /home/sand/src/perl/repoperls/installed-perls/host/k93bionic/v5.29.8/7ee9/lib/site_perl/5.29.8/Module/Runtime.pm line 314.
# Tests were run but no plan was declared and done_testing() was not seen.
# Looks like your test exited with 255 just after 1.
t/10_Basic_Async/10_load.t .......................... 
Dubious, test returned 255 (wstat 65280, 0xff00)
All 1 subtests passed 
Log::Any version 1.02 required--this is only version 0.11 at /home/sand/src/perl/repoperls/installed-perls/host/k93bionic/v5.29.8/7ee9/lib/site_perl/5.29.8/Search/Elasticsearch/Logger/LogAny.pm line 8.
BEGIN failed--compilation aborted at /home/sand/src/perl/repoperls/installed-perls/host/k93bionic/v5.29.8/7ee9/lib/site_perl/5.29.8/Search/Elasticsearch/Logger/LogAny.pm line 8.
Compilation failed in require at /home/sand/src/perl/repoperls/installed-perls/host/k93bionic/v5.29.8/7ee9/lib/site_perl/5.29.8/Module/Runtime.pm line 314.
t/20_Serializer_Async/10_load_cpanel.t .............. 
Dubious, test returned 255 (wstat 65280, 0xff00)
No subtests run 
Log::Any version 1.02 required--this is only version 0.11 at /home/sand/src/perl/repoperls/installed-perls/host/k93bionic/v5.29.8/7ee9/lib/site_perl/5.29.8/Search/Elasticsearch/Logger/LogAny.pm line 8.
BEGIN failed--compilation aborted at /home/sand/src/perl/repoperls/installed-perls/host/k93bionic/v5.29.8/7ee9/lib/site_perl/5.29.8/Search/Elasticsearch/Logger/LogAny.pm line 8.
Compilation failed in require at /home/sand/src/perl/repoperls/installed-perls/host/k93bionic/v5.29.8/7ee9/lib/site_perl/5.29.8/Module/Runtime.pm line 314.
t/20_Serializer_Async/11_load_xs.t .................. 
Dubious, test returned 255 (wstat 65280, 0xff00)
No subtests run 
Log::Any version 1.02 required--this is only version 0.11 at /home/sand/src/perl/repoperls/installed-perls/host/k93bionic/v5.29.8/7ee9/lib/site_perl/5.29.8/Search/Elasticsearch/Logger/LogAny.pm line 8.
BEGIN failed--compilation aborted at /home/sand/src/perl/repoperls/installed-perls/host/k93bionic/v5.29.8/7ee9/lib/site_perl/5.29.8/Search/Elasticsearch/Logger/LogAny.pm line 8.
Compilation failed in require at /home/sand/src/perl/repoperls/installed-perls/host/k93bionic/v5.29.8/7ee9/lib/site_perl/5.29.8/Module/Runtime.pm line 314.
t/20_Serializer_Async/12_load_pp.t .................. 
Dubious, test returned 255 (wstat 65280, 0xff00)
No subtests run 
Log::Any version 1.02 required--this is only version 0.11 at /home/sand/src/perl/repoperls/installed-perls/host/k93bionic/v5.29.8/7ee9/lib/site_perl/5.29.8/Search/Elasticsearch/Logger/LogAny.pm line 8.
BEGIN failed--compilation aborted at /home/sand/src/perl/repoperls/installed-perls/host/k93bionic/v5.29.8/7ee9/lib/site_perl/5.29.8/Search/Elasticsearch/Logger/LogAny.pm line 8.
Compilation failed in require at /home/sand/src/perl/repoperls/installed-perls/host/k93bionic/v5.29.8/7ee9/lib/site_perl/5.29.8/Module/Runtime.pm line 314.
t/20_Serializer_Async/13_preload_cpanel.t ........... 
Dubious, test returned 255 (wstat 65280, 0xff00)
No subtests run 
Log::Any version 1.02 required--this is only version 0.11 at /home/sand/src/perl/repoperls/installed-perls/host/k93bionic/v5.29.8/7ee9/lib/site_perl/5.29.8/Search/Elasticsearch/Logger/LogAny.pm line 8.
BEGIN failed--compilation aborted at /home/sand/src/perl/repoperls/installed-perls/host/k93bionic/v5.29.8/7ee9/lib/site_perl/5.29.8/Search/Elasticsearch/Logger/LogAny.pm line 8.
Compilation failed in require at /home/sand/src/perl/repoperls/installed-perls/host/k93bionic/v5.29.8/7ee9/lib/site_perl/5.29.8/Module/Runtime.pm line 314.
t/20_Serializer_Async/14_preload_xs.t ............... 
Dubious, test returned 255 (wstat 65280, 0xff00)
No subtests run 
Log::Any version 1.02 required--this is only version 0.11 at /home/sand/src/perl/repoperls/installed-perls/host/k93bionic/v5.29.8/7ee9/lib/site_perl/5.29.8/Search/Elasticsearch/Logger/LogAny.pm line 8.
BEGIN failed--compilation aborted at /home/sand/src/perl/repoperls/installed-perls/host/k93bionic/v5.29.8/7ee9/lib/site_perl/5.29.8/Search/Elasticsearch/Logger/LogAny.pm line 8.
Compilation failed in require at /home/sand/src/perl/repoperls/installed-perls/host/k93bionic/v5.29.8/7ee9/lib/site_perl/5.29.8/Module/Runtime.pm line 314.
t/20_Serializer_Async/20_xs_encode_decode.t ......... 
Dubious, test returned 255 (wstat 65280, 0xff00)
No subtests run 
Log::Any version 1.02 required--this is only version 0.11 at /home/sand/src/perl/repoperls/installed-perls/host/k93bionic/v5.29.8/7ee9/lib/site_perl/5.29.8/Search/Elasticsearch/Logger/LogAny.pm line 8.
BEGIN failed--compilation aborted at /home/sand/src/perl/repoperls/installed-perls/host/k93bionic/v5.29.8/7ee9/lib/site_perl/5.29.8/Search/Elasticsearch/Logger/LogAny.pm line 8.
Compilation failed in require at /home/sand/src/perl/repoperls/installed-perls/host/k93bionic/v5.29.8/7ee9/lib/site_perl/5.29.8/Module/Runtime.pm line 314.
t/20_Serializer_Async/21_xs_encode_bulk.t ........... 
Dubious, test returned 255 (wstat 65280, 0xff00)
No subtests run 
Log::Any version 1.02 required--this is only version 0.11 at /home/sand/src/perl/repoperls/installed-perls/host/k93bionic/v5.29.8/7ee9/lib/site_perl/5.29.8/Search/Elasticsearch/Logger/LogAny.pm line 8.
BEGIN failed--compilation aborted at /home/sand/src/perl/repoperls/installed-perls/host/k93bionic/v5.29.8/7ee9/lib/site_perl/5.29.8/Search/Elasticsearch/Logger/LogAny.pm line 8.
Compilation failed in require at /home/sand/src/perl/repoperls/installed-perls/host/k93bionic/v5.29.8/7ee9/lib/site_perl/5.29.8/Module/Runtime.pm line 314.
t/20_Serializer_Async/22_xs_encode_pretty.t ......... 
Dubious, test returned 255 (wstat 65280, 0xff00)
No subtests run 
Log::Any version 1.02 required--this is only version 0.11 at /home/sand/src/perl/repoperls/installed-perls/host/k93bionic/v5.29.8/7ee9/lib/site_perl/5.29.8/Search/Elasticsearch/Logger/LogAny.pm line 8.
BEGIN failed--compilation aborted at /home/sand/src/perl/repoperls/installed-perls/host/k93bionic/v5.29.8/7ee9/lib/site_perl/5.29.8/Search/Elasticsearch/Logger/LogAny.pm line 8.
Compilation failed in require at /home/sand/src/perl/repoperls/installed-perls/host/k93bionic/v5.29.8/7ee9/lib/site_perl/5.29.8/Module/Runtime.pm line 314.
t/20_Serializer_Async/30_cpanel_encode_decode.t ..... 
Dubious, test returned 255 (wstat 65280, 0xff00)
No subtests run 
Log::Any version 1.02 required--this is only version 0.11 at /home/sand/src/perl/repoperls/installed-perls/host/k93bionic/v5.29.8/7ee9/lib/site_perl/5.29.8/Search/Elasticsearch/Logger/LogAny.pm line 8.
BEGIN failed--compilation aborted at /home/sand/src/perl/repoperls/installed-perls/host/k93bionic/v5.29.8/7ee9/lib/site_perl/5.29.8/Search/Elasticsearch/Logger/LogAny.pm line 8.
Compilation failed in require at /home/sand/src/perl/repoperls/installed-perls/host/k93bionic/v5.29.8/7ee9/lib/site_perl/5.29.8/Module/Runtime.pm line 314.
t/20_Serializer_Async/31_cpanel_encode_bulk.t ....... 
Dubious, test returned 255 (wstat 65280, 0xff00)
No subtests run 
Log::Any version 1.02 required--this is only version 0.11 at /home/sand/src/perl/repoperls/installed-perls/host/k93bionic/v5.29.8/7ee9/lib/site_perl/5.29.8/Search/Elasticsearch/Logger/LogAny.pm line 8.
BEGIN failed--compilation aborted at /home/sand/src/perl/repoperls/installed-perls/host/k93bionic/v5.29.8/7ee9/lib/site_perl/5.29.8/Search/Elasticsearch/Logger/LogAny.pm line 8.
Compilation failed in require at /home/sand/src/perl/repoperls/installed-perls/host/k93bionic/v5.29.8/7ee9/lib/site_perl/5.29.8/Module/Runtime.pm line 314.
t/20_Serializer_Async/32_cpanel_encode_pretty.t ..... 
Dubious, test returned 255 (wstat 65280, 0xff00)
No subtests run 
Log::Any version 1.02 required--this is only version 0.11 at /home/sand/src/perl/repoperls/installed-perls/host/k93bionic/v5.29.8/7ee9/lib/site_perl/5.29.8/Search/Elasticsearch/Logger/LogAny.pm line 8.
BEGIN failed--compilation aborted at /home/sand/src/perl/repoperls/installed-perls/host/k93bionic/v5.29.8/7ee9/lib/site_perl/5.29.8/Search/Elasticsearch/Logger/LogAny.pm line 8.
Compilation failed in require at /home/sand/src/perl/repoperls/installed-perls/host/k93bionic/v5.29.8/7ee9/lib/site_perl/5.29.8/Module/Runtime.pm line 314.
t/20_Serializer_Async/40_pp_encode_decode.t ......... 
Dubious, test returned 255 (wstat 65280, 0xff00)
No subtests run 
Log::Any version 1.02 required--this is only version 0.11 at /home/sand/src/perl/repoperls/installed-perls/host/k93bionic/v5.29.8/7ee9/lib/site_perl/5.29.8/Search/Elasticsearch/Logger/LogAny.pm line 8.
BEGIN failed--compilation aborted at /home/sand/src/perl/repoperls/installed-perls/host/k93bionic/v5.29.8/7ee9/lib/site_perl/5.29.8/Search/Elasticsearch/Logger/LogAny.pm line 8.
Compilation failed in require at /home/sand/src/perl/repoperls/installed-perls/host/k93bionic/v5.29.8/7ee9/lib/site_perl/5.29.8/Module/Runtime.pm line 314.
t/20_Serializer_Async/41_pp_encode_bulk.t ........... 
Dubious, test returned 255 (wstat 65280, 0xff00)
No subtests run 
Log::Any version 1.02 required--this is only version 0.11 at /home/sand/src/perl/repoperls/installed-perls/host/k93bionic/v5.29.8/7ee9/lib/site_perl/5.29.8/Search/Elasticsearch/Logger/LogAny.pm line 8.
BEGIN failed--compilation aborted at /home/sand/src/perl/repoperls/installed-perls/host/k93bionic/v5.29.8/7ee9/lib/site_perl/5.29.8/Search/Elasticsearch/Logger/LogAny.pm line 8.
Compilation failed in require at /home/sand/src/perl/repoperls/installed-perls/host/k93bionic/v5.29.8/7ee9/lib/site_perl/5.29.8/Module/Runtime.pm line 314.
t/20_Serializer_Async/42_pp_encode_pretty.t ......... 
Dubious, test returned 255 (wstat 65280, 0xff00)
No subtests run 
Log::Any version 1.02 required--this is only version 0.11 at /home/sand/src/perl/repoperls/installed-perls/host/k93bionic/v5.29.8/7ee9/lib/site_perl/5.29.8/Search/Elasticsearch/Logger/LogAny.pm line 8.
BEGIN failed--compilation aborted at /home/sand/src/perl/repoperls/installed-perls/host/k93bionic/v5.29.8/7ee9/lib/site_perl/5.29.8/Search/Elasticsearch/Logger/LogAny.pm line 8.
Compilation failed in require at /home/sand/src/perl/repoperls/installed-perls/host/k93bionic/v5.29.8/7ee9/lib/site_perl/5.29.8/Module/Runtime.pm line 314.
t/30_Logger_Async/10_explicit.t ..................... 
Dubious, test returned 255 (wstat 65280, 0xff00)
No subtests run 
Can't locate object method "_manager" via package "Log::Any" at /home/sand/src/perl/repoperls/installed-perls/host/k93bionic/v5.29.8/7ee9/lib/site_perl/5.29.8/Log/Any/Adapter.pm line 20.
t/30_Logger_Async/20_implicit.t ..................... 
Dubious, test returned 255 (wstat 65280, 0xff00)
No subtests run 
Can't locate object method "_manager" via package "Log::Any" at /home/sand/src/perl/repoperls/installed-perls/host/k93bionic/v5.29.8/7ee9/lib/site_perl/5.29.8/Log/Any/Adapter.pm line 20.
t/30_Logger_Async/30_log_methods.t .................. 
Dubious, test returned 255 (wstat 65280, 0xff00)
No subtests run 
Can't locate object method "_manager" via package "Log::Any" at /home/sand/src/perl/repoperls/installed-perls/host/k93bionic/v5.29.8/7ee9/lib/site_perl/5.29.8/Log/Any/Adapter.pm line 20.
t/30_Logger_Async/40_trace_request.t ................ 
Dubious, test returned 255 (wstat 65280, 0xff00)
No subtests run 
Can't locate object method "_manager" via package "Log::Any" at /home/sand/src/perl/repoperls/installed-perls/host/k93bionic/v5.29.8/7ee9/lib/site_perl/5.29.8/Log/Any/Adapter.pm line 20.
t/30_Logger_Async/50_trace_response.t ............... 
Dubious, test returned 255 (wstat 65280, 0xff00)
No subtests run 
Can't locate object method "_manager" via package "Log::Any" at /home/sand/src/perl/repoperls/installed-perls/host/k93bionic/v5.29.8/7ee9/lib/site_perl/5.29.8/Log/Any/Adapter.pm line 20.
t/30_Logger_Async/60_trace_error.t .................. 
Dubious, test returned 255 (wstat 65280, 0xff00)
No subtests run 
Can't locate object method "_manager" via package "Log::Any" at /home/sand/src/perl/repoperls/installed-perls/host/k93bionic/v5.29.8/7ee9/lib/site_perl/5.29.8/Log/Any/Adapter.pm line 20.
t/30_Logger_Async/70_trace_comment.t ................ 
Dubious, test returned 255 (wstat 65280, 0xff00)
No subtests run 
Can't locate object method "_manager" via package "Log::Any" at /home/sand/src/perl/repoperls/installed-perls/host/k93bionic/v5.29.8/7ee9/lib/site_perl/5.29.8/Log/Any/Adapter.pm line 20.
t/30_Logger_Async/80_deprecation_methods.t .......... 
Dubious, test returned 255 (wstat 65280, 0xff00)
No subtests run 
Log::Any version 1.02 required--this is only version 0.11 at /home/sand/src/perl/repoperls/installed-perls/host/k93bionic/v5.29.8/7ee9/lib/site_perl/5.29.8/Search/Elasticsearch/Logger/LogAny.pm line 8.
BEGIN failed--compilation aborted at /home/sand/src/perl/repoperls/installed-perls/host/k93bionic/v5.29.8/7ee9/lib/site_perl/5.29.8/Search/Elasticsearch/Logger/LogAny.pm line 8.
Compilation failed in require at /home/sand/src/perl/repoperls/installed-perls/host/k93bionic/v5.29.8/7ee9/lib/site_perl/5.29.8/Module/Runtime.pm line 314.
t/40_Transport_Async/10_tidy_request.t .............. 
Dubious, test returned 255 (wstat 65280, 0xff00)
No subtests run 
Log::Any version 1.02 required--this is only version 0.11 at /home/sand/src/perl/repoperls/installed-perls/host/k93bionic/v5.29.8/7ee9/lib/site_perl/5.29.8/Search/Elasticsearch/Logger/LogAny.pm line 8.
BEGIN failed--compilation aborted at /home/sand/src/perl/repoperls/installed-perls/host/k93bionic/v5.29.8/7ee9/lib/site_perl/5.29.8/Search/Elasticsearch/Logger/LogAny.pm line 8.
Compilation failed in require at /home/sand/src/perl/repoperls/installed-perls/host/k93bionic/v5.29.8/7ee9/lib/site_perl/5.29.8/Module/Runtime.pm line 314.
t/40_Transport_Async/20_send_body_as.t .............. 
Dubious, test returned 255 (wstat 65280, 0xff00)
No subtests run 
Log::Any version 1.02 required--this is only version 0.11 at /home/sand/src/perl/repoperls/installed-perls/host/k93bionic/v5.29.8/7ee9/lib/site_perl/5.29.8/Search/Elasticsearch/Logger/LogAny.pm line 8.
BEGIN failed--compilation aborted at /home/sand/src/perl/repoperls/installed-perls/host/k93bionic/v5.29.8/7ee9/lib/site_perl/5.29.8/Search/Elasticsearch/Logger/LogAny.pm line 8.
Compilation failed in require at /home/sand/src/perl/repoperls/installed-perls/host/k93bionic/v5.29.8/7ee9/lib/site_perl/5.29.8/Module/Runtime.pm line 314.
t/40_Transport_Async/30_perform_request.t ........... 
Dubious, test returned 255 (wstat 65280, 0xff00)
No subtests run 
Log::Any version 1.02 required--this is only version 0.11 at /home/sand/src/perl/repoperls/installed-perls/host/k93bionic/v5.29.8/7ee9/lib/site_perl/5.29.8/Search/Elasticsearch/Logger/LogAny.pm line 8.
BEGIN failed--compilation aborted at /home/sand/src/perl/repoperls/installed-perls/host/k93bionic/v5.29.8/7ee9/lib/site_perl/5.29.8/Search/Elasticsearch/Logger/LogAny.pm line 8.
Compilation failed in require at /home/sand/src/perl/repoperls/installed-perls/host/k93bionic/v5.29.8/7ee9/lib/site_perl/5.29.8/Module/Runtime.pm line 314.
t/50_Cxn_Pool_Async/10_static_normal.t .............. 
Dubious, test returned 255 (wstat 65280, 0xff00)
No subtests run 
Log::Any version 1.02 required--this is only version 0.11 at /home/sand/src/perl/repoperls/installed-perls/host/k93bionic/v5.29.8/7ee9/lib/site_perl/5.29.8/Search/Elasticsearch/Logger/LogAny.pm line 8.
BEGIN failed--compilation aborted at /home/sand/src/perl/repoperls/installed-perls/host/k93bionic/v5.29.8/7ee9/lib/site_perl/5.29.8/Search/Elasticsearch/Logger/LogAny.pm line 8.
Compilation failed in require at /home/sand/src/perl/repoperls/installed-perls/host/k93bionic/v5.29.8/7ee9/lib/site_perl/5.29.8/Module/Runtime.pm line 314.
t/50_Cxn_Pool_Async/11_static_node_missing.t ........ 
Dubious, test returned 255 (wstat 65280, 0xff00)
No subtests run 
Log::Any version 1.02 required--this is only version 0.11 at /home/sand/src/perl/repoperls/installed-perls/host/k93bionic/v5.29.8/7ee9/lib/site_perl/5.29.8/Search/Elasticsearch/Logger/LogAny.pm line 8.
BEGIN failed--compilation aborted at /home/sand/src/perl/repoperls/installed-perls/host/k93bionic/v5.29.8/7ee9/lib/site_perl/5.29.8/Search/Elasticsearch/Logger/LogAny.pm line 8.
Compilation failed in require at /home/sand/src/perl/repoperls/installed-perls/host/k93bionic/v5.29.8/7ee9/lib/site_perl/5.29.8/Module/Runtime.pm line 314.
t/50_Cxn_Pool_Async/12_static_node_fails.t .......... 
Dubious, test returned 255 (wstat 65280, 0xff00)
No subtests run 
Log::Any version 1.02 required--this is only version 0.11 at /home/sand/src/perl/repoperls/installed-perls/host/k93bionic/v5.29.8/7ee9/lib/site_perl/5.29.8/Search/Elasticsearch/Logger/LogAny.pm line 8.
BEGIN failed--compilation aborted at /home/sand/src/perl/repoperls/installed-perls/host/k93bionic/v5.29.8/7ee9/lib/site_perl/5.29.8/Search/Elasticsearch/Logger/LogAny.pm line 8.
Compilation failed in require at /home/sand/src/perl/repoperls/installed-perls/host/k93bionic/v5.29.8/7ee9/lib/site_perl/5.29.8/Module/Runtime.pm line 314.
t/50_Cxn_Pool_Async/13_static_node_timesout.t ....... 
Dubious, test returned 255 (wstat 65280, 0xff00)
No subtests run 
Log::Any version 1.02 required--this is only version 0.11 at /home/sand/src/perl/repoperls/installed-perls/host/k93bionic/v5.29.8/7ee9/lib/site_perl/5.29.8/Search/Elasticsearch/Logger/LogAny.pm line 8.
BEGIN failed--compilation aborted at /home/sand/src/perl/repoperls/installed-perls/host/k93bionic/v5.29.8/7ee9/lib/site_perl/5.29.8/Search/Elasticsearch/Logger/LogAny.pm line 8.
Compilation failed in require at /home/sand/src/perl/repoperls/installed-perls/host/k93bionic/v5.29.8/7ee9/lib/site_perl/5.29.8/Module/Runtime.pm line 314.
t/50_Cxn_Pool_Async/14_static_both_nodes_timeout.t .. 
Dubious, test returned 255 (wstat 65280, 0xff00)
No subtests run 
Log::Any version 1.02 required--this is only version 0.11 at /home/sand/src/perl/repoperls/installed-perls/host/k93bionic/v5.29.8/7ee9/lib/site_perl/5.29.8/Search/Elasticsearch/Logger/LogAny.pm line 8.
BEGIN failed--compilation aborted at /home/sand/src/perl/repoperls/installed-perls/host/k93bionic/v5.29.8/7ee9/lib/site_perl/5.29.8/Search/Elasticsearch/Logger/LogAny.pm line 8.
Compilation failed in require at /home/sand/src/perl/repoperls/installed-perls/host/k93bionic/v5.29.8/7ee9/lib/site_perl/5.29.8/Module/Runtime.pm line 314.
t/50_Cxn_Pool_Async/15_static_both_nodes_fail.t ..... 
Dubious, test returned 255 (wstat 65280, 0xff00)
No subtests run 
Log::Any version 1.02 required--this is only version 0.11 at /home/sand/src/perl/repoperls/installed-perls/host/k93bionic/v5.29.8/7ee9/lib/site_perl/5.29.8/Search/Elasticsearch/Logger/LogAny.pm line 8.
BEGIN failed--compilation aborted at /home/sand/src/perl/repoperls/installed-perls/host/k93bionic/v5.29.8/7ee9/lib/site_perl/5.29.8/Search/Elasticsearch/Logger/LogAny.pm line 8.
Compilation failed in require at /home/sand/src/perl/repoperls/installed-perls/host/k93bionic/v5.29.8/7ee9/lib/site_perl/5.29.8/Module/Runtime.pm line 314.
t/50_Cxn_Pool_Async/16_static_nodes_starting.t ...... 
Dubious, test returned 255 (wstat 65280, 0xff00)
No subtests run 
Log::Any version 1.02 required--this is only version 0.11 at /home/sand/src/perl/repoperls/installed-perls/host/k93bionic/v5.29.8/7ee9/lib/site_perl/5.29.8/Search/Elasticsearch/Logger/LogAny.pm line 8.
BEGIN failed--compilation aborted at /home/sand/src/perl/repoperls/installed-perls/host/k93bionic/v5.29.8/7ee9/lib/site_perl/5.29.8/Search/Elasticsearch/Logger/LogAny.pm line 8.
Compilation failed in require at /home/sand/src/perl/repoperls/installed-perls/host/k93bionic/v5.29.8/7ee9/lib/site_perl/5.29.8/Module/Runtime.pm line 314.
t/50_Cxn_Pool_Async/17_static_runaway_nodes.t ....... 
Dubious, test returned 255 (wstat 65280, 0xff00)
No subtests run 
Log::Any version 1.02 required--this is only version 0.11 at /home/sand/src/perl/repoperls/installed-perls/host/k93bionic/v5.29.8/7ee9/lib/site_perl/5.29.8/Search/Elasticsearch/Logger/LogAny.pm line 8.
BEGIN failed--compilation aborted at /home/sand/src/perl/repoperls/installed-perls/host/k93bionic/v5.29.8/7ee9/lib/site_perl/5.29.8/Search/Elasticsearch/Logger/LogAny.pm line 8.
Compilation failed in require at /home/sand/src/perl/repoperls/installed-perls/host/k93bionic/v5.29.8/7ee9/lib/site_perl/5.29.8/Module/Runtime.pm line 314.
t/50_Cxn_Pool_Async/30_sniff_normal.t ............... 
Dubious, test returned 255 (wstat 65280, 0xff00)
No subtests run 
Log::Any version 1.02 required--this is only version 0.11 at /home/sand/src/perl/repoperls/installed-perls/host/k93bionic/v5.29.8/7ee9/lib/site_perl/5.29.8/Search/Elasticsearch/Logger/LogAny.pm line 8.
BEGIN failed--compilation aborted at /home/sand/src/perl/repoperls/installed-perls/host/k93bionic/v5.29.8/7ee9/lib/site_perl/5.29.8/Search/Elasticsearch/Logger/LogAny.pm line 8.
Compilation failed in require at /home/sand/src/perl/repoperls/installed-perls/host/k93bionic/v5.29.8/7ee9/lib/site_perl/5.29.8/Module/Runtime.pm line 314.
t/50_Cxn_Pool_Async/31_sniff_new_nodes.t ............ 
Dubious, test returned 255 (wstat 65280, 0xff00)
No subtests run 
Log::Any version 1.02 required--this is only version 0.11 at /home/sand/src/perl/repoperls/installed-perls/host/k93bionic/v5.29.8/7ee9/lib/site_perl/5.29.8/Search/Elasticsearch/Logger/LogAny.pm line 8.
BEGIN failed--compilation aborted at /home/sand/src/perl/repoperls/installed-perls/host/k93bionic/v5.29.8/7ee9/lib/site_perl/5.29.8/Search/Elasticsearch/Logger/LogAny.pm line 8.
Compilation failed in require at /home/sand/src/perl/repoperls/installed-perls/host/k93bionic/v5.29.8/7ee9/lib/site_perl/5.29.8/Module/Runtime.pm line 314.
t/50_Cxn_Pool_Async/32_sniff_node_fails.t ........... 
Dubious, test returned 255 (wstat 65280, 0xff00)
No subtests run 
Log::Any version 1.02 required--this is only version 0.11 at /home/sand/src/perl/repoperls/installed-perls/host/k93bionic/v5.29.8/7ee9/lib/site_perl/5.29.8/Search/Elasticsearch/Logger/LogAny.pm line 8.
BEGIN failed--compilation aborted at /home/sand/src/perl/repoperls/installed-perls/host/k93bionic/v5.29.8/7ee9/lib/site_perl/5.29.8/Search/Elasticsearch/Logger/LogAny.pm line 8.
Compilation failed in require at /home/sand/src/perl/repoperls/installed-perls/host/k93bionic/v5.29.8/7ee9/lib/site_perl/5.29.8/Module/Runtime.pm line 314.
t/50_Cxn_Pool_Async/33_sniff_both_nodes_fail.t ...... 
Dubious, test returned 255 (wstat 65280, 0xff00)
No subtests run 
Log::Any version 1.02 required--this is only version 0.11 at /home/sand/src/perl/repoperls/installed-perls/host/k93bionic/v5.29.8/7ee9/lib/site_perl/5.29.8/Search/Elasticsearch/Logger/LogAny.pm line 8.
BEGIN failed--compilation aborted at /home/sand/src/perl/repoperls/installed-perls/host/k93bionic/v5.29.8/7ee9/lib/site_perl/5.29.8/Search/Elasticsearch/Logger/LogAny.pm line 8.
Compilation failed in require at /home/sand/src/perl/repoperls/installed-perls/host/k93bionic/v5.29.8/7ee9/lib/site_perl/5.29.8/Module/Runtime.pm line 314.
t/50_Cxn_Pool_Async/34_sniff_node_timeout.t ......... 
Dubious, test returned 255 (wstat 65280, 0xff00)
No subtests run 
Log::Any version 1.02 required--this is only version 0.11 at /home/sand/src/perl/repoperls/installed-perls/host/k93bionic/v5.29.8/7ee9/lib/site_perl/5.29.8/Search/Elasticsearch/Logger/LogAny.pm line 8.
BEGIN failed--compilation aborted at /home/sand/src/perl/repoperls/installed-perls/host/k93bionic/v5.29.8/7ee9/lib/site_perl/5.29.8/Search/Elasticsearch/Logger/LogAny.pm line 8.
Compilation failed in require at /home/sand/src/perl/repoperls/installed-perls/host/k93bionic/v5.29.8/7ee9/lib/site_perl/5.29.8/Module/Runtime.pm line 314.
t/50_Cxn_Pool_Async/35_sniff_both_nodes_timeout.t ... 
Dubious, test returned 255 (wstat 65280, 0xff00)
No subtests run 
Log::Any version 1.02 required--this is only version 0.11 at /home/sand/src/perl/repoperls/installed-perls/host/k93bionic/v5.29.8/7ee9/lib/site_perl/5.29.8/Search/Elasticsearch/Logger/LogAny.pm line 8.
BEGIN failed--compilation aborted at /home/sand/src/perl/repoperls/installed-perls/host/k93bionic/v5.29.8/7ee9/lib/site_perl/5.29.8/Search/Elasticsearch/Logger/LogAny.pm line 8.
Compilation failed in require at /home/sand/src/perl/repoperls/installed-perls/host/k93bionic/v5.29.8/7ee9/lib/site_perl/5.29.8/Module/Runtime.pm line 314.
t/50_Cxn_Pool_Async/36_sniff_nodes_starting.t ....... 
Dubious, test returned 255 (wstat 65280, 0xff00)
No subtests run 
Log::Any version 1.02 required--this is only version 0.11 at /home/sand/src/perl/repoperls/installed-perls/host/k93bionic/v5.29.8/7ee9/lib/site_perl/5.29.8/Search/Elasticsearch/Logger/LogAny.pm line 8.
BEGIN failed--compilation aborted at /home/sand/src/perl/repoperls/installed-perls/host/k93bionic/v5.29.8/7ee9/lib/site_perl/5.29.8/Search/Elasticsearch/Logger/LogAny.pm line 8.
Compilation failed in require at /home/sand/src/perl/repoperls/installed-perls/host/k93bionic/v5.29.8/7ee9/lib/site_perl/5.29.8/Module/Runtime.pm line 314.
t/50_Cxn_Pool_Async/37_sniff_runaway_nodes.t ........ 
Dubious, test returned 255 (wstat 65280, 0xff00)
No subtests run 
Log::Any version 1.02 required--this is only version 0.11 at /home/sand/src/perl/repoperls/installed-perls/host/k93bionic/v5.29.8/7ee9/lib/site_perl/5.29.8/Search/Elasticsearch/Logger/LogAny.pm line 8.
BEGIN failed--compilation aborted at /home/sand/src/perl/repoperls/installed-perls/host/k93bionic/v5.29.8/7ee9/lib/site_perl/5.29.8/Search/Elasticsearch/Logger/LogAny.pm line 8.
Compilation failed in require at /home/sand/src/perl/repoperls/installed-perls/host/k93bionic/v5.29.8/7ee9/lib/site_perl/5.29.8/Module/Runtime.pm line 314.
t/50_Cxn_Pool_Async/38_bad_sniff.t .................. 
Dubious, test returned 255 (wstat 65280, 0xff00)
No subtests run 
Log::Any version 1.02 required--this is only version 0.11 at /home/sand/src/perl/repoperls/installed-perls/host/k93bionic/v5.29.8/7ee9/lib/site_perl/5.29.8/Search/Elasticsearch/Logger/LogAny.pm line 8.
BEGIN failed--compilation aborted at /home/sand/src/perl/repoperls/installed-perls/host/k93bionic/v5.29.8/7ee9/lib/site_perl/5.29.8/Search/Elasticsearch/Logger/LogAny.pm line 8.
Compilation failed in require at /home/sand/src/perl/repoperls/installed-perls/host/k93bionic/v5.29.8/7ee9/lib/site_perl/5.29.8/Module/Runtime.pm line 314.
t/50_Cxn_Pool_Async/39_sniff_max_content.t .......... 
Dubious, test returned 255 (wstat 65280, 0xff00)
No subtests run 
Log::Any version 1.02 required--this is only version 0.11 at /home/sand/src/perl/repoperls/installed-perls/host/k93bionic/v5.29.8/7ee9/lib/site_perl/5.29.8/Search/Elasticsearch/Logger/LogAny.pm line 8.
BEGIN failed--compilation aborted at /home/sand/src/perl/repoperls/installed-perls/host/k93bionic/v5.29.8/7ee9/lib/site_perl/5.29.8/Search/Elasticsearch/Logger/LogAny.pm line 8.
Compilation failed in require at /home/sand/src/perl/repoperls/installed-perls/host/k93bionic/v5.29.8/7ee9/lib/site_perl/5.29.8/Module/Runtime.pm line 314.
t/50_Cxn_Pool_Async/40_sniff_extract_host.t ......... 
Dubious, test returned 255 (wstat 65280, 0xff00)
No subtests run 
Log::Any version 1.02 required--this is only version 0.11 at /home/sand/src/perl/repoperls/installed-perls/host/k93bionic/v5.29.8/7ee9/lib/site_perl/5.29.8/Search/Elasticsearch/Logger/LogAny.pm line 8.
BEGIN failed--compilation aborted at /home/sand/src/perl/repoperls/installed-perls/host/k93bionic/v5.29.8/7ee9/lib/site_perl/5.29.8/Search/Elasticsearch/Logger/LogAny.pm line 8.
Compilation failed in require at /home/sand/src/perl/repoperls/installed-perls/host/k93bionic/v5.29.8/7ee9/lib/site_perl/5.29.8/Module/Runtime.pm line 314.
t/50_Cxn_Pool_Async/50_noping_normal.t .............. 
Dubious, test returned 255 (wstat 65280, 0xff00)
No subtests run 
Log::Any version 1.02 required--this is only version 0.11 at /home/sand/src/perl/repoperls/installed-perls/host/k93bionic/v5.29.8/7ee9/lib/site_perl/5.29.8/Search/Elasticsearch/Logger/LogAny.pm line 8.
BEGIN failed--compilation aborted at /home/sand/src/perl/repoperls/installed-perls/host/k93bionic/v5.29.8/7ee9/lib/site_perl/5.29.8/Search/Elasticsearch/Logger/LogAny.pm line 8.
Compilation failed in require at /home/sand/src/perl/repoperls/installed-perls/host/k93bionic/v5.29.8/7ee9/lib/site_perl/5.29.8/Module/Runtime.pm line 314.
t/50_Cxn_Pool_Async/51_noping_node_fails.t .......... 
Dubious, test returned 255 (wstat 65280, 0xff00)
No subtests run 
Log::Any version 1.02 required--this is only version 0.11 at /home/sand/src/perl/repoperls/installed-perls/host/k93bionic/v5.29.8/7ee9/lib/site_perl/5.29.8/Search/Elasticsearch/Logger/LogAny.pm line 8.
BEGIN failed--compilation aborted at /home/sand/src/perl/repoperls/installed-perls/host/k93bionic/v5.29.8/7ee9/lib/site_perl/5.29.8/Search/Elasticsearch/Logger/LogAny.pm line 8.
Compilation failed in require at /home/sand/src/perl/repoperls/installed-perls/host/k93bionic/v5.29.8/7ee9/lib/site_perl/5.29.8/Module/Runtime.pm line 314.
t/50_Cxn_Pool_Async/52_noping_node_timesout.t ....... 
Dubious, test returned 255 (wstat 65280, 0xff00)
No subtests run 
Log::Any version 1.02 required--this is only version 0.11 at /home/sand/src/perl/repoperls/installed-perls/host/k93bionic/v5.29.8/7ee9/lib/site_perl/5.29.8/Search/Elasticsearch/Logger/LogAny.pm line 8.
BEGIN failed--compilation aborted at /home/sand/src/perl/repoperls/installed-perls/host/k93bionic/v5.29.8/7ee9/lib/site_perl/5.29.8/Search/Elasticsearch/Logger/LogAny.pm line 8.
Compilation failed in require at /home/sand/src/perl/repoperls/installed-perls/host/k93bionic/v5.29.8/7ee9/lib/site_perl/5.29.8/Module/Runtime.pm line 314.
t/50_Cxn_Pool_Async/53_noping_all_nodes_fail.t ...... 
Dubious, test returned 255 (wstat 65280, 0xff00)
No subtests run 
Log::Any version 1.02 required--this is only version 0.11 at /home/sand/src/perl/repoperls/installed-perls/host/k93bionic/v5.29.8/7ee9/lib/site_perl/5.29.8/Search/Elasticsearch/Logger/LogAny.pm line 8.
BEGIN failed--compilation aborted at /home/sand/src/perl/repoperls/installed-perls/host/k93bionic/v5.29.8/7ee9/lib/site_perl/5.29.8/Search/Elasticsearch/Logger/LogAny.pm line 8.
Compilation failed in require at /home/sand/src/perl/repoperls/installed-perls/host/k93bionic/v5.29.8/7ee9/lib/site_perl/5.29.8/Module/Runtime.pm line 314.
t/50_Cxn_Pool_Async/54_noping_nodes_starting.t ...... 
Dubious, test returned 255 (wstat 65280, 0xff00)
No subtests run 
Log::Any version 1.02 required--this is only version 0.11 at /home/sand/src/perl/repoperls/installed-perls/host/k93bionic/v5.29.8/7ee9/lib/site_perl/5.29.8/Search/Elasticsearch/Logger/LogAny.pm line 8.
BEGIN failed--compilation aborted at /home/sand/src/perl/repoperls/installed-perls/host/k93bionic/v5.29.8/7ee9/lib/site_perl/5.29.8/Search/Elasticsearch/Logger/LogAny.pm line 8.
Compilation failed in require at /home/sand/src/perl/repoperls/installed-perls/host/k93bionic/v5.29.8/7ee9/lib/site_perl/5.29.8/Module/Runtime.pm line 314.
t/50_Cxn_Pool_Async/55_noping_runaway_nodes.t ....... 
Dubious, test returned 255 (wstat 65280, 0xff00)
No subtests run 
Log::Any version 1.02 required--this is only version 0.11 at /home/sand/src/perl/repoperls/installed-perls/host/k93bionic/v5.29.8/7ee9/lib/site_perl/5.29.8/Search/Elasticsearch/Logger/LogAny.pm line 8.
BEGIN failed--compilation aborted at /home/sand/src/perl/repoperls/installed-perls/host/k93bionic/v5.29.8/7ee9/lib/site_perl/5.29.8/Search/Elasticsearch/Logger/LogAny.pm line 8.
Compilation failed in require at /home/sand/src/perl/repoperls/installed-perls/host/k93bionic/v5.29.8/7ee9/lib/site_perl/5.29.8/Module/Runtime.pm line 314.
t/50_Cxn_Pool_Async/56_max_retries.t ................ 
Dubious, test returned 255 (wstat 65280, 0xff00)
No subtests run 
Log::Any version 1.02 required--this is only version 0.11 at /home/sand/src/perl/repoperls/installed-perls/host/k93bionic/v5.29.8/7ee9/lib/site_perl/5.29.8/Search/Elasticsearch/Logger/LogAny.pm line 8.
BEGIN failed--compilation aborted at /home/sand/src/perl/repoperls/installed-perls/host/k93bionic/v5.29.8/7ee9/lib/site_perl/5.29.8/Search/Elasticsearch/Logger/LogAny.pm line 8.
Compilation failed in require at /home/sand/src/perl/repoperls/installed-perls/host/k93bionic/v5.29.8/7ee9/lib/site_perl/5.29.8/Module/Runtime.pm line 314.
t/60_Cxn_Async/10_basic.t ........................... 
Dubious, test returned 255 (wstat 65280, 0xff00)
No subtests run 
Log::Any version 1.02 required--this is only version 0.11 at /home/sand/src/perl/repoperls/installed-perls/host/k93bionic/v5.29.8/7ee9/lib/site_perl/5.29.8/Search/Elasticsearch/Logger/LogAny.pm line 8.
BEGIN failed--compilation aborted at /home/sand/src/perl/repoperls/installed-perls/host/k93bionic/v5.29.8/7ee9/lib/site_perl/5.29.8/Search/Elasticsearch/Logger/LogAny.pm line 8.
Compilation failed in require at /home/sand/src/perl/repoperls/installed-perls/host/k93bionic/v5.29.8/7ee9/lib/site_perl/5.29.8/Module/Runtime.pm line 314.
t/60_Cxn_Async/20_process_response.t ................ 
Dubious, test returned 255 (wstat 65280, 0xff00)
No subtests run 
Log::Any version 1.02 required--this is only version 0.11 at /home/sand/src/perl/repoperls/installed-perls/host/k93bionic/v5.29.8/7ee9/lib/site_perl/5.29.8/Search/Elasticsearch/Logger/LogAny.pm line 8.
BEGIN failed--compilation aborted at /home/sand/src/perl/repoperls/installed-perls/host/k93bionic/v5.29.8/7ee9/lib/site_perl/5.29.8/Search/Elasticsearch/Logger/LogAny.pm line 8.
Compilation failed in require at /home/sand/src/perl/repoperls/installed-perls/host/k93bionic/v5.29.8/7ee9/lib/site_perl/5.29.8/Module/Runtime.pm line 314.
t/60_Cxn_Async/30_http.t ............................ 
Dubious, test returned 255 (wstat 65280, 0xff00)
No subtests run 
t/author-eol.t ...................................... skipped: these tests are for testing by the author
t/author-no-tabs.t .................................. skipped: these tests are for testing by the author
t/author-pod-syntax.t ............................... skipped: these tests are for testing by the author
t/Client_6_0_Async/00_print_version.t ............... skipped: No Elasticsearch test node available
t/Client_6_0_Async/10_live.t ........................ skipped: No Elasticsearch test node available
t/Client_6_0_Async/15_conflict.t .................... skipped: No Elasticsearch test node available
t/Client_6_0_Async/20_fork_aehttp.t ................. skipped: No Elasticsearch test node available
t/Client_6_0_Async/21_fork_mojo.t ................... skipped: No Elasticsearch test node available
t/Client_6_0_Async/30_bulk_add_action.t ............. skipped: No Elasticsearch test node available
t/Client_6_0_Async/31_bulk_helpers.t ................ skipped: No Elasticsearch test node available
t/Client_6_0_Async/32_bulk_flush.t .................. skipped: No Elasticsearch test node available
t/Client_6_0_Async/33_bulk_errors.t ................. skipped: No Elasticsearch test node available
# Log::Any version 1.02 required--this is only version 0.11 at /home/sand/src/perl/repoperls/installed-perls/host/k93bionic/v5.29.8/7ee9/lib/site_perl/5.29.8/Search/Elasticsearch/Logger/LogAny.pm line 8.
# BEGIN failed--compilation aborted at /home/sand/src/perl/repoperls/installed-perls/host/k93bionic/v5.29.8/7ee9/lib/site_perl/5.29.8/Search/Elasticsearch/Logger/LogAny.pm line 8.
# Compilation failed in require at /home/sand/src/perl/repoperls/installed-perls/host/k93bionic/v5.29.8/7ee9/lib/site_perl/5.29.8/Module/Runtime.pm line 314.
t/Client_6_0_Async/34_bulk_cxn_errors.t ............. skipped: No Elasticsearch test node available
t/Client_6_0_Async/40_scroll.t ...................... skipped: No Elasticsearch test node available
t/Client_6_0_Async/60_auth_aehttp.t ................. skipped: AEHTTP - No https server specified in ES_SSL
t/Client_6_0_Async/61_auth_mojo.t ................... skipped: Mojo - No https server specified in ES_SSL

Test Summary Report
-------------------
t/10_Basic_Async/10_load.t                        (Wstat: 65280 Tests: 1 Failed: 0)
  Non-zero exit status: 255
  Parse errors: No plan found in TAP output
t/20_Serializer_Async/10_load_cpanel.t            (Wstat: 65280 Tests: 0 Failed: 0)
  Non-zero exit status: 255
  Parse errors: No plan found in TAP output
t/20_Serializer_Async/11_load_xs.t                (Wstat: 65280 Tests: 0 Failed: 0)
  Non-zero exit status: 255
  Parse errors: No plan found in TAP output
t/20_Serializer_Async/12_load_pp.t                (Wstat: 65280 Tests: 0 Failed: 0)
  Non-zero exit status: 255
  Parse errors: No plan found in TAP output
t/20_Serializer_Async/13_preload_cpanel.t         (Wstat: 65280 Tests: 0 Failed: 0)
  Non-zero exit status: 255
  Parse errors: No plan found in TAP output
t/20_Serializer_Async/14_preload_xs.t             (Wstat: 65280 Tests: 0 Failed: 0)
  Non-zero exit status: 255
  Parse errors: No plan found in TAP output
t/20_Serializer_Async/20_xs_encode_decode.t       (Wstat: 65280 Tests: 0 Failed: 0)
  Non-zero exit status: 255
  Parse errors: No plan found in TAP output
t/20_Serializer_Async/21_xs_encode_bulk.t         (Wstat: 65280 Tests: 0 Failed: 0)
  Non-zero exit status: 255
  Parse errors: No plan found in TAP output
t/20_Serializer_Async/22_xs_encode_pretty.t       (Wstat: 65280 Tests: 0 Failed: 0)
  Non-zero exit status: 255
  Parse errors: No plan found in TAP output
t/20_Serializer_Async/30_cpanel_encode_decode.t   (Wstat: 65280 Tests: 0 Failed: 0)
  Non-zero exit status: 255
  Parse errors: No plan found in TAP output
t/20_Serializer_Async/31_cpanel_encode_bulk.t     (Wstat: 65280 Tests: 0 Failed: 0)
  Non-zero exit status: 255
  Parse errors: No plan found in TAP output
t/20_Serializer_Async/32_cpanel_encode_pretty.t   (Wstat: 65280 Tests: 0 Failed: 0)
  Non-zero exit status: 255
  Parse errors: No plan found in TAP output
t/20_Serializer_Async/40_pp_encode_decode.t       (Wstat: 65280 Tests: 0 Failed: 0)
  Non-zero exit status: 255
  Parse errors: No plan found in TAP output
t/20_Serializer_Async/41_pp_encode_bulk.t         (Wstat: 65280 Tests: 0 Failed: 0)
  Non-zero exit status: 255
  Parse errors: No plan found in TAP output
t/20_Serializer_Async/42_pp_encode_pretty.t       (Wstat: 65280 Tests: 0 Failed: 0)
  Non-zero exit status: 255
  Parse errors: No plan found in TAP output
t/30_Logger_Async/10_explicit.t                   (Wstat: 65280 Tests: 0 Failed: 0)
  Non-zero exit status: 255
  Parse errors: No plan found in TAP output
t/30_Logger_Async/20_implicit.t                   (Wstat: 65280 Tests: 0 Failed: 0)
  Non-zero exit status: 255
  Parse errors: No plan found in TAP output
t/30_Logger_Async/30_log_methods.t                (Wstat: 65280 Tests: 0 Failed: 0)
  Non-zero exit status: 255
  Parse errors: No plan found in TAP output
t/30_Logger_Async/40_trace_request.t              (Wstat: 65280 Tests: 0 Failed: 0)
  Non-zero exit status: 255
  Parse errors: No plan found in TAP output
t/30_Logger_Async/50_trace_response.t             (Wstat: 65280 Tests: 0 Failed: 0)
  Non-zero exit status: 255
  Parse errors: No plan found in TAP output
t/30_Logger_Async/60_trace_error.t                (Wstat: 65280 Tests: 0 Failed: 0)
  Non-zero exit status: 255
  Parse errors: No plan found in TAP output
t/30_Logger_Async/70_trace_comment.t              (Wstat: 65280 Tests: 0 Failed: 0)
  Non-zero exit status: 255
  Parse errors: No plan found in TAP output
t/30_Logger_Async/80_deprecation_methods.t        (Wstat: 65280 Tests: 0 Failed: 0)
  Non-zero exit status: 255
  Parse errors: No plan found in TAP output
t/40_Transport_Async/10_tidy_request.t            (Wstat: 65280 Tests: 0 Failed: 0)
  Non-zero exit status: 255
  Parse errors: No plan found in TAP output
t/40_Transport_Async/20_send_body_as.t            (Wstat: 65280 Tests: 0 Failed: 0)
  Non-zero exit status: 255
  Parse errors: No plan found in TAP output
t/40_Transport_Async/30_perform_request.t         (Wstat: 65280 Tests: 0 Failed: 0)
  Non-zero exit status: 255
  Parse errors: No plan found in TAP output
t/50_Cxn_Pool_Async/10_static_normal.t            (Wstat: 65280 Tests: 0 Failed: 0)
  Non-zero exit status: 255
  Parse errors: No plan found in TAP output
t/50_Cxn_Pool_Async/11_static_node_missing.t      (Wstat: 65280 Tests: 0 Failed: 0)
  Non-zero exit status: 255
  Parse errors: No plan found in TAP output
t/50_Cxn_Pool_Async/12_static_node_fails.t        (Wstat: 65280 Tests: 0 Failed: 0)
  Non-zero exit status: 255
  Parse errors: No plan found in TAP output
t/50_Cxn_Pool_Async/13_static_node_timesout.t     (Wstat: 65280 Tests: 0 Failed: 0)
  Non-zero exit status: 255
  Parse errors: No plan found in TAP output
t/50_Cxn_Pool_Async/14_static_both_nodes_timeout.t (Wstat: 65280 Tests: 0 Failed: 0)
  Non-zero exit status: 255
  Parse errors: No plan found in TAP output
t/50_Cxn_Pool_Async/15_static_both_nodes_fail.t   (Wstat: 65280 Tests: 0 Failed: 0)
  Non-zero exit status: 255
  Parse errors: No plan found in TAP output
t/50_Cxn_Pool_Async/16_static_nodes_starting.t    (Wstat: 65280 Tests: 0 Failed: 0)
  Non-zero exit status: 255
  Parse errors: No plan found in TAP output
t/50_Cxn_Pool_Async/17_static_runaway_nodes.t     (Wstat: 65280 Tests: 0 Failed: 0)
  Non-zero exit status: 255
  Parse errors: No plan found in TAP output
t/50_Cxn_Pool_Async/30_sniff_normal.t             (Wstat: 65280 Tests: 0 Failed: 0)
  Non-zero exit status: 255
  Parse errors: No plan found in TAP output
t/50_Cxn_Pool_Async/31_sniff_new_nodes.t          (Wstat: 65280 Tests: 0 Failed: 0)
  Non-zero exit status: 255
  Parse errors: No plan found in TAP output
t/50_Cxn_Pool_Async/32_sniff_node_fails.t         (Wstat: 65280 Tests: 0 Failed: 0)
  Non-zero exit status: 255
  Parse errors: No plan found in TAP output
t/50_Cxn_Pool_Async/33_sniff_both_nodes_fail.t    (Wstat: 65280 Tests: 0 Failed: 0)
  Non-zero exit status: 255
  Parse errors: No plan found in TAP output
t/50_Cxn_Pool_Async/34_sniff_node_timeout.t       (Wstat: 65280 Tests: 0 Failed: 0)
  Non-zero exit status: 255
  Parse errors: No plan found in TAP output
t/50_Cxn_Pool_Async/35_sniff_both_nodes_timeout.t (Wstat: 65280 Tests: 0 Failed: 0)
  Non-zero exit status: 255
  Parse errors: No plan found in TAP output
t/50_Cxn_Pool_Async/36_sniff_nodes_starting.t     (Wstat: 65280 Tests: 0 Failed: 0)
  Non-zero exit status: 255
  Parse errors: No plan found in TAP output
t/50_Cxn_Pool_Async/37_sniff_runaway_nodes.t      (Wstat: 65280 Tests: 0 Failed: 0)
  Non-zero exit status: 255
  Parse errors: No plan found in TAP output
t/50_Cxn_Pool_Async/38_bad_sniff.t                (Wstat: 65280 Tests: 0 Failed: 0)
  Non-zero exit status: 255
  Parse errors: No plan found in TAP output
t/50_Cxn_Pool_Async/39_sniff_max_content.t        (Wstat: 65280 Tests: 0 Failed: 0)
  Non-zero exit status: 255
  Parse errors: No plan found in TAP output
t/50_Cxn_Pool_Async/40_sniff_extract_host.t       (Wstat: 65280 Tests: 0 Failed: 0)
  Non-zero exit status: 255
  Parse errors: No plan found in TAP output
t/50_Cxn_Pool_Async/50_noping_normal.t            (Wstat: 65280 Tests: 0 Failed: 0)
  Non-zero exit status: 255
  Parse errors: No plan found in TAP output
t/50_Cxn_Pool_Async/51_noping_node_fails.t        (Wstat: 65280 Tests: 0 Failed: 0)
  Non-zero exit status: 255
  Parse errors: No plan found in TAP output
t/50_Cxn_Pool_Async/52_noping_node_timesout.t     (Wstat: 65280 Tests: 0 Failed: 0)
  Non-zero exit status: 255
  Parse errors: No plan found in TAP output
t/50_Cxn_Pool_Async/53_noping_all_nodes_fail.t    (Wstat: 65280 Tests: 0 Failed: 0)
  Non-zero exit status: 255
  Parse errors: No plan found in TAP output
t/50_Cxn_Pool_Async/54_noping_nodes_starting.t    (Wstat: 65280 Tests: 0 Failed: 0)
  Non-zero exit status: 255
  Parse errors: No plan found in TAP output
t/50_Cxn_Pool_Async/55_noping_runaway_nodes.t     (Wstat: 65280 Tests: 0 Failed: 0)
  Non-zero exit status: 255
  Parse errors: No plan found in TAP output
t/50_Cxn_Pool_Async/56_max_retries.t              (Wstat: 65280 Tests: 0 Failed: 0)
  Non-zero exit status: 255
  Parse errors: No plan found in TAP output
t/60_Cxn_Async/10_basic.t                         (Wstat: 65280 Tests: 0 Failed: 0)
  Non-zero exit status: 255
  Parse errors: No plan found in TAP output
t/60_Cxn_Async/20_process_response.t              (Wstat: 65280 Tests: 0 Failed: 0)
  Non-zero exit status: 255
  Parse errors: No plan found in TAP output
t/60_Cxn_Async/30_http.t                          (Wstat: 65280 Tests: 0 Failed: 0)
  Non-zero exit status: 255
  Parse errors: No plan found in TAP output
Files=71, Tests=1, 32 wallclock secs ( 0.12 usr  0.39 sys + 10.08 cusr 14.37 csys = 24.96 CPU)
Result: FAIL
Failed 55/71 test programs. 0/1 subtests failed.
Makefile:948: recipe for target 'test_dynamic' failed
make: *** [test_dynamic] Error 255

------------------------------
PREREQUISITES
------------------------------

Prerequisite modules loaded:

requires:

    Module                      Need Have    
    --------------------------- ---- --------
    AnyEvent::HTTP              0    2.24    
    AnyEvent::TLS               0    7.15    
    Moo                         0    2.003004
    Moo::Role                   0    2.003004
    namespace::clean            0    0.27    
    parent                      0    0.237   
    Promises                    0.93 0.99    
    Scalar::Util                0    1.50    
    Search::Elasticsearch       6.00 6.00    
    Sub::Exporter               0    0.987   
    Time::HiRes                 0    1.9760  
    Try::Tiny                   0    0.30    

build_requires:

    Module                      Need Have    
    --------------------------- ---- --------
    AE                          0    7.15    
    Cpanel::JSON::XS            0    4.09    
    Data::Dumper                0    2.173   
    EV                          0    4.25    
    File::Temp                  0    0.2309  
    JSON::PP                    0    4.00    
    JSON::XS                    0    4.01    
    lib                         0    0.65    
    Log::Any::Adapter           0    1.707   
    Log::Any::Adapter::Callback 0.09 0.09    
    POSIX                       0    1.87    
    strict                      0    1.11    
    Test::Deep                  0    1.128   
    Test::Exception             0    0.43    
    Test::More                  0.98 1.302162
    warnings                    0    1.43    

opt_requires:

    Module                      Need Have    
    --------------------------- ---- --------
    URI::Escape::XS             0    0.14    


------------------------------
ENVIRONMENT AND OTHER CONTEXT
------------------------------

Environment variables:

    AUTOMATED_TESTING = 1
    LANG = en_US.UTF-8
    PATH = /home/sand/bin:/usr/local/bin:/usr/local/sbin:/usr/sbin:/usr/bin:/sbin:/bin:/usr/games:/usr/local/games:/usr/local/perl/bin:/usr/X11/bin
    PERL5LIB = /home/sand/.cpan/privbuild/k93bionic/LINE-Bot-API-0.04-0/blib/arch:/home/sand/.cpan/privbuild/k93bionic/LINE-Bot-API-0.04-0/blib/lib:/home/sand/.cpan/privbuild/k93bionic/Log-Any-0.11-0/blib/arch:/home/sand/.cpan/privbuild/k93bionic/Log-Any-0.11-0/blib/lib:/home/sand/.cpan/privbuild/k93bionic/Net-Azure-EventHubs-0.02-0/blib/arch:/home/sand/.cpan/privbuild/k93bionic/Net-Azure-EventHubs-0.02-0/blib/lib:/home/sand/.cpan/privbuild/k93bionic/Device-Chip-MPL3115A2-0.04-0/blib/arch:/home/sand/.cpan/privbuild/k93bionic/Device-Chip-MPL3115A2-0.04-0/blib/lib:/home/sand/.cpan/privbuild/k93bionic/autobox-Core-0.5-0/blib/arch:/home/sand/.cpan/privbuild/k93bionic/autobox-Core-0.5-0/blib/lib:/home/sand/.cpan/privbuild/k93bionic/Bible-OBML-1.07-0/blib/arch:/home/sand/.cpan/privbuild/k93bionic/Bible-OBML-1.07-0/blib/lib:/home/sand/.cpan/privbuild/k93bionic/Rex-0.57.0-0/blib/arch:/home/sand/.cpan/privbuild/k93bionic/Rex-0.57.0-0/blib/lib:/home/sand/.cpan/privbuild/k93bionic/Dist-Zilla-PluginBundle-Author-CJM-4.11-0/blib/arch:/home/sand/.cpan/privbuild/k93bionic/Dist-Zilla-PluginBundle-Author-CJM-4.11-0/blib/lib:/home/sand/.cpan/privbuild/k93bionic/App-nrun-v1.1.2-0/blib/arch:/home/sand/.cpan/privbuild/k93bionic/App-nrun-v1.1.2-0/blib/lib:/home/sand/.cpan/privbuild/k93bionic/Ima-DBI-0.32-0/blib/arch:/home/sand/.cpan/privbuild/k93bionic/Ima-DBI-0.32-0/blib/lib:/home/sand/.cpan/privbuild/k93bionic/Template-Lace-0.003-0/blib/arch:/home/sand/.cpan/privbuild/k93bionic/Template-Lace-0.003-0/blib/lib:/home/sand/.cpan/privbuild/k93bionic/triceps-2.1.0-0/blib/arch:/home/sand/.cpan/privbuild/k93bionic/triceps-2.1.0-0/blib/lib:/home/sand/.cpan/privbuild/k93bionic/Process-0.30-0/blib/arch:/home/sand/.cpan/privbuild/k93bionic/Process-0.30-0/blib/lib:/home/sand/.cpan/privbuild/k93bionic/XML-RPC-Fast-0.6-0/blib/arch:/home/sand/.cpan/privbuild/k93bionic/XML-RPC-Fast-0.6-0/blib/lib:/home/sand/.cpan/privbuild/k93bionic/Module-Install-Bugtracker-0.0300-0/blib/arch:/home/sand/.cpan/privbuild/k93bionic/Module-Install-Bugtracker-0.0300-0/blib/lib:/home/sand/.cpan/privbuild/k93bionic/Kossy-0.28-0/blib/arch:/home/sand/.cpan/privbuild/k93bionic/Kossy-0.28-0/blib/lib:/home/sand/.cpan/privbuild/k93bionic/RapidApp-0.99664-0/blib/arch:/home/sand/.cpan/privbuild/k93bionic/RapidApp-0.99664-0/blib/lib:/home/sand/.cpan/privbuild/k93bionic/AnyEvent-Worker-0.05-0/blib/arch:/home/sand/.cpan/privbuild/k93bionic/AnyEvent-Worker-0.05-0/blib/lib:/home/sand/.cpan/privbuild/k93bionic/Sisimai-4.0.2-0/blib/arch:/home/sand/.cpan/privbuild/k93bionic/Sisimai-4.0.2-0/blib/lib:/home/sand/.cpan/privbuild/k93bionic/App-pandoc-preprocess-0.3.1-0/blib/arch:/home/sand/.cpan/privbuild/k93bionic/App-pandoc-preprocess-0.3.1-0/blib/lib:/home/sand/.cpan/privbuild/k93bionic/Module-Setup-0.06-0/blib/arch:/home/sand/.cpan/privbuild/k93bionic/Module-Setup-0.06-0/blib/lib:/home/sand/.cpan/privbuild/k93bionic/Mojolicious-Plugin-InputValidation-0.02-0/blib/arch:/home/sand/.cpan/privbuild/k93bionic/Mojolicious-Plugin-InputValidation-0.02-0/blib/lib:/home/sand/.cpan/privbuild/k93bionic/Template-Benchmark-1.08-0/blib/arch:/home/sand/.cpan/privbuild/k93bionic/Template-Benchmark-1.08-0/blib/lib:/home/sand/.cpan/privbuild/k93bionic/Dist-Zilla-PluginBundle-Author-MAXHQ-3.2.0-0/blib/arch:/home/sand/.cpan/privbuild/k93bionic/Dist-Zilla-PluginBundle-Author-MAXHQ-3.2.0-0/blib/lib:/home/sand/.cpan/privbuild/k93bionic/Algorithm-Evolutionary-0.80-0/blib/arch:/home/sand/.cpan/privbuild/k93bionic/Algorithm-Evolutionary-0.80-0/blib/lib:/home/sand/.cpan/privbuild/k93bionic/Dist-Zilla-PluginBundle-ROKR-0.0019-0/blib/arch:/home/sand/.cpan/privbuild/k93bionic/Dist-Zilla-PluginBundle-ROKR-0.0019-0/blib/lib:/home/sand/.cpan/privbuild/k93bionic/API-Plesk-1.09-0/blib/arch:/home/sand/.cpan/privbuild/k93bionic/API-Plesk-1.09-0/blib/lib:/home/sand/.cpan/privbuild/k93bionic/Renard-Incunabula-0.004-0/blib/arch:/home/sand/.cpan/privbuild/k93bionic/Renard-Incunabula-0.004-0/blib/lib:/home/sand/.cpan/privbuild/k93bionic/Thrift-XS-1.04-0/blib/arch:/home/sand/.cpan/privbuild/k93bionic/Thrift-XS-1.04-0/blib/lib:/home/sand/.cpan/privbuild/k93bionic/UMMF-0.26-0/blib/arch:/home/sand/.cpan/privbuild/k93bionic/UMMF-0.26-0/blib/lib:/home/sand/.cpan/privbuild/k93bionic/Acme-PrettyCure-0.02-0/blib/arch:/home/sand/.cpan/privbuild/k93bionic/Acme-PrettyCure-0.02-0/blib/lib:/home/sand/.cpan/privbuild/k93bionic/Net-Cassandra-0.33-0/blib/arch:/home/sand/.cpan/privbuild/k93bionic/Net-Cassandra-0.33-0/blib/lib:/home/sand/.cpan/privbuild/k93bionic/DBIx-DBHResolver-0.17-0/blib/arch:/home/sand/.cpan/privbuild/k93bionic/DBIx-DBHResolver-0.17-0/blib/lib:/home/sand/.cpan/privbuild/k93bionic/WikiText-0.18-0/blib/arch:/home/sand/.cpan/privbuild/k93bionic/WikiText-0.18-0/blib/lib:/home/sand/.cpan/privbuild/k93bionic/Class-Maker-0.5.14-0/blib/arch:/home/sand/.cpan/privbuild/k93bionic/Class-Maker-0.5.14-0/blib/lib:/home/sand/.cpan/privbuild/k93bionic/XML-XQL-0.68-0/blib/arch:/home/sand/.cpan/privbuild/k93bionic/XML-XQL-0.68-0/blib/lib:/home/sand/.cpan/privbuild/k93bionic/Javascript-Menu-Full-2.02-0/blib/arch:/home/sand/.cpan/privbuild/k93bionic/Javascript-Menu-Full-2.02-0/blib/lib:/home/sand/.cpan/privbuild/k93bionic/RapidApp-0.99700-0/blib/arch:/home/sand/.cpan/privbuild/k93bionic/RapidApp-0.99700-0/blib/lib:/home/sand/.cpan/privbuild/k93bionic/SQLite_File-0.04-0/blib/arch:/home/sand/.cpan/privbuild/k93bionic/SQLite_File-0.04-0/blib/lib:/home/sand/.cpan/privbuild/k93bionic/Alt-IO-All-new-0.04-0/blib/arch:/home/sand/.cpan/privbuild/k93bionic/Alt-IO-All-new-0.04-0/blib/lib:/home/sand/.cpan/privbuild/k93bionic/LWPx-TimedHTTP-1.4-0/blib/arch:/home/sand/.cpan/privbuild/k93bionic/LWPx-TimedHTTP-1.4-0/blib/lib:/home/sand/.cpan/privbuild/k93bionic/Apache-Session-1.03-0/blib/arch:/home/sand/.cpan/privbuild/k93bionic/Apache-Session-1.03-0/blib/lib
    PERL5OPT = 
    PERL5_CPANPLUS_IS_RUNNING = 2193
    PERL5_CPAN_IS_RUNNING = 2193
    PERL_CANARY_STABILITY_NOPROMPT = 1
    PERL_MM_USE_DEFAULT = 1
    PERL_USE_UNSAFE_INC = 1
    SHELL = /usr/bin/zsh
    TERM = screen

Perl special variables (and OS-specific diagnostics, for MSWin32):

    $^X = /home/sand/src/perl/repoperls/installed-perls/host/k93bionic/v5.29.8/7ee9/bin/perl
    $UID/$EUID = 1005 / 1005
    $GID = 1005 1005
    $EGID = 1005 1005

Perl module toolchain versions installed:

    Module              Have    
    ------------------- --------
    CPAN                2.22    
    CPAN::Meta          2.150010
    Cwd                 3.77    
    ExtUtils::CBuilder  0.280230
    ExtUtils::Command   7.34    
    ExtUtils::Install   2.14    
    ExtUtils::MakeMaker 7.34    
    ExtUtils::Manifest  1.71    
    ExtUtils::ParseXS   3.40    
    File::Spec          3.77    
    JSON                4.02    
    JSON::PP            4.00    
    Module::Build       0.4224  
    Module::Signature   0.83    
    Parse::CPAN::Meta   2.150010
    Test::Harness       3.42    
    Test::More          1.302162
    YAML                1.27    
    YAML::Syck          1.31    
    version             0.9924  


--

Summary of my perl5 (revision 5 version 29 subversion 8) configuration:
  Commit id: ca8b93afd02ddde55c1aa9e6fbff9acdad31593d
  Platform:
    osname=linux
    osvers=4.15.0-45-generic
    archname=x86_64-linux-thread-multi
    uname='linux k93bionic 4.15.0-45-generic #48-ubuntu smp tue jan 29 16:28:13 utc 2019 x86_64 x86_64 x86_64 gnulinux '
    config_args='-Dprefix=/home/sand/src/perl/repoperls/installed-perls/host/k93bionic/v5.29.8/7ee9 -Dmyhostname=k93bionic -Dinstallusrbinperl=n -Uversiononly -Dusedevel -des -Ui_db -Dlibswanted=cl pthread socket inet nsl gdbm dbm malloc dl ld sun m crypt sec util c cposix posix ucb BSD gdbm_compat -Duseithreads -Uuselongdouble -DEBUGGING=-g'
    hint=recommended
    useposix=true
    d_sigaction=define
    useithreads=define
    usemultiplicity=define
    use64bitint=define
    use64bitall=define
    uselongdouble=undef
    usemymalloc=n
    default_inc_excludes_dot=define
    bincompat5005=undef
  Compiler:
    cc='cc'
    ccflags ='-D_REENTRANT -D_GNU_SOURCE -fwrapv -fno-strict-aliasing -pipe -fstack-protector-strong -I/usr/local/include -D_LARGEFILE_SOURCE -D_FILE_OFFSET_BITS=64'
    optimize='-O2 -g'
    cppflags='-D_REENTRANT -D_GNU_SOURCE -fwrapv -fno-strict-aliasing -pipe -fstack-protector-strong -I/usr/local/include'
    ccversion=''
    gccversion='7.3.0'
    gccosandvers=''
    intsize=4
    longsize=8
    ptrsize=8
    doublesize=8
    byteorder=12345678
    doublekind=3
    d_longlong=define
    longlongsize=8
    d_longdbl=define
    longdblsize=16
    longdblkind=3
    ivtype='long'
    ivsize=8
    nvtype='double'
    nvsize=8
    Off_t='off_t'
    lseeksize=8
    alignbytes=8
    prototype=define
  Linker and Libraries:
    ld='cc'
    ldflags =' -fstack-protector-strong -L/usr/local/lib'
    libpth=/usr/local/lib /usr/lib/gcc/x86_64-linux-gnu/7/include-fixed /usr/include/x86_64-linux-gnu /usr/lib /lib/x86_64-linux-gnu /lib/../lib /usr/lib/x86_64-linux-gnu /usr/lib/../lib /lib
    libs=-lpthread -lnsl -ldl -lm -lcrypt -lutil -lc
    perllibs=-lpthread -lnsl -ldl -lm -lcrypt -lutil -lc
    libc=libc-2.27.so
    so=so
    useshrplib=false
    libperl=libperl.a
    gnulibc_version='2.27'
  Dynamic Linking:
    dlsrc=dl_dlopen.xs
    dlext=so
    d_dlsymun=undef
    ccdlflags='-Wl,-E'
    cccdlflags='-fPIC'
    lddlflags='-shared -O2 -g -L/usr/local/lib -fstack-protector-strong'


Characteristics of this binary (from libperl): 
  Compile-time options:
    HAS_TIMES
    MULTIPLICITY
    PERLIO_LAYERS
    PERL_COPY_ON_WRITE
    PERL_DONT_CREATE_GVSV
    PERL_IMPLICIT_CONTEXT
    PERL_MALLOC_WRAP
    PERL_OP_PARENT
    PERL_PRESERVE_IVUV
    PERL_USE_DEVEL
    USE_64_BIT_ALL
    USE_64_BIT_INT
    USE_ITHREADS
    USE_LARGE_FILES
    USE_LOCALE
    USE_LOCALE_COLLATE
    USE_LOCALE_CTYPE
    USE_LOCALE_NUMERIC
    USE_LOCALE_TIME
    USE_PERLIO
    USE_PERL_ATOF
    USE_REENTRANT_API
    USE_THREAD_SAFE_LOCALE
  Built under linux
  Compiled at Feb 25 2019 20:18:14
  %ENV:
    PERL5LIB="/home/sand/.cpan/privbuild/k93bionic/LINE-Bot-API-0.04-0/blib/arch:/home/sand/.cpan/privbuild/k93bionic/LINE-Bot-API-0.04-0/blib/lib:/home/sand/.cpan/privbuild/k93bionic/Log-Any-0.11-0/blib/arch:/home/sand/.cpan/privbuild/k93bionic/Log-Any-0.11-0/blib/lib:/home/sand/.cpan/privbuild/k93bionic/Net-Azure-EventHubs-0.02-0/blib/arch:/home/sand/.cpan/privbuild/k93bionic/Net-Azure-EventHubs-0.02-0/blib/lib:/home/sand/.cpan/privbuild/k93bionic/Device-Chip-MPL3115A2-0.04-0/blib/arch:/home/sand/.cpan/privbuild/k93bionic/Device-Chip-MPL3115A2-0.04-0/blib/lib:/home/sand/.cpan/privbuild/k93bionic/autobox-Core-0.5-0/blib/arch:/home/sand/.cpan/privbuild/k93bionic/autobox-Core-0.5-0/blib/lib:/home/sand/.cpan/privbuild/k93bionic/Bible-OBML-1.07-0/blib/arch:/home/sand/.cpan/privbuild/k93bionic/Bible-OBML-1.07-0/blib/lib:/home/sand/.cpan/privbuild/k93bionic/Rex-0.57.0-0/blib/arch:/home/sand/.cpan/privbuild/k93bionic/Rex-0.57.0-0/blib/lib:/home/sand/.cpan/privbuild/k93bionic/Dist-Zilla-PluginBundle-Author-CJM-4.11-0/blib/arch:/home/sand/.cpan/privbuild/k93bionic/Dist-Zilla-PluginBundle-Author-CJM-4.11-0/blib/lib:/home/sand/.cpan/privbuild/k93bionic/App-nrun-v1.1.2-0/blib/arch:/home/sand/.cpan/privbuild/k93bionic/App-nrun-v1.1.2-0/blib/lib:/home/sand/.cpan/privbuild/k93bionic/Ima-DBI-0.32-0/blib/arch:/home/sand/.cpan/privbuild/k93bionic/Ima-DBI-0.32-0/blib/lib:/home/sand/.cpan/privbuild/k93bionic/Template-Lace-0.003-0/blib/arch:/home/sand/.cpan/privbuild/k93bionic/Template-Lace-0.003-0/blib/lib:/home/sand/.cpan/privbuild/k93bionic/triceps-2.1.0-0/blib/arch:/home/sand/.cpan/privbuild/k93bionic/triceps-2.1.0-0/blib/lib:/home/sand/.cpan/privbuild/k93bionic/Process-0.30-0/blib/arch:/home/sand/.cpan/privbuild/k93bionic/Process-0.30-0/blib/lib:/home/sand/.cpan/privbuild/k93bionic/XML-RPC-Fast-0.6-0/blib/arch:/home/sand/.cpan/privbuild/k93bionic/XML-RPC-Fast-0.6-0/blib/lib:/home/sand/.cpan/privbuild/k93bionic/Module-Install-Bugtracker-0.0300-0/blib/arch:/home/sand/.cpan/privbuild/k93bionic/Module-Install-Bugtracker-0.0300-0/blib/lib:/home/sand/.cpan/privbuild/k93bionic/Kossy-0.28-0/blib/arch:/home/sand/.cpan/privbuild/k93bionic/Kossy-0.28-0/blib/lib:/home/sand/.cpan/privbuild/k93bionic/RapidApp-0.99664-0/blib/arch:/home/sand/.cpan/privbuild/k93bionic/RapidApp-0.99664-0/blib/lib:/home/sand/.cpan/privbuild/k93bionic/AnyEvent-Worker-0.05-0/blib/arch:/home/sand/.cpan/privbuild/k93bionic/AnyEvent-Worker-0.05-0/blib/lib:/home/sand/.cpan/privbuild/k93bionic/Sisimai-4.0.2-0/blib/arch:/home/sand/.cpan/privbuild/k93bionic/Sisimai-4.0.2-0/blib/lib:/home/sand/.cpan/privbuild/k93bionic/App-pandoc-preprocess-0.3.1-0/blib/arch:/home/sand/.cpan/privbuild/k93bionic/App-pandoc-preprocess-0.3.1-0/blib/lib:/home/sand/.cpan/privbuild/k93bionic/Module-Setup-0.06-0/blib/arch:/home/sand/.cpan/privbuild/k93bionic/Module-Setup-0.06-0/blib/lib:/home/sand/.cpan/privbuild/k93bionic/Mojolicious-Plugin-InputValidation-0.02-0/blib/arch:/home/sand/.cpan/privbuild/k93bionic/Mojolicious-Plugin-InputValidation-0.02-0/blib/lib:/home/sand/.cpan/privbuild/k93bionic/Template-Benchmark-1.08-0/blib/arch:/home/sand/.cpan/privbuild/k93bionic/Template-Benchmark-1.08-0/blib/lib:/home/sand/.cpan/privbuild/k93bionic/Dist-Zilla-PluginBundle-Author-MAXHQ-3.2.0-0/blib/arch:/home/sand/.cpan/privbuild/k93bionic/Dist-Zilla-PluginBundle-Author-MAXHQ-3.2.0-0/blib/lib:/home/sand/.cpan/privbuild/k93bionic/Algorithm-Evolutionary-0.80-0/blib/arch:/home/sand/.cpan/privbuild/k93bionic/Algorithm-Evolutionary-0.80-0/blib/lib:/home/sand/.cpan/privbuild/k93bionic/Dist-Zilla-PluginBundle-ROKR-0.0019-0/blib/arch:/home/sand/.cpan/privbuild/k93bionic/Dist-Zilla-PluginBundle-ROKR-0.0019-0/blib/lib:/home/sand/.cpan/privbuild/k93bionic/API-Plesk-1.09-0/blib/arch:/home/sand/.cpan/privbuild/k93bionic/API-Plesk-1.09-0/blib/lib:/home/sand/.cpan/privbuild/k93bionic/Renard-Incunabula-0.004-0/blib/arch:/home/sand/.cpan/privbuild/k93bionic/Renard-Incunabula-0.004-0/blib/lib:/home/sand/.cpan/privbuild/k93bionic/Thrift-XS-1.04-0/blib/arch:/home/sand/.cpan/privbuild/k93bionic/Thrift-XS-1.04-0/blib/lib:/home/sand/.cpan/privbuild/k93bionic/UMMF-0.26-0/blib/arch:/home/sand/.cpan/privbuild/k93bionic/UMMF-0.26-0/blib/lib:/home/sand/.cpan/privbuild/k93bionic/Acme-PrettyCure-0.02-0/blib/arch:/home/sand/.cpan/privbuild/k93bionic/Acme-PrettyCure-0.02-0/blib/lib:/home/sand/.cpan/privbuild/k93bionic/Net-Cassandra-0.33-0/blib/arch:/home/sand/.cpan/privbuild/k93bionic/Net-Cassandra-0.33-0/blib/lib:/home/sand/.cpan/privbuild/k93bionic/DBIx-DBHResolver-0.17-0/blib/arch:/home/sand/.cpan/privbuild/k93bionic/DBIx-DBHResolver-0.17-0/blib/lib:/home/sand/.cpan/privbuild/k93bionic/WikiText-0.18-0/blib/arch:/home/sand/.cpan/privbuild/k93bionic/WikiText-0.18-0/blib/lib:/home/sand/.cpan/privbuild/k93bionic/Class-Maker-0.5.14-0/blib/arch:/home/sand/.cpan/privbuild/k93bionic/Class-Maker-0.5.14-0/blib/lib:/home/sand/.cpan/privbuild/k93bionic/XML-XQL-0.68-0/blib/arch:/home/sand/.cpan/privbuild/k93bionic/XML-XQL-0.68-0/blib/lib:/home/sand/.cpan/privbuild/k93bionic/Javascript-Menu-Full-2.02-0/blib/arch:/home/sand/.cpan/privbuild/k93bionic/Javascript-Menu-Full-2.02-0/blib/lib:/home/sand/.cpan/privbuild/k93bionic/RapidApp-0.99700-0/blib/arch:/home/sand/.cpan/privbuild/k93bionic/RapidApp-0.99700-0/blib/lib:/home/sand/.cpan/privbuild/k93bionic/SQLite_File-0.04-0/blib/arch:/home/sand/.cpan/privbuild/k93bionic/SQLite_File-0.04-0/blib/lib:/home/sand/.cpan/privbuild/k93bionic/Alt-IO-All-new-0.04-0/blib/arch:/home/sand/.cpan/privbuild/k93bionic/Alt-IO-All-new-0.04-0/blib/lib:/home/sand/.cpan/privbuild/k93bionic/LWPx-TimedHTTP-1.4-0/blib/arch:/home/sand/.cpan/privbuild/k93bionic/LWPx-TimedHTTP-1.4-0/blib/lib:/home/sand/.cpan/privbuild/k93bionic/Apache-Session-1.03-0/blib/arch:/home/sand/.cpan/privbuild/k93bionic/Apache-Session-1.03-0/blib/lib"
    PERL5OPT=""
    PERL5_CPANPLUS_IS_RUNNING="2193"
    PERL5_CPAN_IS_RUNNING="2193"
    PERL_CANARY_STABILITY_NOPROMPT="1"
    PERL_MM_USE_DEFAULT="1"
    PERL_USE_UNSAFE_INC="1"
  @INC:
    /home/sand/.cpan/privbuild/k93bionic/LINE-Bot-API-0.04-0/blib/arch
    /home/sand/.cpan/privbuild/k93bionic/LINE-Bot-API-0.04-0/blib/lib
    /home/sand/.cpan/privbuild/k93bionic/Log-Any-0.11-0/blib/arch
    /home/sand/.cpan/privbuild/k93bionic/Log-Any-0.11-0/blib/lib
    /home/sand/.cpan/privbuild/k93bionic/Net-Azure-EventHubs-0.02-0/blib/arch
    /home/sand/.cpan/privbuild/k93bionic/Net-Azure-EventHubs-0.02-0/blib/lib
    /home/sand/.cpan/privbuild/k93bionic/Device-Chip-MPL3115A2-0.04-0/blib/arch
    /home/sand/.cpan/privbuild/k93bionic/Device-Chip-MPL3115A2-0.04-0/blib/lib
    /home/sand/.cpan/privbuild/k93bionic/autobox-Core-0.5-0/blib/arch
    /home/sand/.cpan/privbuild/k93bionic/autobox-Core-0.5-0/blib/lib
    /home/sand/.cpan/privbuild/k93bionic/Bible-OBML-1.07-0/blib/arch
    /home/sand/.cpan/privbuild/k93bionic/Bible-OBML-1.07-0/blib/lib
    /home/sand/.cpan/privbuild/k93bionic/Rex-0.57.0-0/blib/arch
    /home/sand/.cpan/privbuild/k93bionic/Rex-0.57.0-0/blib/lib
    /home/sand/.cpan/privbuild/k93bionic/Dist-Zilla-PluginBundle-Author-CJM-4.11-0/blib/arch
    /home/sand/.cpan/privbuild/k93bionic/Dist-Zilla-PluginBundle-Author-CJM-4.11-0/blib/lib
    /home/sand/.cpan/privbuild/k93bionic/App-nrun-v1.1.2-0/blib/arch
    /home/sand/.cpan/privbuild/k93bionic/App-nrun-v1.1.2-0/blib/lib
    /home/sand/.cpan/privbuild/k93bionic/Ima-DBI-0.32-0/blib/arch
    /home/sand/.cpan/privbuild/k93bionic/Ima-DBI-0.32-0/blib/lib
    /home/sand/.cpan/privbuild/k93bionic/Template-Lace-0.003-0/blib/arch
    /home/sand/.cpan/privbuild/k93bionic/Template-Lace-0.003-0/blib/lib
    /home/sand/.cpan/privbuild/k93bionic/triceps-2.1.0-0/blib/arch
    /home/sand/.cpan/privbuild/k93bionic/triceps-2.1.0-0/blib/lib
    /home/sand/.cpan/privbuild/k93bionic/Process-0.30-0/blib/arch
    /home/sand/.cpan/privbuild/k93bionic/Process-0.30-0/blib/lib
    /home/sand/.cpan/privbuild/k93bionic/XML-RPC-Fast-0.6-0/blib/arch
    /home/sand/.cpan/privbuild/k93bionic/XML-RPC-Fast-0.6-0/blib/lib
    /home/sand/.cpan/privbuild/k93bionic/Module-Install-Bugtracker-0.0300-0/blib/arch
    /home/sand/.cpan/privbuild/k93bionic/Module-Install-Bugtracker-0.0300-0/blib/lib
    /home/sand/.cpan/privbuild/k93bionic/Kossy-0.28-0/blib/arch
    /home/sand/.cpan/privbuild/k93bionic/Kossy-0.28-0/blib/lib
    /home/sand/.cpan/privbuild/k93bionic/RapidApp-0.99664-0/blib/arch
    /home/sand/.cpan/privbuild/k93bionic/RapidApp-0.99664-0/blib/lib
    /home/sand/.cpan/privbuild/k93bionic/AnyEvent-Worker-0.05-0/blib/arch
    /home/sand/.cpan/privbuild/k93bionic/AnyEvent-Worker-0.05-0/blib/lib
    /home/sand/.cpan/privbuild/k93bionic/Sisimai-4.0.2-0/blib/arch
    /home/sand/.cpan/privbuild/k93bionic/Sisimai-4.0.2-0/blib/lib
    /home/sand/.cpan/privbuild/k93bionic/App-pandoc-preprocess-0.3.1-0/blib/arch
    /home/sand/.cpan/privbuild/k93bionic/App-pandoc-preprocess-0.3.1-0/blib/lib
    /home/sand/.cpan/privbuild/k93bionic/Module-Setup-0.06-0/blib/arch
    /home/sand/.cpan/privbuild/k93bionic/Module-Setup-0.06-0/blib/lib
    /home/sand/.cpan/privbuild/k93bionic/Mojolicious-Plugin-InputValidation-0.02-0/blib/arch
    /home/sand/.cpan/privbuild/k93bionic/Mojolicious-Plugin-InputValidation-0.02-0/blib/lib
    /home/sand/.cpan/privbuild/k93bionic/Template-Benchmark-1.08-0/blib/arch
    /home/sand/.cpan/privbuild/k93bionic/Template-Benchmark-1.08-0/blib/lib
    /home/sand/.cpan/privbuild/k93bionic/Dist-Zilla-PluginBundle-Author-MAXHQ-3.2.0-0/blib/arch
    /home/sand/.cpan/privbuild/k93bionic/Dist-Zilla-PluginBundle-Author-MAXHQ-3.2.0-0/blib/lib
    /home/sand/.cpan/privbuild/k93bionic/Algorithm-Evolutionary-0.80-0/blib/arch
    /home/sand/.cpan/privbuild/k93bionic/Algorithm-Evolutionary-0.80-0/blib/lib
    /home/sand/.cpan/privbuild/k93bionic/Dist-Zilla-PluginBundle-ROKR-0.0019-0/blib/arch
    /home/sand/.cpan/privbuild/k93bionic/Dist-Zilla-PluginBundle-ROKR-0.0019-0/blib/lib
    /home/sand/.cpan/privbuild/k93bionic/API-Plesk-1.09-0/blib/arch
    /home/sand/.cpan/privbuild/k93bionic/API-Plesk-1.09-0/blib/lib
    /home/sand/.cpan/privbuild/k93bionic/Renard-Incunabula-0.004-0/blib/arch
    /home/sand/.cpan/privbuild/k93bionic/Renard-Incunabula-0.004-0/blib/lib
    /home/sand/.cpan/privbuild/k93bionic/Thrift-XS-1.04-0/blib/arch
    /home/sand/.cpan/privbuild/k93bionic/Thrift-XS-1.04-0/blib/lib
    /home/sand/.cpan/privbuild/k93bionic/UMMF-0.26-0/blib/arch
    /home/sand/.cpan/privbuild/k93bionic/UMMF-0.26-0/blib/lib
    /home/sand/.cpan/privbuild/k93bionic/Acme-PrettyCure-0.02-0/blib/arch
    /home/sand/.cpan/privbuild/k93bionic/Acme-PrettyCure-0.02-0/blib/lib
    /home/sand/.cpan/privbuild/k93bionic/Net-Cassandra-0.33-0/blib/arch
    /home/sand/.cpan/privbuild/k93bionic/Net-Cassandra-0.33-0/blib/lib
    /home/sand/.cpan/privbuild/k93bionic/DBIx-DBHResolver-0.17-0/blib/arch
    /home/sand/.cpan/privbuild/k93bionic/DBIx-DBHResolver-0.17-0/blib/lib
    /home/sand/.cpan/privbuild/k93bionic/WikiText-0.18-0/blib/arch
    /home/sand/.cpan/privbuild/k93bionic/WikiText-0.18-0/blib/lib
    /home/sand/.cpan/privbuild/k93bionic/Class-Maker-0.5.14-0/blib/arch
    /home/sand/.cpan/privbuild/k93bionic/Class-Maker-0.5.14-0/blib/lib
    /home/sand/.cpan/privbuild/k93bionic/XML-XQL-0.68-0/blib/arch
    /home/sand/.cpan/privbuild/k93bionic/XML-XQL-0.68-0/blib/lib
    /home/sand/.cpan/privbuild/k93bionic/Javascript-Menu-Full-2.02-0/blib/arch
    /home/sand/.cpan/privbuild/k93bionic/Javascript-Menu-Full-2.02-0/blib/lib
    /home/sand/.cpan/privbuild/k93bionic/RapidApp-0.99700-0/blib/arch
    /home/sand/.cpan/privbuild/k93bionic/RapidApp-0.99700-0/blib/lib
    /home/sand/.cpan/privbuild/k93bionic/SQLite_File-0.04-0/blib/arch
    /home/sand/.cpan/privbuild/k93bionic/SQLite_File-0.04-0/blib/lib
    /home/sand/.cpan/privbuild/k93bionic/Alt-IO-All-new-0.04-0/blib/arch
    /home/sand/.cpan/privbuild/k93bionic/Alt-IO-All-new-0.04-0/blib/lib
    /home/sand/.cpan/privbuild/k93bionic/LWPx-TimedHTTP-1.4-0/blib/arch
    /home/sand/.cpan/privbuild/k93bionic/LWPx-TimedHTTP-1.4-0/blib/lib
    /home/sand/.cpan/privbuild/k93bionic/Apache-Session-1.03-0/blib/arch
    /home/sand/.cpan/privbuild/k93bionic/Apache-Session-1.03-0/blib/lib
    /home/sand/src/perl/repoperls/installed-perls/host/k93bionic/v5.29.8/7ee9/lib/site_perl/5.29.8/x86_64-linux-thread-multi
    /home/sand/src/perl/repoperls/installed-perls/host/k93bionic/v5.29.8/7ee9/lib/site_perl/5.29.8
    /home/sand/src/perl/repoperls/installed-perls/host/k93bionic/v5.29.8/7ee9/lib/5.29.8/x86_64-linux-thread-multi
    /home/sand/src/perl/repoperls/installed-perls/host/k93bionic/v5.29.8/7ee9/lib/5.29.8
    .