Mojolicious-Plugin-WebComponent v0.07 Perl 5 v5.20.1 amd64-freebsd-ld

Status
Fail
From
Slaven Rezić
Dist
Mojolicious-Plugin-WebComponent v0.07
Platform
Perl 5 v5.20.1 amd64-freebsd-ld
Date
2025-10-27 21:30:50
ID
35be513e-b37c-11f0-8dbe-ddf96d8775ea
This distribution has been tested as part of the CPAN Testers
project, supporting the Perl programming language.  See
http://wiki.cpantesters.org/ for more information or email
questions to cpan-testers-discuss@perl.org


--
Dear Russell Shingleton,

This is a computer-generated report for Mojolicious-Plugin-WebComponent-0.07
on perl 5.20.1, created by CPAN-Reporter-1.2018.

Thank you for uploading your work to CPAN.  However, there was a problem
testing your distribution.

If you think this report is invalid, please consult the CPAN Testers Wiki
for suggestions on how to avoid getting FAIL reports for missing library
or binary dependencies, unsupported operating systems, and so on:

http://wiki.cpantesters.org/wiki/CPANAuthorNotes

Sections of this report:

    * Tester comments
    * Program output
    * Prerequisites
    * Environment and other context

------------------------------
TESTER COMMENTS
------------------------------

Additional comments from tester:

none provided

------------------------------
PROGRAM OUTPUT
------------------------------

Output from './Build test':

Illegal character in prototype for Mojolicious::Plugin::WebComponent::register : $self, $app, $config at /home/cpansand/.cpan/build/2024032318/Mojolicious-Plugin-WebComponent-0.07-R4Mebf/blib/lib/Mojolicious/Plugin/WebComponent.pm line 17.
Illegal character in prototype for Mojolicious::Plugin::WebComponent::_getAllParams : $self, $c at /home/cpansand/.cpan/build/2024032318/Mojolicious-Plugin-WebComponent-0.07-R4Mebf/blib/lib/Mojolicious/Plugin/WebComponent.pm line 133.

#   Failed test 'require Mojolicious::Plugin::WebComponent;'
#   at t/00_compile.t line 5.
#     Tried to require 'Mojolicious::Plugin::WebComponent'.
#     Error:  Global symbol "$self" requires explicit package name at /home/cpansand/.cpan/build/2024032318/Mojolicious-Plugin-WebComponent-0.07-R4Mebf/blib/lib/Mojolicious/Plugin/WebComponent.pm line 18.
# Global symbol "$config" requires explicit package name at /home/cpansand/.cpan/build/2024032318/Mojolicious-Plugin-WebComponent-0.07-R4Mebf/blib/lib/Mojolicious/Plugin/WebComponent.pm line 18.
# Global symbol "$self" requires explicit package name at /home/cpansand/.cpan/build/2024032318/Mojolicious-Plugin-WebComponent-0.07-R4Mebf/blib/lib/Mojolicious/Plugin/WebComponent.pm line 19.
# Global symbol "$app" requires explicit package name at /home/cpansand/.cpan/build/2024032318/Mojolicious-Plugin-WebComponent-0.07-R4Mebf/blib/lib/Mojolicious/Plugin/WebComponent.pm line 19.
# Global symbol "$app" requires explicit package name at /home/cpansand/.cpan/build/2024032318/Mojolicious-Plugin-WebComponent-0.07-R4Mebf/blib/lib/Mojolicious/Plugin/WebComponent.pm line 23.
# Global symbol "$app" requires explicit package name at /home/cpansand/.cpan/build/2024032318/Mojolicious-Plugin-WebComponent-0.07-R4Mebf/blib/lib/Mojolicious/Plugin/WebComponent.pm line 24.
# Global symbol "$app" requires explicit package name at /home/cpansand/.cpan/build/2024032318/Mojolicious-Plugin-WebComponent-0.07-R4Mebf/blib/lib/Mojolicious/Plugin/WebComponent.pm line 27.
# Global symbol "$app" requires explicit package name at /home/cpansand/.cpan/build/2024032318/Mojolicious-Plugin-WebComponent-0.07-R4Mebf/blib/lib/Mojolicious/Plugin/WebComponent.pm line 29.
# Global symbol "$self" requires explicit package name at /home/cpansand/.cpan/build/2024032318/Mojolicious-Plugin-WebComponent-0.07-R4Mebf/blib/lib/Mojolicious/Plugin/WebComponent.pm line 29.
# Global symbol "$self" requires explicit package name at /home/cpansand/.cpan/build/2024032318/Mojolicious-Plugin-WebComponent-0.07-R4Mebf/blib/lib/Mojolicious/Plugin/WebComponent.pm line 29.
# Global symbol "$c" requires explicit package name at /home/cpansand/.cpan/build/2024032318/Mojolicious-Plugin-WebComponent-0.07-R4Mebf/blib/lib/Mojolicious/Plugin/WebComponent.pm line 134.
# Global symbol "$c" requires explicit package name at /home/cpansand/.cpan/build/2024032318/Mojolicious-Plugin-WebComponent-0.07-R4Mebf/blib/lib/Mojolicious/Plugin/WebComponent.pm line 135.
# Global symbol "$c" requires explicit package name at /home/cpansand/.cpan/build/2024032318/Mojolicious-Plugin-WebComponent-0.07-R4Mebf/blib/lib/Mojolicious/Plugin/WebComponent.pm line 135.
# Compilation failed in require at (eval 8) line 2.
# Mojolicious::Plugin::WebComponent WebComponent, Perl 5.020001, /usr/perl5.20.1Dp/bin/perl5.20.1
# Looks like you failed 1 test of 1.
t/00_compile.t .... 
Dubious, test returned 1 (wstat 256, 0x100)
Failed 1/1 subtests 
t/pod-coverage.t .. skipped: Author tests not required for installation
t/pod.t ........... skipped: Author tests not required for installation
Illegal character in prototype for Mojolicious::Plugin::WebComponent::register : $self, $app, $config at /home/cpansand/.cpan/build/2024032318/Mojolicious-Plugin-WebComponent-0.07-R4Mebf/blib/lib/Mojolicious/Plugin/WebComponent.pm line 17, <DATA> line 2231.
Illegal character in prototype for Mojolicious::Plugin::WebComponent::_getAllParams : $self, $c at /home/cpansand/.cpan/build/2024032318/Mojolicious-Plugin-WebComponent-0.07-R4Mebf/blib/lib/Mojolicious/Plugin/WebComponent.pm line 133, <DATA> line 2231.
Global symbol "$self" requires explicit package name at /home/cpansand/.cpan/build/2024032318/Mojolicious-Plugin-WebComponent-0.07-R4Mebf/blib/lib/Mojolicious/Plugin/WebComponent.pm line 18, <DATA> line 2231.
Global symbol "$config" requires explicit package name at /home/cpansand/.cpan/build/2024032318/Mojolicious-Plugin-WebComponent-0.07-R4Mebf/blib/lib/Mojolicious/Plugin/WebComponent.pm line 18, <DATA> line 2231.
Global symbol "$self" requires explicit package name at /home/cpansand/.cpan/build/2024032318/Mojolicious-Plugin-WebComponent-0.07-R4Mebf/blib/lib/Mojolicious/Plugin/WebComponent.pm line 19, <DATA> line 2231.
Global symbol "$app" requires explicit package name at /home/cpansand/.cpan/build/2024032318/Mojolicious-Plugin-WebComponent-0.07-R4Mebf/blib/lib/Mojolicious/Plugin/WebComponent.pm line 19, <DATA> line 2231.
Global symbol "$app" requires explicit package name at /home/cpansand/.cpan/build/2024032318/Mojolicious-Plugin-WebComponent-0.07-R4Mebf/blib/lib/Mojolicious/Plugin/WebComponent.pm line 23, <DATA> line 2231.
Global symbol "$app" requires explicit package name at /home/cpansand/.cpan/build/2024032318/Mojolicious-Plugin-WebComponent-0.07-R4Mebf/blib/lib/Mojolicious/Plugin/WebComponent.pm line 24, <DATA> line 2231.
Global symbol "$app" requires explicit package name at /home/cpansand/.cpan/build/2024032318/Mojolicious-Plugin-WebComponent-0.07-R4Mebf/blib/lib/Mojolicious/Plugin/WebComponent.pm line 27, <DATA> line 2231.
Global symbol "$app" requires explicit package name at /home/cpansand/.cpan/build/2024032318/Mojolicious-Plugin-WebComponent-0.07-R4Mebf/blib/lib/Mojolicious/Plugin/WebComponent.pm line 29, <DATA> line 2231.
Global symbol "$self" requires explicit package name at /home/cpansand/.cpan/build/2024032318/Mojolicious-Plugin-WebComponent-0.07-R4Mebf/blib/lib/Mojolicious/Plugin/WebComponent.pm line 29, <DATA> line 2231.
Global symbol "$self" requires explicit package name at /home/cpansand/.cpan/build/2024032318/Mojolicious-Plugin-WebComponent-0.07-R4Mebf/blib/lib/Mojolicious/Plugin/WebComponent.pm line 29, <DATA> line 2231.
Global symbol "$c" requires explicit package name at /home/cpansand/.cpan/build/2024032318/Mojolicious-Plugin-WebComponent-0.07-R4Mebf/blib/lib/Mojolicious/Plugin/WebComponent.pm line 134, <DATA> line 2231.
Global symbol "$c" requires explicit package name at /home/cpansand/.cpan/build/2024032318/Mojolicious-Plugin-WebComponent-0.07-R4Mebf/blib/lib/Mojolicious/Plugin/WebComponent.pm line 135, <DATA> line 2231.
Global symbol "$c" requires explicit package name at /home/cpansand/.cpan/build/2024032318/Mojolicious-Plugin-WebComponent-0.07-R4Mebf/blib/lib/Mojolicious/Plugin/WebComponent.pm line 135, <DATA> line 2231.
Compilation failed in require at t/register.t line 4, <DATA> line 2231.
BEGIN failed--compilation aborted at t/register.t line 4, <DATA> line 2231.
t/register.t ...... 
Dubious, test returned 255 (wstat 65280, 0xff00)
No subtests run 

Test Summary Report
-------------------
t/00_compile.t  (Wstat: 256 Tests: 1 Failed: 1)
  Failed test:  1
  Non-zero exit status: 1
t/register.t    (Wstat: 65280 Tests: 0 Failed: 0)
  Non-zero exit status: 255
  Parse errors: No plan found in TAP output
Files=4, Tests=1,  0 wallclock secs ( 0.02 usr  0.01 sys +  0.17 cusr  0.20 csys =  0.40 CPU)
Result: FAIL

------------------------------
PREREQUISITES
------------------------------

Prerequisite modules loaded:

requires:

    Module              Need    Have    
    ------------------- ------- --------
    Mojolicious         0       6.02    
    perl                v5.20.0 5.020001

configure_requires:

    Module              Need    Have    
    ------------------- ------- --------
    Module::Build::Tiny 0.035   0.039   


------------------------------
ENVIRONMENT AND OTHER CONTEXT
------------------------------

Environment variables:

    LC_ALL = de_DE.ISO8859-1
    PATH = /usr/local/bin:/usr/bin:/bin:/usr/local/sbin:/usr/sbin:/sbin:/home/cpansand/bin/freebsd10.3:/home/cpansand/bin/sh:/home/cpansand/bin:/usr/games:/home/cpansand/devel:/home/eserte/src/srezic-misc/scripts
    PERL5LIB = 
    PERL5OPT = 
    PERL5_CPANPLUS_IS_RUNNING = 85717
    PERL5_CPAN_IS_RUNNING = 85717
    PERL5_CPAN_IS_RUNNING_IN_RECURSION = 81961,85717
    PERLDOC = -MPod::Perldoc::ToTextOverstrike
    PERL_BATCH = yes
    PERL_CANARY_STABILITY_NOPROMPT = 1
    PERL_CPAN_REPORTER_CONFIG = /var/tmp/cpansmoker-1023/2024032318/cpanreporter_000_config.ini
    PERL_EXTUTILS_AUTOINSTALL = --defaultdeps
    SHELL = /usr/local/bin/zsh
    TERM = screen
    TMPDIR = /var/tmp/cpansmoker-1023/2024032318

Perl special variables (and OS-specific diagnostics, for MSWin32):

    $^X = /usr/perl5.20.1Dp/bin/perl5.20.1
    $UID/$EUID = 1023 / 1023
    $GID = 1023 1023
    $EGID = 1023 1023

Perl module toolchain versions installed:

    Module              Have    
    ------------------- --------
    CPAN                2.05    
    CPAN::Meta          2.143240
    Cwd                 3.48    
    ExtUtils::CBuilder  0.280217
    ExtUtils::Command   7.58    
    ExtUtils::Install   2.06    
    ExtUtils::MakeMaker 7.58    
    ExtUtils::Manifest  1.70    
    ExtUtils::ParseXS   3.35    
    File::Spec          3.48    
    JSON                2.90    
    JSON::PP            2.27400 
    Module::Build       0.4211  
    Module::Signature   n/a     
    Parse::CPAN::Meta   1.4422  
    Test::Harness       3.30    
    Test::More          1.302183
    YAML                1.14    
    YAML::Syck          1.29    
    version             0.9909  


--

Summary of my perl5 (revision 5 version 20 subversion 1) configuration:
   
  Platform:
    osname=freebsd, osvers=10.1-release, archname=amd64-freebsd-ld
    uname='freebsd cvrsnica-freebsd-101.herceg.de 10.1-release freebsd 10.1-release #0 r274401: tue nov 11 21:02:49 utc 2014 root@releng1.nyi.freebsd.org:usrobjusrsrcsysgeneric amd64 '
    config_args='-ds -e -Dprefix=/usr/perl5.20.1Dp -Duselongdouble'
    hint=recommended, useposix=true, d_sigaction=define
    useithreads=undef, usemultiplicity=undef
    use64bitint=define, use64bitall=define, uselongdouble=define
    usemymalloc=n, bincompat5005=undef
  Compiler:
    cc='cc', ccflags ='-DHAS_FPSETMASK -DHAS_FLOATINGPOINT_H -fno-strict-aliasing -pipe -fstack-protector -I/usr/local/include',
    optimize='-O',
    cppflags='-DHAS_FPSETMASK -DHAS_FLOATINGPOINT_H -fno-strict-aliasing -pipe -fstack-protector -I/usr/local/include'
    ccversion='', gccversion='4.2.1 Compatible FreeBSD Clang 3.4.1 (tags/RELEASE_34/dot1-final 208032)', gccosandvers=''
    intsize=4, longsize=8, ptrsize=8, doublesize=8, byteorder=12345678
    d_longlong=define, longlongsize=8, d_longdbl=define, longdblsize=16
    ivtype='long', ivsize=8, nvtype='long double', nvsize=16, Off_t='off_t', lseeksize=8
    alignbytes=16, prototype=define
  Linker and Libraries:
    ld='cc', ldflags ='-pthread -Wl,-E  -fstack-protector -L/usr/local/lib'
    libpth=/usr/lib /usr/local/lib /usr/include/clang/3.4.1 /usr/lib
    libs=-lgdbm -lm -lcrypt -lutil -lc
    perllibs=-lm -lcrypt -lutil -lc
    libc=, so=so, useshrplib=false, libperl=libperl.a
    gnulibc_version=''
  Dynamic Linking:
    dlsrc=dl_dlopen.xs, dlext=so, d_dlsymun=undef, ccdlflags=' '
    cccdlflags='-DPIC -fPIC', lddlflags='-shared  -L/usr/local/lib -fstack-protector'


Characteristics of this binary (from libperl): 
  Compile-time options: HAS_TIMES PERLIO_LAYERS PERL_DONT_CREATE_GVSV
                        PERL_HASH_FUNC_ONE_AT_A_TIME_HARD PERL_MALLOC_WRAP
                        PERL_NEW_COPY_ON_WRITE PERL_PRESERVE_IVUV
                        USE_64_BIT_ALL USE_64_BIT_INT USE_LARGE_FILES
                        USE_LOCALE USE_LOCALE_COLLATE USE_LOCALE_CTYPE
                        USE_LOCALE_NUMERIC USE_LONG_DOUBLE USE_PERLIO
                        USE_PERL_ATOF
  Built under freebsd
  Compiled at Feb 13 2015 08:17:27
  %ENV:
    PERL5LIB=""
    PERL5OPT=""
    PERL5_CPANPLUS_IS_RUNNING="85717"
    PERL5_CPAN_IS_RUNNING="85717"
    PERL5_CPAN_IS_RUNNING_IN_RECURSION="81961,85717"
    PERLDOC="-MPod::Perldoc::ToTextOverstrike"
    PERL_BATCH="yes"
    PERL_CANARY_STABILITY_NOPROMPT="1"
    PERL_CPAN_REPORTER_CONFIG="/var/tmp/cpansmoker-1023/2024032318/cpanreporter_000_config.ini"
    PERL_EXTUTILS_AUTOINSTALL="--defaultdeps"
  @INC:
    /usr/perl5.20.1Dp/lib/site_perl/5.20.1/amd64-freebsd-ld
    /usr/perl5.20.1Dp/lib/site_perl/5.20.1
    /usr/perl5.20.1Dp/lib/5.20.1/amd64-freebsd-ld
    /usr/perl5.20.1Dp/lib/5.20.1
    .