Report for POE-Component-Server-HTTP-KeepAlive-0.0302

Back
From: metabase:user:9820532a-708b-1014-9a05-b18a96298da1
Subject: FAIL POE-Component-Server-HTTP-KeepAlive-0.0302 v5.12.1 GNU/Linux
Date: 2010-10-09T14:05:02Z

This distribution has been tested as part of the CPAN Testers
project, supporting the Perl programming language.  See
http://wiki.cpantesters.org/ for more information or email
questions to cpan-testers-discuss@perl.org


--
Dear Philip Gwyn,

This is a computer-generated report for POE-Component-Server-HTTP-KeepAlive-0.0302
on perl 5.12.1, created by CPAN-Reporter-1.1803.

Thank you for uploading your work to CPAN.  However, there was a problem
testing your distribution.

If you think this report is invalid, please consult the CPAN Testers Wiki
for suggestions on how to avoid getting FAIL reports for missing library
or binary dependencies, unsupported operating systems, and so on:

http://wiki.cpantesters.org/wiki/CPANAuthorNotes

Sections of this report:

    * Tester comments
    * Program output
    * Prerequisites
    * Environment and other context

------------------------------
TESTER COMMENTS
------------------------------

Additional comments from tester:

this report is from an automated smoke testing program
and was not reviewed by a human for accuracy

------------------------------
PROGRAM OUTPUT
------------------------------

Output from '/usr/bin/make test':

PERL_DL_NONLAZY=1 /home/test/perl/bin/perl5.12.1 "-MExtUtils::Command::MM" "-e" "test_harness(0, 'blib/lib', 'blib/arch')" t/*.t
t/00_compile.t .......... ok
t/01_pod.t .............. skipped: Test::Pod 1.00 required for testing POD
t/02_pod_coverage.t ..... skipped: Test::Pod::Coverage 1.00 required for testing POD coverage
Use of uninitialized value in lc at /home/test/.cpan/build/POE-Component-Server-HTTP-KeepAlive-0.0302-bJ_BKd/blib/lib/POE/Component/Server/HTTP/KeepAlive.pm line 162.
Use of uninitialized value in lc at /home/test/.cpan/build/POE-Component-Server-HTTP-KeepAlive-0.0302-bJ_BKd/blib/lib/POE/Component/Server/HTTP/KeepAlive.pm line 162.
Use of uninitialized value in lc at /home/test/.cpan/build/POE-Component-Server-HTTP-KeepAlive-0.0302-bJ_BKd/blib/lib/POE/Component/Server/HTTP/KeepAlive.pm line 162.
t/10_object.t ........... ok
t/20_poco_http.t ........ ok
# 15246: Sleep 15...
# 15246: continue
Use of uninitialized value in lc at /home/test/.cpan/build/POE-Component-Server-HTTP-KeepAlive-0.0302-bJ_BKd/blib/lib/POE/Component/Server/HTTP/KeepAlive.pm line 162.
Use of uninitialized value in lc at /home/test/.cpan/build/POE-Component-Server-SimpleHTTP-2.04-gXhCWk/blib/lib/POE/Component/Server/SimpleHTTP.pm line 794.
Use of uninitialized value in lc at /home/test/.cpan/build/POE-Component-Server-HTTP-KeepAlive-0.0302-bJ_BKd/blib/lib/POE/Component/Server/HTTP/KeepAlive.pm line 162.
Use of uninitialized value in lc at /home/test/.cpan/build/POE-Component-Server-SimpleHTTP-2.04-gXhCWk/blib/lib/POE/Component/Server/SimpleHTTP.pm line 794.
Use of uninitialized value in lc at /home/test/.cpan/build/POE-Component-Server-SimpleHTTP-2.04-gXhCWk/blib/lib/POE/Component/Server/SimpleHTTP.pm line 796.
Use of uninitialized value in lc at /home/test/.cpan/build/POE-Component-Server-HTTP-KeepAlive-0.0302-bJ_BKd/blib/lib/POE/Component/Server/HTTP/KeepAlive.pm line 162.
Use of uninitialized value in lc at /home/test/.cpan/build/POE-Component-Server-SimpleHTTP-2.04-gXhCWk/blib/lib/POE/Component/Server/SimpleHTTP.pm line 794.
Use of uninitialized value in lc at /home/test/.cpan/build/POE-Component-Server-SimpleHTTP-2.04-gXhCWk/blib/lib/POE/Component/Server/SimpleHTTP.pm line 796.
# 15246: Sleep 1...
# 15246: continue
Use of uninitialized value in lc at /home/test/.cpan/build/POE-Component-Server-HTTP-KeepAlive-0.0302-bJ_BKd/blib/lib/POE/Component/Server/HTTP/KeepAlive.pm line 162.
Use of uninitialized value in lc at /home/test/.cpan/build/POE-Component-Server-SimpleHTTP-2.04-gXhCWk/blib/lib/POE/Component/Server/SimpleHTTP.pm line 794.
Use of uninitialized value in lc at /home/test/.cpan/build/POE-Component-Server-HTTP-KeepAlive-0.0302-bJ_BKd/blib/lib/POE/Component/Server/HTTP/KeepAlive.pm line 162.
Use of uninitialized value in lc at /home/test/.cpan/build/POE-Component-Server-SimpleHTTP-2.04-gXhCWk/blib/lib/POE/Component/Server/SimpleHTTP.pm line 794.
Use of uninitialized value in lc at /home/test/.cpan/build/POE-Component-Server-HTTP-KeepAlive-0.0302-bJ_BKd/blib/lib/POE/Component/Server/HTTP/KeepAlive.pm line 162.
Use of uninitialized value in lc at /home/test/.cpan/build/POE-Component-Server-SimpleHTTP-2.04-gXhCWk/blib/lib/POE/Component/Server/SimpleHTTP.pm line 794.
Use of uninitialized value in lc at /home/test/.cpan/build/POE-Component-Server-SimpleHTTP-2.04-gXhCWk/blib/lib/POE/Component/Server/SimpleHTTP.pm line 796.
# 15246: Sleep 1...
# 15246: continue
# 15246: Sleep 16...
Keepalive: timeout_event unknown connection id=3 at /home/test/.cpan/build/POE-Component-Server-HTTP-KeepAlive-0.0302-bJ_BKd/blib/lib/POE/Component/Server/HTTP/KeepAlive.pm line 377.
# 15246: continue

#   Failed test 'They all timed out'
#   at t/Client.pm line 93.
#          got: '1'
#     expected: '0'
MAKE IT SO at t/Client.pm line 93.
-----
Please address any warnings or errors above this message, and try
again.  If there are none, or those messages are from within POE,
then please mail them along with the following information
to bug-POE@rt.cpan.org:
---
<sg> Kernel now running in a different process (is=15293 was=15246).  You must call call $poe_kernel->has_forked in the child process.
-----
 at /home/test/.cpan/build/POE-1.293-5vWuK0/blib/lib/POE/Resource/Signals.pm line 802
	POE::Kernel::_data_sig_pipe_send('POE::Kernel', 'INT') called at /home/test/.cpan/build/POE-1.293-5vWuK0/blib/lib/POE/Loop/PerlSignals.pm line 27
	POE::Kernel::_loop_signal_handler_generic('INT') called at /home/test/.cpan/build/POE-1.293-5vWuK0/blib/lib/POE/Loop/Select.pm line 199
	eval {...} called at /home/test/.cpan/build/POE-1.293-5vWuK0/blib/lib/POE/Loop/Select.pm line 199
	POE::Kernel::loop_do_timeslice('POE::Kernel=ARRAY(0x103b140)') called at /home/test/.cpan/build/POE-1.293-5vWuK0/blib/lib/POE/Loop/Select.pm line 323
	POE::Kernel::loop_run('POE::Kernel=ARRAY(0x103b140)') called at /home/test/.cpan/build/POE-1.293-5vWuK0/blib/lib/POE/Kernel.pm line 1290
	POE::Kernel::run('POE::Kernel=ARRAY(0x103b140)') called at t/25_poco_simplehttp.t line 99

#   Failed test 'Sane shutdown (65280)'
#   at t/25_poco_simplehttp.t line 51.
#          got: '65280'
#     expected: '0'
# Looks like you planned 47 tests but ran 20.
# Looks like you failed 2 tests of 20 run.
# Looks like your test exited with 65280 just after 20.
t/25_poco_simplehttp.t .. 
Failed 29/47 subtests 

Test Summary Report
-------------------
t/25_poco_simplehttp.t (Wstat: 0 Tests: 20 Failed: 2)
  Failed tests:  19-20
  Parse errors: Bad plan.  You planned 47 tests but ran 20.
Files=6, Tests=105, 35 wallclock secs ( 0.04 usr  0.02 sys +  1.25 cusr  0.26 csys =  1.57 CPU)
Result: FAIL
Failed 1/6 test programs. 2/105 subtests failed.
make: *** [test_dynamic] Error 255

------------------------------
PREREQUISITES
------------------------------

Prerequisite modules loaded:

requires:

    Module                             Need   Have 
    ---------------------------------- ------ -----
    HTTP::Request                      0      5.827
    HTTP::Response                     0      5.836
    HTTP::Status                       0      5.817
    POE                                0.9999 1.293
    POE::Component::Server::SimpleHTTP 1.30   2.04 


------------------------------
ENVIRONMENT AND OTHER CONTEXT
------------------------------

Environment variables:

    AUTOMATED_TESTING = 1
    LANG = C
    LC_ALL = C
    PATH = /home/test/perl/bin:~/bin:/usr/bin:/bin
    PERL5LIB = /home/test/.cpan/build/POE-Component-Server-SimpleHTTP-2.04-gXhCWk/blib/arch:/home/test/.cpan/build/POE-Component-Server-SimpleHTTP-2.04-gXhCWk/blib/lib:/home/test/.cpan/build/POE-Filter-HTTP-Parser-1.04-8Fs8I2/blib/arch:/home/test/.cpan/build/POE-Filter-HTTP-Parser-1.04-8Fs8I2/blib/lib:/home/test/.cpan/build/HTTP-Parser-0.05-1ej4t7/blib/arch:/home/test/.cpan/build/HTTP-Parser-0.05-1ej4t7/blib/lib:/home/test/.cpan/build/Test-POE-Server-TCP-1.14-m4XR9R/blib/arch:/home/test/.cpan/build/Test-POE-Server-TCP-1.14-m4XR9R/blib/lib:/home/test/.cpan/build/MooseX-AttributeHelpers-0.23-OKe1Y5/blib/arch:/home/test/.cpan/build/MooseX-AttributeHelpers-0.23-OKe1Y5/blib/lib:/home/test/.cpan/build/Test-POE-Client-TCP-1.08-5EYiGV/blib/arch:/home/test/.cpan/build/Test-POE-Client-TCP-1.08-5EYiGV/blib/lib:/home/test/.cpan/build/MooseX-POE-0.209-1ECUfk/blib/arch:/home/test/.cpan/build/MooseX-POE-0.209-1ECUfk/blib/lib:/home/test/.cpan/build/POE-1.293-5vWuK0/blib/arch:/home/test/.cpan/build/POE-1.293-5vWuK0/blib/lib:/home/test/.cpan/build/POE-Test-Loops-1.035-8wSc6f/blib/arch:/home/test/.cpan/build/POE-Test-Loops-1.035-8wSc6f/blib/lib
    PERL5OPT = 
    PERL5_CPANPLUS_IS_RUNNING = 12585
    PERL5_CPAN_IS_RUNNING = 12585
    PERL5_CPAN_IS_RUNNING_IN_RECURSION = 5148,12585
    PERL_CR_SMOKER_CURRENT = POE-Component-Server-HTTP-KeepAlive-0.0302
    PERL_EXTUTILS_AUTOINSTALL = --defaultdeps
    PERL_MM_USE_DEFAULT = 1
    SHELL = /bin/bash
    TERM = linux

Perl special variables (and OS-specific diagnostics, for MSWin32):

    $^X = /home/test/perl/bin/perl5.12.1
    $UID/$EUID = 1001 / 1001
    $GID = 1001 1001
    $EGID = 1001 1001

Perl module toolchain versions installed:

    Module              Have   
    ------------------- -------
    CPAN                1.94_56
    Cwd                 3.31   
    ExtUtils::CBuilder  0.27   
    ExtUtils::Command   1.16   
    ExtUtils::Install   1.55   
    ExtUtils::MakeMaker 6.56   
    ExtUtils::Manifest  1.57   
    ExtUtils::ParseXS   2.21   
    File::Spec          3.31   
    Module::Build       0.3603 
    Module::Signature   n/a    
    Test::Harness       3.17   
    Test::More          0.94   
    YAML                n/a    
    YAML::Syck          1.15   
    version             0.82   


--

Summary of my perl5 (revision 5 version 12 subversion 1) configuration:
   
  Platform:
    osname=linux, osvers=2.6.26-2-amd64, archname=x86_64-linux-thread-multi-ld
    uname='linux zippy 2.6.26-2-amd64 #1 smp tue jan 12 22:12:20 utc 2010 x86_64 gnulinux '
    config_args='-des -Dusedevel -des -Duselongdouble -Duse64bitall -Dusethreads -Dprefix=~/perl'
    hint=recommended, useposix=true, d_sigaction=define
    useithreads=define, usemultiplicity=define
    useperlio=define, d_sfio=undef, uselargefiles=define, usesocks=undef
    use64bitint=define, use64bitall=define, uselongdouble=define
    usemymalloc=n, bincompat5005=undef
  Compiler:
    cc='cc', ccflags ='-D_REENTRANT -D_GNU_SOURCE -fno-strict-aliasing -pipe -fstack-protector -I/usr/local/include -D_LARGEFILE_SOURCE -D_FILE_OFFSET_BITS=64',
    optimize='-O2',
    cppflags='-D_REENTRANT -D_GNU_SOURCE -fno-strict-aliasing -pipe -fstack-protector -I/usr/local/include'
    ccversion='', gccversion='4.4.4', gccosandvers=''
    intsize=4, longsize=8, ptrsize=8, doublesize=8, byteorder=12345678
    d_longlong=define, longlongsize=8, d_longdbl=define, longdblsize=16
    ivtype='long', ivsize=8, nvtype='long double', nvsize=16, Off_t='off_t', lseeksize=8
    alignbytes=16, prototype=define
  Linker and Libraries:
    ld='cc', ldflags =' -fstack-protector -L/usr/local/lib'
    libpth=/usr/local/lib /lib /usr/lib /lib64 /usr/lib64
    libs=-lnsl -ldb -ldl -lm -lcrypt -lutil -lpthread -lc
    perllibs=-lnsl -ldl -lm -lcrypt -lutil -lpthread -lc
    libc=/lib/libc-2.11.2.so, so=so, useshrplib=false, libperl=libperl.a
    gnulibc_version='2.11.2'
  Dynamic Linking:
    dlsrc=dl_dlopen.xs, dlext=so, d_dlsymun=undef, ccdlflags='-Wl,-E'
    cccdlflags='-fPIC', lddlflags='-shared -O2 -L/usr/local/lib -fstack-protector'


Characteristics of this binary (from libperl): 
  Compile-time options: MULTIPLICITY PERL_DONT_CREATE_GVSV
                        PERL_IMPLICIT_CONTEXT PERL_MALLOC_WRAP PERL_USE_DEVEL
                        USE_64_BIT_ALL USE_64_BIT_INT USE_ITHREADS
                        USE_LARGE_FILES USE_LONG_DOUBLE USE_PERLIO
                        USE_PERL_ATOF USE_REENTRANT_API
  Built under linux
  Compiled at Aug 23 2010 11:08:01
  %ENV:
    PERL5LIB="/home/test/.cpan/build/POE-Component-Server-SimpleHTTP-2.04-gXhCWk/blib/arch:/home/test/.cpan/build/POE-Component-Server-SimpleHTTP-2.04-gXhCWk/blib/lib:/home/test/.cpan/build/POE-Filter-HTTP-Parser-1.04-8Fs8I2/blib/arch:/home/test/.cpan/build/POE-Filter-HTTP-Parser-1.04-8Fs8I2/blib/lib:/home/test/.cpan/build/HTTP-Parser-0.05-1ej4t7/blib/arch:/home/test/.cpan/build/HTTP-Parser-0.05-1ej4t7/blib/lib:/home/test/.cpan/build/Test-POE-Server-TCP-1.14-m4XR9R/blib/arch:/home/test/.cpan/build/Test-POE-Server-TCP-1.14-m4XR9R/blib/lib:/home/test/.cpan/build/MooseX-AttributeHelpers-0.23-OKe1Y5/blib/arch:/home/test/.cpan/build/MooseX-AttributeHelpers-0.23-OKe1Y5/blib/lib:/home/test/.cpan/build/Test-POE-Client-TCP-1.08-5EYiGV/blib/arch:/home/test/.cpan/build/Test-POE-Client-TCP-1.08-5EYiGV/blib/lib:/home/test/.cpan/build/MooseX-POE-0.209-1ECUfk/blib/arch:/home/test/.cpan/build/MooseX-POE-0.209-1ECUfk/blib/lib:/home/test/.cpan/build/POE-1.293-5vWuK0/blib/arch:/home/test/.cpan/build/POE-1.293-5vWuK0/blib/lib:/home/test/.cpan/build/POE-Test-Loops-1.035-8wSc6f/blib/arch:/home/test/.cpan/build/POE-Test-Loops-1.035-8wSc6f/blib/lib"
    PERL5OPT=""
    PERL5_CPANPLUS_IS_RUNNING="12585"
    PERL5_CPAN_IS_RUNNING="12585"
    PERL5_CPAN_IS_RUNNING_IN_RECURSION="5148,12585"
    PERL_CR_SMOKER_CURRENT="POE-Component-Server-HTTP-KeepAlive-0.0302"
    PERL_EXTUTILS_AUTOINSTALL="--defaultdeps"
    PERL_MM_USE_DEFAULT="1"
  @INC:
    /home/test/.cpan/build/POE-Component-Server-SimpleHTTP-2.04-gXhCWk/blib/arch
    /home/test/.cpan/build/POE-Component-Server-SimpleHTTP-2.04-gXhCWk/blib/lib
    /home/test/.cpan/build/POE-Filter-HTTP-Parser-1.04-8Fs8I2/blib/arch
    /home/test/.cpan/build/POE-Filter-HTTP-Parser-1.04-8Fs8I2/blib/lib
    /home/test/.cpan/build/HTTP-Parser-0.05-1ej4t7/blib/arch
    /home/test/.cpan/build/HTTP-Parser-0.05-1ej4t7/blib/lib
    /home/test/.cpan/build/Test-POE-Server-TCP-1.14-m4XR9R/blib/arch
    /home/test/.cpan/build/Test-POE-Server-TCP-1.14-m4XR9R/blib/lib
    /home/test/.cpan/build/MooseX-AttributeHelpers-0.23-OKe1Y5/blib/arch
    /home/test/.cpan/build/MooseX-AttributeHelpers-0.23-OKe1Y5/blib/lib
    /home/test/.cpan/build/Test-POE-Client-TCP-1.08-5EYiGV/blib/arch
    /home/test/.cpan/build/Test-POE-Client-TCP-1.08-5EYiGV/blib/lib
    /home/test/.cpan/build/MooseX-POE-0.209-1ECUfk/blib/arch
    /home/test/.cpan/build/MooseX-POE-0.209-1ECUfk/blib/lib
    /home/test/.cpan/build/POE-1.293-5vWuK0/blib/arch
    /home/test/.cpan/build/POE-1.293-5vWuK0/blib/lib
    /home/test/.cpan/build/POE-Test-Loops-1.035-8wSc6f/blib/arch
    /home/test/.cpan/build/POE-Test-Loops-1.035-8wSc6f/blib/lib
    /home/test/perl/lib/site_perl/5.12.1/x86_64-linux-thread-multi-ld
    /home/test/perl/lib/site_perl/5.12.1
    /home/test/perl/lib/5.12.1/x86_64-linux-thread-multi-ld
    /home/test/perl/lib/5.12.1
    .