Back
From: metabase:user:320bfe00-2aae-11df-837a-5e0a49663a4f
Subject: FAIL Test-CGI-Multipart-v0.0.3 v5.21.8 GNU/Linux
Date: 2014-12-24T09:42:44Z
This distribution has been tested as part of the CPAN Testers
project, supporting the Perl programming language. See
http://wiki.cpantesters.org/ for more information or email
questions to cpan-testers-discuss@perl.org
--
Dear Nicholas Bamber,
This is a computer-generated report for Test-CGI-Multipart-v0.0.3
on perl 5.21.8, created by CPAN-Reporter-1.2011.
Thank you for uploading your work to CPAN. However, there was a problem
testing your distribution.
If you think this report is invalid, please consult the CPAN Testers Wiki
for suggestions on how to avoid getting FAIL reports for missing library
or binary dependencies, unsupported operating systems, and so on:
http://wiki.cpantesters.org/wiki/CPANAuthorNotes
Sections of this report:
* Tester comments
* Program output
* Prerequisites
* Environment and other context
------------------------------
TESTER COMMENTS
------------------------------
Additional comments from tester:
this report is from an automated smoke testing program
and was not reviewed by a human for accuracy
------------------------------
PROGRAM OUTPUT
------------------------------
Output from './Build test':
# Testing Test::CGI::Multipart 0.0.3
t/00.load.t ............ ok
# Testing with CGI
# Testing with CGI::Simple
t/01.basic.t ........... ok
# Testing with CGI
# Testing with CGI::Simple
t/01.data_structure.t .. ok
# Testing with CGI
# Testing with CGI::Simple
t/02.param.t ........... ok
# Testing with CGI
# Testing with CGI::Simple
t/03.upload.t .......... ok
# Failed test 'files'
# at t/04.multiple.t line 90.
# Structures begin differing at:
# $got->[0]{file} = 'nah_nah.blah'
# $expected->[0]{file} = 'doo_doo.blah'
# Testing with CGI
# Looks like you failed 1 test of 27.
t/04.multiple.t ........
Dubious, test returned 1 (wstat 256, 0x100)
Failed 1/27 subtests
(less 5 skipped subtests: 21 okay)
# Testing with CGI
# Testing with CGI::Simple
t/04.separate.t ........ ok
# Failed test 'files'
# at t/05.callbacks.t line 83.
# Structures begin differing at:
# $got->[0]{file} = 'nah_nah.blah'
# $expected->[0]{file} = 'doo_doo.blah'
# Testing with CGI
# Looks like you failed 1 test of 31.
t/05.callbacks.t .......
Dubious, test returned 1 (wstat 256, 0x100)
Failed 1/31 subtests
(less 6 skipped subtests: 24 okay)
t/10.text.t ............ skipped: This test requires Text::Lorem
# Testing with CGI
# Testing with CGI::Simple
# Testing with CGI
# Testing with CGI::Simple
t/11.reset.t ........... ok
t/20.image.t ........... skipped: This test requires GD::Simple
t/changes.t ............ skipped: Author test. Set $ENV{TEST_AUTHOR} to a true value to run.
t/manifest.t ........... skipped: Author test. Set $ENV{TEST_AUTHOR} to a true value to run.
t/perlcritic.t ......... skipped: Author test. Set $ENV{TEST_AUTHOR} to a true value to run.
# Failed test 'Pod coverage on Test::CGI::Multipart::Gen::Text'
# at /home/sand/src/perl/repoperls/installed-perls/perl/v5.21.7-66-g494a4b9/165a/lib/site_perl/5.21.8/Test/Pod/Coverage.pm line 133.
# Test::CGI::Multipart::Gen::Text: requiring 'Test::CGI::Multipart::Gen::Text' failed
# Failed test 'Pod coverage on Test::CGI::Multipart::Gen::Image'
# at /home/sand/src/perl/repoperls/installed-perls/perl/v5.21.7-66-g494a4b9/165a/lib/site_perl/5.21.8/Test/Pod/Coverage.pm line 133.
# Test::CGI::Multipart::Gen::Image: requiring 'Test::CGI::Multipart::Gen::Image' failed
# Looks like you failed 2 tests of 3.
t/pod-coverage.t .......
Dubious, test returned 2 (wstat 512, 0x200)
Failed 2/3 subtests
t/pod.t ................ ok
t/podspell.t ........... skipped: Author test. Set $ENV{TEST_AUTHOR} to a true value to run.
t/prereq.t ............. skipped: Author test. Set $ENV{TEST_PREREQ} to a true value to run.
Test Summary Report
-------------------
t/04.multiple.t (Wstat: 256 Tests: 27 Failed: 1)
Failed test: 15
Non-zero exit status: 1
t/05.callbacks.t (Wstat: 256 Tests: 31 Failed: 1)
Failed test: 16
Non-zero exit status: 1
t/pod-coverage.t (Wstat: 512 Tests: 3 Failed: 2)
Failed tests: 2-3
Non-zero exit status: 2
Files=18, Tests=171, 2 wallclock secs ( 0.06 usr 0.01 sys + 1.88 cusr 0.11 csys = 2.06 CPU)
Result: FAIL
Failed 3/18 test programs. 4/171 subtests failed.
------------------------------
PREREQUISITES
------------------------------
Prerequisite modules loaded:
requires:
Module Need Have
------------------ ------ ------------
autodie 0 2.25
CGI 3.41 4.03
MIME::Entity 0 5.505
Params::Validate 0 1.13
perl v5.6.1 5.021008
Readonly 0 2.00
UNIVERSAL::require 0 0.17
version 0 0.9909
build_requires:
Module Need Have
------------------ ------ ------------
Perl6::Slurp 0 0.051005
Test::Exception 0 0.35
Test::More 0 1.301001_093
configure_requires:
Module Need Have
------------------ ------ ------------
Module::Build 0.36 0.4210
------------------------------
ENVIRONMENT AND OTHER CONTEXT
------------------------------
Environment variables:
AUTOMATED_TESTING = 1
LANG = en_US.UTF-8
LANGUAGE = en_US:en
PATH = /home/sand/bin:/usr/local/bin:/usr/bin:/bin:/usr/games:/usr/local/perl/bin:/usr/X11/bin:/sbin:/usr/sbin
PERL = /tmp/basesmoker-reloperl-wotB/bin/perl
PERL5LIB =
PERL5OPT =
PERL5_CPANPLUS_IS_RUNNING = 11776
PERL5_CPAN_IS_RUNNING = 11776
PERL_MM_USE_DEFAULT = 1
SHELL = /usr/bin/zsh
TERM = screen
Perl special variables (and OS-specific diagnostics, for MSWin32):
$^X = /tmp/basesmoker-reloperl-wotB/bin/perl
$UID/$EUID = 1005 / 1005
$GID = 1005 1005
$EGID = 1005 1005
Perl module toolchain versions installed:
Module Have
------------------- ------------
CPAN 2.05
CPAN::Meta 2.143240
Cwd 3.54
ExtUtils::CBuilder 0.280221
ExtUtils::Command 1.18
ExtUtils::Install 2.04
ExtUtils::MakeMaker 7.04
ExtUtils::Manifest 1.69
ExtUtils::ParseXS 3.27
File::Spec 3.53
JSON 2.90
JSON::PP 2.27300
Module::Build 0.4210
Module::Signature 0.73
Parse::CPAN::Meta 1.4414
Test::Harness 3.34
Test::More 1.301001_093
YAML 1.13
YAML::Syck 1.29
version 0.9909
--
Summary of my perl5 (revision 5 version 21 subversion 8) configuration:
Commit id: 494a4b9c5cda1380ee385b387e3fd441a58a9a71
Platform:
osname=linux, osvers=3.16.0-4-amd64, archname=x86_64-linux
uname='linux k83 3.16.0-4-amd64 #1 smp debian 3.16.7-2 (2014-11-06) x86_64 gnulinux '
config_args='-Dprefix=/home/sand/src/perl/repoperls/installed-perls/perl/v5.21.7-66-g494a4b9/165a -Dmyhostname=k83 -Dinstallusrbinperl=n -Uversiononly -Dusedevel -des -Ui_db -Uuseithreads -Uuselongdouble -DDEBUGGING=-g'
hint=recommended, useposix=true, d_sigaction=define
useithreads=undef, usemultiplicity=undef
use64bitint=define, use64bitall=define, uselongdouble=undef
usemymalloc=n, bincompat5005=undef
Compiler:
cc='cc', ccflags ='-fwrapv -fno-strict-aliasing -pipe -fstack-protector-strong -I/usr/local/include -D_LARGEFILE_SOURCE -D_FILE_OFFSET_BITS=64 -D_FORTIFY_SOURCE=2',
optimize='-O2 -g',
cppflags='-fwrapv -fno-strict-aliasing -pipe -fstack-protector-strong -I/usr/local/include'
ccversion='', gccversion='4.9.2', gccosandvers=''
intsize=4, longsize=8, ptrsize=8, doublesize=8, byteorder=12345678, doublekind=3
d_longlong=define, longlongsize=8, d_longdbl=define, longdblsize=16, longdblkind=3
ivtype='long', ivsize=8, nvtype='double', nvsize=8, Off_t='off_t', lseeksize=8
alignbytes=8, prototype=define
Linker and Libraries:
ld='cc', ldflags =' -fstack-protector-strong -L/usr/local/lib'
libpth=/usr/local/lib /usr/lib/gcc/x86_64-linux-gnu/4.9/include-fixed /usr/include/x86_64-linux-gnu /usr/lib /lib/x86_64-linux-gnu /lib/../lib /usr/lib/x86_64-linux-gnu /usr/lib/../lib /lib
libs=-lnsl -lgdbm -ldb -ldl -lm -lcrypt -lutil -lc -lpthread -lgdbm_compat
perllibs=-lnsl -ldl -lm -lcrypt -lutil -lc -lpthread
libc=libc-2.19.so, so=so, useshrplib=false, libperl=libperl.a
gnulibc_version='2.19'
Dynamic Linking:
dlsrc=dl_dlopen.xs, dlext=so, d_dlsymun=undef, ccdlflags='-Wl,-E'
cccdlflags='-fPIC', lddlflags='-shared -O2 -g -L/usr/local/lib -fstack-protector-strong'
Characteristics of this binary (from libperl):
Compile-time options: HAS_TIMES PERLIO_LAYERS PERL_DONT_CREATE_GVSV
PERL_HASH_FUNC_ONE_AT_A_TIME_HARD PERL_MALLOC_WRAP
PERL_NEW_COPY_ON_WRITE PERL_PRESERVE_IVUV
PERL_USE_DEVEL USE_64_BIT_ALL USE_64_BIT_INT
USE_LARGE_FILES USE_LOCALE USE_LOCALE_COLLATE
USE_LOCALE_CTYPE USE_LOCALE_NUMERIC USE_LOCALE_TIME
USE_PERLIO USE_PERL_ATOF
Built under linux
Compiled at Dec 24 2014 06:43:49
%ENV:
PERL="/tmp/basesmoker-reloperl-wotB/bin/perl"
PERL5LIB=""
PERL5OPT=""
PERL5_CPANPLUS_IS_RUNNING="11776"
PERL5_CPAN_IS_RUNNING="11776"
PERL_MM_USE_DEFAULT="1"
@INC:
/home/sand/src/perl/repoperls/installed-perls/perl/v5.21.7-66-g494a4b9/165a/lib/site_perl/5.21.8/x86_64-linux
/home/sand/src/perl/repoperls/installed-perls/perl/v5.21.7-66-g494a4b9/165a/lib/site_perl/5.21.8
/home/sand/src/perl/repoperls/installed-perls/perl/v5.21.7-66-g494a4b9/165a/lib/5.21.8/x86_64-linux
/home/sand/src/perl/repoperls/installed-perls/perl/v5.21.7-66-g494a4b9/165a/lib/5.21.8
.