Back
From: metabase:user:322078bc-2aae-11df-837a-5e0a49663a4f
Subject: FAIL Net-Disqus-1.15 v5.10.0 FreeBSD
Date: 2011-04-29T06:45:03Z
This distribution has been tested as part of the CPAN Testers
project, supporting the Perl programming language. See
http://wiki.cpantesters.org/ for more information or email
questions to cpan-testers-discuss@perl.org
--
Dear MADCAT,
This is a computer-generated error report created automatically by
CPANPLUS, version 0.9104. Testers personal comments may appear
at the end of this report.
Thank you for uploading your work to CPAN. However, it appears that
there were some problems testing your distribution.
TEST RESULTS:
Below is the error stack from stage 'make test':
[MSG] [Fri Apr 29 07:45:02 2011] Building Net-Disqus
[ERROR] [Fri Apr 29 07:45:03 2011] MAKE TEST failed:
t/000-load.t ............... ok
# Testing Net::Disqus 1.15, Perl 5.010000, /usr/home/cpan/pit/bare/perl-5.10.0/bin/perl
t/001-exception.t .......... ok
# Failed test 'new() died'
# at t/002-instantiate.t line 7.
# Error was: Something really funny is going on, cannot find one of LWP::UserAgent, JSON::PP, URI, URI::Escape
# Looks like you failed 1 test of 4.
t/002-instantiate.t ........
Dubious, test returned 1 (wstat 256, 0x100)
Failed 1/4 subtests
t/003-instantiate-error.t .. ok
Something really funny is going on, cannot find one of LWP::UserAgent, JSON::PP, URI, URI::Escape# Looks like you planned 5 tests but ran 2.
# Looks like your test exited with 2 just after 2.
t/004-interfaces.t .........
Dubious, test returned 2 (wstat 512, 0x200)
Failed 3/5 subtests
t/005-online.t ............. skipped: No online testing requested, set the DISQUS_API_SECRET environment variable to your secret api key to test against the live Disqus API
t/manifest.t ............... skipped: Author tests not required for installation
Test Summary Report
-------------------
t/002-instantiate.t (Wstat: 256 Tests: 4 Failed: 1)
Failed test: 3
Non-zero exit status: 1
t/004-interfaces.t (Wstat: 512 Tests: 2 Failed: 0)
Non-zero exit status: 2
Parse errors: Bad plan. You planned 5 tests but ran 2.
Files=7, Tests=18, 1 wallclock secs ( 0.02 usr 0.16 sys + 0.07 cusr 0.46 csys = 0.71 CPU)
Result: FAIL
Failed 2/7 test programs. 1/18 subtests failed.
BEGIN failed--compilation aborted at /usr/home/cpan/pit/bare/perl-5.10.0/bin/cpanp-run-perl line 8.
[MSG] [Fri Apr 29 07:45:03 2011] DEFAULT 'proceed_on_test_failure' HANDLER RETURNING 'sub return value'
PREREQUISITES:
Here is a list of prerequisites you specified and versions we
managed to load:
Module Name Have Want
Class::Accessor 0.34 0
Data::Dumper 2.121_14 0
Module::Build 0.3800 0.3601
Test::Exception 0.31 0
Test::More 0.98 0
Try::Tiny 0.09 0
overload 1.06 0
Perl module toolchain versions installed:
Module Name Have
CPANPLUS 0.9104
CPANPLUS::Dist::Build 0.56
Cwd 3.33
ExtUtils::CBuilder 0.280202
ExtUtils::Command 1.16
ExtUtils::Install 1.54
ExtUtils::MakeMaker 6.56
ExtUtils::Manifest 1.58
ExtUtils::ParseXS 2.2206
File::Spec 3.33
Module::Build 0.3800
Test::Harness 3.23
Test::More 0.98
version 0.88
******************************** NOTE ********************************
The comments above are created mechanically, possibly without manual
checking by the sender. As there are many people performing automatic
tests on each upload to CPAN, it is likely that you will receive
identical messages about the same problem.
If you believe that the message is mistaken, please reply to the first
one with correction and/or additional informations, and do not take
it personally. We appreciate your patience. :)
**********************************************************************
Additional comments:
This report was machine-generated by CPANPLUS::Dist::YACSmoke 0.62.
Powered by minismokebox version 0.44
------------------------------
ENVIRONMENT AND OTHER CONTEXT
------------------------------
Environment variables:
AUTOMATED_TESTING = 1
PATH = /sbin:/bin:/usr/sbin:/usr/bin:/usr/games:/usr/local/sbin:/usr/local/bin:/home/cpan/bin
PERL5LIB = :/usr/home/cpan/pit/bare/conf/perl-5.10.0/.cpanplus/5.10.0/build/Class-Accessor-0.34/blib/lib:/usr/home/cpan/pit/bare/conf/perl-5.10.0/.cpanplus/5.10.0/build/Class-Accessor-0.34/blib/arch:/usr/home/cpan/pit/bare/conf/perl-5.10.0/.cpanplus/5.10.0/build/Sub-Uplevel-0.22/blib/lib:/usr/home/cpan/pit/bare/conf/perl-5.10.0/.cpanplus/5.10.0/build/Sub-Uplevel-0.22/blib/arch:/usr/home/cpan/pit/bare/conf/perl-5.10.0/.cpanplus/5.10.0/build/Test-Exception-0.31/blib/lib:/usr/home/cpan/pit/bare/conf/perl-5.10.0/.cpanplus/5.10.0/build/Test-Exception-0.31/blib/arch:/usr/home/cpan/pit/bare/conf/perl-5.10.0/.cpanplus/5.10.0/build/Try-Tiny-0.09/blib/lib:/usr/home/cpan/pit/bare/conf/perl-5.10.0/.cpanplus/5.10.0/build/Try-Tiny-0.09/blib/arch:/usr/home/cpan/pit/bare/conf/perl-5.10.0/.cpanplus/5.10.0/build/Net-Disqus-1.15/blib/lib:/usr/home/cpan/pit/bare/conf/perl-5.10.0/.cpanplus/5.10.0/build/Net-Disqus-1.15/blib/arch
PERL5_CPANPLUS_IS_RUNNING = 77174
PERL5_CPANPLUS_IS_VERSION = 0.9104
PERL5_MINISMOKEBOX = 0.44
PERL5_YACSMOKE_BASE = /usr/home/cpan/pit/bare/conf/perl-5.10.0
PERL_EXTUTILS_AUTOINSTALL = --defaultdeps
PERL_MM_USE_DEFAULT = 1
SHELL = /usr/local/bin/bash
TERM = screen
Perl special variables (and OS-specific diagnostics, for MSWin32):
Perl: $^X = /usr/home/cpan/pit/bare/perl-5.10.0/bin/perl
UID: $< = 1002
EUID: $> = 1002
GID: $( = 1002 1002 1002
EGID: $) = 1002 1002 1002
-------------------------------
--
Summary of my perl5 (revision 5 version 10 subversion 0) configuration:
Platform:
osname=freebsd, osvers=7.4-release, archname=amd64-freebsd
uname='freebsd fidget.bingosnet.co.uk 7.4-release freebsd 7.4-release #0: fri feb 18 01:55:22 utc 2011 root@driscoll.cse.buffalo.edu:usrobjusrsrcsysgeneric amd64 '
config_args='-des -Dprefix=/usr/home/cpan/pit/bare/perl-5.10.0'
hint=recommended, useposix=true, d_sigaction=define
useithreads=undef, usemultiplicity=undef
useperlio=define, d_sfio=undef, uselargefiles=define, usesocks=undef
use64bitint=define, use64bitall=define, uselongdouble=undef
usemymalloc=n, bincompat5005=undef
Compiler:
cc='cc', ccflags ='-DHAS_FPSETMASK -DHAS_FLOATINGPOINT_H -fno-strict-aliasing -pipe -I/usr/local/include',
optimize='-O',
cppflags='-DHAS_FPSETMASK -DHAS_FLOATINGPOINT_H -fno-strict-aliasing -pipe -I/usr/local/include'
ccversion='', gccversion='4.2.1 20070719 [FreeBSD]', gccosandvers=''
intsize=4, longsize=8, ptrsize=8, doublesize=8, byteorder=12345678
d_longlong=define, longlongsize=8, d_longdbl=define, longdblsize=16
ivtype='long', ivsize=8, nvtype='double', nvsize=8, Off_t='off_t', lseeksize=8
alignbytes=8, prototype=define
Linker and Libraries:
ld='cc', ldflags ='-Wl,-E -L/usr/local/lib'
libpth=/usr/lib /usr/local/lib
libs=-lgdbm -lm -lcrypt -lutil -lc
perllibs=-lm -lcrypt -lutil -lc
libc=, so=so, useshrplib=false, libperl=libperl.a
gnulibc_version=''
Dynamic Linking:
dlsrc=dl_dlopen.xs, dlext=so, d_dlsymun=undef, ccdlflags=' '
cccdlflags='-DPIC -fPIC', lddlflags='-shared -L/usr/local/lib'
Characteristics of this binary (from libperl):
Compile-time options: PERL_DONT_CREATE_GVSV PERL_MALLOC_WRAP USE_64_BIT_ALL
USE_64_BIT_INT USE_LARGE_FILES USE_PERLIO
Built under freebsd
Compiled at Mar 8 2011 14:35:40
%ENV:
PERL5LIB=":/usr/home/cpan/pit/bare/conf/perl-5.10.0/.cpanplus/5.10.0/build/Class-Accessor-0.34/blib/lib:/usr/home/cpan/pit/bare/conf/perl-5.10.0/.cpanplus/5.10.0/build/Class-Accessor-0.34/blib/arch:/usr/home/cpan/pit/bare/conf/perl-5.10.0/.cpanplus/5.10.0/build/Sub-Uplevel-0.22/blib/lib:/usr/home/cpan/pit/bare/conf/perl-5.10.0/.cpanplus/5.10.0/build/Sub-Uplevel-0.22/blib/arch:/usr/home/cpan/pit/bare/conf/perl-5.10.0/.cpanplus/5.10.0/build/Test-Exception-0.31/blib/lib:/usr/home/cpan/pit/bare/conf/perl-5.10.0/.cpanplus/5.10.0/build/Test-Exception-0.31/blib/arch:/usr/home/cpan/pit/bare/conf/perl-5.10.0/.cpanplus/5.10.0/build/Try-Tiny-0.09/blib/lib:/usr/home/cpan/pit/bare/conf/perl-5.10.0/.cpanplus/5.10.0/build/Try-Tiny-0.09/blib/arch:/usr/home/cpan/pit/bare/conf/perl-5.10.0/.cpanplus/5.10.0/build/Net-Disqus-1.15/blib/lib:/usr/home/cpan/pit/bare/conf/perl-5.10.0/.cpanplus/5.10.0/build/Net-Disqus-1.15/blib/arch"
PERL5_CPANPLUS_IS_RUNNING="77174"
PERL5_CPANPLUS_IS_VERSION="0.9104"
PERL5_MINISMOKEBOX="0.44"
PERL5_YACSMOKE_BASE="/usr/home/cpan/pit/bare/conf/perl-5.10.0"
PERL_EXTUTILS_AUTOINSTALL="--defaultdeps"
PERL_MM_USE_DEFAULT="1"
@INC:
/usr/home/cpan/pit/bare/conf/perl-5.10.0/.cpanplus/5.10.0/build/Class-Accessor-0.34/blib/lib
/usr/home/cpan/pit/bare/conf/perl-5.10.0/.cpanplus/5.10.0/build/Class-Accessor-0.34/blib/arch
/usr/home/cpan/pit/bare/conf/perl-5.10.0/.cpanplus/5.10.0/build/Sub-Uplevel-0.22/blib/lib
/usr/home/cpan/pit/bare/conf/perl-5.10.0/.cpanplus/5.10.0/build/Sub-Uplevel-0.22/blib/arch
/usr/home/cpan/pit/bare/conf/perl-5.10.0/.cpanplus/5.10.0/build/Test-Exception-0.31/blib/lib
/usr/home/cpan/pit/bare/conf/perl-5.10.0/.cpanplus/5.10.0/build/Test-Exception-0.31/blib/arch
/usr/home/cpan/pit/bare/conf/perl-5.10.0/.cpanplus/5.10.0/build/Try-Tiny-0.09/blib/lib
/usr/home/cpan/pit/bare/conf/perl-5.10.0/.cpanplus/5.10.0/build/Try-Tiny-0.09/blib/arch
/usr/home/cpan/pit/bare/conf/perl-5.10.0/.cpanplus/5.10.0/build/Net-Disqus-1.15/blib/lib
/usr/home/cpan/pit/bare/conf/perl-5.10.0/.cpanplus/5.10.0/build/Net-Disqus-1.15/blib/arch
/usr/home/cpan/pit/bare/perl-5.10.0/lib/5.10.0/amd64-freebsd
/usr/home/cpan/pit/bare/perl-5.10.0/lib/5.10.0
/usr/home/cpan/pit/bare/perl-5.10.0/lib/site_perl/5.10.0/amd64-freebsd
/usr/home/cpan/pit/bare/perl-5.10.0/lib/site_perl/5.10.0
.