Back
From: metabase:user:30977d10-2aae-11df-837a-5e0a49663a4f
Subject: FAIL WWW-Discogs-0.10 v5.8.9 GNU/Linux
Date: 2011-08-06T03:36:04Z
This distribution has been tested as part of the CPAN Testers
project, supporting the Perl programming language. See
http://wiki.cpantesters.org/ for more information or email
questions to cpan-testers-discuss@perl.org
--
Dear Lee Aylward,
This is a computer-generated report for WWW-Discogs-0.10
on perl 5.8.9, created by CPAN-Reporter-1.1902.
Thank you for uploading your work to CPAN. However, there was a problem
testing your distribution.
If you think this report is invalid, please consult the CPAN Testers Wiki
for suggestions on how to avoid getting FAIL reports for missing library
or binary dependencies, unsupported operating systems, and so on:
http://wiki.cpantesters.org/wiki/CPANAuthorNotes
Sections of this report:
* Tester comments
* Program output
* Prerequisites
* Environment and other context
------------------------------
TESTER COMMENTS
------------------------------
Additional comments from tester:
this report is from an automated smoke testing program
and was not reviewed by a human for accuracy
------------------------------
PROGRAM OUTPUT
------------------------------
Output from '/usr/bin/make test':
PERL_DL_NONLAZY=1 /home/trushel/perl/perl589th/bin/perl "-MExtUtils::Command::MM" "-e" "test_harness(0, 'inc', 'blib/lib', 'blib/arch')" t/*.t
t/01makeurl.t .. ok
t/02request.t .. ok
Unsuccessful stat on filename containing newline at /home/trushel/perl/perl589th/lib/site_perl/5.8.9/XML/Simple.pm line 939.
File does not exist: 500 Client Refused
at /home/trushel/cpan/build/5.8.9-th/WWW-Discogs-0.10-rZnbhM/blib/lib/WWW/Discogs.pm line 127
# Looks like you planned 12 tests but ran 2.
# Looks like your test exited with 2 just after 2.
t/03release.t ..
Dubious, test returned 2 (wstat 512, 0x200)
Failed 10/12 subtests
Unsuccessful stat on filename containing newline at /home/trushel/perl/perl589th/lib/site_perl/5.8.9/XML/Simple.pm line 939.
File does not exist: 500 Client Refused
at /home/trushel/cpan/build/5.8.9-th/WWW-Discogs-0.10-rZnbhM/blib/lib/WWW/Discogs.pm line 153
# Looks like you planned 7 tests but ran 2.
# Looks like your test exited with 2 just after 2.
t/04artist.t ...
Dubious, test returned 2 (wstat 512, 0x200)
Failed 5/7 subtests
Unsuccessful stat on filename containing newline at /home/trushel/perl/perl589th/lib/site_perl/5.8.9/XML/Simple.pm line 939.
File does not exist: 500 Client Refused
at /home/trushel/cpan/build/5.8.9-th/WWW-Discogs-0.10-rZnbhM/blib/lib/WWW/Discogs.pm line 174
# Looks like you planned 6 tests but ran 2.
# Looks like your test exited with 2 just after 2.
t/05label.t ....
Dubious, test returned 2 (wstat 512, 0x200)
Failed 4/6 subtests
Unsuccessful stat on filename containing newline at /home/trushel/perl/perl589th/lib/site_perl/5.8.9/XML/Simple.pm line 939.
File does not exist: 500 Client Refused
at /home/trushel/cpan/build/5.8.9-th/WWW-Discogs-0.10-rZnbhM/blib/lib/WWW/Discogs.pm line 106
# Looks like you planned 7 tests but ran 2.
# Looks like your test exited with 2 just after 2.
t/06search.t ...
Dubious, test returned 2 (wstat 512, 0x200)
Failed 5/7 subtests
Test Summary Report
-------------------
t/03release.t (Wstat: 512 Tests: 2 Failed: 0)
Non-zero exit status: 2
Parse errors: Bad plan. You planned 12 tests but ran 2.
t/04artist.t (Wstat: 512 Tests: 2 Failed: 0)
Non-zero exit status: 2
Parse errors: Bad plan. You planned 7 tests but ran 2.
t/05label.t (Wstat: 512 Tests: 2 Failed: 0)
Non-zero exit status: 2
Parse errors: Bad plan. You planned 6 tests but ran 2.
t/06search.t (Wstat: 512 Tests: 2 Failed: 0)
Non-zero exit status: 2
Parse errors: Bad plan. You planned 7 tests but ran 2.
Files=6, Tests=20, 9 wallclock secs ( 0.02 usr 0.03 sys + 0.73 cusr 0.15 csys = 0.93 CPU)
Result: FAIL
Failed 4/6 test programs. 0/20 subtests failed.
make: *** [test_dynamic] Error 2
------------------------------
PREREQUISITES
------------------------------
Prerequisite modules loaded:
requires:
Module Need Have
------------------- ----- --------
LWP::UserAgent 0 6.02
perl 5.008 5.008009
URI 0 1.58
XML::Simple 0 2.18
build_requires:
Module Need Have
------------------- ----- --------
ExtUtils::MakeMaker 6.42 6.58
Test::More 0 0.98
configure_requires:
Module Need Have
------------------- ----- --------
ExtUtils::MakeMaker 6.42 6.58
------------------------------
ENVIRONMENT AND OTHER CONTEXT
------------------------------
Environment variables:
AUTOMATED_TESTING = 1
LANG = en_US.UTF-8
LANGUAGE = en
LC_COLLATE = C
LC_MONETARY = C
LC_NUMERIC = C
LC_TIME = C
PATH = /usr/local/sbin:/usr/local/bin:/usr/sbin:/usr/bin:/sbin:/bin
PERL5LIB =
PERL5OPT =
PERL5_CPANPLUS_IS_RUNNING = 27885
PERL5_CPAN_IS_RUNNING = 27885
PERL5_CPAN_IS_RUNNING_IN_RECURSION = 2809,27885
PERL_CR_SMOKER_CURRENT = WWW-Discogs-0.10
PERL_EXTUTILS_AUTOINSTALL = --defaultdeps
PERL_MM_USE_DEFAULT = 1
SHELL = /bin/bash
TERM = xterm
Perl special variables (and OS-specific diagnostics, for MSWin32):
$^X = /home/trushel/perl/perl589th/bin/perl
$UID/$EUID = 138375 / 138375
$GID = 5762 4 20 21 24 25 26 30 44 46 104 105 119 122 431 5762
$EGID = 5762 4 20 21 24 25 26 30 44 46 104 105 119 122 431 5762
Perl module toolchain versions installed:
Module Have
------------------- --------
CPAN 1.97_51
Cwd 3.33
ExtUtils::CBuilder 0.280202
ExtUtils::Command 1.16
ExtUtils::Install 1.54
ExtUtils::MakeMaker 6.58
ExtUtils::Manifest 1.58
ExtUtils::ParseXS 2.2206
File::Spec 3.33
Module::Build 0.3800
Module::Signature n/a
Test::Harness 3.23
Test::More 0.98
YAML 0.73
YAML::Syck 1.17
version 0.93
--
Summary of my perl5 (revision 5 version 8 subversion 9) configuration:
Platform:
osname=linux, osvers=2.6.32-33-generic, archname=x86_64-linux-thread-multi
uname='linux trushel-glaptop 2.6.32-33-generic #70-ubuntu smp thu jul 7 21:13:52 utc 2011 x86_64 gnulinux '
config_args=''
hint=recommended, useposix=true, d_sigaction=define
usethreads=define use5005threads=undef useithreads=define usemultiplicity=define
useperlio=define d_sfio=undef uselargefiles=define usesocks=undef
use64bitint=define use64bitall=define uselongdouble=undef
usemymalloc=n, bincompat5005=undef
Compiler:
cc='cc', ccflags ='-D_REENTRANT -D_GNU_SOURCE -DTHREADS_HAVE_PIDS -fno-strict-aliasing -pipe -I/usr/local/include -D_LARGEFILE_SOURCE -D_FILE_OFFSET_BITS=64',
optimize='-O2',
cppflags='-D_REENTRANT -D_GNU_SOURCE -DTHREADS_HAVE_PIDS -fno-strict-aliasing -pipe -I/usr/local/include'
ccversion='', gccversion='4.4.3', gccosandvers=''
intsize=4, longsize=8, ptrsize=8, doublesize=8, byteorder=12345678
d_longlong=define, longlongsize=8, d_longdbl=define, longdblsize=16
ivtype='long', ivsize=8, nvtype='double', nvsize=8, Off_t='off_t', lseeksize=8
alignbytes=8, prototype=define
Linker and Libraries:
ld='cc', ldflags =' -L/usr/local/lib'
libpth=/usr/local/lib /lib /usr/lib /lib64 /usr/lib64
libs=-lnsl -ldb -ldl -lm -lcrypt -lutil -lpthread -lc
perllibs=-lnsl -ldl -lm -lcrypt -lutil -lpthread -lc
libc=/lib/libc-2.11.1.so, so=so, useshrplib=false, libperl=libperl.a
gnulibc_version='2.11.1'
Dynamic Linking:
dlsrc=dl_dlopen.xs, dlext=so, d_dlsymun=undef, ccdlflags='-Wl,-E'
cccdlflags='-fPIC', lddlflags='-shared -O2 -L/usr/local/lib'
Characteristics of this binary (from libperl):
Compile-time options: MULTIPLICITY PERL_IMPLICIT_CONTEXT PERL_MALLOC_WRAP
THREADS_HAVE_PIDS USE_64_BIT_ALL USE_64_BIT_INT
USE_FAST_STDIO USE_ITHREADS USE_LARGE_FILES
USE_PERLIO USE_REENTRANT_API
Built under linux
Compiled at Aug 1 2011 07:25:20
%ENV:
PERL5LIB=""
PERL5OPT=""
PERL5_CPANPLUS_IS_RUNNING="27885"
PERL5_CPAN_IS_RUNNING="27885"
PERL5_CPAN_IS_RUNNING_IN_RECURSION="2809,27885"
PERL_CR_SMOKER_CURRENT="WWW-Discogs-0.10"
PERL_EXTUTILS_AUTOINSTALL="--defaultdeps"
PERL_MM_USE_DEFAULT="1"
@INC:
/home/trushel/perl/perl589th/lib/5.8.9/x86_64-linux-thread-multi
/home/trushel/perl/perl589th/lib/5.8.9
/home/trushel/perl/perl589th/lib/site_perl/5.8.9/x86_64-linux-thread-multi
/home/trushel/perl/perl589th/lib/site_perl/5.8.9
.