MRS-Client v1.0.1 Perl 5 v5.26.3 x86_64-linux

Status
Fail
From
Oleg Pronin (SYBER)
Dist
MRS-Client v1.0.1
Platform
Perl 5 v5.26.3 x86_64-linux
Date
2019-08-10 22:43:03
ID
36a34cf4-bbc0-11e9-a76f-24822958ff60
This distribution has been tested as part of the CPAN Testers
project, supporting the Perl programming language.  See
http://wiki.cpantesters.org/ for more information or email
questions to cpan-testers-discuss@perl.org


--
Dear Martin Senger,

This is a computer-generated report for MRS-Client-1.0.1
on perl 5.26.3, created by CPAN-Reporter-1.2018.

Thank you for uploading your work to CPAN.  However, there was a problem
testing your distribution.

If you think this report is invalid, please consult the CPAN Testers Wiki
for suggestions on how to avoid getting FAIL reports for missing library
or binary dependencies, unsupported operating systems, and so on:

http://wiki.cpantesters.org/wiki/CPANAuthorNotes

Sections of this report:

    * Tester comments
    * Program output
    * Prerequisites
    * Environment and other context

------------------------------
TESTER COMMENTS
------------------------------

Additional comments from tester:

this report is from an automated smoke testing program
and was not reviewed by a human for accuracy

------------------------------
PROGRAM OUTPUT
------------------------------

Output from '/usr/bin/make test':

PERL_DL_NONLAZY=1 "/home/syber/perl5/perlbrew/perls/5.26.3/bin/perl" "-MExtUtils::Command::MM" "-MTest::Harness" "-e" "undef *Test::Harness::Switches; test_harness(0, 'blib/lib', 'blib/arch')" t/*.t
Possible precedence issue with control flow operator at lib/MRS/Client/Blast.pm line 269.
Unescaped left brace in regex is illegal here in regex; marked by <-- HERE in m/\${ <-- HERE JOBID}/ at lib/MRS/Client/Blast.pm line 409.
Compilation failed in require at lib/MRS/Client.pm line 27.
BEGIN failed--compilation aborted at lib/MRS/Client.pm line 27.
Compilation failed in require at -e line 1.

#   Failed test 'MRS::Client loaded ok'
#   at t/00-compile.t line 62.
#                   ''
#     doesn't match '(?^s:^\s*MRS::Client ok)'
Possible precedence issue with control flow operator at lib/MRS/Client/Blast.pm line 269.
Unescaped left brace in regex is illegal here in regex; marked by <-- HERE in m/\${ <-- HERE JOBID}/ at lib/MRS/Client/Blast.pm line 409.
Compilation failed in require at -e line 1.

#   Failed test 'MRS::Client::Blast loaded ok'
#   at t/00-compile.t line 62.
#                   ''
#     doesn't match '(?^s:^\s*MRS::Client::Blast ok)'

# Failed test 'mrsblast script compiles'
# at t/00-compile.t line 70.
# 255 - Possible precedence issue with control flow operator at /home/syber/.local/share/.cpan/build/MRS-Client-1.0.1-2/bin/../lib/MRS/Client/Blast.pm line 269.
# Unescaped left brace in regex is illegal here in regex; marked by <-- HERE in m/\${ <-- HERE JOBID}/ at /home/syber/.local/share/.cpan/build/MRS-Client-1.0.1-2/bin/../lib/MRS/Client/Blast.pm line 409.
# Compilation failed in require at /home/syber/.local/share/.cpan/build/MRS-Client-1.0.1-2/bin/../lib/MRS/Client.pm line 27.
# BEGIN failed--compilation aborted at /home/syber/.local/share/.cpan/build/MRS-Client-1.0.1-2/bin/../lib/MRS/Client.pm line 27.
# Compilation failed in require at bin/mrsblast line 19.
# BEGIN failed--compilation aborted at bin/mrsblast line 19.

# Failed test 'mrsclient script compiles'
# at t/00-compile.t line 70.
# 255 - Possible precedence issue with control flow operator at /home/syber/.local/share/.cpan/build/MRS-Client-1.0.1-2/bin/../lib/MRS/Client/Blast.pm line 269.
# Unescaped left brace in regex is illegal here in regex; marked by <-- HERE in m/\${ <-- HERE JOBID}/ at /home/syber/.local/share/.cpan/build/MRS-Client-1.0.1-2/bin/../lib/MRS/Client/Blast.pm line 409.
# Compilation failed in require at /home/syber/.local/share/.cpan/build/MRS-Client-1.0.1-2/bin/../lib/MRS/Client.pm line 27.
# BEGIN failed--compilation aborted at /home/syber/.local/share/.cpan/build/MRS-Client-1.0.1-2/bin/../lib/MRS/Client.pm line 27.
# Compilation failed in require at bin/mrsclient line 19.
# BEGIN failed--compilation aborted at bin/mrsclient line 19.

# Failed test 'mrsclustal script compiles'
# at t/00-compile.t line 70.
# 255 - Possible precedence issue with control flow operator at /home/syber/.local/share/.cpan/build/MRS-Client-1.0.1-2/bin/../lib/MRS/Client/Blast.pm line 269.
# Unescaped left brace in regex is illegal here in regex; marked by <-- HERE in m/\${ <-- HERE JOBID}/ at /home/syber/.local/share/.cpan/build/MRS-Client-1.0.1-2/bin/../lib/MRS/Client/Blast.pm line 409.
# Compilation failed in require at /home/syber/.local/share/.cpan/build/MRS-Client-1.0.1-2/bin/../lib/MRS/Client.pm line 27.
# BEGIN failed--compilation aborted at /home/syber/.local/share/.cpan/build/MRS-Client-1.0.1-2/bin/../lib/MRS/Client.pm line 27.
# Compilation failed in require at bin/mrsclustal line 19.
# BEGIN failed--compilation aborted at bin/mrsclustal line 19.
# Looks like you failed 5 tests of 9.
t/00-compile.t .......... 
Dubious, test returned 5 (wstat 1280, 0x500)
Failed 5/9 subtests 
Possible precedence issue with control flow operator at /home/syber/.local/share/.cpan/build/MRS-Client-1.0.1-2/blib/lib/MRS/Client/Blast.pm line 269.

#   Failed test 'use MRS::Client;'
#   at t/00-load.t line 6.
#     Tried to use 'MRS::Client'.
#     Error:  Unescaped left brace in regex is illegal here in regex; marked by <-- HERE in m/\${ <-- HERE JOBID}/ at /home/syber/.local/share/.cpan/build/MRS-Client-1.0.1-2/blib/lib/MRS/Client/Blast.pm line 409.
# Compilation failed in require at /home/syber/.local/share/.cpan/build/MRS-Client-1.0.1-2/blib/lib/MRS/Client.pm line 27.
# BEGIN failed--compilation aborted at /home/syber/.local/share/.cpan/build/MRS-Client-1.0.1-2/blib/lib/MRS/Client.pm line 27.
# Compilation failed in require at t/00-load.t line 6.
# BEGIN failed--compilation aborted at t/00-load.t line 6.
# Testing MRS::Client , Perl v5.26.3, /home/syber/perl5/perlbrew/perls/5.26.3/bin/perl
# Looks like you failed 1 test of 1.
t/00-load.t ............. 
Dubious, test returned 1 (wstat 256, 0x100)
Failed 1/1 subtests 
Possible precedence issue with control flow operator at /home/syber/.local/share/.cpan/build/MRS-Client-1.0.1-2/blib/lib/MRS/Client/Blast.pm line 269.

#   Failed test 'use MRS::Client;'
#   at t/01-data.t line 7.
#     Tried to use 'MRS::Client'.
#     Error:  Unescaped left brace in regex is illegal here in regex; marked by <-- HERE in m/\${ <-- HERE JOBID}/ at /home/syber/.local/share/.cpan/build/MRS-Client-1.0.1-2/blib/lib/MRS/Client/Blast.pm line 409.
# Compilation failed in require at /home/syber/.local/share/.cpan/build/MRS-Client-1.0.1-2/blib/lib/MRS/Client.pm line 27.
# BEGIN failed--compilation aborted at /home/syber/.local/share/.cpan/build/MRS-Client-1.0.1-2/blib/lib/MRS/Client.pm line 27.
# Compilation failed in require at t/01-data.t line 7.
# BEGIN failed--compilation aborted at t/01-data.t line 7.
# Data manipulation
Can't locate object method "new" via package "MRS::Client" at t/01-data.t line 15.
# Looks like your test exited with 255 just after 1.
t/01-data.t ............. 
Dubious, test returned 255 (wstat 65280, 0xff00)
Failed 76/76 subtests 
Possible precedence issue with control flow operator at /home/syber/.local/share/.cpan/build/MRS-Client-1.0.1-2/blib/lib/MRS/Client/Blast.pm line 269.

#   Failed test 'use MRS::Client;'
#   at t/02-endpoint.t line 7.
#     Tried to use 'MRS::Client'.
#     Error:  Unescaped left brace in regex is illegal here in regex; marked by <-- HERE in m/\${ <-- HERE JOBID}/ at /home/syber/.local/share/.cpan/build/MRS-Client-1.0.1-2/blib/lib/MRS/Client/Blast.pm line 409.
# Compilation failed in require at /home/syber/.local/share/.cpan/build/MRS-Client-1.0.1-2/blib/lib/MRS/Client.pm line 27.
# BEGIN failed--compilation aborted at /home/syber/.local/share/.cpan/build/MRS-Client-1.0.1-2/blib/lib/MRS/Client.pm line 27.
# Compilation failed in require at t/02-endpoint.t line 7.
# BEGIN failed--compilation aborted at t/02-endpoint.t line 7.
# Setting host and endpoints
Can't locate object method "new" via package "MRS::Client" at t/02-endpoint.t line 16.
# Looks like your test exited with 255 just after 1.
t/02-endpoint.t ......... 
Dubious, test returned 255 (wstat 65280, 0xff00)
Failed 25/25 subtests 
t/03-network.t .......... skipped: these tests are for testing by the author (when AUTHOR_TESTING=1)
Possible precedence issue with control flow operator at /home/syber/.local/share/.cpan/build/MRS-Client-1.0.1-2/blib/lib/MRS/Client/Blast.pm line 269.
Unescaped left brace in regex is illegal here in regex; marked by <-- HERE in m/\${ <-- HERE JOBID}/ at /home/syber/.local/share/.cpan/build/MRS-Client-1.0.1-2/blib/lib/MRS/Client/Blast.pm line 409.
Compilation failed in require at /home/syber/.local/share/.cpan/build/MRS-Client-1.0.1-2/blib/lib/MRS/Client.pm line 27.
BEGIN failed--compilation aborted at /home/syber/.local/share/.cpan/build/MRS-Client-1.0.1-2/blib/lib/MRS/Client.pm line 27.
Compilation failed in require at t/04-links.t line 22.
BEGIN failed--compilation aborted at t/04-links.t line 22.
# Looks like your test exited with 255 before it could output anything.
t/04-links.t ............ 
Dubious, test returned 255 (wstat 65280, 0xff00)
Failed 2/2 subtests 
t/author-critic.t ....... skipped: these tests are for testing by the author
t/author-pod-spell.t .... skipped: these tests are for testing by the author
t/release-eol.t ......... skipped: these tests are for release candidate testing
t/release-no-tabs.t ..... skipped: these tests are for release candidate testing
t/release-pod-syntax.t .. skipped: these tests are for release candidate testing

Test Summary Report
-------------------
t/00-compile.t        (Wstat: 1280 Tests: 9 Failed: 5)
  Failed tests:  1-2, 7-9
  Non-zero exit status: 5
t/00-load.t           (Wstat: 256 Tests: 1 Failed: 1)
  Failed test:  1
  Non-zero exit status: 1
t/01-data.t           (Wstat: 65280 Tests: 1 Failed: 1)
  Failed test:  1
  Non-zero exit status: 255
  Parse errors: Bad plan.  You planned 76 tests but ran 1.
t/02-endpoint.t       (Wstat: 65280 Tests: 1 Failed: 1)
  Failed test:  1
  Non-zero exit status: 255
  Parse errors: Bad plan.  You planned 25 tests but ran 1.
t/04-links.t          (Wstat: 65280 Tests: 0 Failed: 0)
  Non-zero exit status: 255
  Parse errors: Bad plan.  You planned 2 tests but ran 0.
Files=11, Tests=12,  2 wallclock secs ( 0.03 usr  0.01 sys +  1.75 cusr  0.21 csys =  2.00 CPU)
Result: FAIL
Failed 5/11 test programs. 8/12 subtests failed.
Makefile:949: recipe for target 'test_dynamic' failed
make: *** [test_dynamic] Error 255

------------------------------
PREREQUISITES
------------------------------

Prerequisite modules loaded:

requires:

    Module                            Need Have    
    --------------------------------- ---- --------
    base                              0    2.26    
    Carp                              0    1.50    
    constant                          0    1.33    
    Data::Dumper                      0    2.173   
    File::Basename                    0    2.85    
    FindBin                           0    1.51    
    Getopt::Std                       0    1.12    
    Math::BigInt                      0    1.999816
    overload                          0    1.28    
    strict                            0    1.11    
    vars                              0    1.03    
    warnings                          0    1.37    
    XML::Compile::SOAP11              2.26 3.24    
    XML::Compile::Transport::SOAPHTTP 0    3.24    
    XML::Compile::WSDL11              0    3.07    

build_requires:

    Module                            Need Have    
    --------------------------------- ---- --------
    File::Find                        0    1.34    
    File::Spec                        0    3.75    
    File::Temp                        0    0.2309  
    Test::More                        0    1.302164

configure_requires:

    Module                            Need Have    
    --------------------------------- ---- --------
    ExtUtils::MakeMaker               6.30 7.37_03 


------------------------------
ENVIRONMENT AND OTHER CONTEXT
------------------------------

Environment variables:

    AUTOMATED_TESTING = 1
    LC_COLLATE = ru_RU.utf8
    LC_CTYPE = ru_RU.utf8
    PATH = /home/syber/perl5/perlbrew/bin:/home/syber/perl5/perlbrew/perls/5.26.3/bin:/usr/local/bin:/usr/bin:/bin:/usr/local/games:/usr/games
    PERL5LIB = 
    PERL5OPT = 
    PERL5_CPANPLUS_IS_RUNNING = 10506
    PERL5_CPAN_IS_RUNNING = 10506
    PERL5_CPAN_IS_RUNNING_IN_RECURSION = 32142,10506
    PERLBREW_HOME = /home/syber/.perlbrew
    PERLBREW_MANPATH = /home/syber/perl5/perlbrew/perls/5.26.3/man
    PERLBREW_PATH = /home/syber/perl5/perlbrew/bin:/home/syber/perl5/perlbrew/perls/5.26.3/bin
    PERLBREW_PERL = 5.26.3
    PERLBREW_ROOT = /home/syber/perl5/perlbrew
    PERLBREW_SHELLRC_VERSION = 0.86
    PERLBREW_VERSION = 0.86
    PERL_CR_SMOKER_CURRENT = MRS-Client-1.0.1
    PERL_EXTUTILS_AUTOINSTALL = --defaultdeps
    PERL_MM_USE_DEFAULT = 1
    PERL_USE_UNSAFE_INC = 1
    SHELL = /bin/bash
    TERM = screen

Perl special variables (and OS-specific diagnostics, for MSWin32):

    $^X = /home/syber/perl5/perlbrew/perls/5.26.3/bin/perl
    $UID/$EUID = 1003 / 1003
    $GID = 1003 11 1003
    $EGID = 1003 11 1003

Perl module toolchain versions installed:

    Module              Have     
    ------------------- ---------
    CPAN                2.27     
    CPAN::Meta          2.150010 
    Cwd                 3.75     
    ExtUtils::CBuilder  0.280231 
    ExtUtils::Command   7.37_03  
    ExtUtils::Install   2.14     
    ExtUtils::MakeMaker 7.37_03  
    ExtUtils::Manifest  1.72     
    ExtUtils::ParseXS   3.36_03  
    File::Spec          3.75     
    JSON                4.02     
    JSON::PP            4.04     
    Module::Build       0.42_30  
    Module::Signature   0.83     
    Parse::CPAN::Meta   2.150010 
    Test::Harness       3.42     
    Test::More          1.302164 
    YAML                1.29     
    YAML::Syck          1.31     
    version             0.9924_02


--

Summary of my perl5 (revision 5 version 26 subversion 3) configuration:
   
  Platform:
    osname=linux
    osvers=4.9.0-8-amd64
    archname=x86_64-linux
    uname='linux dexter.crazypanda.ru 4.9.0-8-amd64 #1 smp debian 4.9.110-3+deb9u6 (2018-10-08) x86_64 gnulinux '
    config_args='-de -Dprefix=/home/syber/perl5/perlbrew/perls/5.26.3 -Aeval:scriptdir=/home/syber/perl5/perlbrew/perls/5.26.3/bin'
    hint=recommended
    useposix=true
    d_sigaction=define
    useithreads=undef
    usemultiplicity=undef
    use64bitint=define
    use64bitall=define
    uselongdouble=undef
    usemymalloc=n
    default_inc_excludes_dot=define
    bincompat5005=undef
  Compiler:
    cc='cc'
    ccflags ='-fwrapv -fno-strict-aliasing -pipe -fstack-protector-strong -I/usr/local/include -D_LARGEFILE_SOURCE -D_FILE_OFFSET_BITS=64 -D_FORTIFY_SOURCE=2'
    optimize='-O2'
    cppflags='-fwrapv -fno-strict-aliasing -pipe -fstack-protector-strong -I/usr/local/include'
    ccversion=''
    gccversion='6.3.0 20170516'
    gccosandvers=''
    intsize=4
    longsize=8
    ptrsize=8
    doublesize=8
    byteorder=12345678
    doublekind=3
    d_longlong=define
    longlongsize=8
    d_longdbl=define
    longdblsize=16
    longdblkind=3
    ivtype='long'
    ivsize=8
    nvtype='double'
    nvsize=8
    Off_t='off_t'
    lseeksize=8
    alignbytes=8
    prototype=define
  Linker and Libraries:
    ld='cc'
    ldflags =' -fstack-protector-strong -L/usr/local/lib'
    libpth=/usr/local/lib /usr/lib/gcc/x86_64-linux-gnu/6/include-fixed /usr/include/x86_64-linux-gnu /usr/lib /lib/x86_64-linux-gnu /lib/../lib /usr/lib/x86_64-linux-gnu /usr/lib/../lib /lib
    libs=-lpthread -lnsl -ldl -lm -lcrypt -lutil -lc
    perllibs=-lpthread -lnsl -ldl -lm -lcrypt -lutil -lc
    libc=libc-2.24.so
    so=so
    useshrplib=false
    libperl=libperl.a
    gnulibc_version='2.24'
  Dynamic Linking:
    dlsrc=dl_dlopen.xs
    dlext=so
    d_dlsymun=undef
    ccdlflags='-Wl,-E'
    cccdlflags='-fPIC'
    lddlflags='-shared -O2 -L/usr/local/lib -fstack-protector-strong'


Characteristics of this binary (from libperl): 
  Compile-time options:
    HAS_TIMES
    PERLIO_LAYERS
    PERL_COPY_ON_WRITE
    PERL_DONT_CREATE_GVSV
    PERL_MALLOC_WRAP
    PERL_OP_PARENT
    PERL_PRESERVE_IVUV
    USE_64_BIT_ALL
    USE_64_BIT_INT
    USE_LARGE_FILES
    USE_LOCALE
    USE_LOCALE_COLLATE
    USE_LOCALE_CTYPE
    USE_LOCALE_NUMERIC
    USE_LOCALE_TIME
    USE_PERLIO
    USE_PERL_ATOF
  Locally applied patches:
    Devel::PatchPerl 1.64
  Built under linux
  Compiled at Aug  5 2019 13:39:23
  %ENV:
    PERL5LIB=""
    PERL5OPT=""
    PERL5_CPANPLUS_IS_RUNNING="10506"
    PERL5_CPAN_IS_RUNNING="10506"
    PERL5_CPAN_IS_RUNNING_IN_RECURSION="32142,10506"
    PERLBREW_HOME="/home/syber/.perlbrew"
    PERLBREW_MANPATH="/home/syber/perl5/perlbrew/perls/5.26.3/man"
    PERLBREW_PATH="/home/syber/perl5/perlbrew/bin:/home/syber/perl5/perlbrew/perls/5.26.3/bin"
    PERLBREW_PERL="5.26.3"
    PERLBREW_ROOT="/home/syber/perl5/perlbrew"
    PERLBREW_SHELLRC_VERSION="0.86"
    PERLBREW_VERSION="0.86"
    PERL_CR_SMOKER_CURRENT="MRS-Client-1.0.1"
    PERL_EXTUTILS_AUTOINSTALL="--defaultdeps"
    PERL_MM_USE_DEFAULT="1"
    PERL_USE_UNSAFE_INC="1"
  @INC:
    /home/syber/perl5/perlbrew/perls/5.26.3/lib/site_perl/5.26.3/x86_64-linux
    /home/syber/perl5/perlbrew/perls/5.26.3/lib/site_perl/5.26.3
    /home/syber/perl5/perlbrew/perls/5.26.3/lib/5.26.3/x86_64-linux
    /home/syber/perl5/perlbrew/perls/5.26.3/lib/5.26.3
    .