Report for CGI-Untaint-1.26

Back
From: metabase:user:30f4dfbe-2aae-11df-837a-5e0a49663a4f
Subject: FAIL CGI-Untaint-1.26 v5.21.1 FreeBSD
Date: 2014-06-25T11:16:55Z

This distribution has been tested as part of the CPAN Testers
project, supporting the Perl programming language.  See
http://wiki.cpantesters.org/ for more information or email
questions to cpan-testers-discuss@perl.org


--
Dear Tony Bowden,

This is a computer-generated report for CGI-Untaint-1.26
on perl 5.21.1, created by CPAN-Reporter-1.2011.

Thank you for uploading your work to CPAN.  However, there was a problem
testing your distribution.

If you think this report is invalid, please consult the CPAN Testers Wiki
for suggestions on how to avoid getting FAIL reports for missing library
or binary dependencies, unsupported operating systems, and so on:

http://wiki.cpantesters.org/wiki/CPANAuthorNotes

Sections of this report:

    * Tester comments
    * Program output
    * Prerequisites
    * Environment and other context

------------------------------
TESTER COMMENTS
------------------------------

Additional comments from tester:

none provided

------------------------------
PROGRAM OUTPUT
------------------------------

Output from '/usr/bin/make test':

PERL_DL_NONLAZY=1 /usr/home/njh/perl5/perlbrew/perls/perl-5.21.1/bin/perl5.21.1 "-MExtUtils::Command::MM" "-MTest::Harness" "-e" "undef *Test::Harness::Switches; test_harness(0, 'blib/lib', 'blib/arch')" t/*.t
Can't locate CGI.pm in @INC (you may need to install the CGI module) (@INC contains: /usr/home/njh/.cpan/build/CGI-Untaint-1.26-ykp08E/blib/lib /usr/home/njh/.cpan/build/CGI-Untaint-1.26-ykp08E/blib/arch /home/njh/perl5/perlbrew/perls/perl-5.21.1/lib/site_perl/5.21.1/i386-freebsd-thread-multi /home/njh/perl5/perlbrew/perls/perl-5.21.1/lib/site_perl/5.21.1 /home/njh/perl5/perlbrew/perls/perl-5.21.1/lib/5.21.1/i386-freebsd-thread-multi /home/njh/perl5/perlbrew/perls/perl-5.21.1/lib/5.21.1 .) at t/01.t line 6.
BEGIN failed--compilation aborted at t/01.t line 6.
# Looks like your test exited with 2 before it could output anything.
t/01.t ............ 
Dubious, test returned 2 (wstat 512, 0x200)
Failed 24/24 subtests 
Can't locate CGI.pm in @INC (you may need to install the CGI module) (@INC contains: /usr/home/njh/.cpan/build/CGI-Untaint-1.26-ykp08E/blib/lib /usr/home/njh/.cpan/build/CGI-Untaint-1.26-ykp08E/blib/arch /home/njh/perl5/perlbrew/perls/perl-5.21.1/lib/site_perl/5.21.1/i386-freebsd-thread-multi /home/njh/perl5/perlbrew/perls/perl-5.21.1/lib/site_perl/5.21.1 /home/njh/perl5/perlbrew/perls/perl-5.21.1/lib/5.21.1/i386-freebsd-thread-multi /home/njh/perl5/perlbrew/perls/perl-5.21.1/lib/5.21.1 .) at t/apache.t line 4.
BEGIN failed--compilation aborted at t/apache.t line 4.
t/apache.t ........ 
Dubious, test returned 2 (wstat 512, 0x200)
No subtests run 
t/empty.t ......... ok
Can't locate CGI.pm in @INC (you may need to install the CGI module) (@INC contains: /usr/home/njh/.cpan/build/CGI-Untaint-1.26-ykp08E/blib/lib /usr/home/njh/.cpan/build/CGI-Untaint-1.26-ykp08E/blib/arch /home/njh/perl5/perlbrew/perls/perl-5.21.1/lib/site_perl/5.21.1/i386-freebsd-thread-multi /home/njh/perl5/perlbrew/perls/perl-5.21.1/lib/site_perl/5.21.1 /home/njh/perl5/perlbrew/perls/perl-5.21.1/lib/5.21.1/i386-freebsd-thread-multi /home/njh/perl5/perlbrew/perls/perl-5.21.1/lib/5.21.1 .) at t/mypath.t line 5.
BEGIN failed--compilation aborted at t/mypath.t line 5.
t/mypath.t ........ 
Dubious, test returned 2 (wstat 512, 0x200)
No subtests run 
t/pod-coverage.t .. ok
t/pod.t ........... ok
Can't locate CGI.pm in @INC (you may need to install the CGI module) (@INC contains: /usr/home/njh/.cpan/build/CGI-Untaint-1.26-ykp08E/blib/lib /usr/home/njh/.cpan/build/CGI-Untaint-1.26-ykp08E/blib/arch /home/njh/perl5/perlbrew/perls/perl-5.21.1/lib/site_perl/5.21.1/i386-freebsd-thread-multi /home/njh/perl5/perlbrew/perls/perl-5.21.1/lib/site_perl/5.21.1 /home/njh/perl5/perlbrew/perls/perl-5.21.1/lib/5.21.1/i386-freebsd-thread-multi /home/njh/perl5/perlbrew/perls/perl-5.21.1/lib/5.21.1 .) at t/printable.t line 6.
BEGIN failed--compilation aborted at t/printable.t line 6.
# Looks like your test exited with 2 before it could output anything.
t/printable.t ..... 
Dubious, test returned 2 (wstat 512, 0x200)
Failed 6/6 subtests 
Can't locate CGI.pm in @INC (you may need to install the CGI module) (@INC contains: /usr/home/njh/.cpan/build/CGI-Untaint-1.26-ykp08E/blib/lib /usr/home/njh/.cpan/build/CGI-Untaint-1.26-ykp08E/blib/arch /home/njh/perl5/perlbrew/perls/perl-5.21.1/lib/site_perl/5.21.1/i386-freebsd-thread-multi /home/njh/perl5/perlbrew/perls/perl-5.21.1/lib/site_perl/5.21.1 /home/njh/perl5/perlbrew/perls/perl-5.21.1/lib/5.21.1/i386-freebsd-thread-multi /home/njh/perl5/perlbrew/perls/perl-5.21.1/lib/5.21.1 .) at t/setval.t line 5.
BEGIN failed--compilation aborted at t/setval.t line 5.
t/setval.t ........ 
Dubious, test returned 2 (wstat 512, 0x200)
No subtests run 
Can't locate CGI.pm in @INC (you may need to install the CGI module) (@INC contains: /usr/home/njh/.cpan/build/CGI-Untaint-1.26-ykp08E/blib/lib /usr/home/njh/.cpan/build/CGI-Untaint-1.26-ykp08E/blib/arch /home/njh/perl5/perlbrew/perls/perl-5.21.1/lib/site_perl/5.21.1/i386-freebsd-thread-multi /home/njh/perl5/perlbrew/perls/perl-5.21.1/lib/site_perl/5.21.1 /home/njh/perl5/perlbrew/perls/perl-5.21.1/lib/5.21.1/i386-freebsd-thread-multi /home/njh/perl5/perlbrew/perls/perl-5.21.1/lib/5.21.1 .) at t/twodigit.t line 5.
BEGIN failed--compilation aborted at t/twodigit.t line 5.
t/twodigit.t ...... 
Dubious, test returned 2 (wstat 512, 0x200)
No subtests run 

Test Summary Report
-------------------
t/01.t          (Wstat: 512 Tests: 0 Failed: 0)
  Non-zero exit status: 2
  Parse errors: Bad plan.  You planned 24 tests but ran 0.
t/apache.t      (Wstat: 512 Tests: 0 Failed: 0)
  Non-zero exit status: 2
  Parse errors: No plan found in TAP output
t/mypath.t      (Wstat: 512 Tests: 0 Failed: 0)
  Non-zero exit status: 2
  Parse errors: No plan found in TAP output
t/printable.t   (Wstat: 512 Tests: 0 Failed: 0)
  Non-zero exit status: 2
  Parse errors: Bad plan.  You planned 6 tests but ran 0.
t/setval.t      (Wstat: 512 Tests: 0 Failed: 0)
  Non-zero exit status: 2
  Parse errors: No plan found in TAP output
t/twodigit.t    (Wstat: 512 Tests: 0 Failed: 0)
  Non-zero exit status: 2
  Parse errors: No plan found in TAP output
Files=9, Tests=14,  3 wallclock secs ( 0.34 usr  0.12 sys +  2.44 cusr  0.46 csys =  3.35 CPU)
Result: FAIL
Failed 6/9 test programs. 0/14 subtests failed.
*** [test_dynamic] Error code 2

Stop in /usr/home/njh/.cpan/build/CGI-Untaint-1.26-ykp08E.

------------------------------
PREREQUISITES
------------------------------

Prerequisite modules loaded:

requires:

    Module              Need Have    
    ------------------- ---- --------
    Test::More          0.11 1.001003
    UNIVERSAL::require  0.01 0.17    

build_requires:

    Module              Need Have    
    ------------------- ---- --------
    ExtUtils::MakeMaker 0    6.98    


------------------------------
ENVIRONMENT AND OTHER CONTEXT
------------------------------

Environment variables:

    PATH = /home/njh/perl5/perlbrew/bin:/home/njh/perl5/perlbrew/perls/perl-5.21.1/bin:/home/njh/perl5/perlbrew/bin:/usr/bin:/bin
    PERL5LIB = 
    PERL5OPT = 
    PERL5_CPANPLUS_IS_RUNNING = 58149
    PERL5_CPAN_IS_RUNNING = 58149
    PERLBREW_BASHRC_VERSION = 0.67
    PERLBREW_HOME = /home/njh/.perlbrew
    PERLBREW_MANPATH = /home/njh/perl5/perlbrew/perls/perl-5.21.1/man
    PERLBREW_PATH = /home/njh/perl5/perlbrew/bin:/home/njh/perl5/perlbrew/perls/perl-5.21.1/bin
    PERLBREW_PERL = perl-5.21.1
    PERLBREW_ROOT = /home/njh/perl5/perlbrew
    PERLBREW_VERSION = 0.67
    SHELL = /bin/sh
    TMPDIR = /tmp

Perl special variables (and OS-specific diagnostics, for MSWin32):

    $^X = /usr/home/njh/perl5/perlbrew/perls/perl-5.21.1/bin/perl5.21.1
    $UID/$EUID = 1000 / 1000
    $GID = 1000 1000 0
    $EGID = 1000 1000 0

Perl module toolchain versions installed:

    Module              Have    
    ------------------- --------
    CPAN                2.05    
    CPAN::Meta          2.141520
    Cwd                 3.48    
    ExtUtils::CBuilder  0.280216
    ExtUtils::Command   1.18    
    ExtUtils::Install   1.68    
    ExtUtils::MakeMaker 6.98    
    ExtUtils::Manifest  1.63    
    ExtUtils::ParseXS   3.25    
    File::Spec          3.48    
    JSON                n/a     
    JSON::PP            2.27203 
    Module::Build       0.4205  
    Module::Signature   n/a     
    Parse::CPAN::Meta   1.4414  
    Test::Harness       3.32    
    Test::More          1.001003
    YAML                n/a     
    YAML::Syck          1.27    
    version             0.9908  


--

Summary of my perl5 (revision 5 version 21 subversion 1) configuration:
   
  Platform:
    osname=freebsd, osvers=9.1-release, archname=i386-freebsd-thread-multi
    uname='freebsd amber 9.1-release freebsd 9.1-release #0 r243826: tue dec 4 06:55:39 utc 2012 root@obrian.cse.buffalo.edu:usrobjusrsrcsysgeneric i386 '
    config_args='-de -Dprefix=/home/njh/perl5/perlbrew/perls/perl-5.21.1 -Duseithreads -Dusemultiplicity -Dusedevel -Accflags=-O2 -W -Wformat=2 -Wswitch -Wshadow -Wwrite-strings -Wuninitialized -Wall -pipe -mtune=native -march=native -fomit-frame-pointer -msse2 -msse -mmmx -mfpmath=sse -pedantic -D_FORTIFY_SOURCE=2 -Wpointer-arith -Wstrict-prototypes -fstack-protector -Wstack-protector -Wextra -Wbad-function-cast -Wcast-align -Wcast-qual -Wdisabled-optimization -Wendif-labels -Wfloat-equal -Wformat-nonliteral -Winline -Wmissing-declarations -Wmissing-prototypes -Wnested-externs -Wpointer-arith -Wundef -Wformat-security -ftree-vectorize -Aeval:scriptdir=/home/njh/perl5/perlbrew/perls/perl-5.21.1/bin'
    hint=recommended, useposix=true, d_sigaction=define
    useithreads=define, usemultiplicity=define
    use64bitint=undef, use64bitall=undef, uselongdouble=undef
    usemymalloc=n, bincompat5005=undef
  Compiler:
    cc='cc', ccflags ='-DHAS_FPSETMASK -DHAS_FLOATINGPOINT_H -O2 -W -Wformat=2 -Wswitch -Wshadow -Wwrite-strings -Wuninitialized -Wall -pipe -mtune=native -march=native -fomit-frame-pointer -msse2 -msse -mmmx -mfpmath=sse -pedantic -D_FORTIFY_SOURCE=2 -Wpointer-arith -Wstrict-prototypes -fstack-protector -Wstack-protector -Wextra -Wbad-function-cast -Wcast-align -Wcast-qual -Wdisabled-optimization -Wendif-labels -Wfloat-equal -Wformat-nonliteral -Winline -Wmissing-declarations -Wmissing-prototypes -Wnested-externs -Wpointer-arith -Wundef -Wformat-security -ftree-vectorize -fno-strict-aliasing -I/usr/local/include',
    optimize='-O',
    cppflags='-DHAS_FPSETMASK -DHAS_FLOATINGPOINT_H -O2 -W -Wformat=2 -Wswitch -Wshadow -Wwrite-strings -Wuninitialized -Wall -pipe -mtune=native -march=native -fomit-frame-pointer -msse2 -msse -mmmx -mfpmath=sse -pedantic -D_FORTIFY_SOURCE=2 -Wpointer-arith -Wstrict-prototypes -fstack-protector -Wstack-protector -Wextra -Wbad-function-cast -Wcast-align -Wcast-qual -Wdisabled-optimization -Wendif-labels -Wfloat-equal -Wformat-nonliteral -Winline -Wmissing-declarations -Wmissing-prototypes -Wnested-externs -Wpointer-arith -Wundef -Wformat-security -ftree-vectorize -fno-strict-aliasing -I/usr/local/include'
    ccversion='', gccversion='4.2.1 20070831 patched [FreeBSD]', gccosandvers=''
    intsize=4, longsize=4, ptrsize=4, doublesize=8, byteorder=1234
    d_longlong=define, longlongsize=8, d_longdbl=define, longdblsize=12
    ivtype='long', ivsize=4, nvtype='double', nvsize=8, Off_t='off_t', lseeksize=8
    alignbytes=4, prototype=define
  Linker and Libraries:
    ld='cc', ldflags ='-pthread -Wl,-E  -fstack-protector -L/usr/local/lib'
    libpth=/usr/lib /usr/local/lib /usr/include/gcc/4.2 /usr/lib
    libs=-lm -lcrypt
    perllibs=-lm -lcrypt
    libc=, so=so, useshrplib=false, libperl=libperl.a
    gnulibc_version=''
  Dynamic Linking:
    dlsrc=dl_dlopen.xs, dlext=so, d_dlsymun=undef, ccdlflags=' '
    cccdlflags='-DPIC -fPIC', lddlflags='-shared  -L/usr/local/lib -fstack-protector'


Characteristics of this binary (from libperl): 
  Compile-time options: HAS_TIMES MULTIPLICITY PERLIO_LAYERS
                        PERL_DONT_CREATE_GVSV
                        PERL_HASH_FUNC_ONE_AT_A_TIME_HARD
                        PERL_IMPLICIT_CONTEXT PERL_MALLOC_WRAP
                        PERL_NEW_COPY_ON_WRITE PERL_PRESERVE_IVUV
                        PERL_USE_DEVEL USE_ITHREADS USE_LARGE_FILES
                        USE_LOCALE USE_LOCALE_COLLATE USE_LOCALE_CTYPE
                        USE_LOCALE_NUMERIC USE_PERLIO USE_PERL_ATOF
                        USE_REENTRANT_API
  Built under freebsd
  Compiled at Jun 21 2014 12:57:09
  %ENV:
    PERL5LIB=""
    PERL5OPT=""
    PERL5_CPANPLUS_IS_RUNNING="58149"
    PERL5_CPAN_IS_RUNNING="58149"
    PERLBREW_BASHRC_VERSION="0.67"
    PERLBREW_HOME="/home/njh/.perlbrew"
    PERLBREW_MANPATH="/home/njh/perl5/perlbrew/perls/perl-5.21.1/man"
    PERLBREW_PATH="/home/njh/perl5/perlbrew/bin:/home/njh/perl5/perlbrew/perls/perl-5.21.1/bin"
    PERLBREW_PERL="perl-5.21.1"
    PERLBREW_ROOT="/home/njh/perl5/perlbrew"
    PERLBREW_VERSION="0.67"
  @INC:
    /home/njh/perl5/perlbrew/perls/perl-5.21.1/lib/site_perl/5.21.1/i386-freebsd-thread-multi
    /home/njh/perl5/perlbrew/perls/perl-5.21.1/lib/site_perl/5.21.1
    /home/njh/perl5/perlbrew/perls/perl-5.21.1/lib/5.21.1/i386-freebsd-thread-multi
    /home/njh/perl5/perlbrew/perls/perl-5.21.1/lib/5.21.1
    .