Report for uni-perl-0.92

Back
From: metabase:user:320bfe00-2aae-11df-837a-5e0a49663a4f
Subject: FAIL uni-perl-0.92 v5.21.10 GNU/Linux
Date: 2015-03-25T23:03:57Z

This distribution has been tested as part of the CPAN Testers
project, supporting the Perl programming language.  See
http://wiki.cpantesters.org/ for more information or email
questions to cpan-testers-discuss@perl.org


--
Dear Mons Anderson,

This is a computer-generated report for uni-perl-0.92
on perl 5.21.10, created by CPAN-Reporter-1.2011.

Thank you for uploading your work to CPAN.  However, there was a problem
testing your distribution.

If you think this report is invalid, please consult the CPAN Testers Wiki
for suggestions on how to avoid getting FAIL reports for missing library
or binary dependencies, unsupported operating systems, and so on:

http://wiki.cpantesters.org/wiki/CPANAuthorNotes

Sections of this report:

    * Tester comments
    * Program output
    * Prerequisites
    * Environment and other context

------------------------------
TESTER COMMENTS
------------------------------

Additional comments from tester:

this report is from an automated smoke testing program
and was not reviewed by a human for accuracy

------------------------------
PROGRAM OUTPUT
------------------------------

Output from '/usr/bin/make test':

PERL_DL_NONLAZY=1 "/home/sand/src/perl/repoperls/installed-perls/perl/v5.21.9-248-g2e0cc28/165a/bin/perl" "-MExtUtils::Command::MM" "-MTest::Harness" "-e" "undef *Test::Harness::Switches; test_harness(0, 'blib/lib', 'blib/arch')" t/*.t
# Testing uni::perl 0.92, Perl 5.021010, /home/sand/src/perl/repoperls/installed-perls/perl/v5.21.9-248-g2e0cc28/165a/bin/perl
t/00-load.t ....... ok
given is experimental at (eval 12) line 1.
t/01-tests.t ...... ok
t/02-carp.t ....... ok
t/03-ru.t ......... ok
# /tmp/loop_over_bdir-31620-22ppWo/uni-perl-0.92-6rqzWr/blib/lib /tmp/loop_over_bdir-31620-22ppWo/uni-perl-0.92-6rqzWr/blib/arch /home/sand/src/perl/repoperls/installed-perls/perl/v5.21.9-248-g2e0cc28/165a/lib/site_perl/5.21.10/x86_64-linux /home/sand/src/perl/repoperls/installed-perls/perl/v5.21.9-248-g2e0cc28/165a/lib/site_perl/5.21.10 /home/sand/src/perl/repoperls/installed-perls/perl/v5.21.9-248-g2e0cc28/165a/lib/5.21.10/x86_64-linux /home/sand/src/perl/repoperls/installed-perls/perl/v5.21.9-248-g2e0cc28/165a/lib/5.21.10 .

#   Failed test 'closed - died'
#   at t/04-warns.t line 35.

#   Failed test 'closed - eval failed'
#   at t/04-warns.t line 36.

#   Failed test 'closed - have error'
#   at t/04-warns.t line 37.

#   Failed test 'pack - died'
#   at t/04-warns.t line 35.

#   Failed test 'pack - eval failed'
#   at t/04-warns.t line 36.

#   Failed test 'pack - have error'
#   at t/04-warns.t line 37.

#   Failed test 'substr - died'
#   at t/04-warns.t line 35.

#   Failed test 'substr - eval failed'
#   at t/04-warns.t line 36.

#   Failed test 'substr - have error'
#   at t/04-warns.t line 37.

#   Failed test 'unopened - died'
#   at t/04-warns.t line 35.

#   Failed test 'unopened - eval failed'
#   at t/04-warns.t line 36.

#   Failed test 'unopened - have error'
#   at t/04-warns.t line 37.

#   Failed test 'portable - died'
#   at t/04-warns.t line 35.

#   Failed test 'portable - eval failed'
#   at t/04-warns.t line 36.

#   Failed test 'portable - have error'
#   at t/04-warns.t line 37.

#   Failed test 'prototype - died'
#   at t/04-warns.t line 35.

#   Failed test 'prototype - eval failed'
#   at t/04-warns.t line 36.

#   Failed test 'prototype - have error'
#   at t/04-warns.t line 37.

#   Failed test 'io - died'
#   at t/04-warns.t line 35.

#   Failed test 'io - eval failed'
#   at t/04-warns.t line 36.

#   Failed test 'io - have error'
#   at t/04-warns.t line 37.

#   Failed test 'pipe - died'
#   at t/04-warns.t line 35.

#   Failed test 'pipe - eval failed'
#   at t/04-warns.t line 36.

#   Failed test 'pipe - have error'
#   at t/04-warns.t line 37.

#   Failed test 'unpack - died'
#   at t/04-warns.t line 35.

#   Failed test 'unpack - eval failed'
#   at t/04-warns.t line 36.

#   Failed test 'unpack - have error'
#   at t/04-warns.t line 37.

#   Failed test 'regexp - died'
#   at t/04-warns.t line 35.

#   Failed test 'regexp - eval failed'
#   at t/04-warns.t line 36.

#   Failed test 'regexp - have error'
#   at t/04-warns.t line 37.

#   Failed test 'deprecated - no warn'
#   at t/04-warns.t line 34.

#   Failed test 'deprecated - died'
#   at t/04-warns.t line 35.

#   Failed test 'deprecated - eval failed'
#   at t/04-warns.t line 36.

#   Failed test 'deprecated - have error'
#   at t/04-warns.t line 37.

#   Failed test 'printf - died'
#   at t/04-warns.t line 35.

#   Failed test 'printf - eval failed'
#   at t/04-warns.t line 36.

#   Failed test 'printf - have error'
#   at t/04-warns.t line 37.

#   Failed test 'utf8 - no warn'
#   at t/04-warns.t line 34.

#   Failed test 'utf8 - died'
#   at t/04-warns.t line 35.

#   Failed test 'utf8 - eval failed'
#   at t/04-warns.t line 36.

#   Failed test 'utf8 - have error'
#   at t/04-warns.t line 37.

#   Failed test 'layer - died'
#   at t/04-warns.t line 35.

#   Failed test 'layer - eval failed'
#   at t/04-warns.t line 36.

#   Failed test 'layer - have error'
#   at t/04-warns.t line 37.

#   Failed test 'reserved - died'
#   at t/04-warns.t line 35.

#   Failed test 'reserved - eval failed'
#   at t/04-warns.t line 36.

#   Failed test 'reserved - have error'
#   at t/04-warns.t line 37.

#   Failed test 'parenthesis - died'
#   at t/04-warns.t line 35.

#   Failed test 'parenthesis - eval failed'
#   at t/04-warns.t line 36.

#   Failed test 'parenthesis - have error'
#   at t/04-warns.t line 37.

#   Failed test 'closure - no warn'
#   at t/04-warns.t line 34.
# Looks like you failed 51 tests of 81.
t/04-warns.t ...... 
Dubious, test returned 51 (wstat 13056, 0x3300)
Failed 52/81 subtests 
# Have no installed, use fallback
t/05-xd.t ......... ok
t/06-dumper.t ..... ok
t/pod-coverage.t .. skipped: No POD coverage required
t/pod.t ........... skipped: Test::Pod 1.22 required for testing POD

Test Summary Report
-------------------
t/04-warns.t    (Wstat: 13056 Tests: 80 Failed: 51)
  Failed tests:  2-4, 6-8, 10-12, 14-16, 18-20, 22-24, 26-28
                30-32, 34-36, 38-44, 54-60, 62-64, 66-68
                70-73
  Non-zero exit status: 51
  Parse errors: Tests out of sequence.  Found (54) but expected (53)
                Tests out of sequence.  Found (55) but expected (54)
                Tests out of sequence.  Found (56) but expected (55)
                Tests out of sequence.  Found (57) but expected (56)
                Tests out of sequence.  Found (58) but expected (57)
Displayed the first 5 of 29 TAP syntax errors.
Re-run prove with the -p option to see them all.
Files=9, Tests=113,  1 wallclock secs ( 0.04 usr  0.07 sys +  0.31 cusr  0.08 csys =  0.50 CPU)
Result: FAIL
Failed 1/9 test programs. 51/113 subtests failed.
Makefile:865: recipe for target 'test_dynamic' failed
make: *** [test_dynamic] Error 255

------------------------------
PREREQUISITES
------------------------------

Prerequisite modules loaded:

requires:

    Module              Need    Have    
    ------------------- ------- --------
    perl                v5.10.0 5.021010

build_requires:

    Module              Need    Have    
    ------------------- ------- --------
    ExtUtils::MakeMaker 0       7.04    

configure_requires:

    Module              Need    Have    
    ------------------- ------- --------
    ExtUtils::MakeMaker 0       7.04    


------------------------------
ENVIRONMENT AND OTHER CONTEXT
------------------------------

Environment variables:

    AUTOMATED_TESTING = 1
    LANG = en_US.UTF-8
    LANGUAGE = en_US:en
    PATH = /home/sand/bin:/usr/local/bin:/usr/bin:/bin:/usr/games:/usr/local/perl/bin:/usr/X11/bin:/sbin:/usr/sbin
    PERL5LIB = 
    PERL5OPT = 
    PERL5_CPANPLUS_IS_RUNNING = 31622
    PERL5_CPAN_IS_RUNNING = 31622
    PERL_MM_USE_DEFAULT = 1
    SHELL = /usr/bin/zsh
    TERM = screen

Perl special variables (and OS-specific diagnostics, for MSWin32):

    $^X = /home/sand/src/perl/repoperls/installed-perls/perl/v5.21.9-248-g2e0cc28/165a/bin/perl
    $UID/$EUID = 1005 / 1005
    $GID = 1005 1005
    $EGID = 1005 1005

Perl module toolchain versions installed:

    Module              Have    
    ------------------- --------
    CPAN                2.10    
    CPAN::Meta          2.150001
    Cwd                 3.54    
    ExtUtils::CBuilder  0.280221
    ExtUtils::Command   1.20    
    ExtUtils::Install   2.04    
    ExtUtils::MakeMaker 7.04    
    ExtUtils::Manifest  1.70    
    ExtUtils::ParseXS   3.27    
    File::Spec          3.53    
    JSON                2.90    
    JSON::PP            2.27300 
    Module::Build       0.4211  
    Module::Signature   0.73    
    Parse::CPAN::Meta   1.4414  
    Test::Harness       3.35    
    Test::More          1.001014
    YAML                1.14    
    YAML::Syck          1.29    
    version             0.9909  


--

Summary of my perl5 (revision 5 version 21 subversion 10) configuration:
  Commit id: 2e0cc28bf7e269882cee7ee7f88f6ba259eb9ec3
  Platform:
    osname=linux, osvers=3.16.0-4-amd64, archname=x86_64-linux
    uname='linux k83 3.16.0-4-amd64 #1 smp debian 3.16.7-ckt7-1 (2015-03-01) x86_64 gnulinux '
    config_args='-Dprefix=/home/sand/src/perl/repoperls/installed-perls/perl/v5.21.9-248-g2e0cc28/165a -Dmyhostname=k83 -Dinstallusrbinperl=n -Uversiononly -Dusedevel -des -Ui_db -Uuseithreads -Uuselongdouble -DDEBUGGING=-g'
    hint=recommended, useposix=true, d_sigaction=define
    useithreads=undef, usemultiplicity=undef
    use64bitint=define, use64bitall=define, uselongdouble=undef
    usemymalloc=n, bincompat5005=undef
  Compiler:
    cc='cc', ccflags ='-fwrapv -fno-strict-aliasing -pipe -fstack-protector-strong -I/usr/local/include -D_LARGEFILE_SOURCE -D_FILE_OFFSET_BITS=64 -D_FORTIFY_SOURCE=2',
    optimize='-O2 -g',
    cppflags='-fwrapv -fno-strict-aliasing -pipe -fstack-protector-strong -I/usr/local/include'
    ccversion='', gccversion='4.9.2', gccosandvers=''
    intsize=4, longsize=8, ptrsize=8, doublesize=8, byteorder=12345678, doublekind=3
    d_longlong=define, longlongsize=8, d_longdbl=define, longdblsize=16, longdblkind=3
    ivtype='long', ivsize=8, nvtype='double', nvsize=8, Off_t='off_t', lseeksize=8
    alignbytes=8, prototype=define
  Linker and Libraries:
    ld='cc', ldflags =' -fstack-protector-strong -L/usr/local/lib'
    libpth=/usr/local/lib /usr/lib/gcc/x86_64-linux-gnu/4.9/include-fixed /usr/include/x86_64-linux-gnu /usr/lib /lib/x86_64-linux-gnu /lib/../lib /usr/lib/x86_64-linux-gnu /usr/lib/../lib /lib
    libs=-lpthread -lnsl -lgdbm -ldb -ldl -lm -lcrypt -lutil -lc -lgdbm_compat
    perllibs=-lpthread -lnsl -ldl -lm -lcrypt -lutil -lc
    libc=libc-2.19.so, so=so, useshrplib=false, libperl=libperl.a
    gnulibc_version='2.19'
  Dynamic Linking:
    dlsrc=dl_dlopen.xs, dlext=so, d_dlsymun=undef, ccdlflags='-Wl,-E'
    cccdlflags='-fPIC', lddlflags='-shared -O2 -g -L/usr/local/lib -fstack-protector-strong'


Characteristics of this binary (from libperl): 
  Compile-time options: HAS_TIMES PERLIO_LAYERS PERL_DONT_CREATE_GVSV
                        PERL_HASH_FUNC_ONE_AT_A_TIME_HARD PERL_MALLOC_WRAP
                        PERL_NEW_COPY_ON_WRITE PERL_PRESERVE_IVUV
                        PERL_USE_DEVEL USE_64_BIT_ALL USE_64_BIT_INT
                        USE_LARGE_FILES USE_LOCALE USE_LOCALE_COLLATE
                        USE_LOCALE_CTYPE USE_LOCALE_NUMERIC USE_LOCALE_TIME
                        USE_PERLIO USE_PERL_ATOF
  Built under linux
  Compiled at Mar 15 2015 05:34:53
  %ENV:
    PERL5LIB=""
    PERL5OPT=""
    PERL5_CPANPLUS_IS_RUNNING="31622"
    PERL5_CPAN_IS_RUNNING="31622"
    PERL_MM_USE_DEFAULT="1"
  @INC:
    /home/sand/src/perl/repoperls/installed-perls/perl/v5.21.9-248-g2e0cc28/165a/lib/site_perl/5.21.10/x86_64-linux
    /home/sand/src/perl/repoperls/installed-perls/perl/v5.21.9-248-g2e0cc28/165a/lib/site_perl/5.21.10
    /home/sand/src/perl/repoperls/installed-perls/perl/v5.21.9-248-g2e0cc28/165a/lib/5.21.10/x86_64-linux
    /home/sand/src/perl/repoperls/installed-perls/perl/v5.21.9-248-g2e0cc28/165a/lib/5.21.10
    .