Report for POSIX-RT-MQ-0.03

Back
From: metabase:user:320bfe00-2aae-11df-837a-5e0a49663a4f
Subject: FAIL POSIX-RT-MQ-0.03 v5.16.3 GNU/Linux
Date: 2017-05-20T06:26:11Z

This distribution has been tested as part of the CPAN Testers
project, supporting the Perl programming language.  See
http://wiki.cpantesters.org/ for more information or email
questions to cpan-testers-discuss@perl.org


--
Dear Ilja Tabachnik,

This is a computer-generated report for POSIX-RT-MQ-0.03
on perl 5.16.3, created by CPAN-Reporter-1.2018.

Thank you for uploading your work to CPAN.  However, there was a problem
testing your distribution.

If you think this report is invalid, please consult the CPAN Testers Wiki
for suggestions on how to avoid getting FAIL reports for missing library
or binary dependencies, unsupported operating systems, and so on:

http://wiki.cpantesters.org/wiki/CPANAuthorNotes

Sections of this report:

    * Tester comments
    * Program output
    * Prerequisites
    * Environment and other context

------------------------------
TESTER COMMENTS
------------------------------

Additional comments from tester:

this report is from an automated smoke testing program
and was not reviewed by a human for accuracy

------------------------------
PROGRAM OUTPUT
------------------------------

Output from '/usr/bin/make test':

"/home/sand/src/perl/repoperls/installed-perls/host/k93msid/v5.16.3/2d7c/bin/perl" -MExtUtils::Command::MM -e 'cp_nonempty' -- MQ.bs blib/arch/auto/POSIX/RT/MQ/MQ.bs 644
PERL_DL_NONLAZY=1 "/home/sand/src/perl/repoperls/installed-perls/host/k93msid/v5.16.3/2d7c/bin/perl" "-MExtUtils::Command::MM" "-MTest::Harness" "-e" "undef *Test::Harness::Switches; test_harness(0, 'blib/lib', 'blib/arch')" t/*.t

POSIX::RT::MQ::MQ_OPEN_MAX not implemented on this architecture at t/constants.t line 30.
# Failed test 1 in t/constants.t at line 22
#  t/constants.t line 22 is:     if($@) { warn("\n$@"); ok(0) } 
t/constants.t .. 
Failed 1/2 subtests 

cannot open(/testq_42, O_RDWR|O_CREAT, ...): Invalid argument
# Failed test 4 in t/creation.t at line 26
#  t/creation.t line 26 is:     if($@) { warn("\n$@"); ok(0) } 

cannot open(/testq_42, O_RDWR|O_CREAT, ...): Invalid argument
# Failed test 5 in t/creation.t at line 26 fail #2
t/creation.t ... 
Failed 2/5 subtests 

cannot open(/testq_42, O_RDWR|O_CREAT, 0600, ...): Invalid argument
# Failed test 1 in t/transfer.t at line 26
#  t/transfer.t line 26 is:     if($@) { warn("\n$@"); ok(0) } 

cannot open(/testq_42, O_RDWR|O_CREAT, 0600, ...): Invalid argument
# Failed test 2 in t/transfer.t at line 26 fail #2

cannot open(/testq_42, O_RDWR|O_CREAT, 0600, ...): Invalid argument
# Failed test 3 in t/transfer.t at line 26 fail #3
t/transfer.t ... 
Failed 3/3 subtests 

cannot open(/testq_42, O_RDWR|O_CREAT, 0600, ...): Invalid argument
# Failed test 1 in t/trnotify.t at line 25
#  t/trnotify.t line 25 is:     if($@) { warn("\n$@"); ok(0) } 
t/trnotify.t ... 
Failed 1/1 subtests 

Test Summary Report
-------------------
t/constants.t (Wstat: 0 Tests: 2 Failed: 1)
  Failed test:  1
t/creation.t (Wstat: 0 Tests: 5 Failed: 2)
  Failed tests:  4-5
t/transfer.t (Wstat: 0 Tests: 3 Failed: 3)
  Failed tests:  1-3
t/trnotify.t (Wstat: 0 Tests: 1 Failed: 1)
  Failed test:  1
Files=4, Tests=11,  0 wallclock secs ( 0.02 usr  0.02 sys +  0.06 cusr  0.01 csys =  0.11 CPU)
Result: FAIL
Failed 4/4 test programs. 7/11 subtests failed.
Makefile:1013: recipe for target 'test_dynamic' failed
make: *** [test_dynamic] Error 255

------------------------------
PREREQUISITES
------------------------------

Prerequisite modules loaded:

build_requires:

    Module              Need Have
    ------------------- ---- ----
    ExtUtils::MakeMaker 0    7.24


------------------------------
ENVIRONMENT AND OTHER CONTEXT
------------------------------

Environment variables:

    AUTOMATED_TESTING = 1
    LANG = en_US.UTF-8
    PATH = /home/sand/bin:/usr/local/bin:/usr/bin:/bin:/usr/games:/usr/local/perl/bin:/usr/X11/bin:/sbin:/usr/sbin
    PERL5LIB = 
    PERL5OPT = 
    PERL5_CPANPLUS_IS_RUNNING = 12666
    PERL5_CPAN_IS_RUNNING = 12666
    PERL_CANARY_STABILITY_NOPROMPT = 1
    PERL_MM_USE_DEFAULT = 1
    PERL_USE_UNSAFE_INC = 1
    SHELL = /usr/bin/zsh
    TERM = screen

Perl special variables (and OS-specific diagnostics, for MSWin32):

    $^X = /home/sand/src/perl/repoperls/installed-perls/host/k93msid/v5.16.3/2d7c/bin/perl
    $UID/$EUID = 1005 / 1005
    $GID = 1005 1005
    $EGID = 1005 1005

Perl module toolchain versions installed:

    Module              Have    
    ------------------- --------
    CPAN                2.18    
    CPAN::Meta          2.150010
    Cwd                 3.62    
    ExtUtils::CBuilder  0.280224
    ExtUtils::Command   7.24    
    ExtUtils::Install   2.12    
    ExtUtils::MakeMaker 7.24    
    ExtUtils::Manifest  1.70    
    ExtUtils::ParseXS   3.30    
    File::Spec          3.62    
    JSON                2.93    
    JSON::PP            2.93    
    Module::Build       0.42_23 
    Module::Signature   0.81    
    Parse::CPAN::Meta   2.150010
    Test::Harness       3.39    
    Test::More          1.302084
    YAML                1.23_001
    YAML::Syck          1.29    
    version             0.9917  


--

Summary of my perl5 (revision 5 version 16 subversion 3) configuration:
  Derived from: fd04d42d38f4751b981eb6e9213ee1ab8ef11ea6
  Platform:
    osname=linux, osvers=4.9.0-2-amd64, archname=x86_64-linux-ld
    uname='linux k93msid 4.9.0-2-amd64 #1 smp debian 4.9.18-1 (2017-03-30) x86_64 gnulinux '
    config_args='-Dprefix=/home/sand/src/perl/repoperls/installed-perls/host/k93msid/v5.16.3/2d7c -Dmyhostname=k93msid -Dinstallusrbinperl=n -Uversiononly -Dusedevel -des -Ui_db -Dlibswanted=cl pthread socket inet nsl gdbm dbm malloc dl ld sun m crypt sec util c cposix posix ucb BSD gdbm_compat -Uuseithreads -Duselongdouble -DDEBUGGING=-g'
    hint=recommended, useposix=true, d_sigaction=define
    useithreads=undef, usemultiplicity=undef
    useperlio=define, d_sfio=undef, uselargefiles=define, usesocks=undef
    use64bitint=define, use64bitall=define, uselongdouble=define
    usemymalloc=n, bincompat5005=undef
  Compiler:
    cc='cc', ccflags ='-fno-strict-aliasing -pipe -fstack-protector -I/usr/local/include -D_LARGEFILE_SOURCE -D_FILE_OFFSET_BITS=64',
    optimize='-O2 -g',
    cppflags='-fno-strict-aliasing -pipe -fstack-protector -I/usr/local/include'
    ccversion='', gccversion='6.3.0 20170406', gccosandvers=''
    intsize=4, longsize=8, ptrsize=8, doublesize=8, byteorder=12345678
    d_longlong=define, longlongsize=8, d_longdbl=define, longdblsize=16
    ivtype='long', ivsize=8, nvtype='long double', nvsize=16, Off_t='off_t', lseeksize=8
    alignbytes=16, prototype=define
  Linker and Libraries:
    ld='cc', ldflags =' -fstack-protector -L/usr/local/lib'
    libpth=/usr/local/lib /lib/x86_64-linux-gnu /lib/../lib /usr/lib/x86_64-linux-gnu /usr/lib/../lib /lib /usr/lib
    libs=-lpthread -lnsl -ldl -lm -lcrypt -lutil -lc
    perllibs=-lpthread -lnsl -ldl -lm -lcrypt -lutil -lc
    libc=libc-2.24.so, so=so, useshrplib=false, libperl=libperl.a
    gnulibc_version='2.24'
  Dynamic Linking:
    dlsrc=dl_dlopen.xs, dlext=so, d_dlsymun=undef, ccdlflags='-Wl,-E'
    cccdlflags='-fPIC', lddlflags='-shared -O2 -g -L/usr/local/lib -fstack-protector'


Characteristics of this binary (from libperl): 
  Compile-time options: HAS_TIMES PERLIO_LAYERS PERL_DONT_CREATE_GVSV
                        PERL_MALLOC_WRAP PERL_PRESERVE_IVUV PERL_USE_DEVEL
                        USE_64_BIT_ALL USE_64_BIT_INT USE_LARGE_FILES
                        USE_LOCALE USE_LOCALE_COLLATE USE_LOCALE_CTYPE
                        USE_LOCALE_NUMERIC USE_LONG_DOUBLE USE_PERLIO
                        USE_PERL_ATOF
  Locally applied patches:
	uncommitted-changes
  Built under linux
  Compiled at Apr 14 2017 06:52:05
  %ENV:
    PERL5LIB=""
    PERL5OPT=""
    PERL5_CPANPLUS_IS_RUNNING="12666"
    PERL5_CPAN_IS_RUNNING="12666"
    PERL_CANARY_STABILITY_NOPROMPT="1"
    PERL_MM_USE_DEFAULT="1"
    PERL_USE_UNSAFE_INC="1"
  @INC:
    /home/sand/src/perl/repoperls/installed-perls/host/k93msid/v5.16.3/2d7c/lib/site_perl/5.16.3/x86_64-linux-ld
    /home/sand/src/perl/repoperls/installed-perls/host/k93msid/v5.16.3/2d7c/lib/site_perl/5.16.3
    /home/sand/src/perl/repoperls/installed-perls/host/k93msid/v5.16.3/2d7c/lib/5.16.3/x86_64-linux-ld
    /home/sand/src/perl/repoperls/installed-perls/host/k93msid/v5.16.3/2d7c/lib/5.16.3
    .