Net-Ident v1.22 Perl 5 v5.8.9 i386-freebsd-thread-multi-64int
- Status
- Na
- From
- Chris Williams (BINGOS)
- Dist
-
Net-Ident v1.22
- Platform
- Perl 5 v5.8.9 i386-freebsd-thread-multi-64int
- Date
- 2010-06-16 09:33:27
- ID
- 37a79c32-792a-11df-ae63-e0e88fbefd91
This distribution has been tested as part of the CPAN Testers
project, supporting the Perl programming language. See
http://wiki.cpantesters.org/ for more information or email
questions to cpan-testers-discuss@perl.org
--
Dear TODDR,
This is a computer-generated error report created automatically by
CPANPLUS, version 0.9004. Testers personal comments may appear
at the end of this report.
Thank you for uploading your work to CPAN. However, it appears that
there were some problems testing your distribution.
TEST RESULTS:
Below is the error stack from stage 'make test':
[MSG] [Wed Jun 16 10:33:26 2010] cp Ident.pm blib/lib/Net/Ident.pm
Manifying blib/man3/Net::Ident.3
[ERROR] [Wed Jun 16 10:33:27 2010] MAKE TEST failed: No such file or directory PERL_DL_NONLAZY=1 /usr/home/cpan/pit/rel/perl-5.8.9/bin/perl "-MExtUtils::Command::MM" "-e" "test_harness(0, 'blib/lib', 'blib/arch')" t/*.t
t/0use.t .... ok
t/apache.t .. skipped: (no reason given)
t/compat.t .. skipped: (no reason given)
ERRNO hash is read only! at /usr/home/cpan/pit/rel/perl-5.8.9/lib/5.8.9/i386-freebsd-thread-multi-64int/Errno.pm line 160
Errno::STORE('Errno=ARRAY(0x28474b94)', 'EINPROGRESS', 0) called at /usr/home/cpan/pit/rel/conf/perl-5.8.9/.cpanplus/5.8.9/build/Net-Ident-1.22/blib/lib/Net/Ident.pm line 207
Net::Ident::newFromInAddr('Net::Ident', '\x{10}\x{2}\x{db}\x{a4}\x{7f}\x{0}\x{0}\x{1}\x{0}\x{0}\x{0}\x{0}\x{0}\x{0}\x{0}\x{0}', '\x{10}\x{2}\x{0}q\x{7f}\x{0}\x{0}\x{1}\x{0}\x{0}\x{0}\x{0}\x{0}\x{0}\x{0}\x{0}', 30) called at /usr/home/cpan/pit/rel/conf/perl-5.8.9/.cpanplus/5.8.9/build/Net-Ident-1.22/blib/lib/Net/Ident.pm line 137
Net::Ident::new('Net::Ident', 'FileHandle=GLOB(0x2832a640)', 30) called at /usr/home/cpan/pit/rel/conf/perl-5.8.9/.cpanplus/5.8.9/build/Net-Ident-1.22/blib/lib/Net/Ident.pm line 481
Net::Ident::lookup('FileHandle=GLOB(0x2832a640)', 30) called at t/Ident.t line 119
t/Ident.t ...
Dubious, test returned 255 (wstat 65280, 0xff00)
Failed 7/7 subtests
Test Summary Report
-------------------
t/Ident.t (Wstat: 65280 Tests: 0 Failed: 0)
Non-zero exit status: 255
Parse errors: Bad plan. You planned 7 tests but ran 0.
Files=4, Tests=1, 1 wallclock secs ( 0.04 usr 0.05 sys + 0.23 cusr 0.10 csys = 0.42 CPU)
Result: FAIL
Failed 1/4 test programs. 0/1 subtests failed.
*** Error code 255
Stop in /usr/home/cpan/pit/rel/conf/perl-5.8.9/.cpanplus/5.8.9/build/Net-Ident-1.22.
[MSG] [Wed Jun 16 10:33:27 2010] DEFAULT 'proceed_on_test_failure' HANDLER RETURNING 'sub return value'
******************************** NOTE ********************************
The comments above are created mechanically, possibly without manual
checking by the sender. As there are many people performing automatic
tests on each upload to CPAN, it is likely that you will receive
identical messages about the same problem.
If you believe that the message is mistaken, please reply to the first
one with correction and/or additional informations, and do not take
it personally. We appreciate your patience. :)
**********************************************************************
Additional comments:
This report was machine-generated by CPANPLUS::Dist::YACSmoke 0.56.
Powered by minismokebox version 0.26
------------------------------
ENVIRONMENT AND OTHER CONTEXT
------------------------------
Environment variables:
AUTOMATED_TESTING = 1
PATH = /sbin:/bin:/usr/sbin:/usr/bin:/usr/games:/usr/local/sbin:/usr/local/bin:/home/cpan/bin
PERL5LIB = :/usr/home/cpan/pit/rel/conf/perl-5.8.9/.cpanplus/5.8.9/build/Net-Ident-1.22/blib/lib:/usr/home/cpan/pit/rel/conf/perl-5.8.9/.cpanplus/5.8.9/build/Net-Ident-1.22/blib/arch
PERL5_CPANPLUS_IS_RUNNING = 75575
PERL5_CPANPLUS_IS_VERSION = 0.9004
PERL5_MINISMOKEBOX = 0.26
PERL5_YACSMOKE_BASE = /usr/home/cpan/pit/rel/conf/perl-5.8.9
PERL_EXTUTILS_AUTOINSTALL = --defaultdeps
PERL_MM_USE_DEFAULT = 1
SHELL = /usr/local/bin/bash
TERM = screen
Perl special variables (and OS-specific diagnostics, for MSWin32):
Perl: $^X = /usr/home/cpan/pit/rel/perl-5.8.9/bin/perl
UID: $< = 1003
EUID: $> = 1003
GID: $( = 1003 1003 1003
EGID: $) = 1003 1003 1003
-------------------------------
--
Summary of my perl5 (revision 5 version 8 subversion 9) configuration:
Platform:
osname=freebsd, osvers=7.2-release, archname=i386-freebsd-thread-multi-64int
uname='freebsd wintermute.staffordshire.gov.uk 7.2-release freebsd 7.2-release #0: fri may 1 08:49:13 utc 2009 root@walker.cse.buffalo.edu:usrobjusrsrcsysgeneric i386 '
config_args='-de -Dprefix=/usr/home/cpan/pit/rel/perl-5.8.9 -Dusethreads -Duse64bitint'
hint=recommended, useposix=true, d_sigaction=define
usethreads=define use5005threads=undef useithreads=define usemultiplicity=define
useperlio=define d_sfio=undef uselargefiles=define usesocks=undef
use64bitint=define use64bitall=undef uselongdouble=undef
usemymalloc=n, bincompat5005=undef
Compiler:
cc='cc', ccflags ='-DHAS_FPSETMASK -DHAS_FLOATINGPOINT_H -fno-strict-aliasing -pipe -I/usr/local/include',
optimize='-O',
cppflags='-DHAS_FPSETMASK -DHAS_FLOATINGPOINT_H -fno-strict-aliasing -pipe -I/usr/local/include'
ccversion='', gccversion='4.2.1 20070719 [FreeBSD]', gccosandvers=''
intsize=4, longsize=4, ptrsize=4, doublesize=8, byteorder=12345678
d_longlong=define, longlongsize=8, d_longdbl=define, longdblsize=12
ivtype='long long', ivsize=8, nvtype='double', nvsize=8, Off_t='off_t', lseeksize=8
alignbytes=4, prototype=define
Linker and Libraries:
ld='cc', ldflags ='-pthread -Wl,-E -L/usr/local/lib'
libpth=/usr/lib /usr/local/lib
libs=-lgdbm -lm -lcrypt
perllibs=-lm -lcrypt
libc=, so=so, useshrplib=false, libperl=libperl.a
gnulibc_version=''
Dynamic Linking:
dlsrc=dl_dlopen.xs, dlext=so, d_dlsymun=undef, ccdlflags=' '
cccdlflags='-DPIC -fPIC', lddlflags='-shared -L/usr/local/lib'
Characteristics of this binary (from libperl):
Compile-time options: MULTIPLICITY PERL_IMPLICIT_CONTEXT PERL_MALLOC_WRAP
USE_64_BIT_INT USE_FAST_STDIO USE_ITHREADS
USE_LARGE_FILES USE_PERLIO USE_REENTRANT_API
Built under freebsd
Compiled at Dec 7 2009 10:03:15
%ENV:
PERL5LIB=":/usr/home/cpan/pit/rel/conf/perl-5.8.9/.cpanplus/5.8.9/build/Net-Ident-1.22/blib/lib:/usr/home/cpan/pit/rel/conf/perl-5.8.9/.cpanplus/5.8.9/build/Net-Ident-1.22/blib/arch"
PERL5_CPANPLUS_IS_RUNNING="75575"
PERL5_CPANPLUS_IS_VERSION="0.9004"
PERL5_MINISMOKEBOX="0.26"
PERL5_YACSMOKE_BASE="/usr/home/cpan/pit/rel/conf/perl-5.8.9"
PERL_EXTUTILS_AUTOINSTALL="--defaultdeps"
PERL_MM_USE_DEFAULT="1"
@INC:
/usr/home/cpan/pit/rel/conf/perl-5.8.9/.cpanplus/5.8.9/build/Net-Ident-1.22/blib/lib
/usr/home/cpan/pit/rel/conf/perl-5.8.9/.cpanplus/5.8.9/build/Net-Ident-1.22/blib/arch
/usr/home/cpan/pit/rel/perl-5.8.9/lib/5.8.9/i386-freebsd-thread-multi-64int
/usr/home/cpan/pit/rel/perl-5.8.9/lib/5.8.9
/usr/home/cpan/pit/rel/perl-5.8.9/lib/site_perl/5.8.9/i386-freebsd-thread-multi-64int
/usr/home/cpan/pit/rel/perl-5.8.9/lib/site_perl/5.8.9
.