Report for Time-Format-1.11

Back
From: metabase:user:320bfe00-2aae-11df-837a-5e0a49663a4f
Subject: FAIL Time-Format-1.11 v5.14.2 GNU/Linux
Date: 2011-09-16T04:27:41Z

This distribution has been tested as part of the CPAN Testers
project, supporting the Perl programming language.  See
http://wiki.cpantesters.org/ for more information or email
questions to cpan-testers-discuss@perl.org


--
Dear Eric J. Roode,

This is a computer-generated report for Time-Format-1.11
on perl 5.14.2, created by CPAN-Reporter-1.1902.

Thank you for uploading your work to CPAN.  However, there was a problem
testing your distribution.

If you think this report is invalid, please consult the CPAN Testers Wiki
for suggestions on how to avoid getting FAIL reports for missing library
or binary dependencies, unsupported operating systems, and so on:

http://wiki.cpantesters.org/wiki/CPANAuthorNotes

Sections of this report:

    * Tester comments
    * Program output
    * Prerequisites
    * Environment and other context

------------------------------
TESTER COMMENTS
------------------------------

Additional comments from tester:

none provided

------------------------------
PROGRAM OUTPUT
------------------------------

Output from './Build test':

t/0-signature.t .. ok
t/1-load.t ....... ok
t/DateManip.t .... ok
t/DateTime.t ..... ok
t/die.t .......... ok
Can't locate package Date::Manip::Obj for @Date::Manip::TZ::ISA at /home/src/perl/repoperls/installed-perls/perl/v5.14.1-38-g3feb3f4/2b65/lib/site_perl/5.14.2/Date/Manip/TZ.pm line 1238, <DATA> line 1.
Can't locate package Date::Manip::TZ_Base for @Date::Manip::TZ::ISA at /home/src/perl/repoperls/installed-perls/perl/v5.14.1-38-g3feb3f4/2b65/lib/site_perl/5.14.2/Date/Manip/TZ.pm line 1238, <DATA> line 1.
Can't locate object method "_now" via package "Date::Manip::TZ" at /home/src/perl/repoperls/installed-perls/perl/v5.14.1-38-g3feb3f4/2b65/lib/site_perl/5.14.2/Date/Manip/TZ.pm line 1238, <DATA> line 1.
# Looks like you planned 26 tests but ran 23.
# Looks like your test exited with 255 just after 23.
t/doc.t .......... 
Dubious, test returned 255 (wstat 65280, 0xff00)
Failed 3/26 subtests 
t/epoch.t ........ ok
t/export1.t ...... ok
t/export2.t ...... ok
t/export3.t ...... ok
Can't locate package Date::Manip::Obj for @Date::Manip::TZ::ISA at /home/src/perl/repoperls/installed-perls/perl/v5.14.1-38-g3feb3f4/2b65/lib/site_perl/5.14.2/Date/Manip/Date.pm line 1702, <DATA> line 1.
Can't locate package Date::Manip::TZ_Base for @Date::Manip::TZ::ISA at /home/src/perl/repoperls/installed-perls/perl/v5.14.1-38-g3feb3f4/2b65/lib/site_perl/5.14.2/Date/Manip/Date.pm line 1702, <DATA> line 1.
Can't locate object method "_fix_year" via package "Date::Manip::TZ" at /home/src/perl/repoperls/installed-perls/perl/v5.14.1-38-g3feb3f4/2b65/lib/site_perl/5.14.2/Date/Manip/Date.pm line 1702, <DATA> line 1.
# Looks like you planned 18 tests but ran 12.
# Looks like your test exited with 255 just after 12.
t/funcs.t ........ 
Dubious, test returned 255 (wstat 65280, 0xff00)
Failed 6/18 subtests 
t/locale.t ....... ok
Can't locate package Date::Manip::Obj for @Date::Manip::TZ::ISA at /home/src/perl/repoperls/installed-perls/perl/v5.14.1-38-g3feb3f4/2b65/lib/site_perl/5.14.2/Date/Manip/Date.pm line 1702.
Can't locate package Date::Manip::TZ_Base for @Date::Manip::TZ::ISA at /home/src/perl/repoperls/installed-perls/perl/v5.14.1-38-g3feb3f4/2b65/lib/site_perl/5.14.2/Date/Manip/Date.pm line 1702.
Can't locate object method "_fix_year" via package "Date::Manip::TZ" at /home/src/perl/repoperls/installed-perls/perl/v5.14.1-38-g3feb3f4/2b65/lib/site_perl/5.14.2/Date/Manip/Date.pm line 1702.
# Looks like you planned 6 tests but ran 1.
# Looks like your test exited with 255 just after 1.
t/manip.t ........ 
Dubious, test returned 255 (wstat 65280, 0xff00)
Failed 5/6 subtests 
t/past.t ......... ok
t/quot.t ......... ok
t/strftime.t ..... ok
t/string.t ....... ok
t/time.t ......... ok
t/xs_DateTime.t .. ok
t/xs_doc.t ....... ok
t/xs_funcs.t ..... ok
t/xs_locale.t .... ok
t/xs_quot.t ...... ok
t/xs_time.t ...... ok

Test Summary Report
-------------------
t/doc.t        (Wstat: 65280 Tests: 23 Failed: 0)
  Non-zero exit status: 255
  Parse errors: Bad plan.  You planned 26 tests but ran 23.
t/funcs.t      (Wstat: 65280 Tests: 12 Failed: 0)
  Non-zero exit status: 255
  Parse errors: Bad plan.  You planned 18 tests but ran 12.
t/manip.t      (Wstat: 65280 Tests: 1 Failed: 0)
  Non-zero exit status: 255
  Parse errors: Bad plan.  You planned 6 tests but ran 1.
Files=24, Tests=384,  2 wallclock secs ( 0.10 usr  0.04 sys +  1.15 cusr  0.22 csys =  1.51 CPU)
Result: FAIL
Failed 3/24 test programs. 0/384 subtests failed.

------------------------------
PREREQUISITES
------------------------------

Prerequisite modules loaded:

requires:

    Module       Need Have  
    ------------ ---- ------
    Time::Local  1.07 1.2000

build_requires:

    Module       Need Have  
    ------------ ---- ------
    Test::Simple 0.40 0.98  


------------------------------
ENVIRONMENT AND OTHER CONTEXT
------------------------------

Environment variables:

    LANG = en_US.UTF-8
    LANGUAGE = en_US:en
    PATH = /usr/lib/ccache:/home/sand/bin:/usr/local/bin:/usr/bin:/bin:/usr/bin/X11:/usr/games:/usr/local/perl/bin:/usr/X11/bin:/sbin:/usr/sbin
    PERL5LIB = 
    PERL5OPT = 
    PERL5_CPANPLUS_IS_RUNNING = 14110
    PERL5_CPAN_IS_RUNNING = 14110
    SHELL = /usr/bin/zsh
    TERM = screen

Perl special variables (and OS-specific diagnostics, for MSWin32):

    $^X = /home/sand/src/perl/repoperls/installed-perls/perl/v5.14.1-38-g3feb3f4/2b65/bin/perl
    $UID/$EUID = 1001 / 1001
    $GID = 1001 1001
    $EGID = 1001 1001

Perl module toolchain versions installed:

    Module              Have    
    ------------------- --------
    CPAN                1.9800  
    Cwd                 3.36    
    ExtUtils::CBuilder  0.280203
    ExtUtils::Command   1.17    
    ExtUtils::Install   1.56    
    ExtUtils::MakeMaker 6.59    
    ExtUtils::Manifest  1.58    
    ExtUtils::ParseXS   2.2210  
    File::Spec          3.33    
    Module::Build       0.3800  
    Module::Signature   n/a     
    Test::Harness       3.23    
    Test::More          0.98    
    YAML                0.73    
    YAML::Syck          1.17    
    version             0.94    


--

Summary of my perl5 (revision 5 version 14 subversion 2) configuration:
  Commit id: 3feb3f49884efa2c4078dbbd3a4b68af4174b641
  Platform:
    osname=linux, osvers=3.0.0-1-amd64, archname=x86_64-linux-ld
    uname='linux k81 3.0.0-1-amd64 #1 smp sat aug 27 16:21:11 utc 2011 x86_64 gnulinux '
    config_args='-Dprefix=/home/src/perl/repoperls/installed-perls/perl/v5.14.1-38-g3feb3f4/2b65 -Dinstallusrbinperl=n -Uversiononly -Dusedevel -des -Ui_db -Uuseithreads -Duselongdouble -DDEBUGGING=-g'
    hint=recommended, useposix=true, d_sigaction=define
    useithreads=undef, usemultiplicity=undef
    useperlio=define, d_sfio=undef, uselargefiles=define, usesocks=undef
    use64bitint=define, use64bitall=define, uselongdouble=define
    usemymalloc=n, bincompat5005=undef
  Compiler:
    cc='cc', ccflags ='-fno-strict-aliasing -pipe -fstack-protector -I/usr/local/include -D_LARGEFILE_SOURCE -D_FILE_OFFSET_BITS=64',
    optimize='-O2 -g',
    cppflags='-fno-strict-aliasing -pipe -fstack-protector -I/usr/local/include'
    ccversion='', gccversion='4.6.1', gccosandvers=''
    intsize=4, longsize=8, ptrsize=8, doublesize=8, byteorder=12345678
    d_longlong=define, longlongsize=8, d_longdbl=define, longdblsize=16
    ivtype='long', ivsize=8, nvtype='long double', nvsize=16, Off_t='off_t', lseeksize=8
    alignbytes=16, prototype=define
  Linker and Libraries:
    ld='cc', ldflags =' -fstack-protector -L/usr/local/lib'
    libpth=/usr/local/lib /lib/x86_64-linux-gnu /usr/lib/x86_64-linux-gnu /lib /usr/lib /lib64 /usr/lib64
    libs=-lnsl -ldb -ldl -lm -lcrypt -lutil -lc
    perllibs=-lnsl -ldl -lm -lcrypt -lutil -lc
    libc=, so=so, useshrplib=false, libperl=libperl.a
    gnulibc_version='2.13'
  Dynamic Linking:
    dlsrc=dl_dlopen.xs, dlext=so, d_dlsymun=undef, ccdlflags='-Wl,-E'
    cccdlflags='-fPIC', lddlflags='-shared -O2 -g -L/usr/local/lib -fstack-protector'


Characteristics of this binary (from libperl): 
  Compile-time options: PERL_DONT_CREATE_GVSV PERL_MALLOC_WRAP
                        PERL_PRESERVE_IVUV PERL_USE_DEVEL USE_64_BIT_ALL
                        USE_64_BIT_INT USE_LARGE_FILES USE_LONG_DOUBLE
                        USE_PERLIO USE_PERL_ATOF
  Built under linux
  Compiled at Sep 15 2011 21:38:51
  %ENV:
    PERL5LIB=""
    PERL5OPT=""
    PERL5_CPANPLUS_IS_RUNNING="14110"
    PERL5_CPAN_IS_RUNNING="14110"
  @INC:
    /home/src/perl/repoperls/installed-perls/perl/v5.14.1-38-g3feb3f4/2b65/lib/site_perl/5.14.2/x86_64-linux-ld
    /home/src/perl/repoperls/installed-perls/perl/v5.14.1-38-g3feb3f4/2b65/lib/site_perl/5.14.2
    /home/src/perl/repoperls/installed-perls/perl/v5.14.1-38-g3feb3f4/2b65/lib/5.14.2/x86_64-linux-ld
    /home/src/perl/repoperls/installed-perls/perl/v5.14.1-38-g3feb3f4/2b65/lib/5.14.2
    .