Yash v0.2 Perl 5 v5.10.1 x86_64-linux

Status
Fail
From
Andreas J. König (ANDK)
Dist
Yash v0.2
Platform
Perl 5 v5.10.1 x86_64-linux
Date
2017-12-15 07:11:49
ID
37d72dfa-e167-11e7-bec7-64f7027da5c7
This distribution has been tested as part of the CPAN Testers
project, supporting the Perl programming language.  See
http://wiki.cpantesters.org/ for more information or email
questions to cpan-testers-discuss@perl.org


--
Dear Olivier Schwander,

This is a computer-generated report for Yash-0.2
on perl 5.10.1, created by CPAN-Reporter-1.2018.

Thank you for uploading your work to CPAN.  However, there was a problem
testing your distribution.

If you think this report is invalid, please consult the CPAN Testers Wiki
for suggestions on how to avoid getting FAIL reports for missing library
or binary dependencies, unsupported operating systems, and so on:

http://wiki.cpantesters.org/wiki/CPANAuthorNotes

Sections of this report:

    * Tester comments
    * Program output
    * Prerequisites
    * Environment and other context

------------------------------
TESTER COMMENTS
------------------------------

Additional comments from tester:

this report is from an automated smoke testing program
and was not reviewed by a human for accuracy

------------------------------
PROGRAM OUTPUT
------------------------------

Output from '/usr/bin/make test':

PERL_DL_NONLAZY=1 "/home/sand/src/perl/repoperls/installed-perls/host/k93msid/perl-5.10.1/89ad/bin/perl" "-MExtUtils::Command::MM" "-MTest::Harness" "-e" "undef *Test::Harness::Switches; test_harness(0, 'blib/lib', 'blib/arch')" t/*.t
Can't locate YAML.pm in @INC (you may need to install the YAML module) (@INC contains: /tmp/loop_over_bdir-2978-NLI70N/Yash-0.2-0/blib/lib /tmp/loop_over_bdir-2978-NLI70N/Yash-0.2-0/blib/arch /etc/perl /usr/local/lib/x86_64-linux-gnu/perl/5.26.0 /usr/local/share/perl/5.26.0 /usr/lib/x86_64-linux-gnu/perl5/5.26 /usr/share/perl5 /usr/lib/x86_64-linux-gnu/perl/5.26 /usr/share/perl/5.26 /usr/local/lib/site_perl /usr/lib/x86_64-linux-gnu/perl-base .) at ./yash line 9.
BEGIN failed--compilation aborted at ./yash line 9.

#   Failed test 'Getting a YAML dump of an array'
#   at t/array.t line 19.
#          got: ''
#     expected: '---
# - red
# - green
# - blue
# '
Can't locate YAML.pm in @INC (you may need to install the YAML module) (@INC contains: /tmp/loop_over_bdir-2978-NLI70N/Yash-0.2-0/blib/lib /tmp/loop_over_bdir-2978-NLI70N/Yash-0.2-0/blib/arch /etc/perl /usr/local/lib/x86_64-linux-gnu/perl/5.26.0 /usr/local/share/perl/5.26.0 /usr/lib/x86_64-linux-gnu/perl5/5.26 /usr/share/perl5 /usr/lib/x86_64-linux-gnu/perl/5.26 /usr/share/perl/5.26 /usr/local/lib/site_perl /usr/lib/x86_64-linux-gnu/perl-base .) at ./yash line 9.
BEGIN failed--compilation aborted at ./yash line 9.

#   Failed test '--array returns 0 when a hash is found'
#   at t/array.t line 21.
Can't locate YAML.pm in @INC (you may need to install the YAML module) (@INC contains: /tmp/loop_over_bdir-2978-NLI70N/Yash-0.2-0/blib/lib /tmp/loop_over_bdir-2978-NLI70N/Yash-0.2-0/blib/arch /etc/perl /usr/local/lib/x86_64-linux-gnu/perl/5.26.0 /usr/local/share/perl/5.26.0 /usr/lib/x86_64-linux-gnu/perl5/5.26 /usr/share/perl5 /usr/lib/x86_64-linux-gnu/perl/5.26 /usr/share/perl/5.26 /usr/local/lib/site_perl /usr/lib/x86_64-linux-gnu/perl-base .) at ./yash line 9.
BEGIN failed--compilation aborted at ./yash line 9.
# Looks like you failed 2 tests of 3.
t/array.t ... 
Dubious, test returned 2 (wstat 512, 0x200)
Failed 2/3 subtests 
Can't locate YAML.pm in @INC (you may need to install the YAML module) (@INC contains: /tmp/loop_over_bdir-2978-NLI70N/Yash-0.2-0/blib/lib /tmp/loop_over_bdir-2978-NLI70N/Yash-0.2-0/blib/arch /etc/perl /usr/local/lib/x86_64-linux-gnu/perl/5.26.0 /usr/local/share/perl/5.26.0 /usr/lib/x86_64-linux-gnu/perl5/5.26 /usr/share/perl5 /usr/lib/x86_64-linux-gnu/perl/5.26 /usr/share/perl/5.26 /usr/local/lib/site_perl /usr/lib/x86_64-linux-gnu/perl-base .) at ./yash line 9.
BEGIN failed--compilation aborted at ./yash line 9.

#   Failed test 'Getting a YAML dump of a hash'
#   at t/hash.t line 20.
#          got: ''
#     expected: '---
# deep:
#   - Clark Evans
#   - Oren Ben-Kiki
#   - Ingy döt Net
# '
Can't locate YAML.pm in @INC (you may need to install the YAML module) (@INC contains: /tmp/loop_over_bdir-2978-NLI70N/Yash-0.2-0/blib/lib /tmp/loop_over_bdir-2978-NLI70N/Yash-0.2-0/blib/arch /etc/perl /usr/local/lib/x86_64-linux-gnu/perl/5.26.0 /usr/local/share/perl/5.26.0 /usr/lib/x86_64-linux-gnu/perl5/5.26 /usr/share/perl5 /usr/lib/x86_64-linux-gnu/perl/5.26 /usr/share/perl/5.26 /usr/local/lib/site_perl /usr/lib/x86_64-linux-gnu/perl-base .) at ./yash line 9.
BEGIN failed--compilation aborted at ./yash line 9.
Can't locate YAML.pm in @INC (you may need to install the YAML module) (@INC contains: /tmp/loop_over_bdir-2978-NLI70N/Yash-0.2-0/blib/lib /tmp/loop_over_bdir-2978-NLI70N/Yash-0.2-0/blib/arch /etc/perl /usr/local/lib/x86_64-linux-gnu/perl/5.26.0 /usr/local/share/perl/5.26.0 /usr/lib/x86_64-linux-gnu/perl5/5.26 /usr/share/perl5 /usr/lib/x86_64-linux-gnu/perl/5.26 /usr/share/perl/5.26 /usr/local/lib/site_perl /usr/lib/x86_64-linux-gnu/perl-base .) at ./yash line 9.
BEGIN failed--compilation aborted at ./yash line 9.

#   Failed test '--hash returns 1 when a hash is found'
#   at t/hash.t line 24.
# Looks like you failed 2 tests of 3.
t/hash.t .... 
Dubious, test returned 2 (wstat 512, 0x200)
Failed 2/3 subtests 
Can't locate YAML.pm in @INC (you may need to install the YAML module) (@INC contains: /tmp/loop_over_bdir-2978-NLI70N/Yash-0.2-0/blib/lib /tmp/loop_over_bdir-2978-NLI70N/Yash-0.2-0/blib/arch /etc/perl /usr/local/lib/x86_64-linux-gnu/perl/5.26.0 /usr/local/share/perl/5.26.0 /usr/lib/x86_64-linux-gnu/perl5/5.26 /usr/share/perl5 /usr/lib/x86_64-linux-gnu/perl/5.26 /usr/share/perl/5.26 /usr/local/lib/site_perl /usr/lib/x86_64-linux-gnu/perl-base .) at ./yash line 9.
BEGIN failed--compilation aborted at ./yash line 9.

#   Failed test 'Loading from file'
#   at t/scalar.t line 13.
#          got: ''
#     expected: 'ingy'
Can't locate YAML.pm in @INC (you may need to install the YAML module) (@INC contains: /tmp/loop_over_bdir-2978-NLI70N/Yash-0.2-0/blib/lib /tmp/loop_over_bdir-2978-NLI70N/Yash-0.2-0/blib/arch /etc/perl /usr/local/lib/x86_64-linux-gnu/perl/5.26.0 /usr/local/share/perl/5.26.0 /usr/lib/x86_64-linux-gnu/perl5/5.26 /usr/share/perl5 /usr/lib/x86_64-linux-gnu/perl/5.26 /usr/share/perl/5.26 /usr/local/lib/site_perl /usr/lib/x86_64-linux-gnu/perl-base .) at ./yash line 9.
BEGIN failed--compilation aborted at ./yash line 9.

#   Failed test 'Getting a value from a hash'
#   at t/scalar.t line 17.
#          got: ''
#     expected: 'ingy'
Can't locate YAML.pm in @INC (you may need to install the YAML module) (@INC contains: /tmp/loop_over_bdir-2978-NLI70N/Yash-0.2-0/blib/lib /tmp/loop_over_bdir-2978-NLI70N/Yash-0.2-0/blib/arch /etc/perl /usr/local/lib/x86_64-linux-gnu/perl/5.26.0 /usr/local/share/perl/5.26.0 /usr/lib/x86_64-linux-gnu/perl5/5.26 /usr/share/perl5 /usr/lib/x86_64-linux-gnu/perl/5.26 /usr/share/perl/5.26 /usr/local/lib/site_perl /usr/lib/x86_64-linux-gnu/perl-base .) at ./yash line 9.
BEGIN failed--compilation aborted at ./yash line 9.

#   Failed test '--scalar returns 0 when a scalar was found'
#   at t/scalar.t line 19.
Can't locate YAML.pm in @INC (you may need to install the YAML module) (@INC contains: /tmp/loop_over_bdir-2978-NLI70N/Yash-0.2-0/blib/lib /tmp/loop_over_bdir-2978-NLI70N/Yash-0.2-0/blib/arch /etc/perl /usr/local/lib/x86_64-linux-gnu/perl/5.26.0 /usr/local/share/perl/5.26.0 /usr/lib/x86_64-linux-gnu/perl5/5.26 /usr/share/perl5 /usr/lib/x86_64-linux-gnu/perl/5.26 /usr/share/perl/5.26 /usr/local/lib/site_perl /usr/lib/x86_64-linux-gnu/perl-base .) at ./yash line 9.
BEGIN failed--compilation aborted at ./yash line 9.
# Looks like you failed 3 tests of 4.
t/scalar.t .. 
Dubious, test returned 3 (wstat 768, 0x300)
Failed 3/4 subtests 

Test Summary Report
-------------------
t/array.t (Wstat: 512 Tests: 3 Failed: 2)
  Failed tests:  1-2
  Non-zero exit status: 2
t/hash.t  (Wstat: 512 Tests: 3 Failed: 2)
  Failed tests:  1, 3
  Non-zero exit status: 2
t/scalar.t (Wstat: 768 Tests: 4 Failed: 3)
  Failed tests:  1-3
  Non-zero exit status: 3
Files=3, Tests=10,  1 wallclock secs ( 0.02 usr  0.02 sys +  0.54 cusr  0.14 csys =  0.72 CPU)
Result: FAIL
Failed 3/3 test programs. 7/10 subtests failed.
Makefile:859: recipe for target 'test_dynamic' failed
make: *** [test_dynamic] Error 3

------------------------------
PREREQUISITES
------------------------------

Prerequisite modules loaded:

requires:

    Module              Need     Have    
    ------------------- -------- --------
    Test::More          0        1.302119
    YAML                0        1.23    

build_requires:

    Module              Need     Have    
    ------------------- -------- --------
    ExtUtils::MakeMaker 0        7.30    

configure_requires:

    Module              Need     Have    
    ------------------- -------- --------
    Module::Build       0.340201 0.4224  


------------------------------
ENVIRONMENT AND OTHER CONTEXT
------------------------------

Environment variables:

    AUTOMATED_TESTING = 1
    LANG = en_US.UTF-8
    PATH = /home/sand/bin:/usr/local/bin:/usr/bin:/bin:/usr/games:/usr/local/perl/bin:/usr/X11/bin:/sbin:/usr/sbin
    PERL5LIB = 
    PERL5OPT = 
    PERL5_CPANPLUS_IS_RUNNING = 2987
    PERL5_CPAN_IS_RUNNING = 2987
    PERL5_CPAN_IS_RUNNING_IN_RECURSION = 22402,2987
    PERL_CANARY_STABILITY_NOPROMPT = 1
    PERL_MM_USE_DEFAULT = 1
    PERL_USE_UNSAFE_INC = 1
    SHELL = /usr/bin/zsh
    TERM = screen

Perl special variables (and OS-specific diagnostics, for MSWin32):

    $^X = /home/sand/src/perl/repoperls/installed-perls/host/k93msid/perl-5.10.1/89ad/bin/perl
    $UID/$EUID = 1005 / 1005
    $GID = 1005 1005
    $EGID = 1005 1005

Perl module toolchain versions installed:

    Module              Have    
    ------------------- --------
    CPAN                2.18    
    CPAN::Meta          2.150010
    Cwd                 3.62    
    ExtUtils::CBuilder  0.280230
    ExtUtils::Command   7.30    
    ExtUtils::Install   2.06    
    ExtUtils::MakeMaker 7.30    
    ExtUtils::Manifest  1.70    
    ExtUtils::ParseXS   3.35    
    File::Spec          3.62    
    JSON                2.97000 
    JSON::PP            2.97000 
    Module::Build       0.4224  
    Module::Signature   0.81    
    Parse::CPAN::Meta   2.150010
    Test::Harness       3.39    
    Test::More          1.302119
    YAML                1.23    
    YAML::Syck          1.30    
    version             0.9918  


--

Summary of my perl5 (revision 5 version 10 subversion 1) configuration:
  Commit id: 5348debf9fd57fc15c26529386769684fab96e57
  Platform:
    osname=linux, osvers=4.12.0-2-amd64, archname=x86_64-linux
    uname='linux k93msid 4.12.0-2-amd64 #1 smp debian 4.12.13-1 (2017-09-19) x86_64 gnulinux '
    config_args='-Dprefix=/home/sand/src/perl/repoperls/installed-perls/host/k93msid/perl-5.10.1/89ad -Dmyhostname=k93msid -Dinstallusrbinperl=n -Uversiononly -Dusedevel -des -Ui_db -Dlibswanted=cl pthread socket inet nsl gdbm dbm malloc dl ld sun m crypt sec util c cposix posix ucb BSD gdbm_compat -Uuseithreads -Uuselongdouble -DDEBUGGING=-g'
    hint=recommended, useposix=true, d_sigaction=define
    useithreads=undef, usemultiplicity=undef
    useperlio=define, d_sfio=undef, uselargefiles=define, usesocks=undef
    use64bitint=define, use64bitall=define, uselongdouble=undef
    usemymalloc=n, bincompat5005=undef
  Compiler:
    cc='cc', ccflags ='-fno-strict-aliasing -pipe -fstack-protector -I/usr/local/include -D_LARGEFILE_SOURCE -D_FILE_OFFSET_BITS=64',
    optimize='-O2 -g',
    cppflags='-fno-strict-aliasing -pipe -fstack-protector -I/usr/local/include'
    ccversion='', gccversion='7.2.0', gccosandvers=''
    intsize=4, longsize=8, ptrsize=8, doublesize=8, byteorder=12345678
    d_longlong=define, longlongsize=8, d_longdbl=define, longdblsize=16
    ivtype='long', ivsize=8, nvtype='double', nvsize=8, Off_t='off_t', lseeksize=8
    alignbytes=8, prototype=define
  Linker and Libraries:
    ld='cc', ldflags =' -fstack-protector -L/usr/local/lib'
    libpth=/usr/local/lib /lib/x86_64-linux-gnu /lib/../lib /usr/lib/x86_64-linux-gnu /usr/lib/../lib /lib /usr/lib
    libs=-lpthread -lnsl -ldl -lm -lcrypt -lutil -lc
    perllibs=-lpthread -lnsl -ldl -lm -lcrypt -lutil -lc
    libc=libc-2.24.so, so=so, useshrplib=false, libperl=libperl.a
    gnulibc_version='2.24'
  Dynamic Linking:
    dlsrc=dl_dlopen.xs, dlext=so, d_dlsymun=undef, ccdlflags='-Wl,-E'
    cccdlflags='-fPIC', lddlflags='-shared -O2 -g -L/usr/local/lib -fstack-protector'


Characteristics of this binary (from libperl): 
  Compile-time options: PERL_DONT_CREATE_GVSV PERL_MALLOC_WRAP PERL_USE_DEVEL
                        USE_64_BIT_ALL USE_64_BIT_INT USE_LARGE_FILES
                        USE_PERLIO
  Built under linux
  Compiled at Oct  3 2017 21:13:10
  %ENV:
    PERL5LIB=""
    PERL5OPT=""
    PERL5_CPANPLUS_IS_RUNNING="2987"
    PERL5_CPAN_IS_RUNNING="2987"
    PERL5_CPAN_IS_RUNNING_IN_RECURSION="22402,2987"
    PERL_CANARY_STABILITY_NOPROMPT="1"
    PERL_MM_USE_DEFAULT="1"
    PERL_USE_UNSAFE_INC="1"
  @INC:
    /home/sand/src/perl/repoperls/installed-perls/host/k93msid/perl-5.10.1/89ad/lib/5.10.1/x86_64-linux
    /home/sand/src/perl/repoperls/installed-perls/host/k93msid/perl-5.10.1/89ad/lib/5.10.1
    /home/sand/src/perl/repoperls/installed-perls/host/k93msid/perl-5.10.1/89ad/lib/site_perl/5.10.1/x86_64-linux
    /home/sand/src/perl/repoperls/installed-perls/host/k93msid/perl-5.10.1/89ad/lib/site_perl/5.10.1
    .