Mojolicious-Plugin-Prometheus v1.4.1 Perl 5 v5.20.0 x86_64-linux

Status
Fail
From
Slaven Rezić
Dist
Mojolicious-Plugin-Prometheus v1.4.1
Platform
Perl 5 v5.20.0 x86_64-linux
Date
2023-06-02 06:10:48
ID
37dac4fe-010c-11ee-a26f-43e86d8775ea
This distribution has been tested as part of the CPAN Testers
project, supporting the Perl programming language.  See
http://wiki.cpantesters.org/ for more information or email
questions to cpan-testers-discuss@perl.org


--
Dear Christopher Rasch-Olsen Raa,

This is a computer-generated report for Mojolicious-Plugin-Prometheus-1.4.1
on perl 5.20.0, created by CPAN-Reporter-1.2018.

Thank you for uploading your work to CPAN.  However, there was a problem
testing your distribution.

If you think this report is invalid, please consult the CPAN Testers Wiki
for suggestions on how to avoid getting FAIL reports for missing library
or binary dependencies, unsupported operating systems, and so on:

http://wiki.cpantesters.org/wiki/CPANAuthorNotes

Sections of this report:

    * Tester comments
    * Program output
    * Prerequisites
    * Environment and other context

------------------------------
TESTER COMMENTS
------------------------------

Additional comments from tester:

none provided

------------------------------
PROGRAM OUTPUT
------------------------------

Output from './Build test':

t/00_compile.t ........... ok
t/basic.t ................ ok
Illegal character in prototype for Prometheus::Collector::Custom::collect : $self, $opts at /home/cpansand/.cpan/build/2023052914/Mojolicious-Plugin-Prometheus-1.4.1-0/t/lib/Prometheus/Collector/Custom.pm line 7.
Global symbol "$self" requires explicit package name at /home/cpansand/.cpan/build/2023052914/Mojolicious-Plugin-Prometheus-1.4.1-0/t/lib/Prometheus/Collector/Custom.pm line 8.
Global symbol "$self" requires explicit package name at /home/cpansand/.cpan/build/2023052914/Mojolicious-Plugin-Prometheus-1.4.1-0/t/lib/Prometheus/Collector/Custom.pm line 8.
Compilation failed in require at t/collector-execution.t line 9.
BEGIN failed--compilation aborted at t/collector-execution.t line 9.
t/collector-execution.t .. 
Dubious, test returned 255 (wstat 65280, 0xff00)
No subtests run 
t/custom.t ............... ok
t/custom_buckets.t ....... ok
t/custom_group.t ......... ok
t/custom_path.t .......... ok
t/custom_prometheus.t .... ok
t/custom_route.t ......... ok
t/defaults.t ............. ok

#   Failed test 'content is similar'
#   at t/linux.t line 19.
#                   '# HELP http_request_duration_seconds Histogram with request processing time
# # TYPE http_request_duration_seconds histogram
# http_request_duration_seconds_count{worker="20686",method="GET"} 1
# http_request_duration_seconds_sum{worker="20686",method="GET"} 0.000413
# http_request_duration_seconds_bucket{worker="20686",method="GET",le="0.001"} 1
# http_request_duration_seconds_bucket{worker="20686",method="GET",le="0.01"} 1
# http_request_duration_seconds_bucket{worker="20686",method="GET",le="0.1"} 1
# http_request_duration_seconds_bucket{worker="20686",method="GET",le="1"} 1
# http_request_duration_seconds_bucket{worker="20686",method="GET",le="10"} 1
# http_request_duration_seconds_bucket{worker="20686",method="GET",le="100"} 1
# http_request_duration_seconds_bucket{worker="20686",method="GET",le="1000"} 1
# http_request_duration_seconds_bucket{worker="20686",method="GET",le="+Inf"} 1
# http_request_duration_seconds_count{worker="20686",method="POST"} 1
# http_request_duration_seconds_sum{worker="20686",method="POST"} 0.000314
# http_request_duration_seconds_bucket{worker="20686",method="POST",le="0.001"} 1
# http_request_duration_seconds_bucket{worker="20686",method="POST",le="0.01"} 1
# http_request_duration_seconds_bucket{worker="20686",method="POST",le="0.1"} 1
# http_request_duration_seconds_bucket{worker="20686",method="POST",le="1"} 1
# http_request_duration_seconds_bucket{worker="20686",method="POST",le="10"} 1
# http_request_duration_seconds_bucket{worker="20686",method="POST",le="100"} 1
# http_request_duration_seconds_bucket{worker="20686",method="POST",le="1000"} 1
# http_request_duration_seconds_bucket{worker="20686",method="POST",le="+Inf"} 1
# # HELP http_request_size_bytes Histogram containing request sizes
# # TYPE http_request_size_bytes histogram
# http_request_size_bytes_count{worker="20686",method="GET"} 2
# http_request_size_bytes_sum{worker="20686",method="GET"} 0
# http_request_size_bytes_bucket{worker="20686",method="GET",le="1"} 2
# http_request_size_bytes_bucket{worker="20686",method="GET",le="50"} 2
# http_request_size_bytes_bucket{worker="20686",method="GET",le="100"} 2
# http_request_size_bytes_bucket{worker="20686",method="GET",le="1000"} 2
# http_request_size_bytes_bucket{worker="20686",method="GET",le="10000"} 2
# http_request_size_bytes_bucket{worker="20686",method="GET",le="50000"} 2
# http_request_size_bytes_bucket{worker="20686",method="GET",le="100000"} 2
# http_request_size_bytes_bucket{worker="20686",method="GET",le="500000"} 2
# http_request_size_bytes_bucket{worker="20686",method="GET",le="1000000"} 2
# http_request_size_bytes_bucket{worker="20686",method="GET",le="+Inf"} 2
# http_request_size_bytes_count{worker="20686",method="POST"} 1
# http_request_size_bytes_sum{worker="20686",method="POST"} 20
# http_request_size_bytes_bucket{worker="20686",method="POST",le="1"} 0
# http_request_size_bytes_bucket{worker="20686",method="POST",le="50"} 1
# http_request_size_bytes_bucket{worker="20686",method="POST",le="100"} 1
# http_request_size_bytes_bucket{worker="20686",method="POST",le="1000"} 1
# http_request_size_bytes_bucket{worker="20686",method="POST",le="10000"} 1
# http_request_size_bytes_bucket{worker="20686",method="POST",le="50000"} 1
# http_request_size_bytes_bucket{worker="20686",method="POST",le="100000"} 1
# http_request_size_bytes_bucket{worker="20686",method="POST",le="500000"} 1
# http_request_size_bytes_bucket{worker="20686",method="POST",le="1000000"} 1
# http_request_size_bytes_bucket{worker="20686",method="POST",le="+Inf"} 1
# # HELP http_requests_total How many HTTP requests processed, partitioned by status code and HTTP method.
# # TYPE http_requests_total counter
# http_requests_total{worker="20686",method="GET",code="200"} 1
# http_requests_total{worker="20686",method="POST",code="200"} 1
# # HELP http_response_size_bytes Histogram containing response sizes
# # TYPE http_response_size_bytes histogram
# http_response_size_bytes_count{worker="20686",method="GET",code="200"} 1
# http_response_size_bytes_sum{worker="20686",method="GET",code="200"} 11
# http_response_size_bytes_bucket{worker="20686",method="GET",code="200",le="5"} 0
# http_response_size_bytes_bucket{worker="20686",method="GET",code="200",le="50"} 1
# http_response_size_bytes_bucket{worker="20686",method="GET",code="200",le="100"} 1
# http_response_size_bytes_bucket{worker="20686",method="GET",code="200",le="1000"} 1
# http_response_size_bytes_bucket{worker="20686",method="GET",code="200",le="10000"} 1
# http_response_size_bytes_bucket{worker="20686",method="GET",code="200",le="50000"} 1
# http_response_size_bytes_bucket{worker="20686",method="GET",code="200",le="100000"} 1
# http_response_size_bytes_bucket{worker="20686",method="GET",code="200",le="500000"} 1
# http_response_size_bytes_bucket{worker="20686",method="GET",code="200",le="1000000"} 1
# http_response_size_bytes_bucket{worker="20686",method="GET",code="200",le="+Inf"} 1
# http_response_size_bytes_count{worker="20686",method="POST",code="200"} 1
# http_response_size_bytes_sum{worker="20686",method="POST",code="200"} 11
# http_response_size_bytes_bucket{worker="20686",method="POST",code="200",le="5"} 0
# http_response_size_bytes_bucket{worker="20686",method="POST",code="200",le="50"} 1
# http_response_size_bytes_bucket{worker="20686",method="POST",code="200",le="100"} 1
# http_response_size_bytes_bucket{worker="20686",method="POST",code="200",le="1000"} 1
# http_response_size_bytes_bucket{worker="20686",method="POST",code="200",le="10000"} 1
# http_response_size_bytes_bucket{worker="20686",method="POST",code="200",le="50000"} 1
# http_response_size_bytes_bucket{worker="20686",method="POST",code="200",le="100000"} 1
# http_response_size_bytes_bucket{worker="20686",method="POST",code="200",le="500000"} 1
# http_response_size_bytes_bucket{worker="20686",method="POST",code="200",le="1000000"} 1
# http_response_size_bytes_bucket{worker="20686",method="POST",code="200",le="+Inf"} 1
# # HELP perl_heap_arenas Number of arenas in the Perl heap
# # TYPE perl_heap_arenas gauge
# perl_heap_arenas 660
# # HELP perl_heap_svs Number of SVs in the Perl heap
# # TYPE perl_heap_svs gauge
# perl_heap_svs 111496
# # HELP perl_info Information about the Perl interpreter
# # TYPE perl_info gauge
# perl_info{version="5.20.0"} 1
# 
# # HELP http_request_duration_seconds Histogram with request processing time
# # TYPE http_request_duration_seconds histogram
# # HELP http_request_size_bytes Histogram containing request sizes
# # TYPE http_request_size_bytes histogram
# http_request_size_bytes_count{worker="20688",method="GET"} 1
# http_request_size_bytes_sum{worker="20688",method="GET"} 0
# http_request_size_bytes_bucket{worker="20688",method="GET",le="1"} 1
# http_request_size_bytes_bucket{worker="20688",method="GET",le="50"} 1
# http_request_size_bytes_bucket{worker="20688",method="GET",le="100"} 1
# http_request_size_bytes_bucket{worker="20688",method="GET",le="1000"} 1
# http_request_size_bytes_bucket{worker="20688",method="GET",le="10000"} 1
# http_request_size_bytes_bucket{worker="20688",method="GET",le="50000"} 1
# http_request_size_bytes_bucket{worker="20688",method="GET",le="100000"} 1
# http_request_size_bytes_bucket{worker="20688",method="GET",le="500000"} 1
# http_request_size_bytes_bucket{worker="20688",method="GET",le="1000000"} 1
# http_request_size_bytes_bucket{worker="20688",method="GET",le="+Inf"} 1
# # HELP http_requests_total How many HTTP requests processed, partitioned by status code and HTTP method.
# # TYPE http_requests_total counter
# # HELP http_response_size_bytes Histogram containing response sizes
# # TYPE http_response_size_bytes histogram
# # HELP perl_heap_arenas Number of arenas in the Perl heap
# # TYPE perl_heap_arenas gauge
# perl_heap_arenas 657
# # HELP perl_heap_svs Number of SVs in the Perl heap
# # TYPE perl_heap_svs gauge
# perl_heap_svs 110997
# # HELP perl_info Information about the Perl interpreter
# # TYPE perl_info gauge
# perl_info{version="5.20.0"} 1
# # HELP test_counter Test counter
# # TYPE test_counter counter
# test_counter 5
# 
# # HELP http_request_duration_seconds Histogram with request processing time
# # TYPE http_request_duration_seconds histogram
# http_request_duration_seconds_count{worker="20689",method="GET"} 1
# http_request_duration_seconds_sum{worker="20689",method="GET"} 0.000414
# http_request_duration_seconds_bucket{worker="20689",method="GET",le="0.001"} 1
# http_request_duration_seconds_bucket{worker="20689",method="GET",le="0.01"} 1
# http_request_duration_seconds_bucket{worker="20689",method="GET",le="0.1"} 1
# http_request_duration_seconds_bucket{worker="20689",method="GET",le="1"} 1
# http_request_duration_seconds_bucket{worker="20689",method="GET",le="10"} 1
# http_request_duration_seconds_bucket{worker="20689",method="GET",le="100"} 1
# http_request_duration_seconds_bucket{worker="20689",method="GET",le="1000"} 1
# http_request_duration_seconds_bucket{worker="20689",method="GET",le="+Inf"} 1
# # HELP http_request_size_bytes Histogram containing request sizes
# # TYPE http_request_size_bytes histogram
# http_request_size_bytes_count{worker="20689",method="GET"} 2
# http_request_size_bytes_sum{worker="20689",method="GET"} 0
# http_request_size_bytes_bucket{worker="20689",method="GET",le="1"} 2
# http_request_size_bytes_bucket{worker="20689",method="GET",le="2"} 2
# http_request_size_bytes_bucket{worker="20689",method="GET",le="3"} 2
# http_request_size_bytes_bucket{worker="20689",method="GET",le="+Inf"} 2
# # HELP http_requests_total How many HTTP requests processed, partitioned by status code and HTTP method.
# # TYPE http_requests_total counter
# http_requests_total{worker="20689",method="GET",code="200"} 1
# # HELP http_response_size_bytes Histogram containing response sizes
# # TYPE http_response_size_bytes histogram
# http_response_size_bytes_count{worker="20689",method="GET",code="200"} 1
# http_response_size_bytes_sum{worker="20689",method="GET",code="200"} 11
# http_response_size_bytes_bucket{worker="20689",method="GET",code="200",le="4"} 0
# http_response_size_bytes_bucket{worker="20689",method="GET",code="200",le="5"} 0
# http_response_size_bytes_bucket{worker="20689",method="GET",code="200",le="6"} 0
# http_response_size_bytes_bucket{worker="20689",method="GET",code="200",le="+Inf"} 1
# # HELP perl_heap_arenas Number of arenas in the Perl heap
# # TYPE perl_heap_arenas gauge
# perl_heap_arenas 659
# # HELP perl_heap_svs Number of SVs in the Perl heap
# # TYPE perl_heap_svs gauge
# perl_heap_svs 111333
# # HELP perl_info Information about the Perl interpreter
# # TYPE perl_info gauge
# perl_info{version="5.20.0"} 1
# 
# # HELP mojolicious_http_request_duration_seconds Histogram with request processing time
# # TYPE mojolicious_http_request_duration_seconds histogram
# mojolicious_http_request_duration_seconds_count{worker="20690",method="GET"} 1
# mojolicious_http_request_duration_seconds_sum{worker="20690",method="GET"} 0.001124
# mojolicious_http_request_duration_seconds_bucket{worker="20690",method="GET",le="0.001"} 0
# mojolicious_http_request_duration_seconds_bucket{worker="20690",method="GET",le="0.01"} 1
# mojolicious_http_request_duration_seconds_bucket{worker="20690",method="GET",le="0.1"} 1
# mojolicious_http_request_duration_seconds_bucket{worker="20690",method="GET",le="1"} 1
# mojolicious_http_request_duration_seconds_bucket{worker="20690",method="GET",le="10"} 1
# mojolicious_http_request_duration_seconds_bucket{worker="20690",method="GET",le="100"} 1
# mojolicious_http_request_duration_seconds_bucket{worker="20690",method="GET",le="1000"} 1
# mojolicious_http_request_duration_seconds_bucket{worker="20690",method="GET",le="+Inf"} 1
# # HELP mojolicious_http_request_size_bytes Histogram containing request sizes
# # TYPE mojolicious_http_request_size_bytes histogram
# mojolicious_http_request_size_bytes_count{worker="20690",method="GET"} 2
# mojolicious_http_request_size_bytes_sum{worker="20690",method="GET"} 0
# mojolicious_http_request_size_bytes_bucket{worker="20690",method="GET",le="1"} 2
# mojolicious_http_request_size_bytes_bucket{worker="20690",method="GET",le="50"} 2
# mojolicious_http_request_size_bytes_bucket{worker="20690",method="GET",le="100"} 2
# mojolicious_http_request_size_bytes_bucket{worker="20690",method="GET",le="1000"} 2
# mojolicious_http_request_size_bytes_bucket{worker="20690",method="GET",le="10000"} 2
# mojolicious_http_request_size_bytes_bucket{worker="20690",method="GET",le="50000"} 2
# mojolicious_http_request_size_bytes_bucket{worker="20690",method="GET",le="100000"} 2
# mojolicious_http_request_size_bytes_bucket{worker="20690",method="GET",le="500000"} 2
# mojolicious_http_request_size_bytes_bucket{worker="20690",method="GET",le="1000000"} 2
# mojolicious_http_request_size_bytes_bucket{worker="20690",method="GET",le="+Inf"} 2
# # HELP mojolicious_http_requests_total How many HTTP requests processed, partitioned by status code and HTTP method.
# # TYPE mojolicious_http_requests_total counter
# mojolicious_http_requests_total{worker="20690",method="GET",code="200"} 1
# # HELP mojolicious_http_response_size_bytes Histogram containing response sizes
# # TYPE mojolicious_http_response_size_bytes histogram
# mojolicious_http_response_size_bytes_count{worker="20690",method="GET",code="200"} 1
# mojolicious_http_response_size_bytes_sum{worker="20690",method="GET",code="200"} 12223
# mojolicious_http_response_size_bytes_bucket{worker="20690",method="GET",code="200",le="5"} 0
# mojolicious_http_response_size_bytes_bucket{worker="20690",method="GET",code="200",le="50"} 0
# mojolicious_http_response_size_bytes_bucket{worker="20690",method="GET",code="200",le="100"} 0
# mojolicious_http_response_size_bytes_bucket{worker="20690",method="GET",code="200",le="1000"} 0
# mojolicious_http_response_size_bytes_bucket{worker="20690",method="GET",code="200",le="10000"} 0
# mojolicious_http_response_size_bytes_bucket{worker="20690",method="GET",code="200",le="50000"} 1
# mojolicious_http_response_size_bytes_bucket{worker="20690",method="GET",code="200",le="100000"} 1
# mojolicious_http_response_size_bytes_bucket{worker="20690",method="GET",code="200",le="500000"} 1
# mojolicious_http_response_size_bytes_bucket{worker="20690",method="GET",code="200",le="1000000"} 1
# mojolicious_http_response_size_bytes_bucket{worker="20690",method="GET",code="200",le="+Inf"} 1
# # HELP perl_heap_arenas Number of arenas in the Perl heap
# # TYPE perl_heap_arenas gauge
# perl_heap_arenas 659
# # HELP perl_heap_svs Number of SVs in the Perl heap
# # TYPE perl_heap_svs gauge
# perl_heap_svs 111317
# # HELP perl_info Information about the Perl interpreter
# # TYPE perl_info gauge
# perl_info{version="5.20.0"} 1
# 
# # HELP http_request_duration_seconds Histogram with request processing time
# # TYPE http_request_duration_seconds histogram
# # HELP http_request_size_bytes Histogram containing request sizes
# # TYPE http_request_size_bytes histogram
# http_request_size_bytes_count{worker="20691",method="GET"} 1
# http_request_size_bytes_sum{worker="20691",method="GET"} 0
# http_request_size_bytes_bucket{worker="20691",method="GET",le="1"} 1
# http_request_size_bytes_bucket{worker="20691",method="GET",le="50"} 1
# http_request_size_bytes_bucket{worker="20691",method="GET",le="100"} 1
# http_request_size_bytes_bucket{worker="20691",method="GET",le="1000"} 1
# http_request_size_bytes_bucket{worker="20691",method="GET",le="10000"} 1
# http_request_size_bytes_bucket{worker="20691",method="GET",le="50000"} 1
# http_request_size_bytes_bucket{worker="20691",method="GET",le="100000"} 1
# http_request_size_bytes_bucket{worker="20691",method="GET",le="500000"} 1
# http_request_size_bytes_bucket{worker="20691",method="GET",le="1000000"} 1
# http_request_size_bytes_bucket{worker="20691",method="GET",le="+Inf"} 1
# # HELP http_requests_total How many HTTP requests processed, partitioned by status code and HTTP method.
# # TYPE http_requests_total counter
# # HELP http_response_size_bytes Histogram containing response sizes
# # TYPE http_response_size_bytes histogram
# # HELP perl_heap_arenas Number of arenas in the Perl heap
# # TYPE perl_heap_arenas gauge
# perl_heap_arenas 657
# # HELP perl_heap_svs Number of SVs in the Perl heap
# # TYPE perl_heap_svs gauge
# perl_heap_svs 110937
# # HELP perl_info Information about the Perl interpreter
# # TYPE perl_info gauge
# perl_info{version="5.20.0"} 1
# 
# # HELP http_request_duration_seconds Histogram with request processing time
# # TYPE http_request_duration_seconds histogram
# # HELP http_request_size_bytes Histogram containing request sizes
# # TYPE http_request_size_bytes histogram
# http_request_size_bytes_count{worker="20693",method="GET"} 1
# http_request_size_bytes_sum{worker="20693",method="GET"} 0
# http_request_size_bytes_bucket{worker="20693",method="GET",le="1"} 1
# http_request_size_bytes_bucket{worker="20693",method="GET",le="50"} 1
# http_request_size_bytes_bucket{worker="20693",method="GET",le="100"} 1
# http_request_size_bytes_bucket{worker="20693",method="GET",le="1000"} 1
# http_request_size_bytes_bucket{worker="20693",method="GET",le="10000"} 1
# http_request_size_bytes_bucket{worker="20693",method="GET",le="50000"} 1
# http_request_size_bytes_bucket{worker="20693",method="GET",le="100000"} 1
# http_request_size_bytes_bucket{worker="20693",method="GET",le="500000"} 1
# http_request_size_bytes_bucket{worker="20693",method="GET",le="1000000"} 1
# http_request_size_bytes_bucket{worker="20693",method="GET",le="+Inf"} 1
# # HELP http_requests_total How many HTTP requests processed, partitioned by status code and HTTP method.
# # TYPE http_requests_total counter
# # HELP http_response_size_bytes Histogram containing response sizes
# # TYPE http_response_size_bytes histogram
# # HELP perl_heap_arenas Number of arenas in the Perl heap
# # TYPE perl_heap_arenas gauge
# perl_heap_arenas 657
# # HELP perl_heap_svs Number of SVs in the Perl heap
# # TYPE perl_heap_svs gauge
# perl_heap_svs 111010
# # HELP perl_info Information about the Perl interpreter
# # TYPE perl_info gauge
# perl_info{version="5.20.0"} 1
# 
# # HELP http_request_duration_seconds Histogram with request processing time
# # TYPE http_request_duration_seconds histogram
# http_request_duration_seconds_count{worker="20695",method="GET"} 1
# http_request_duration_seconds_sum{worker="20695",method="GET"} 0.000375
# http_request_duration_seconds_bucket{worker="20695",method="GET",le="0.001"} 1
# http_request_duration_seconds_bucket{worker="20695",method="GET",le="0.01"} 1
# http_request_duration_seconds_bucket{worker="20695",method="GET",le="0.1"} 1
# http_request_duration_seconds_bucket{worker="20695",method="GET",le="1"} 1
# http_request_duration_seconds_bucket{worker="20695",method="GET",le="10"} 1
# http_request_duration_seconds_bucket{worker="20695",method="GET",le="100"} 1
# http_request_duration_seconds_bucket{worker="20695",method="GET",le="1000"} 1
# http_request_duration_seconds_bucket{worker="20695",method="GET",le="+Inf"} 1
# # HELP http_request_size_bytes Histogram containing request sizes
# # TYPE http_request_size_bytes histogram
# http_request_size_bytes_count{worker="20695",method="GET"} 2
# http_request_size_bytes_sum{worker="20695",method="GET"} 0
# http_request_size_bytes_bucket{worker="20695",method="GET",le="1"} 2
# http_request_size_bytes_bucket{worker="20695",method="GET",le="50"} 2
# http_request_size_bytes_bucket{worker="20695",method="GET",le="100"} 2
# http_request_size_bytes_bucket{worker="20695",method="GET",le="1000"} 2
# http_request_size_bytes_bucket{worker="20695",method="GET",le="10000"} 2
# http_request_size_bytes_bucket{worker="20695",method="GET",le="50000"} 2
# http_request_size_bytes_bucket{worker="20695",method="GET",le="100000"} 2
# http_request_size_bytes_bucket{worker="20695",method="GET",le="500000"} 2
# http_request_size_bytes_bucket{worker="20695",method="GET",le="1000000"} 2
# http_request_size_bytes_bucket{worker="20695",method="GET",le="+Inf"} 2
# # HELP http_requests_total How many HTTP requests processed, partitioned by status code and HTTP method.
# # TYPE http_requests_total counter
# http_requests_total{worker="20695",method="GET",code="200"} 1
# # HELP http_response_size_bytes Histogram containing response sizes
# # TYPE http_response_size_bytes histogram
# http_response_size_bytes_count{worker="20695",method="GET",code="200"} 1
# http_response_size_bytes_sum{worker="20695",method="GET",code="200"} 11
# http_response_size_bytes_bucket{worker="20695",method="GET",code="200",le="5"} 0
# http_response_size_bytes_bucket{worker="20695",method="GET",code="200",le="50"} 1
# http_response_size_bytes_bucket{worker="20695",method="GET",code="200",le="100"} 1
# http_response_size_bytes_bucket{worker="20695",method="GET",code="200",le="1000"} 1
# http_response_size_bytes_bucket{worker="20695",method="GET",code="200",le="10000"} 1
# http_response_size_bytes_bucket{worker="20695",method="GET",code="200",le="50000"} 1
# http_response_size_bytes_bucket{worker="20695",method="GET",code="200",le="100000"} 1
# http_response_size_bytes_bucket{worker="20695",method="GET",code="200",le="500000"} 1
# http_response_size_bytes_bucket{worker="20695",method="GET",code="200",le="1000000"} 1
# http_response_size_bytes_bucket{worker="20695",method="GET",code="200",le="+Inf"} 1
# # HELP perl_heap_arenas Number of arenas in the Perl heap
# # TYPE perl_heap_arenas gauge
# perl_heap_arenas 659
# # HELP perl_heap_svs Number of SVs in the Perl heap
# # TYPE perl_heap_svs gauge
# perl_heap_svs 111346
# # HELP perl_info Information about the Perl interpreter
# # TYPE perl_info gauge
# perl_info{version="5.20.0"} 1
# '
#     doesn't match '(?^:process_cpu_seconds_total\{worker="\d+")'
# Looks like you failed 1 test of 7.
t/linux.t ................ 
Dubious, test returned 1 (wstat 256, 0x100)
Failed 1/7 subtests 

Test Summary Report
-------------------
t/collector-execution.t (Wstat: 65280 Tests: 0 Failed: 0)
  Non-zero exit status: 255
  Parse errors: No plan found in TAP output
t/linux.t              (Wstat: 256 Tests: 7 Failed: 1)
  Failed test:  7
  Non-zero exit status: 1
Files=11, Tests=652,  2 wallclock secs ( 0.03 usr  0.02 sys +  1.75 cusr  0.30 csys =  2.10 CPU)
Result: FAIL

------------------------------
PREREQUISITES
------------------------------

Prerequisite modules loaded:

requires:

    Module              Need  Have    
    ------------------- ----- --------
    IPC::ShareLite      0     0.17    
    Mojolicious         0     7.05    
    Net::Prometheus     0.05  0.12    
    Sereal              0     3.015   
    Time::HiRes         0     1.9739  

build_requires:

    Module              Need  Have    
    ------------------- ----- --------
    Devel::Cover        0     1.23    
    Test::More          0.98  1.302056

configure_requires:

    Module              Need  Have    
    ------------------- ----- --------
    Module::Build::Tiny 0.035 0.039   


------------------------------
ENVIRONMENT AND OTHER CONTEXT
------------------------------

Environment variables:

    LANG = en_US.UTF-8
    LANGUAGE = en_US:en
    LC_ALL = en_US.UTF-8
    PATH = /usr/local/bin:/usr/bin:/bin:/usr/local/sbin:/usr/sbin:/sbin:/home/cpansand/bin/linux-gnu:/home/cpansand/bin/sh:/home/cpansand/bin:/usr/games:/home/cpansand/devel:/home/eserte/src/srezic-misc/scripts
    PERL5LIB = /home/cpansand/.cpan/build/2023052914/Net-Prometheus-0.12-0/blib/arch:/home/cpansand/.cpan/build/2023052914/Net-Prometheus-0.12-0/blib/lib
    PERL5OPT = 
    PERL5_CPANPLUS_IS_RUNNING = 20577
    PERL5_CPAN_IS_RUNNING = 20577
    PERL5_CPAN_IS_RUNNING_IN_RECURSION = 27594,20577
    PERLDOC = -MPod::Perldoc::ToTextOverstrike
    PERL_BATCH = yes
    PERL_CANARY_STABILITY_NOPROMPT = 1
    PERL_CPAN_REPORTER_CONFIG = /var/tmp/cpansmoker-1023/2023052912/cpanreporter_000_config.ini
    PERL_EXTUTILS_AUTOINSTALL = --defaultdeps
    PERL_USE_UNSAFE_INC = 1
    SHELL = /bin/zsh
    TERM = screen
    TMPDIR = /var/tmp/cpansmoker-1023/2023052912

Perl special variables (and OS-specific diagnostics, for MSWin32):

    $^X = /opt/perl-5.20.0/bin/perl
    $UID/$EUID = 1023 / 1023
    $GID = 1023 1023
    $EGID = 1023 1023

Perl module toolchain versions installed:

    Module              Have    
    ------------------- --------
    CPAN                2.16    
    CPAN::Meta          2.150010
    Cwd                 3.62    
    ExtUtils::CBuilder  0.280216
    ExtUtils::Command   7.24    
    ExtUtils::Install   1.67    
    ExtUtils::MakeMaker 7.24    
    ExtUtils::Manifest  1.70    
    ExtUtils::ParseXS   3.24    
    File::Spec          3.62    
    JSON                2.90    
    JSON::PP            2.27400 
    Module::Build       0.4220  
    Module::Signature   0.81    
    Parse::CPAN::Meta   2.150010
    Test::Harness       3.30    
    Test::More          1.302056
    YAML                1.17    
    YAML::Syck          1.29    
    version             0.9917  


--

Summary of my perl5 (revision 5 version 20 subversion 0) configuration:
   
  Platform:
    osname=linux, osvers=3.2.0-4-amd64, archname=x86_64-linux
    uname='linux cvrsnica-wheezy 3.2.0-4-amd64 #1 smp debian 3.2.54-2 x86_64 gnulinux '
    config_args='-ds -e -Dprefix=/opt/perl-5.20.0'
    hint=recommended, useposix=true, d_sigaction=define
    useithreads=undef, usemultiplicity=undef
    use64bitint=define, use64bitall=define, uselongdouble=undef
    usemymalloc=n, bincompat5005=undef
  Compiler:
    cc='cc', ccflags ='-fwrapv -fno-strict-aliasing -pipe -fstack-protector -I/usr/local/include -D_LARGEFILE_SOURCE -D_FILE_OFFSET_BITS=64',
    optimize='-O2',
    cppflags='-fwrapv -fno-strict-aliasing -pipe -fstack-protector -I/usr/local/include'
    ccversion='', gccversion='4.7.2', gccosandvers=''
    intsize=4, longsize=8, ptrsize=8, doublesize=8, byteorder=12345678
    d_longlong=define, longlongsize=8, d_longdbl=define, longdblsize=16
    ivtype='long', ivsize=8, nvtype='double', nvsize=8, Off_t='off_t', lseeksize=8
    alignbytes=8, prototype=define
  Linker and Libraries:
    ld='cc', ldflags =' -fstack-protector -L/usr/local/lib'
    libpth=/usr/local/lib /usr/lib/gcc/x86_64-linux-gnu/4.7/include-fixed /usr/include/x86_64-linux-gnu /usr/lib /lib/x86_64-linux-gnu /lib/../lib /usr/lib/x86_64-linux-gnu /usr/lib/../lib /lib
    libs=-lnsl -ldb -ldl -lm -lcrypt -lutil -lc
    perllibs=-lnsl -ldl -lm -lcrypt -lutil -lc
    libc=libc-2.13.so, so=so, useshrplib=false, libperl=libperl.a
    gnulibc_version='2.13'
  Dynamic Linking:
    dlsrc=dl_dlopen.xs, dlext=so, d_dlsymun=undef, ccdlflags='-Wl,-E'
    cccdlflags='-fPIC', lddlflags='-shared -O2 -L/usr/local/lib -fstack-protector'


Characteristics of this binary (from libperl): 
  Compile-time options: HAS_TIMES PERLIO_LAYERS PERL_DONT_CREATE_GVSV
                        PERL_HASH_FUNC_ONE_AT_A_TIME_HARD PERL_MALLOC_WRAP
                        PERL_NEW_COPY_ON_WRITE PERL_PRESERVE_IVUV
                        USE_64_BIT_ALL USE_64_BIT_INT USE_LARGE_FILES
                        USE_LOCALE USE_LOCALE_COLLATE USE_LOCALE_CTYPE
                        USE_LOCALE_NUMERIC USE_PERLIO USE_PERL_ATOF
  Built under linux
  Compiled at Jul 19 2014 07:43:18
  %ENV:
    PERL5LIB="/home/cpansand/.cpan/build/2023052914/Net-Prometheus-0.12-0/blib/arch:/home/cpansand/.cpan/build/2023052914/Net-Prometheus-0.12-0/blib/lib"
    PERL5OPT=""
    PERL5_CPANPLUS_IS_RUNNING="20577"
    PERL5_CPAN_IS_RUNNING="20577"
    PERL5_CPAN_IS_RUNNING_IN_RECURSION="27594,20577"
    PERLDOC="-MPod::Perldoc::ToTextOverstrike"
    PERL_BATCH="yes"
    PERL_CANARY_STABILITY_NOPROMPT="1"
    PERL_CPAN_REPORTER_CONFIG="/var/tmp/cpansmoker-1023/2023052912/cpanreporter_000_config.ini"
    PERL_EXTUTILS_AUTOINSTALL="--defaultdeps"
    PERL_USE_UNSAFE_INC="1"
  @INC:
    /home/cpansand/.cpan/build/2023052914/Net-Prometheus-0.12-0/blib/arch
    /home/cpansand/.cpan/build/2023052914/Net-Prometheus-0.12-0/blib/lib
    /opt/perl-5.20.0/lib/site_perl/5.20.0/x86_64-linux
    /opt/perl-5.20.0/lib/site_perl/5.20.0
    /opt/perl-5.20.0/lib/5.20.0/x86_64-linux
    /opt/perl-5.20.0/lib/5.20.0
    .