Back
From: metabase:user:d2c9f356-b46f-11df-9a90-20a83c0b7757
Subject: FAIL ParallelUserAgent-2.57 v5.15.5 SunOS/Solaris
Date: 2011-12-10T03:58:28Z
This distribution has been tested as part of the CPAN Testers
project, supporting the Perl programming language. See
http://wiki.cpantesters.org/ for more information or email
questions to cpan-testers-discuss@perl.org
--
Dear Marc Langheinrich,
This is a computer-generated report for ParallelUserAgent-2.57
on perl 5.15.5, created by CPAN-Reporter-1.2002.
Thank you for uploading your work to CPAN. However, there was a problem
testing your distribution.
If you think this report is invalid, please consult the CPAN Testers Wiki
for suggestions on how to avoid getting FAIL reports for missing library
or binary dependencies, unsupported operating systems, and so on:
http://wiki.cpantesters.org/wiki/CPANAuthorNotes
Sections of this report:
* Tester comments
* Program output
* Prerequisites
* Environment and other context
------------------------------
TESTER COMMENTS
------------------------------
Additional comments from tester:
this report is from an automated smoke testing program
and was not reviewed by a human for accuracy
------------------------------
PROGRAM OUTPUT
------------------------------
Output from '/usr/local/bin/make test':
/export/home/cpant4/perl5/bin/perl5.15.5 t/TEST
UNIVERSAL->import is deprecated and will be removed in a future perl at ../blib/lib/LWP/Parallel/UserAgent.pm line 10
defined(%hash) is deprecated at ../blib/lib/LWP/Parallel/UserAgent.pm line 1327, <DAEMON> line 1.
(Maybe you should just omit the defined()?)
Can't locate object method "parse_head" via package "LWP::Parallel::Protocol::http" at ../blib/lib/LWP/Parallel/UserAgent.pm line 1497, <DAEMON> line 1.
defined(%hash) is deprecated at ../blib/lib/LWP/Parallel/UserAgent.pm line 1327.
(Maybe you should just omit the defined()?)
Missing base argument at local/compatibility.t line 57
local/compatibility.t ..
Dubious, test returned 255 (wstat 65280, 0xff00)
Failed 20/20 subtests
UNIVERSAL->import is deprecated and will be removed in a future perl at ../blib/lib/LWP/Parallel/UserAgent.pm line 10
defined(%hash) is deprecated at ../blib/lib/LWP/Parallel/UserAgent.pm line 1327.
(Maybe you should just omit the defined()?)
Can't locate object method "parse_head" via package "LWP::Parallel::Protocol::file" at ../blib/lib/LWP/Parallel/UserAgent.pm line 1497.
local/file.t ...........
Dubious, test returned 255 (wstat 65280, 0xff00)
Failed 3/4 subtests
UNIVERSAL->import is deprecated and will be removed in a future perl at ../blib/lib/LWP/Parallel/UserAgent.pm line 10
defined(%hash) is deprecated at ../blib/lib/LWP/Parallel/UserAgent.pm line 1327.
(Maybe you should just omit the defined()?)
defined(%hash) is deprecated at ../blib/lib/LWP/Parallel/UserAgent.pm line 1327.
(Maybe you should just omit the defined()?)
Can't locate object method "parse_head" via package "LWP::Parallel::Protocol::http" at ../blib/lib/LWP/Parallel/UserAgent.pm line 1497, <DAEMON> line 1.
Missing base argument at local/http.t line 85
local/http.t ...........
Dubious, test returned 255 (wstat 65280, 0xff00)
Failed 14/15 subtests
UNIVERSAL->import is deprecated and will be removed in a future perl at ../blib/lib/LWP/Parallel/UserAgent.pm line 10
defined(%hash) is deprecated at ../blib/lib/LWP/Parallel/UserAgent.pm line 1327, <DAEMON> line 1.
(Maybe you should just omit the defined()?)
Can't locate object method "parse_head" via package "LWP::Parallel::Protocol::http" at ../blib/lib/LWP/Parallel/UserAgent.pm line 1497, <DAEMON> line 1.
local/timeouts.t .......
Dubious, test returned 255 (wstat 65280, 0xff00)
Failed 24/25 subtests
Test Summary Report
-------------------
local/compatibility.t (Wstat: 65280 Tests: 0 Failed: 0)
Non-zero exit status: 255
Parse errors: Bad plan. You planned 20 tests but ran 0.
local/file.t (Wstat: 65280 Tests: 1 Failed: 0)
Non-zero exit status: 255
Parse errors: Bad plan. You planned 4 tests but ran 1.
local/http.t (Wstat: 65280 Tests: 1 Failed: 0)
Non-zero exit status: 255
Parse errors: Bad plan. You planned 15 tests but ran 1.
local/timeouts.t (Wstat: 65280 Tests: 1 Failed: 0)
Non-zero exit status: 255
Parse errors: Bad plan. You planned 25 tests but ran 1.
Files=4, Tests=3, 31 wallclock secs ( 0.08 usr 0.04 sys + 1.14 cusr 0.33 csys = 1.59 CPU)
Result: FAIL
Failed 4/4 test programs. 0/3 subtests failed.
make: *** [test] Error 255
------------------------------
PREREQUISITES
------------------------------
Prerequisite modules loaded:
build_requires:
Module Need Have
------------------- ---- -------
ExtUtils::MakeMaker 0 6.63_02
------------------------------
ENVIRONMENT AND OTHER CONTEXT
------------------------------
Environment variables:
AUTOMATED_TESTING = 1
LANG = C
LD_LIBRARY_PATH = /usr/local/lib:
PATH = /export/home/cpant4/perl5/bin:/usr/local/bin:/usr/bin
PERL5LIB =
PERL5OPT =
PERL5_CPANPLUS_IS_RUNNING = 20196
PERL5_CPAN_IS_RUNNING = 20196
PERL5_CPAN_IS_RUNNING_IN_RECURSION = 19504,20196
PERL_CR_SMOKER_CURRENT = POE-Component-Client-UserAgent-0.08
PERL_EXTUTILS_AUTOINSTALL = --defaultdeps
PERL_MM_USE_DEFAULT = 1
SHELL = /bin/bash
TERM = xterm
Perl special variables (and OS-specific diagnostics, for MSWin32):
$^X = /export/home/cpant4/perl5/bin/perl5.15.5
$UID/$EUID = 104 / 104
$GID = 1 1
$EGID = 1 1
Perl module toolchain versions installed:
Module Have
------------------- --------
CPAN 1.9800
CPAN::Meta 2.112621
Cwd 3.37
ExtUtils::CBuilder 0.280204
ExtUtils::Command 1.17
ExtUtils::Install 1.57
ExtUtils::MakeMaker 6.63_02
ExtUtils::Manifest 1.60
ExtUtils::ParseXS 3.05
File::Spec 3.34
JSON 2.53
JSON::PP 2.27200
Module::Build 0.39_01
Module::Signature n/a
Parse::CPAN::Meta 1.4401
Test::Harness 3.23
Test::More 0.98
YAML 0.77
YAML::Syck 1.19
version 0.95
--
Summary of my perl5 (revision 5 version 15 subversion 5) configuration:
Platform:
osname=solaris, osvers=2.10, archname=i86pc-solaris-64int
uname='sunos vmrz0046 5.10 generic_141445-09 i86pc i386 i86pc solaris '
config_args='-Dcc=gcc -Dprefix=~/perl5 -Duse64bitint -Dusedevel -d'
hint=recommended, useposix=true, d_sigaction=define
useithreads=undef, usemultiplicity=undef
useperlio=define, d_sfio=undef, uselargefiles=define, usesocks=undef
use64bitint=define, use64bitall=undef, uselongdouble=undef
usemymalloc=n, bincompat5005=undef
Compiler:
cc='gcc', ccflags ='-DPTR_IS_LONG -fno-strict-aliasing -pipe -I/usr/local/include -D_LARGEFILE_SOURCE -D_FILE_OFFSET_BITS=64 -DPERL_USE_SAFE_PUTENV',
optimize='-O',
cppflags='-DPTR_IS_LONG -fno-strict-aliasing -pipe -I/usr/local/include'
ccversion='', gccversion='3.4.6', gccosandvers='solaris2.10'
intsize=4, longsize=4, ptrsize=4, doublesize=8, byteorder=12345678
d_longlong=define, longlongsize=8, d_longdbl=define, longdblsize=12
ivtype='long long', ivsize=8, nvtype='double', nvsize=8, Off_t='off_t', lseeksize=8
alignbytes=4, prototype=define
Linker and Libraries:
ld='gcc', ldflags =' -L/usr/local/lib '
libpth=/usr/local/lib /usr/lib /usr/ccs/lib
libs=-lsocket -lnsl -lgdbm -ldl -lm -lc
perllibs=-lsocket -lnsl -ldl -lm -lc
libc=/lib/libc.so, so=so, useshrplib=false, libperl=libperl.a
gnulibc_version=''
Dynamic Linking:
dlsrc=dl_dlopen.xs, dlext=so, d_dlsymun=undef, ccdlflags=' '
cccdlflags='-fPIC', lddlflags='-G -L/usr/local/lib'
Characteristics of this binary (from libperl):
Compile-time options: HAS_TIMES PERLIO_LAYERS PERL_DONT_CREATE_GVSV
PERL_MALLOC_WRAP PERL_PRESERVE_IVUV PERL_USE_DEVEL
PERL_USE_SAFE_PUTENV USE_64_BIT_INT USE_LARGE_FILES
USE_LOCALE USE_LOCALE_COLLATE USE_LOCALE_CTYPE
USE_LOCALE_NUMERIC USE_PERLIO USE_PERL_ATOF
Built under solaris
Compiled at Nov 28 2011 11:34:47
%ENV:
PERL5LIB=""
PERL5OPT=""
PERL5_CPANPLUS_IS_RUNNING="20196"
PERL5_CPAN_IS_RUNNING="20196"
PERL5_CPAN_IS_RUNNING_IN_RECURSION="19504,20196"
PERL_CR_SMOKER_CURRENT="POE-Component-Client-UserAgent-0.08"
PERL_EXTUTILS_AUTOINSTALL="--defaultdeps"
PERL_MM_USE_DEFAULT="1"
@INC:
/export/home/cpant4/perl5/lib/site_perl/5.15.5/i86pc-solaris-64int
/export/home/cpant4/perl5/lib/site_perl/5.15.5
/export/home/cpant4/perl5/lib/5.15.5/i86pc-solaris-64int
/export/home/cpant4/perl5/lib/5.15.5
/export/home/cpant4/perl5/lib/site_perl
.