Report for App-Rad-1.05_01

Back
From: metabase:user:320bfe00-2aae-11df-837a-5e0a49663a4f
Subject: FAIL App-Rad-1.05_01 v5.15.9 GNU/Linux
Date: 2012-06-14T00:16:43Z

This distribution has been tested as part of the CPAN Testers
project, supporting the Perl programming language.  See
http://wiki.cpantesters.org/ for more information or email
questions to cpan-testers-discuss@perl.org


--
Dear Breno G. de Oliveira,

This is a computer-generated report for App-Rad-1.05_01
on perl 5.15.9, created by CPAN-Reporter-1.2006.

Thank you for uploading your work to CPAN.  However, there was a problem
testing your distribution.

If you think this report is invalid, please consult the CPAN Testers Wiki
for suggestions on how to avoid getting FAIL reports for missing library
or binary dependencies, unsupported operating systems, and so on:

http://wiki.cpantesters.org/wiki/CPANAuthorNotes

Sections of this report:

    * Tester comments
    * Program output
    * Prerequisites
    * Environment and other context

------------------------------
TESTER COMMENTS
------------------------------

Additional comments from tester:

this report is from an automated smoke testing program
and was not reviewed by a human for accuracy

------------------------------
PROGRAM OUTPUT
------------------------------

Output from '/usr/bin/make test':

PERL_DL_NONLAZY=1 /mnt/k75/homesand/src/perl/repoperls/installed-perls/perl/v5.15.9/fc71/bin/perl "-MExtUtils::Command::MM" "-e" "test_harness(0, 'blib/lib', 'blib/arch')" t/*.t

#   Failed test 'use App::Rad;'
#   at t/00-load.t line 6.
#     Tried to use 'App::Rad'.
#     Error:  Can't locate App/Rad/Parser.pm in @INC (@INC contains: /tmp/loop_over_bdir-b8xl9e/App-Rad-1.05_01-JCV_Tk/blib/lib /tmp/loop_over_bdir-b8xl9e/App-Rad-1.05_01-JCV_Tk/blib/arch /home/src/perl/repoperls/installed-perls/perl/v5.15.9/fc71/lib/site_perl/5.15.9/x86_64-linux-ld /home/src/perl/repoperls/installed-perls/perl/v5.15.9/fc71/lib/site_perl/5.15.9 /home/src/perl/repoperls/installed-perls/perl/v5.15.9/fc71/lib/5.15.9/x86_64-linux-ld /home/src/perl/repoperls/installed-perls/perl/v5.15.9/fc71/lib/5.15.9) at /tmp/loop_over_bdir-b8xl9e/App-Rad-1.05_01-JCV_Tk/blib/lib/App/Rad.pm line 3.
# BEGIN failed--compilation aborted at /tmp/loop_over_bdir-b8xl9e/App-Rad-1.05_01-JCV_Tk/blib/lib/App/Rad.pm line 3.
# Compilation failed in require at (eval 4) line 2.
# BEGIN failed--compilation aborted at (eval 4) line 2.
Use of uninitialized value $App::Rad::VERSION in concatenation (.) or string at t/00-load.t line 12.
# Testing App::Rad , Perl 5.015009, /mnt/k75/homesand/src/perl/repoperls/installed-perls/perl/v5.15.9/fc71/bin/perl
# Looks like you failed 1 test of 4.
t/00-load.t ................... 
Dubious, test returned 1 (wstat 256, 0x100)
Failed 1/4 subtests 
Can't locate App/Rad/Parser.pm in @INC (@INC contains: /tmp/loop_over_bdir-b8xl9e/App-Rad-1.05_01-JCV_Tk/blib/lib /tmp/loop_over_bdir-b8xl9e/App-Rad-1.05_01-JCV_Tk/blib/arch /home/src/perl/repoperls/installed-perls/perl/v5.15.9/fc71/lib/site_perl/5.15.9/x86_64-linux-ld /home/src/perl/repoperls/installed-perls/perl/v5.15.9/fc71/lib/site_perl/5.15.9 /home/src/perl/repoperls/installed-perls/perl/v5.15.9/fc71/lib/5.15.9/x86_64-linux-ld /home/src/perl/repoperls/installed-perls/perl/v5.15.9/fc71/lib/5.15.9 .) at /tmp/loop_over_bdir-b8xl9e/App-Rad-1.05_01-JCV_Tk/blib/lib/App/Rad.pm line 3.
BEGIN failed--compilation aborted at /tmp/loop_over_bdir-b8xl9e/App-Rad-1.05_01-JCV_Tk/blib/lib/App/Rad.pm line 3.
Compilation failed in require at t/01-standard.t line 3.
BEGIN failed--compilation aborted at t/01-standard.t line 3.
# Looks like your test exited with 2 before it could output anything.
t/01-standard.t ............... 
Dubious, test returned 2 (wstat 512, 0x200)
Failed 14/14 subtests 
Can't locate App/Rad/Tester.pm in @INC (@INC contains: /tmp/loop_over_bdir-b8xl9e/App-Rad-1.05_01-JCV_Tk/blib/lib /tmp/loop_over_bdir-b8xl9e/App-Rad-1.05_01-JCV_Tk/blib/arch /home/src/perl/repoperls/installed-perls/perl/v5.15.9/fc71/lib/site_perl/5.15.9/x86_64-linux-ld /home/src/perl/repoperls/installed-perls/perl/v5.15.9/fc71/lib/site_perl/5.15.9 /home/src/perl/repoperls/installed-perls/perl/v5.15.9/fc71/lib/5.15.9/x86_64-linux-ld /home/src/perl/repoperls/installed-perls/perl/v5.15.9/fc71/lib/5.15.9 .) at t/02-defaultprogram.t line 2.
BEGIN failed--compilation aborted at t/02-defaultprogram.t line 2.
# Looks like your test exited with 2 before it could output anything.
t/02-defaultprogram.t ......... 
Dubious, test returned 2 (wstat 512, 0x200)
Failed 2/2 subtests 
# using temporary program file '/tmp/8MwfqyDjXI' to test functionality
Can't locate App/Rad/Parser.pm in @INC (@INC contains: /tmp/loop_over_bdir-b8xl9e/App-Rad-1.05_01-JCV_Tk/blib/lib /tmp/loop_over_bdir-b8xl9e/App-Rad-1.05_01-JCV_Tk/blib/arch /home/src/perl/repoperls/installed-perls/perl/v5.15.9/fc71/lib/site_perl/5.15.9/x86_64-linux-ld /home/src/perl/repoperls/installed-perls/perl/v5.15.9/fc71/lib/site_perl/5.15.9 /home/src/perl/repoperls/installed-perls/perl/v5.15.9/fc71/lib/5.15.9/x86_64-linux-ld /home/src/perl/repoperls/installed-perls/perl/v5.15.9/fc71/lib/5.15.9 .) at /tmp/loop_over_bdir-b8xl9e/App-Rad-1.05_01-JCV_Tk/blib/lib/App/Rad.pm line 3.
BEGIN failed--compilation aborted at /tmp/loop_over_bdir-b8xl9e/App-Rad-1.05_01-JCV_Tk/blib/lib/App/Rad.pm line 3.
Compilation failed in require at /tmp/8MwfqyDjXI line 1.
BEGIN failed--compilation aborted at /tmp/8MwfqyDjXI line 1.

#   Failed test at t/02.5-default_with_args.t line 30.
#          got: ''
#     expected: 'Usage: /tmp/8MwfqyDjXI command [arguments]
# 
# Available Commands:
#     exclude	completely erase command from your program
#     help   	show syntax and available commands
#     include	include one-liner as a command
# 
# '
Can't locate App/Rad/Parser.pm in @INC (@INC contains: /tmp/loop_over_bdir-b8xl9e/App-Rad-1.05_01-JCV_Tk/blib/lib /tmp/loop_over_bdir-b8xl9e/App-Rad-1.05_01-JCV_Tk/blib/arch /home/src/perl/repoperls/installed-perls/perl/v5.15.9/fc71/lib/site_perl/5.15.9/x86_64-linux-ld /home/src/perl/repoperls/installed-perls/perl/v5.15.9/fc71/lib/site_perl/5.15.9 /home/src/perl/repoperls/installed-perls/perl/v5.15.9/fc71/lib/5.15.9/x86_64-linux-ld /home/src/perl/repoperls/installed-perls/perl/v5.15.9/fc71/lib/5.15.9 .) at /tmp/loop_over_bdir-b8xl9e/App-Rad-1.05_01-JCV_Tk/blib/lib/App/Rad.pm line 3.
BEGIN failed--compilation aborted at /tmp/loop_over_bdir-b8xl9e/App-Rad-1.05_01-JCV_Tk/blib/lib/App/Rad.pm line 3.
Compilation failed in require at /tmp/8MwfqyDjXI line 1.
BEGIN failed--compilation aborted at /tmp/8MwfqyDjXI line 1.

#   Failed test at t/02.5-default_with_args.t line 34.
#          got: ''
#     expected: 'Usage: /tmp/8MwfqyDjXI command [arguments]
# 
# Available Commands:
#     exclude	completely erase command from your program
#     help   	show syntax and available commands
#     include	include one-liner as a command
# 
# '
# Looks like you failed 2 tests of 2.
t/02.5-default_with_args.t .... 
Dubious, test returned 2 (wstat 512, 0x200)
Failed 2/2 subtests 
# using temporary program file '/tmp/WyYhYZGHMK' to test functionality
Can't locate App/Rad/Parser.pm in @INC (@INC contains: /tmp/loop_over_bdir-b8xl9e/App-Rad-1.05_01-JCV_Tk/blib/lib /tmp/loop_over_bdir-b8xl9e/App-Rad-1.05_01-JCV_Tk/blib/arch /home/src/perl/repoperls/installed-perls/perl/v5.15.9/fc71/lib/site_perl/5.15.9/x86_64-linux-ld /home/src/perl/repoperls/installed-perls/perl/v5.15.9/fc71/lib/site_perl/5.15.9 /home/src/perl/repoperls/installed-perls/perl/v5.15.9/fc71/lib/5.15.9/x86_64-linux-ld /home/src/perl/repoperls/installed-perls/perl/v5.15.9/fc71/lib/5.15.9 .) at /tmp/loop_over_bdir-b8xl9e/App-Rad-1.05_01-JCV_Tk/blib/lib/App/Rad.pm line 3.
BEGIN failed--compilation aborted at /tmp/loop_over_bdir-b8xl9e/App-Rad-1.05_01-JCV_Tk/blib/lib/App/Rad.pm line 3.
Compilation failed in require at /tmp/WyYhYZGHMK line 1.
BEGIN failed--compilation aborted at /tmp/WyYhYZGHMK line 1.

#   Failed test at t/03-default_override.t line 23.
#          got: ''
#     expected: 'this is an override of the default command
# '
Can't locate App/Rad/Parser.pm in @INC (@INC contains: /tmp/loop_over_bdir-b8xl9e/App-Rad-1.05_01-JCV_Tk/blib/lib /tmp/loop_over_bdir-b8xl9e/App-Rad-1.05_01-JCV_Tk/blib/arch /home/src/perl/repoperls/installed-perls/perl/v5.15.9/fc71/lib/site_perl/5.15.9/x86_64-linux-ld /home/src/perl/repoperls/installed-perls/perl/v5.15.9/fc71/lib/site_perl/5.15.9 /home/src/perl/repoperls/installed-perls/perl/v5.15.9/fc71/lib/5.15.9/x86_64-linux-ld /home/src/perl/repoperls/installed-perls/perl/v5.15.9/fc71/lib/5.15.9 .) at /tmp/loop_over_bdir-b8xl9e/App-Rad-1.05_01-JCV_Tk/blib/lib/App/Rad.pm line 3.
BEGIN failed--compilation aborted at /tmp/loop_over_bdir-b8xl9e/App-Rad-1.05_01-JCV_Tk/blib/lib/App/Rad.pm line 3.
Compilation failed in require at /tmp/WyYhYZGHMK line 1.
BEGIN failed--compilation aborted at /tmp/WyYhYZGHMK line 1.

#   Failed test at t/03-default_override.t line 27.
#          got: ''
#     expected: 'this is an override of the default command
# '
Can't locate App/Rad/Parser.pm in @INC (@INC contains: /tmp/loop_over_bdir-b8xl9e/App-Rad-1.05_01-JCV_Tk/blib/lib /tmp/loop_over_bdir-b8xl9e/App-Rad-1.05_01-JCV_Tk/blib/arch /home/src/perl/repoperls/installed-perls/perl/v5.15.9/fc71/lib/site_perl/5.15.9/x86_64-linux-ld /home/src/perl/repoperls/installed-perls/perl/v5.15.9/fc71/lib/site_perl/5.15.9 /home/src/perl/repoperls/installed-perls/perl/v5.15.9/fc71/lib/5.15.9/x86_64-linux-ld /home/src/perl/repoperls/installed-perls/perl/v5.15.9/fc71/lib/5.15.9 .) at /tmp/loop_over_bdir-b8xl9e/App-Rad-1.05_01-JCV_Tk/blib/lib/App/Rad.pm line 3.
BEGIN failed--compilation aborted at /tmp/loop_over_bdir-b8xl9e/App-Rad-1.05_01-JCV_Tk/blib/lib/App/Rad.pm line 3.
Compilation failed in require at /tmp/WyYhYZGHMK line 1.
BEGIN failed--compilation aborted at /tmp/WyYhYZGHMK line 1.

#   Failed test at t/03-default_override.t line 39.
#          got: ''
#     expected: 'Usage: /tmp/WyYhYZGHMK command [arguments]
# 
# Available Commands:
#     help	show syntax and available commands
# 
# '
# Looks like you failed 3 tests of 3.
t/03-default_override.t ....... 
Dubious, test returned 3 (wstat 768, 0x300)
Failed 3/3 subtests 
# using temporary program file '/tmp/nNN4l2Y4Nx' to test functionality
Can't locate App/Rad/Parser.pm in @INC (@INC contains: /tmp/loop_over_bdir-b8xl9e/App-Rad-1.05_01-JCV_Tk/blib/lib /tmp/loop_over_bdir-b8xl9e/App-Rad-1.05_01-JCV_Tk/blib/arch /home/src/perl/repoperls/installed-perls/perl/v5.15.9/fc71/lib/site_perl/5.15.9/x86_64-linux-ld /home/src/perl/repoperls/installed-perls/perl/v5.15.9/fc71/lib/site_perl/5.15.9 /home/src/perl/repoperls/installed-perls/perl/v5.15.9/fc71/lib/5.15.9/x86_64-linux-ld /home/src/perl/repoperls/installed-perls/perl/v5.15.9/fc71/lib/5.15.9 .) at /tmp/loop_over_bdir-b8xl9e/App-Rad-1.05_01-JCV_Tk/blib/lib/App/Rad.pm line 3.
BEGIN failed--compilation aborted at /tmp/loop_over_bdir-b8xl9e/App-Rad-1.05_01-JCV_Tk/blib/lib/App/Rad.pm line 3.
Compilation failed in require at /tmp/nNN4l2Y4Nx line 1.
BEGIN failed--compilation aborted at /tmp/nNN4l2Y4Nx line 1.

#   Failed test 'no command (should fall to default)'
#   at t/03.5-default_and_invalid.t line 36.
#          got: ''
#     expected: 'keys: 0
# '
Can't locate App/Rad/Parser.pm in @INC (@INC contains: /tmp/loop_over_bdir-b8xl9e/App-Rad-1.05_01-JCV_Tk/blib/lib /tmp/loop_over_bdir-b8xl9e/App-Rad-1.05_01-JCV_Tk/blib/arch /home/src/perl/repoperls/installed-perls/perl/v5.15.9/fc71/lib/site_perl/5.15.9/x86_64-linux-ld /home/src/perl/repoperls/installed-perls/perl/v5.15.9/fc71/lib/site_perl/5.15.9 /home/src/perl/repoperls/installed-perls/perl/v5.15.9/fc71/lib/5.15.9/x86_64-linux-ld /home/src/perl/repoperls/installed-perls/perl/v5.15.9/fc71/lib/5.15.9 .) at /tmp/loop_over_bdir-b8xl9e/App-Rad-1.05_01-JCV_Tk/blib/lib/App/Rad.pm line 3.
BEGIN failed--compilation aborted at /tmp/loop_over_bdir-b8xl9e/App-Rad-1.05_01-JCV_Tk/blib/lib/App/Rad.pm line 3.
Compilation failed in require at /tmp/nNN4l2Y4Nx line 1.
BEGIN failed--compilation aborted at /tmp/nNN4l2Y4Nx line 1.

#   Failed test 'no command, with parameters (should fall to default)'
#   at t/03.5-default_and_invalid.t line 39.
#          got: ''
#     expected: 'keys: 1
# '
Can't locate App/Rad/Parser.pm in @INC (@INC contains: /tmp/loop_over_bdir-b8xl9e/App-Rad-1.05_01-JCV_Tk/blib/lib /tmp/loop_over_bdir-b8xl9e/App-Rad-1.05_01-JCV_Tk/blib/arch /home/src/perl/repoperls/installed-perls/perl/v5.15.9/fc71/lib/site_perl/5.15.9/x86_64-linux-ld /home/src/perl/repoperls/installed-perls/perl/v5.15.9/fc71/lib/site_perl/5.15.9 /home/src/perl/repoperls/installed-perls/perl/v5.15.9/fc71/lib/5.15.9/x86_64-linux-ld /home/src/perl/repoperls/installed-perls/perl/v5.15.9/fc71/lib/5.15.9 .) at /tmp/loop_over_bdir-b8xl9e/App-Rad-1.05_01-JCV_Tk/blib/lib/App/Rad.pm line 3.
BEGIN failed--compilation aborted at /tmp/loop_over_bdir-b8xl9e/App-Rad-1.05_01-JCV_Tk/blib/lib/App/Rad.pm line 3.
Compilation failed in require at /tmp/nNN4l2Y4Nx line 1.
BEGIN failed--compilation aborted at /tmp/nNN4l2Y4Nx line 1.

#   Failed test 'invalid command (should fall to invalid)'
#   at t/03.5-default_and_invalid.t line 42.
#          got: ''
#     expected: 'invalid command
# '
Can't locate App/Rad/Parser.pm in @INC (@INC contains: /tmp/loop_over_bdir-b8xl9e/App-Rad-1.05_01-JCV_Tk/blib/lib /tmp/loop_over_bdir-b8xl9e/App-Rad-1.05_01-JCV_Tk/blib/arch /home/src/perl/repoperls/installed-perls/perl/v5.15.9/fc71/lib/site_perl/5.15.9/x86_64-linux-ld /home/src/perl/repoperls/installed-perls/perl/v5.15.9/fc71/lib/site_perl/5.15.9 /home/src/perl/repoperls/installed-perls/perl/v5.15.9/fc71/lib/5.15.9/x86_64-linux-ld /home/src/perl/repoperls/installed-perls/perl/v5.15.9/fc71/lib/5.15.9 .) at /tmp/loop_over_bdir-b8xl9e/App-Rad-1.05_01-JCV_Tk/blib/lib/App/Rad.pm line 3.
BEGIN failed--compilation aborted at /tmp/loop_over_bdir-b8xl9e/App-Rad-1.05_01-JCV_Tk/blib/lib/App/Rad.pm line 3.
Compilation failed in require at /tmp/nNN4l2Y4Nx line 1.
BEGIN failed--compilation aborted at /tmp/nNN4l2Y4Nx line 1.

#   Failed test 'invalid command, with parameters (should fall to invalid)'
#   at t/03.5-default_and_invalid.t line 45.
#          got: ''
#     expected: 'invalid command
# '
Can't locate App/Rad/Parser.pm in @INC (@INC contains: /tmp/loop_over_bdir-b8xl9e/App-Rad-1.05_01-JCV_Tk/blib/lib /tmp/loop_over_bdir-b8xl9e/App-Rad-1.05_01-JCV_Tk/blib/arch /home/src/perl/repoperls/installed-perls/perl/v5.15.9/fc71/lib/site_perl/5.15.9/x86_64-linux-ld /home/src/perl/repoperls/installed-perls/perl/v5.15.9/fc71/lib/site_perl/5.15.9 /home/src/perl/repoperls/installed-perls/perl/v5.15.9/fc71/lib/5.15.9/x86_64-linux-ld /home/src/perl/repoperls/installed-perls/perl/v5.15.9/fc71/lib/5.15.9 .) at /tmp/loop_over_bdir-b8xl9e/App-Rad-1.05_01-JCV_Tk/blib/lib/App/Rad.pm line 3.
BEGIN failed--compilation aborted at /tmp/loop_over_bdir-b8xl9e/App-Rad-1.05_01-JCV_Tk/blib/lib/App/Rad.pm line 3.
Compilation failed in require at /tmp/nNN4l2Y4Nx line 1.
BEGIN failed--compilation aborted at /tmp/nNN4l2Y4Nx line 1.

#   Failed test at t/03.5-default_and_invalid.t line 59.
#          got: ''
#     expected: 'Usage: /tmp/nNN4l2Y4Nx command [arguments]
# 
# Available Commands:
#     help	show syntax and available commands
# 
# '
# Looks like you failed 5 tests of 5.
t/03.5-default_and_invalid.t .. 
Dubious, test returned 5 (wstat 1280, 0x500)
Failed 5/5 subtests 
# using temporary program file '/tmp/mR4m723Hi0' to test functionality
Can't locate App/Rad/Parser.pm in @INC (@INC contains: /tmp/loop_over_bdir-b8xl9e/App-Rad-1.05_01-JCV_Tk/blib/lib /tmp/loop_over_bdir-b8xl9e/App-Rad-1.05_01-JCV_Tk/blib/arch /home/src/perl/repoperls/installed-perls/perl/v5.15.9/fc71/lib/site_perl/5.15.9/x86_64-linux-ld /home/src/perl/repoperls/installed-perls/perl/v5.15.9/fc71/lib/site_perl/5.15.9 /home/src/perl/repoperls/installed-perls/perl/v5.15.9/fc71/lib/5.15.9/x86_64-linux-ld /home/src/perl/repoperls/installed-perls/perl/v5.15.9/fc71/lib/5.15.9 .) at /tmp/loop_over_bdir-b8xl9e/App-Rad-1.05_01-JCV_Tk/blib/lib/App/Rad.pm line 3.
BEGIN failed--compilation aborted at /tmp/loop_over_bdir-b8xl9e/App-Rad-1.05_01-JCV_Tk/blib/lib/App/Rad.pm line 3.
Compilation failed in require at /tmp/mR4m723Hi0 line 1.
BEGIN failed--compilation aborted at /tmp/mR4m723Hi0 line 1.

#   Failed test at t/04-help_override.t line 28.
#          got: ''
#     expected: 'this is an override of the default command
# '
Can't locate App/Rad/Parser.pm in @INC (@INC contains: /tmp/loop_over_bdir-b8xl9e/App-Rad-1.05_01-JCV_Tk/blib/lib /tmp/loop_over_bdir-b8xl9e/App-Rad-1.05_01-JCV_Tk/blib/arch /home/src/perl/repoperls/installed-perls/perl/v5.15.9/fc71/lib/site_perl/5.15.9/x86_64-linux-ld /home/src/perl/repoperls/installed-perls/perl/v5.15.9/fc71/lib/site_perl/5.15.9 /home/src/perl/repoperls/installed-perls/perl/v5.15.9/fc71/lib/5.15.9/x86_64-linux-ld /home/src/perl/repoperls/installed-perls/perl/v5.15.9/fc71/lib/5.15.9 .) at /tmp/loop_over_bdir-b8xl9e/App-Rad-1.05_01-JCV_Tk/blib/lib/App/Rad.pm line 3.
BEGIN failed--compilation aborted at /tmp/loop_over_bdir-b8xl9e/App-Rad-1.05_01-JCV_Tk/blib/lib/App/Rad.pm line 3.
Compilation failed in require at /tmp/mR4m723Hi0 line 1.
BEGIN failed--compilation aborted at /tmp/mR4m723Hi0 line 1.

#   Failed test at t/04-help_override.t line 32.
#          got: ''
#     expected: 'this is an override of the help command
# '
# Looks like you failed 2 tests of 2.
t/04-help_override.t .......... 
Dubious, test returned 2 (wstat 512, 0x200)
Failed 2/2 subtests 
Can't locate App/Rad/Tester.pm in @INC (@INC contains: /tmp/loop_over_bdir-b8xl9e/App-Rad-1.05_01-JCV_Tk/blib/lib /tmp/loop_over_bdir-b8xl9e/App-Rad-1.05_01-JCV_Tk/blib/arch /home/src/perl/repoperls/installed-perls/perl/v5.15.9/fc71/lib/site_perl/5.15.9/x86_64-linux-ld /home/src/perl/repoperls/installed-perls/perl/v5.15.9/fc71/lib/site_perl/5.15.9 /home/src/perl/repoperls/installed-perls/perl/v5.15.9/fc71/lib/5.15.9/x86_64-linux-ld /home/src/perl/repoperls/installed-perls/perl/v5.15.9/fc71/lib/5.15.9 .) at t/05-commands-set.t line 2.
BEGIN failed--compilation aborted at t/05-commands-set.t line 2.
# Looks like your test exited with 2 before it could output anything.
t/05-commands-set.t ........... 
Dubious, test returned 2 (wstat 512, 0x200)
Failed 3/3 subtests 
# using temporary program file '/tmp/AAl2u1oL0n' to test functionality
Can't locate App/Rad/Parser.pm in @INC (@INC contains: /tmp/loop_over_bdir-b8xl9e/App-Rad-1.05_01-JCV_Tk/blib/lib /tmp/loop_over_bdir-b8xl9e/App-Rad-1.05_01-JCV_Tk/blib/arch /home/src/perl/repoperls/installed-perls/perl/v5.15.9/fc71/lib/site_perl/5.15.9/x86_64-linux-ld /home/src/perl/repoperls/installed-perls/perl/v5.15.9/fc71/lib/site_perl/5.15.9 /home/src/perl/repoperls/installed-perls/perl/v5.15.9/fc71/lib/5.15.9/x86_64-linux-ld /home/src/perl/repoperls/installed-perls/perl/v5.15.9/fc71/lib/5.15.9 .) at /tmp/loop_over_bdir-b8xl9e/App-Rad-1.05_01-JCV_Tk/blib/lib/App/Rad.pm line 3.
BEGIN failed--compilation aborted at /tmp/loop_over_bdir-b8xl9e/App-Rad-1.05_01-JCV_Tk/blib/lib/App/Rad.pm line 3.
Compilation failed in require at /tmp/AAl2u1oL0n line 1.
BEGIN failed--compilation aborted at /tmp/AAl2u1oL0n line 1.

#   Failed test at t/05-commands.t line 40.
#          got: ''
#     expected: 'Usage: /tmp/AAl2u1oL0n command [arguments]
# 
# Available Commands:
#     help 	show syntax and available commands
#     test1	
# 
# '
Can't locate App/Rad/Parser.pm in @INC (@INC contains: /tmp/loop_over_bdir-b8xl9e/App-Rad-1.05_01-JCV_Tk/blib/lib /tmp/loop_over_bdir-b8xl9e/App-Rad-1.05_01-JCV_Tk/blib/arch /home/src/perl/repoperls/installed-perls/perl/v5.15.9/fc71/lib/site_perl/5.15.9/x86_64-linux-ld /home/src/perl/repoperls/installed-perls/perl/v5.15.9/fc71/lib/site_perl/5.15.9 /home/src/perl/repoperls/installed-perls/perl/v5.15.9/fc71/lib/5.15.9/x86_64-linux-ld /home/src/perl/repoperls/installed-perls/perl/v5.15.9/fc71/lib/5.15.9 .) at /tmp/loop_over_bdir-b8xl9e/App-Rad-1.05_01-JCV_Tk/blib/lib/App/Rad.pm line 3.
BEGIN failed--compilation aborted at /tmp/loop_over_bdir-b8xl9e/App-Rad-1.05_01-JCV_Tk/blib/lib/App/Rad.pm line 3.
Compilation failed in require at /tmp/AAl2u1oL0n line 1.
BEGIN failed--compilation aborted at /tmp/AAl2u1oL0n line 1.

#   Failed test at t/05-commands.t line 45.
#          got: ''
#     expected: 'my test #1
# '
Can't locate App/Rad/Parser.pm in @INC (@INC contains: /tmp/loop_over_bdir-b8xl9e/App-Rad-1.05_01-JCV_Tk/blib/lib /tmp/loop_over_bdir-b8xl9e/App-Rad-1.05_01-JCV_Tk/blib/arch /home/src/perl/repoperls/installed-perls/perl/v5.15.9/fc71/lib/site_perl/5.15.9/x86_64-linux-ld /home/src/perl/repoperls/installed-perls/perl/v5.15.9/fc71/lib/site_perl/5.15.9 /home/src/perl/repoperls/installed-perls/perl/v5.15.9/fc71/lib/5.15.9/x86_64-linux-ld /home/src/perl/repoperls/installed-perls/perl/v5.15.9/fc71/lib/5.15.9 .) at /tmp/loop_over_bdir-b8xl9e/App-Rad-1.05_01-JCV_Tk/blib/lib/App/Rad.pm line 3.
BEGIN failed--compilation aborted at /tmp/loop_over_bdir-b8xl9e/App-Rad-1.05_01-JCV_Tk/blib/lib/App/Rad.pm line 3.
Compilation failed in require at /tmp/AAl2u1oL0n line 1.
BEGIN failed--compilation aborted at /tmp/AAl2u1oL0n line 1.

#   Failed test at t/05-commands.t line 49.
#          got: ''
#     expected: 'got tested
# '
# Looks like you failed 3 tests of 3.
t/05-commands.t ............... 
Dubious, test returned 3 (wstat 768, 0x300)
Failed 3/3 subtests 
# using temporary program file '/tmp/gCygA7ybIj' to test functionality
Can't locate App/Rad/Parser.pm in @INC (@INC contains: /tmp/loop_over_bdir-b8xl9e/App-Rad-1.05_01-JCV_Tk/blib/lib /tmp/loop_over_bdir-b8xl9e/App-Rad-1.05_01-JCV_Tk/blib/arch /home/src/perl/repoperls/installed-perls/perl/v5.15.9/fc71/lib/site_perl/5.15.9/x86_64-linux-ld /home/src/perl/repoperls/installed-perls/perl/v5.15.9/fc71/lib/site_perl/5.15.9 /home/src/perl/repoperls/installed-perls/perl/v5.15.9/fc71/lib/5.15.9/x86_64-linux-ld /home/src/perl/repoperls/installed-perls/perl/v5.15.9/fc71/lib/5.15.9 .) at /tmp/loop_over_bdir-b8xl9e/App-Rad-1.05_01-JCV_Tk/blib/lib/App/Rad.pm line 3.
BEGIN failed--compilation aborted at /tmp/loop_over_bdir-b8xl9e/App-Rad-1.05_01-JCV_Tk/blib/lib/App/Rad.pm line 3.
Compilation failed in require at /tmp/gCygA7ybIj line 1.
BEGIN failed--compilation aborted at /tmp/gCygA7ybIj line 1.

#   Failed test at t/05.5-commands_with_args.t line 42.
#          got: ''
#     expected: 'Usage: /tmp/gCygA7ybIj command [arguments]
# 
# Available Commands:
#     exclude	completely erase command from your program
#     help   	show syntax and available commands
#     include	include one-liner as a command
#     test1  	
# 
# '
Can't locate App/Rad/Parser.pm in @INC (@INC contains: /tmp/loop_over_bdir-b8xl9e/App-Rad-1.05_01-JCV_Tk/blib/lib /tmp/loop_over_bdir-b8xl9e/App-Rad-1.05_01-JCV_Tk/blib/arch /home/src/perl/repoperls/installed-perls/perl/v5.15.9/fc71/lib/site_perl/5.15.9/x86_64-linux-ld /home/src/perl/repoperls/installed-perls/perl/v5.15.9/fc71/lib/site_perl/5.15.9 /home/src/perl/repoperls/installed-perls/perl/v5.15.9/fc71/lib/5.15.9/x86_64-linux-ld /home/src/perl/repoperls/installed-perls/perl/v5.15.9/fc71/lib/5.15.9 .) at /tmp/loop_over_bdir-b8xl9e/App-Rad-1.05_01-JCV_Tk/blib/lib/App/Rad.pm line 3.
BEGIN failed--compilation aborted at /tmp/loop_over_bdir-b8xl9e/App-Rad-1.05_01-JCV_Tk/blib/lib/App/Rad.pm line 3.
Compilation failed in require at /tmp/gCygA7ybIj line 1.
BEGIN failed--compilation aborted at /tmp/gCygA7ybIj line 1.

#   Failed test at t/05.5-commands_with_args.t line 47.
#          got: ''
#     expected: 'my test #1
# '
Can't locate App/Rad/Parser.pm in @INC (@INC contains: /tmp/loop_over_bdir-b8xl9e/App-Rad-1.05_01-JCV_Tk/blib/lib /tmp/loop_over_bdir-b8xl9e/App-Rad-1.05_01-JCV_Tk/blib/arch /home/src/perl/repoperls/installed-perls/perl/v5.15.9/fc71/lib/site_perl/5.15.9/x86_64-linux-ld /home/src/perl/repoperls/installed-perls/perl/v5.15.9/fc71/lib/site_perl/5.15.9 /home/src/perl/repoperls/installed-perls/perl/v5.15.9/fc71/lib/5.15.9/x86_64-linux-ld /home/src/perl/repoperls/installed-perls/perl/v5.15.9/fc71/lib/5.15.9 .) at /tmp/loop_over_bdir-b8xl9e/App-Rad-1.05_01-JCV_Tk/blib/lib/App/Rad.pm line 3.
BEGIN failed--compilation aborted at /tmp/loop_over_bdir-b8xl9e/App-Rad-1.05_01-JCV_Tk/blib/lib/App/Rad.pm line 3.
Compilation failed in require at /tmp/gCygA7ybIj line 1.
BEGIN failed--compilation aborted at /tmp/gCygA7ybIj line 1.

#   Failed test at t/05.5-commands_with_args.t line 51.
#          got: ''
#     expected: 'got tested
# '
# Looks like you failed 3 tests of 3.
t/05.5-commands_with_args.t ... 
Dubious, test returned 3 (wstat 768, 0x300)
Failed 3/3 subtests 
# using temporary program file '/tmp/kGB9IDVoTh' to test functionality
Can't locate App/Rad/Parser.pm in @INC (@INC contains: /tmp/loop_over_bdir-b8xl9e/App-Rad-1.05_01-JCV_Tk/blib/lib /tmp/loop_over_bdir-b8xl9e/App-Rad-1.05_01-JCV_Tk/blib/arch /home/src/perl/repoperls/installed-perls/perl/v5.15.9/fc71/lib/site_perl/5.15.9/x86_64-linux-ld /home/src/perl/repoperls/installed-perls/perl/v5.15.9/fc71/lib/site_perl/5.15.9 /home/src/perl/repoperls/installed-perls/perl/v5.15.9/fc71/lib/5.15.9/x86_64-linux-ld /home/src/perl/repoperls/installed-perls/perl/v5.15.9/fc71/lib/5.15.9 .) at /tmp/loop_over_bdir-b8xl9e/App-Rad-1.05_01-JCV_Tk/blib/lib/App/Rad.pm line 3.
BEGIN failed--compilation aborted at /tmp/loop_over_bdir-b8xl9e/App-Rad-1.05_01-JCV_Tk/blib/lib/App/Rad.pm line 3.
Compilation failed in require at /tmp/kGB9IDVoTh line 1.
BEGIN failed--compilation aborted at /tmp/kGB9IDVoTh line 1.

#   Failed test at t/06-pre_post_tear.t line 59.
#          got: ''
#     expected: 'Usage: /tmp/kGB9IDVoTh command [arguments]
# 
# Available Commands:
#     help 	show syntax and available commands
#     test1	
#  [NARF!]
# tearing down...'
Can't locate App/Rad/Parser.pm in @INC (@INC contains: /tmp/loop_over_bdir-b8xl9e/App-Rad-1.05_01-JCV_Tk/blib/lib /tmp/loop_over_bdir-b8xl9e/App-Rad-1.05_01-JCV_Tk/blib/arch /home/src/perl/repoperls/installed-perls/perl/v5.15.9/fc71/lib/site_perl/5.15.9/x86_64-linux-ld /home/src/perl/repoperls/installed-perls/perl/v5.15.9/fc71/lib/site_perl/5.15.9 /home/src/perl/repoperls/installed-perls/perl/v5.15.9/fc71/lib/5.15.9/x86_64-linux-ld /home/src/perl/repoperls/installed-perls/perl/v5.15.9/fc71/lib/5.15.9 .) at /tmp/loop_over_bdir-b8xl9e/App-Rad-1.05_01-JCV_Tk/blib/lib/App/Rad.pm line 3.
BEGIN failed--compilation aborted at /tmp/loop_over_bdir-b8xl9e/App-Rad-1.05_01-JCV_Tk/blib/lib/App/Rad.pm line 3.
Compilation failed in require at /tmp/kGB9IDVoTh line 1.
BEGIN failed--compilation aborted at /tmp/kGB9IDVoTh line 1.

#   Failed test at t/06-pre_post_tear.t line 63.
#          got: ''
#     expected: 'my test #1 [NARF!]
# tearing down...'
Can't locate App/Rad/Parser.pm in @INC (@INC contains: /tmp/loop_over_bdir-b8xl9e/App-Rad-1.05_01-JCV_Tk/blib/lib /tmp/loop_over_bdir-b8xl9e/App-Rad-1.05_01-JCV_Tk/blib/arch /home/src/perl/repoperls/installed-perls/perl/v5.15.9/fc71/lib/site_perl/5.15.9/x86_64-linux-ld /home/src/perl/repoperls/installed-perls/perl/v5.15.9/fc71/lib/site_perl/5.15.9 /home/src/perl/repoperls/installed-perls/perl/v5.15.9/fc71/lib/5.15.9/x86_64-linux-ld /home/src/perl/repoperls/installed-perls/perl/v5.15.9/fc71/lib/5.15.9 .) at /tmp/loop_over_bdir-b8xl9e/App-Rad-1.05_01-JCV_Tk/blib/lib/App/Rad.pm line 3.
BEGIN failed--compilation aborted at /tmp/loop_over_bdir-b8xl9e/App-Rad-1.05_01-JCV_Tk/blib/lib/App/Rad.pm line 3.
Compilation failed in require at /tmp/kGB9IDVoTh line 1.
BEGIN failed--compilation aborted at /tmp/kGB9IDVoTh line 1.

#   Failed test at t/06-pre_post_tear.t line 67.
#          got: ''
#     expected: 'got tested again [NARF!]
# tearing down...'
# Looks like you failed 3 tests of 3.
t/06-pre_post_tear.t .......... 
Dubious, test returned 3 (wstat 768, 0x300)
Failed 3/3 subtests 
Can't locate App/Rad/Tester.pm in @INC (@INC contains: /tmp/loop_over_bdir-b8xl9e/App-Rad-1.05_01-JCV_Tk/blib/lib /tmp/loop_over_bdir-b8xl9e/App-Rad-1.05_01-JCV_Tk/blib/arch /home/src/perl/repoperls/installed-perls/perl/v5.15.9/fc71/lib/site_perl/5.15.9/x86_64-linux-ld /home/src/perl/repoperls/installed-perls/perl/v5.15.9/fc71/lib/site_perl/5.15.9 /home/src/perl/repoperls/installed-perls/perl/v5.15.9/fc71/lib/5.15.9/x86_64-linux-ld /home/src/perl/repoperls/installed-perls/perl/v5.15.9/fc71/lib/5.15.9 .) at t/07-argv_and_opt.t line 2.
BEGIN failed--compilation aborted at t/07-argv_and_opt.t line 2.
# Looks like your test exited with 2 before it could output anything.
t/07-argv_and_opt.t ........... 
Dubious, test returned 2 (wstat 512, 0x200)
Failed 36/36 subtests 
Can't locate App/Rad/Tester.pm in @INC (@INC contains: /tmp/loop_over_bdir-b8xl9e/App-Rad-1.05_01-JCV_Tk/blib/lib /tmp/loop_over_bdir-b8xl9e/App-Rad-1.05_01-JCV_Tk/blib/arch /home/src/perl/repoperls/installed-perls/perl/v5.15.9/fc71/lib/site_perl/5.15.9/x86_64-linux-ld /home/src/perl/repoperls/installed-perls/perl/v5.15.9/fc71/lib/site_perl/5.15.9 /home/src/perl/repoperls/installed-perls/perl/v5.15.9/fc71/lib/5.15.9/x86_64-linux-ld /home/src/perl/repoperls/installed-perls/perl/v5.15.9/fc71/lib/5.15.9 .) at t/08-getopt_long.t line 8.
BEGIN failed--compilation aborted at t/08-getopt_long.t line 8.
# Looks like your test exited with 2 before it could output anything.
t/08-getopt_long.t ............ 
Dubious, test returned 2 (wstat 512, 0x200)
Failed 17/17 subtests 
# using temporary program file '/tmp/MwlVD8xTg5' to test functionality
Can't locate App/Rad/Parser.pm in @INC (@INC contains: /tmp/loop_over_bdir-b8xl9e/App-Rad-1.05_01-JCV_Tk/blib/lib /tmp/loop_over_bdir-b8xl9e/App-Rad-1.05_01-JCV_Tk/blib/arch /home/src/perl/repoperls/installed-perls/perl/v5.15.9/fc71/lib/site_perl/5.15.9/x86_64-linux-ld /home/src/perl/repoperls/installed-perls/perl/v5.15.9/fc71/lib/site_perl/5.15.9 /home/src/perl/repoperls/installed-perls/perl/v5.15.9/fc71/lib/5.15.9/x86_64-linux-ld /home/src/perl/repoperls/installed-perls/perl/v5.15.9/fc71/lib/5.15.9 .) at /tmp/loop_over_bdir-b8xl9e/App-Rad-1.05_01-JCV_Tk/blib/lib/App/Rad.pm line 3.
BEGIN failed--compilation aborted at /tmp/loop_over_bdir-b8xl9e/App-Rad-1.05_01-JCV_Tk/blib/lib/App/Rad.pm line 3.
Compilation failed in require at /tmp/MwlVD8xTg5 line 1.
BEGIN failed--compilation aborted at /tmp/MwlVD8xTg5 line 1.

#   Failed test at t/09-stash.t line 52.
#          got: undef
#     expected: 'arrayref:onetwothree'

#   Failed test at t/09-stash.t line 53.
#          got: undef
#     expected: 'hashref:keyvalue'

#   Failed test at t/09-stash.t line 54.
#          got: undef
#     expected: 'num:1'

#   Failed test at t/09-stash.t line 55.
#          got: undef
#     expected: 'string:foo'
# Looks like you failed 4 tests of 4.
t/09-stash.t .................. 
Dubious, test returned 4 (wstat 1024, 0x400)
Failed 4/4 subtests 
# using temporary program file '/tmp/_sJ4_0ZJrs' to test functionality
Can't locate App/Rad/Parser.pm in @INC (@INC contains: /tmp/loop_over_bdir-b8xl9e/App-Rad-1.05_01-JCV_Tk/blib/lib /tmp/loop_over_bdir-b8xl9e/App-Rad-1.05_01-JCV_Tk/blib/arch /home/src/perl/repoperls/installed-perls/perl/v5.15.9/fc71/lib/site_perl/5.15.9/x86_64-linux-ld /home/src/perl/repoperls/installed-perls/perl/v5.15.9/fc71/lib/site_perl/5.15.9 /home/src/perl/repoperls/installed-perls/perl/v5.15.9/fc71/lib/5.15.9/x86_64-linux-ld /home/src/perl/repoperls/installed-perls/perl/v5.15.9/fc71/lib/5.15.9 .) at /tmp/loop_over_bdir-b8xl9e/App-Rad-1.05_01-JCV_Tk/blib/lib/App/Rad.pm line 3.
BEGIN failed--compilation aborted at /tmp/loop_over_bdir-b8xl9e/App-Rad-1.05_01-JCV_Tk/blib/lib/App/Rad.pm line 3.
Compilation failed in require at /tmp/_sJ4_0ZJrs line 1.
BEGIN failed--compilation aborted at /tmp/_sJ4_0ZJrs line 1.

#   Failed test at t/10-controller_methods.t line 69.
#          got: '0'
#     expected: '23'

#   Failed test at t/10-controller_methods.t line 70.
#          got: undef
#     expected: 'Available: 6'

#   Failed test at t/10-controller_methods.t line 71.
#          got: undef
#     expected: 'andanotherone:ok'

#   Failed test at t/10-controller_methods.t line 72.
#          got: undef
#     expected: 'anothercommand:ok'

#   Failed test at t/10-controller_methods.t line 73.
#          got: undef
#     expected: 'command:ok'

#   Failed test at t/10-controller_methods.t line 74.
#          got: undef
#     expected: 'help:ok'

#   Failed test at t/10-controller_methods.t line 75.
#          got: undef
#     expected: 'list_commands:ok'

#   Failed test at t/10-controller_methods.t line 76.
#          got: undef
#     expected: 'yetanothercommand:ok'

#   Failed test at t/10-controller_methods.t line 77.
#          got: undef
#     expected: ''

#   Failed test at t/10-controller_methods.t line 78.
#          got: undef
#     expected: 'Available: 6'

#   Failed test at t/10-controller_methods.t line 79.
#          got: undef
#     expected: 'alias:ok'

#   Failed test at t/10-controller_methods.t line 80.
#          got: undef
#     expected: 'anothercommand:ok'

#   Failed test at t/10-controller_methods.t line 81.
#          got: undef
#     expected: 'cmd1:ok'

#   Failed test at t/10-controller_methods.t line 82.
#          got: undef
#     expected: 'command:ok'

#   Failed test at t/10-controller_methods.t line 83.
#          got: undef
#     expected: 'help:ok'

#   Failed test at t/10-controller_methods.t line 84.
#          got: undef
#     expected: 'list_commands:ok'

#   Failed test at t/10-controller_methods.t line 85.
#          got: undef
#     expected: ''

#   Failed test at t/10-controller_methods.t line 86.
#          got: undef
#     expected: 'this is an alias, over'

#   Failed test at t/10-controller_methods.t line 87.
#          got: undef
#     expected: 'test'

#   Failed test at t/10-controller_methods.t line 88.
#          got: undef
#     expected: 'Called: command (command)'

#   Failed test at t/10-controller_methods.t line 89.
#          got: undef
#     expected: 'Called: list_commands (list_commands)'

#   Failed test at t/10-controller_methods.t line 90.
#          got: undef
#     expected: 'Called: list_commands (list_commands)'

#   Failed test at t/10-controller_methods.t line 91.
#          got: undef
#     expected: 'Called: alias (alias)'

#   Failed test at t/10-controller_methods.t line 92.
#          got: undef
#     expected: 'Called: cmd1 (cmd1)'
# Looks like you failed 24 tests of 24.
t/10-controller_methods.t ..... 
Dubious, test returned 24 (wstat 6144, 0x1800)
Failed 24/24 subtests 
Can't locate App/Rad/Tester.pm in @INC (@INC contains: /tmp/loop_over_bdir-b8xl9e/App-Rad-1.05_01-JCV_Tk/blib/lib /tmp/loop_over_bdir-b8xl9e/App-Rad-1.05_01-JCV_Tk/blib/arch /home/src/perl/repoperls/installed-perls/perl/v5.15.9/fc71/lib/site_perl/5.15.9/x86_64-linux-ld /home/src/perl/repoperls/installed-perls/perl/v5.15.9/fc71/lib/site_perl/5.15.9 /home/src/perl/repoperls/installed-perls/perl/v5.15.9/fc71/lib/5.15.9/x86_64-linux-ld /home/src/perl/repoperls/installed-perls/perl/v5.15.9/fc71/lib/5.15.9 .) at t/11-config.t line 5.
BEGIN failed--compilation aborted at t/11-config.t line 5.
# Looks like your test exited with 2 before it could output anything.
t/11-config.t ................. 
Dubious, test returned 2 (wstat 512, 0x200)
Failed 10/10 subtests 
Can't locate App/Rad/Tester.pm in @INC (@INC contains: /tmp/loop_over_bdir-b8xl9e/App-Rad-1.05_01-JCV_Tk/blib/lib /tmp/loop_over_bdir-b8xl9e/App-Rad-1.05_01-JCV_Tk/blib/arch /home/src/perl/repoperls/installed-perls/perl/v5.15.9/fc71/lib/site_perl/5.15.9/x86_64-linux-ld /home/src/perl/repoperls/installed-perls/perl/v5.15.9/fc71/lib/site_perl/5.15.9 /home/src/perl/repoperls/installed-perls/perl/v5.15.9/fc71/lib/5.15.9/x86_64-linux-ld /home/src/perl/repoperls/installed-perls/perl/v5.15.9/fc71/lib/5.15.9 .) at t/12-register_commands-alt.t line 3.
BEGIN failed--compilation aborted at t/12-register_commands-alt.t line 3.
# Looks like your test exited with 2 before it could output anything.
t/12-register_commands-alt.t .. 
Dubious, test returned 2 (wstat 512, 0x200)
Failed 7/7 subtests 
# using temporary program file '/tmp/MRwew8wxkf' to test functionality
Can't locate App/Rad/Parser.pm in @INC (@INC contains: /tmp/loop_over_bdir-b8xl9e/App-Rad-1.05_01-JCV_Tk/blib/lib /tmp/loop_over_bdir-b8xl9e/App-Rad-1.05_01-JCV_Tk/blib/arch /home/src/perl/repoperls/installed-perls/perl/v5.15.9/fc71/lib/site_perl/5.15.9/x86_64-linux-ld /home/src/perl/repoperls/installed-perls/perl/v5.15.9/fc71/lib/site_perl/5.15.9 /home/src/perl/repoperls/installed-perls/perl/v5.15.9/fc71/lib/5.15.9/x86_64-linux-ld /home/src/perl/repoperls/installed-perls/perl/v5.15.9/fc71/lib/5.15.9 .) at /tmp/loop_over_bdir-b8xl9e/App-Rad-1.05_01-JCV_Tk/blib/lib/App/Rad.pm line 3.
BEGIN failed--compilation aborted at /tmp/loop_over_bdir-b8xl9e/App-Rad-1.05_01-JCV_Tk/blib/lib/App/Rad.pm line 3.
Compilation failed in require at /tmp/MRwew8wxkf line 1.
BEGIN failed--compilation aborted at /tmp/MRwew8wxkf line 1.

#   Failed test at t/12-register_commands.t line 42.
#          got: ''
#     expected: 'This is default. Over and out.
# '
Can't locate App/Rad/Parser.pm in @INC (@INC contains: /tmp/loop_over_bdir-b8xl9e/App-Rad-1.05_01-JCV_Tk/blib/lib /tmp/loop_over_bdir-b8xl9e/App-Rad-1.05_01-JCV_Tk/blib/arch /home/src/perl/repoperls/installed-perls/perl/v5.15.9/fc71/lib/site_perl/5.15.9/x86_64-linux-ld /home/src/perl/repoperls/installed-perls/perl/v5.15.9/fc71/lib/site_perl/5.15.9 /home/src/perl/repoperls/installed-perls/perl/v5.15.9/fc71/lib/5.15.9/x86_64-linux-ld /home/src/perl/repoperls/installed-perls/perl/v5.15.9/fc71/lib/5.15.9 .) at /tmp/loop_over_bdir-b8xl9e/App-Rad-1.05_01-JCV_Tk/blib/lib/App/Rad.pm line 3.
BEGIN failed--compilation aborted at /tmp/loop_over_bdir-b8xl9e/App-Rad-1.05_01-JCV_Tk/blib/lib/App/Rad.pm line 3.
Compilation failed in require at /tmp/MRwew8wxkf line 1.
BEGIN failed--compilation aborted at /tmp/MRwew8wxkf line 1.

#   Failed test at t/12-register_commands.t line 56.
#          got: ''
#     expected: 'Usage: /tmp/MRwew8wxkf command [arguments]
# 
# Available Commands:
#     bar 	
#     foo 	
#     help	show syntax and available commands
# 
# '
Can't locate App/Rad/Parser.pm in @INC (@INC contains: /tmp/loop_over_bdir-b8xl9e/App-Rad-1.05_01-JCV_Tk/blib/lib /tmp/loop_over_bdir-b8xl9e/App-Rad-1.05_01-JCV_Tk/blib/arch /home/src/perl/repoperls/installed-perls/perl/v5.15.9/fc71/lib/site_perl/5.15.9/x86_64-linux-ld /home/src/perl/repoperls/installed-perls/perl/v5.15.9/fc71/lib/site_perl/5.15.9 /home/src/perl/repoperls/installed-perls/perl/v5.15.9/fc71/lib/5.15.9/x86_64-linux-ld /home/src/perl/repoperls/installed-perls/perl/v5.15.9/fc71/lib/5.15.9 .) at /tmp/loop_over_bdir-b8xl9e/App-Rad-1.05_01-JCV_Tk/blib/lib/App/Rad.pm line 3.
BEGIN failed--compilation aborted at /tmp/loop_over_bdir-b8xl9e/App-Rad-1.05_01-JCV_Tk/blib/lib/App/Rad.pm line 3.
Compilation failed in require at /tmp/MRwew8wxkf line 1.
BEGIN failed--compilation aborted at /tmp/MRwew8wxkf line 1.

#   Failed test at t/12-register_commands.t line 59.
#          got: ''
#     expected: 'hello
# '
Can't locate App/Rad/Parser.pm in @INC (@INC contains: /tmp/loop_over_bdir-b8xl9e/App-Rad-1.05_01-JCV_Tk/blib/lib /tmp/loop_over_bdir-b8xl9e/App-Rad-1.05_01-JCV_Tk/blib/arch /home/src/perl/repoperls/installed-perls/perl/v5.15.9/fc71/lib/site_perl/5.15.9/x86_64-linux-ld /home/src/perl/repoperls/installed-perls/perl/v5.15.9/fc71/lib/site_perl/5.15.9 /home/src/perl/repoperls/installed-perls/perl/v5.15.9/fc71/lib/5.15.9/x86_64-linux-ld /home/src/perl/repoperls/installed-perls/perl/v5.15.9/fc71/lib/5.15.9 .) at /tmp/loop_over_bdir-b8xl9e/App-Rad-1.05_01-JCV_Tk/blib/lib/App/Rad.pm line 3.
BEGIN failed--compilation aborted at /tmp/loop_over_bdir-b8xl9e/App-Rad-1.05_01-JCV_Tk/blib/lib/App/Rad.pm line 3.
Compilation failed in require at /tmp/MRwew8wxkf line 1.
BEGIN failed--compilation aborted at /tmp/MRwew8wxkf line 1.

#   Failed test at t/12-register_commands.t line 62.
#          got: ''
#     expected: 'This is default. Over and out.
# '
Can't locate App/Rad/Parser.pm in @INC (@INC contains: /tmp/loop_over_bdir-b8xl9e/App-Rad-1.05_01-JCV_Tk/blib/lib /tmp/loop_over_bdir-b8xl9e/App-Rad-1.05_01-JCV_Tk/blib/arch /home/src/perl/repoperls/installed-perls/perl/v5.15.9/fc71/lib/site_perl/5.15.9/x86_64-linux-ld /home/src/perl/repoperls/installed-perls/perl/v5.15.9/fc71/lib/site_perl/5.15.9 /home/src/perl/repoperls/installed-perls/perl/v5.15.9/fc71/lib/5.15.9/x86_64-linux-ld /home/src/perl/repoperls/installed-perls/perl/v5.15.9/fc71/lib/5.15.9 .) at /tmp/loop_over_bdir-b8xl9e/App-Rad-1.05_01-JCV_Tk/blib/lib/App/Rad.pm line 3.
BEGIN failed--compilation aborted at /tmp/loop_over_bdir-b8xl9e/App-Rad-1.05_01-JCV_Tk/blib/lib/App/Rad.pm line 3.
Compilation failed in require at /tmp/MRwew8wxkf line 1.
BEGIN failed--compilation aborted at /tmp/MRwew8wxkf line 1.

#   Failed test at t/12-register_commands.t line 65.
#          got: ''
#     expected: 'This is default. Over and out.
# '
Can't locate App/Rad/Parser.pm in @INC (@INC contains: /tmp/loop_over_bdir-b8xl9e/App-Rad-1.05_01-JCV_Tk/blib/lib /tmp/loop_over_bdir-b8xl9e/App-Rad-1.05_01-JCV_Tk/blib/arch /home/src/perl/repoperls/installed-perls/perl/v5.15.9/fc71/lib/site_perl/5.15.9/x86_64-linux-ld /home/src/perl/repoperls/installed-perls/perl/v5.15.9/fc71/lib/site_perl/5.15.9 /home/src/perl/repoperls/installed-perls/perl/v5.15.9/fc71/lib/5.15.9/x86_64-linux-ld /home/src/perl/repoperls/installed-perls/perl/v5.15.9/fc71/lib/5.15.9 .) at /tmp/loop_over_bdir-b8xl9e/App-Rad-1.05_01-JCV_Tk/blib/lib/App/Rad.pm line 3.
BEGIN failed--compilation aborted at /tmp/loop_over_bdir-b8xl9e/App-Rad-1.05_01-JCV_Tk/blib/lib/App/Rad.pm line 3.
Compilation failed in require at /tmp/MRwew8wxkf line 1.
BEGIN failed--compilation aborted at /tmp/MRwew8wxkf line 1.

#   Failed test at t/12-register_commands.t line 68.
#          got: ''
#     expected: 'This is default. Over and out.
# '
Can't locate App/Rad/Parser.pm in @INC (@INC contains: /tmp/loop_over_bdir-b8xl9e/App-Rad-1.05_01-JCV_Tk/blib/lib /tmp/loop_over_bdir-b8xl9e/App-Rad-1.05_01-JCV_Tk/blib/arch /home/src/perl/repoperls/installed-perls/perl/v5.15.9/fc71/lib/site_perl/5.15.9/x86_64-linux-ld /home/src/perl/repoperls/installed-perls/perl/v5.15.9/fc71/lib/site_perl/5.15.9 /home/src/perl/repoperls/installed-perls/perl/v5.15.9/fc71/lib/5.15.9/x86_64-linux-ld /home/src/perl/repoperls/installed-perls/perl/v5.15.9/fc71/lib/5.15.9 .) at /tmp/loop_over_bdir-b8xl9e/App-Rad-1.05_01-JCV_Tk/blib/lib/App/Rad.pm line 3.
BEGIN failed--compilation aborted at /tmp/loop_over_bdir-b8xl9e/App-Rad-1.05_01-JCV_Tk/blib/lib/App/Rad.pm line 3.
Compilation failed in require at /tmp/MRwew8wxkf line 1.
BEGIN failed--compilation aborted at /tmp/MRwew8wxkf line 1.

#   Failed test at t/12-register_commands.t line 71.
#          got: ''
#     expected: 'hi
# '
# Looks like you failed 7 tests of 7.
t/12-register_commands.t ...... 
Dubious, test returned 7 (wstat 1792, 0x700)
Failed 7/7 subtests 
# using temporary program file '/tmp/GjgnTg49qk' to test functionality
Can't locate App/Rad/Parser.pm in @INC (@INC contains: /tmp/loop_over_bdir-b8xl9e/App-Rad-1.05_01-JCV_Tk/blib/lib /tmp/loop_over_bdir-b8xl9e/App-Rad-1.05_01-JCV_Tk/blib/arch /home/src/perl/repoperls/installed-perls/perl/v5.15.9/fc71/lib/site_perl/5.15.9/x86_64-linux-ld /home/src/perl/repoperls/installed-perls/perl/v5.15.9/fc71/lib/site_perl/5.15.9 /home/src/perl/repoperls/installed-perls/perl/v5.15.9/fc71/lib/5.15.9/x86_64-linux-ld /home/src/perl/repoperls/installed-perls/perl/v5.15.9/fc71/lib/5.15.9 .) at /tmp/loop_over_bdir-b8xl9e/App-Rad-1.05_01-JCV_Tk/blib/lib/App/Rad.pm line 3.
BEGIN failed--compilation aborted at /tmp/loop_over_bdir-b8xl9e/App-Rad-1.05_01-JCV_Tk/blib/lib/App/Rad.pm line 3.
Compilation failed in require at /tmp/GjgnTg49qk line 1.
BEGIN failed--compilation aborted at /tmp/GjgnTg49qk line 1.

#   Failed test at t/13-register_commands2.t line 49.
#          got: ''
#     expected: 'Usage: /tmp/GjgnTg49qk command [arguments]
# 
# Available Commands:
#     help         	show syntax and available commands
#     ignore_prefix	this is a command
#     ignore_regexp	this is another command
#     ignore_suffix	this too, since none of us start with a dash
# 
# '
Can't locate App/Rad/Parser.pm in @INC (@INC contains: /tmp/loop_over_bdir-b8xl9e/App-Rad-1.05_01-JCV_Tk/blib/lib /tmp/loop_over_bdir-b8xl9e/App-Rad-1.05_01-JCV_Tk/blib/arch /home/src/perl/repoperls/installed-perls/perl/v5.15.9/fc71/lib/site_perl/5.15.9/x86_64-linux-ld /home/src/perl/repoperls/installed-perls/perl/v5.15.9/fc71/lib/site_perl/5.15.9 /home/src/perl/repoperls/installed-perls/perl/v5.15.9/fc71/lib/5.15.9/x86_64-linux-ld /home/src/perl/repoperls/installed-perls/perl/v5.15.9/fc71/lib/5.15.9 .) at /tmp/loop_over_bdir-b8xl9e/App-Rad-1.05_01-JCV_Tk/blib/lib/App/Rad.pm line 3.
BEGIN failed--compilation aborted at /tmp/loop_over_bdir-b8xl9e/App-Rad-1.05_01-JCV_Tk/blib/lib/App/Rad.pm line 3.
Compilation failed in require at /tmp/GjgnTg49qk line 1.
BEGIN failed--compilation aborted at /tmp/GjgnTg49qk line 1.

#   Failed test at t/13-register_commands2.t line 52.
#          got: ''
#     expected: 'Usage: /tmp/GjgnTg49qk command [arguments]
# 
# Available Commands:
#     help         	show syntax and available commands
#     ignore_prefix	this is a command
#     ignore_regexp	this is another command
#     ignore_suffix	this too, since none of us start with a dash
# 
# '
Can't locate App/Rad/Parser.pm in @INC (@INC contains: /tmp/loop_over_bdir-b8xl9e/App-Rad-1.05_01-JCV_Tk/blib/lib /tmp/loop_over_bdir-b8xl9e/App-Rad-1.05_01-JCV_Tk/blib/arch /home/src/perl/repoperls/installed-perls/perl/v5.15.9/fc71/lib/site_perl/5.15.9/x86_64-linux-ld /home/src/perl/repoperls/installed-perls/perl/v5.15.9/fc71/lib/site_perl/5.15.9 /home/src/perl/repoperls/installed-perls/perl/v5.15.9/fc71/lib/5.15.9/x86_64-linux-ld /home/src/perl/repoperls/installed-perls/perl/v5.15.9/fc71/lib/5.15.9 .) at /tmp/loop_over_bdir-b8xl9e/App-Rad-1.05_01-JCV_Tk/blib/lib/App/Rad.pm line 3.
BEGIN failed--compilation aborted at /tmp/loop_over_bdir-b8xl9e/App-Rad-1.05_01-JCV_Tk/blib/lib/App/Rad.pm line 3.
Compilation failed in require at /tmp/GjgnTg49qk line 1.
BEGIN failed--compilation aborted at /tmp/GjgnTg49qk line 1.

#   Failed test at t/13-register_commands2.t line 55.
#          got: ''
#     expected: '1
# '
Can't locate App/Rad/Parser.pm in @INC (@INC contains: /tmp/loop_over_bdir-b8xl9e/App-Rad-1.05_01-JCV_Tk/blib/lib /tmp/loop_over_bdir-b8xl9e/App-Rad-1.05_01-JCV_Tk/blib/arch /home/src/perl/repoperls/installed-perls/perl/v5.15.9/fc71/lib/site_perl/5.15.9/x86_64-linux-ld /home/src/perl/repoperls/installed-perls/perl/v5.15.9/fc71/lib/site_perl/5.15.9 /home/src/perl/repoperls/installed-perls/perl/v5.15.9/fc71/lib/5.15.9/x86_64-linux-ld /home/src/perl/repoperls/installed-perls/perl/v5.15.9/fc71/lib/5.15.9 .) at /tmp/loop_over_bdir-b8xl9e/App-Rad-1.05_01-JCV_Tk/blib/lib/App/Rad.pm line 3.
BEGIN failed--compilation aborted at /tmp/loop_over_bdir-b8xl9e/App-Rad-1.05_01-JCV_Tk/blib/lib/App/Rad.pm line 3.
Compilation failed in require at /tmp/GjgnTg49qk line 1.
BEGIN failed--compilation aborted at /tmp/GjgnTg49qk line 1.

#   Failed test at t/13-register_commands2.t line 58.
#          got: ''
#     expected: '2
# '
Can't locate App/Rad/Parser.pm in @INC (@INC contains: /tmp/loop_over_bdir-b8xl9e/App-Rad-1.05_01-JCV_Tk/blib/lib /tmp/loop_over_bdir-b8xl9e/App-Rad-1.05_01-JCV_Tk/blib/arch /home/src/perl/repoperls/installed-perls/perl/v5.15.9/fc71/lib/site_perl/5.15.9/x86_64-linux-ld /home/src/perl/repoperls/installed-perls/perl/v5.15.9/fc71/lib/site_perl/5.15.9 /home/src/perl/repoperls/installed-perls/perl/v5.15.9/fc71/lib/5.15.9/x86_64-linux-ld /home/src/perl/repoperls/installed-perls/perl/v5.15.9/fc71/lib/5.15.9 .) at /tmp/loop_over_bdir-b8xl9e/App-Rad-1.05_01-JCV_Tk/blib/lib/App/Rad.pm line 3.
BEGIN failed--compilation aborted at /tmp/loop_over_bdir-b8xl9e/App-Rad-1.05_01-JCV_Tk/blib/lib/App/Rad.pm line 3.
Compilation failed in require at /tmp/GjgnTg49qk line 1.
BEGIN failed--compilation aborted at /tmp/GjgnTg49qk line 1.

#   Failed test at t/13-register_commands2.t line 61.
#          got: ''
#     expected: '3
# '
# Looks like you failed 5 tests of 5.
t/13-register_commands2.t ..... 
Dubious, test returned 5 (wstat 1280, 0x500)
Failed 5/5 subtests 
# using temporary program file '/tmp/9RCP4lWqvl' to test functionality
Can't locate App/Rad/Parser.pm in @INC (@INC contains: /tmp/loop_over_bdir-b8xl9e/App-Rad-1.05_01-JCV_Tk/blib/lib /tmp/loop_over_bdir-b8xl9e/App-Rad-1.05_01-JCV_Tk/blib/arch /home/src/perl/repoperls/installed-perls/perl/v5.15.9/fc71/lib/site_perl/5.15.9/x86_64-linux-ld /home/src/perl/repoperls/installed-perls/perl/v5.15.9/fc71/lib/site_perl/5.15.9 /home/src/perl/repoperls/installed-perls/perl/v5.15.9/fc71/lib/5.15.9/x86_64-linux-ld /home/src/perl/repoperls/installed-perls/perl/v5.15.9/fc71/lib/5.15.9 .) at /tmp/loop_over_bdir-b8xl9e/App-Rad-1.05_01-JCV_Tk/blib/lib/App/Rad.pm line 3.
BEGIN failed--compilation aborted at /tmp/loop_over_bdir-b8xl9e/App-Rad-1.05_01-JCV_Tk/blib/lib/App/Rad.pm line 3.
Compilation failed in require at /tmp/9RCP4lWqvl line 1.
BEGIN failed--compilation aborted at /tmp/9RCP4lWqvl line 1.

#   Failed test at t/14-register_commands3.t line 38.
#          got: ''
#     expected: 'This is default. Over and out.
# '
Can't locate App/Rad/Parser.pm in @INC (@INC contains: /tmp/loop_over_bdir-b8xl9e/App-Rad-1.05_01-JCV_Tk/blib/lib /tmp/loop_over_bdir-b8xl9e/App-Rad-1.05_01-JCV_Tk/blib/arch /home/src/perl/repoperls/installed-perls/perl/v5.15.9/fc71/lib/site_perl/5.15.9/x86_64-linux-ld /home/src/perl/repoperls/installed-perls/perl/v5.15.9/fc71/lib/site_perl/5.15.9 /home/src/perl/repoperls/installed-perls/perl/v5.15.9/fc71/lib/5.15.9/x86_64-linux-ld /home/src/perl/repoperls/installed-perls/perl/v5.15.9/fc71/lib/5.15.9 .) at /tmp/loop_over_bdir-b8xl9e/App-Rad-1.05_01-JCV_Tk/blib/lib/App/Rad.pm line 3.
BEGIN failed--compilation aborted at /tmp/loop_over_bdir-b8xl9e/App-Rad-1.05_01-JCV_Tk/blib/lib/App/Rad.pm line 3.
Compilation failed in require at /tmp/9RCP4lWqvl line 1.
BEGIN failed--compilation aborted at /tmp/9RCP4lWqvl line 1.

#   Failed test at t/14-register_commands3.t line 52.
#          got: ''
#     expected: 'Usage: /tmp/9RCP4lWqvl command [arguments]
# 
# Available Commands:
#     bar 	
#     foo 	
#     help	show syntax and available commands
# 
# '
Can't locate App/Rad/Parser.pm in @INC (@INC contains: /tmp/loop_over_bdir-b8xl9e/App-Rad-1.05_01-JCV_Tk/blib/lib /tmp/loop_over_bdir-b8xl9e/App-Rad-1.05_01-JCV_Tk/blib/arch /home/src/perl/repoperls/installed-perls/perl/v5.15.9/fc71/lib/site_perl/5.15.9/x86_64-linux-ld /home/src/perl/repoperls/installed-perls/perl/v5.15.9/fc71/lib/site_perl/5.15.9 /home/src/perl/repoperls/installed-perls/perl/v5.15.9/fc71/lib/5.15.9/x86_64-linux-ld /home/src/perl/repoperls/installed-perls/perl/v5.15.9/fc71/lib/5.15.9 .) at /tmp/loop_over_bdir-b8xl9e/App-Rad-1.05_01-JCV_Tk/blib/lib/App/Rad.pm line 3.
BEGIN failed--compilation aborted at /tmp/loop_over_bdir-b8xl9e/App-Rad-1.05_01-JCV_Tk/blib/lib/App/Rad.pm line 3.
Compilation failed in require at /tmp/9RCP4lWqvl line 1.
BEGIN failed--compilation aborted at /tmp/9RCP4lWqvl line 1.

#   Failed test at t/14-register_commands3.t line 55.
#          got: ''
#     expected: 'hello
# '
Can't locate App/Rad/Parser.pm in @INC (@INC contains: /tmp/loop_over_bdir-b8xl9e/App-Rad-1.05_01-JCV_Tk/blib/lib /tmp/loop_over_bdir-b8xl9e/App-Rad-1.05_01-JCV_Tk/blib/arch /home/src/perl/repoperls/installed-perls/perl/v5.15.9/fc71/lib/site_perl/5.15.9/x86_64-linux-ld /home/src/perl/repoperls/installed-perls/perl/v5.15.9/fc71/lib/site_perl/5.15.9 /home/src/perl/repoperls/installed-perls/perl/v5.15.9/fc71/lib/5.15.9/x86_64-linux-ld /home/src/perl/repoperls/installed-perls/perl/v5.15.9/fc71/lib/5.15.9 .) at /tmp/loop_over_bdir-b8xl9e/App-Rad-1.05_01-JCV_Tk/blib/lib/App/Rad.pm line 3.
BEGIN failed--compilation aborted at /tmp/loop_over_bdir-b8xl9e/App-Rad-1.05_01-JCV_Tk/blib/lib/App/Rad.pm line 3.
Compilation failed in require at /tmp/9RCP4lWqvl line 1.
BEGIN failed--compilation aborted at /tmp/9RCP4lWqvl line 1.

#   Failed test at t/14-register_commands3.t line 58.
#          got: ''
#     expected: 'This is default. Over and out.
# '
Can't locate App/Rad/Parser.pm in @INC (@INC contains: /tmp/loop_over_bdir-b8xl9e/App-Rad-1.05_01-JCV_Tk/blib/lib /tmp/loop_over_bdir-b8xl9e/App-Rad-1.05_01-JCV_Tk/blib/arch /home/src/perl/repoperls/installed-perls/perl/v5.15.9/fc71/lib/site_perl/5.15.9/x86_64-linux-ld /home/src/perl/repoperls/installed-perls/perl/v5.15.9/fc71/lib/site_perl/5.15.9 /home/src/perl/repoperls/installed-perls/perl/v5.15.9/fc71/lib/5.15.9/x86_64-linux-ld /home/src/perl/repoperls/installed-perls/perl/v5.15.9/fc71/lib/5.15.9 .) at /tmp/loop_over_bdir-b8xl9e/App-Rad-1.05_01-JCV_Tk/blib/lib/App/Rad.pm line 3.
BEGIN failed--compilation aborted at /tmp/loop_over_bdir-b8xl9e/App-Rad-1.05_01-JCV_Tk/blib/lib/App/Rad.pm line 3.
Compilation failed in require at /tmp/9RCP4lWqvl line 1.
BEGIN failed--compilation aborted at /tmp/9RCP4lWqvl line 1.

#   Failed test at t/14-register_commands3.t line 61.
#          got: ''
#     expected: 'This is default. Over and out.
# '
Can't locate App/Rad/Parser.pm in @INC (@INC contains: /tmp/loop_over_bdir-b8xl9e/App-Rad-1.05_01-JCV_Tk/blib/lib /tmp/loop_over_bdir-b8xl9e/App-Rad-1.05_01-JCV_Tk/blib/arch /home/src/perl/repoperls/installed-perls/perl/v5.15.9/fc71/lib/site_perl/5.15.9/x86_64-linux-ld /home/src/perl/repoperls/installed-perls/perl/v5.15.9/fc71/lib/site_perl/5.15.9 /home/src/perl/repoperls/installed-perls/perl/v5.15.9/fc71/lib/5.15.9/x86_64-linux-ld /home/src/perl/repoperls/installed-perls/perl/v5.15.9/fc71/lib/5.15.9 .) at /tmp/loop_over_bdir-b8xl9e/App-Rad-1.05_01-JCV_Tk/blib/lib/App/Rad.pm line 3.
BEGIN failed--compilation aborted at /tmp/loop_over_bdir-b8xl9e/App-Rad-1.05_01-JCV_Tk/blib/lib/App/Rad.pm line 3.
Compilation failed in require at /tmp/9RCP4lWqvl line 1.
BEGIN failed--compilation aborted at /tmp/9RCP4lWqvl line 1.

#   Failed test at t/14-register_commands3.t line 64.
#          got: ''
#     expected: 'This is default. Over and out.
# '
Can't locate App/Rad/Parser.pm in @INC (@INC contains: /tmp/loop_over_bdir-b8xl9e/App-Rad-1.05_01-JCV_Tk/blib/lib /tmp/loop_over_bdir-b8xl9e/App-Rad-1.05_01-JCV_Tk/blib/arch /home/src/perl/repoperls/installed-perls/perl/v5.15.9/fc71/lib/site_perl/5.15.9/x86_64-linux-ld /home/src/perl/repoperls/installed-perls/perl/v5.15.9/fc71/lib/site_perl/5.15.9 /home/src/perl/repoperls/installed-perls/perl/v5.15.9/fc71/lib/5.15.9/x86_64-linux-ld /home/src/perl/repoperls/installed-perls/perl/v5.15.9/fc71/lib/5.15.9 .) at /tmp/loop_over_bdir-b8xl9e/App-Rad-1.05_01-JCV_Tk/blib/lib/App/Rad.pm line 3.
BEGIN failed--compilation aborted at /tmp/loop_over_bdir-b8xl9e/App-Rad-1.05_01-JCV_Tk/blib/lib/App/Rad.pm line 3.
Compilation failed in require at /tmp/9RCP4lWqvl line 1.
BEGIN failed--compilation aborted at /tmp/9RCP4lWqvl line 1.

#   Failed test at t/14-register_commands3.t line 67.
#          got: ''
#     expected: 'hi
# '
# Looks like you failed 7 tests of 7.
t/14-register_commands3.t ..... 
Dubious, test returned 7 (wstat 1792, 0x700)
Failed 7/7 subtests 
# using temporary program file '/tmp/8okwckHoBL' to test functionality
Can't locate App/Rad/Parser.pm in @INC (@INC contains: /tmp/loop_over_bdir-b8xl9e/App-Rad-1.05_01-JCV_Tk/blib/lib /tmp/loop_over_bdir-b8xl9e/App-Rad-1.05_01-JCV_Tk/blib/arch /home/src/perl/repoperls/installed-perls/perl/v5.15.9/fc71/lib/site_perl/5.15.9/x86_64-linux-ld /home/src/perl/repoperls/installed-perls/perl/v5.15.9/fc71/lib/site_perl/5.15.9 /home/src/perl/repoperls/installed-perls/perl/v5.15.9/fc71/lib/5.15.9/x86_64-linux-ld /home/src/perl/repoperls/installed-perls/perl/v5.15.9/fc71/lib/5.15.9 .) at /tmp/loop_over_bdir-b8xl9e/App-Rad-1.05_01-JCV_Tk/blib/lib/App/Rad.pm line 3.
BEGIN failed--compilation aborted at /tmp/loop_over_bdir-b8xl9e/App-Rad-1.05_01-JCV_Tk/blib/lib/App/Rad.pm line 3.
Compilation failed in require at /tmp/8okwckHoBL line 1.
BEGIN failed--compilation aborted at /tmp/8okwckHoBL line 1.

#   Failed test at t/15-register_commands4.t line 41.
#          got: ''
#     expected: 'This is default. Over and out.
# '
Can't locate App/Rad/Parser.pm in @INC (@INC contains: /tmp/loop_over_bdir-b8xl9e/App-Rad-1.05_01-JCV_Tk/blib/lib /tmp/loop_over_bdir-b8xl9e/App-Rad-1.05_01-JCV_Tk/blib/arch /home/src/perl/repoperls/installed-perls/perl/v5.15.9/fc71/lib/site_perl/5.15.9/x86_64-linux-ld /home/src/perl/repoperls/installed-perls/perl/v5.15.9/fc71/lib/site_perl/5.15.9 /home/src/perl/repoperls/installed-perls/perl/v5.15.9/fc71/lib/5.15.9/x86_64-linux-ld /home/src/perl/repoperls/installed-perls/perl/v5.15.9/fc71/lib/5.15.9 .) at /tmp/loop_over_bdir-b8xl9e/App-Rad-1.05_01-JCV_Tk/blib/lib/App/Rad.pm line 3.
BEGIN failed--compilation aborted at /tmp/loop_over_bdir-b8xl9e/App-Rad-1.05_01-JCV_Tk/blib/lib/App/Rad.pm line 3.
Compilation failed in require at /tmp/8okwckHoBL line 1.
BEGIN failed--compilation aborted at /tmp/8okwckHoBL line 1.

#   Failed test at t/15-register_commands4.t line 56.
#          got: ''
#     expected: 'Usage: /tmp/8okwckHoBL command [arguments]
# 
# Available Commands:
#     bar   	
#     foo   	
#     foocmd	
#     help  	show syntax and available commands
# 
# '
Can't locate App/Rad/Parser.pm in @INC (@INC contains: /tmp/loop_over_bdir-b8xl9e/App-Rad-1.05_01-JCV_Tk/blib/lib /tmp/loop_over_bdir-b8xl9e/App-Rad-1.05_01-JCV_Tk/blib/arch /home/src/perl/repoperls/installed-perls/perl/v5.15.9/fc71/lib/site_perl/5.15.9/x86_64-linux-ld /home/src/perl/repoperls/installed-perls/perl/v5.15.9/fc71/lib/site_perl/5.15.9 /home/src/perl/repoperls/installed-perls/perl/v5.15.9/fc71/lib/5.15.9/x86_64-linux-ld /home/src/perl/repoperls/installed-perls/perl/v5.15.9/fc71/lib/5.15.9 .) at /tmp/loop_over_bdir-b8xl9e/App-Rad-1.05_01-JCV_Tk/blib/lib/App/Rad.pm line 3.
BEGIN failed--compilation aborted at /tmp/loop_over_bdir-b8xl9e/App-Rad-1.05_01-JCV_Tk/blib/lib/App/Rad.pm line 3.
Compilation failed in require at /tmp/8okwckHoBL line 1.
BEGIN failed--compilation aborted at /tmp/8okwckHoBL line 1.

#   Failed test at t/15-register_commands4.t line 59.
#          got: ''
#     expected: 'hello
# '
Can't locate App/Rad/Parser.pm in @INC (@INC contains: /tmp/loop_over_bdir-b8xl9e/App-Rad-1.05_01-JCV_Tk/blib/lib /tmp/loop_over_bdir-b8xl9e/App-Rad-1.05_01-JCV_Tk/blib/arch /home/src/perl/repoperls/installed-perls/perl/v5.15.9/fc71/lib/site_perl/5.15.9/x86_64-linux-ld /home/src/perl/repoperls/installed-perls/perl/v5.15.9/fc71/lib/site_perl/5.15.9 /home/src/perl/repoperls/installed-perls/perl/v5.15.9/fc71/lib/5.15.9/x86_64-linux-ld /home/src/perl/repoperls/installed-perls/perl/v5.15.9/fc71/lib/5.15.9 .) at /tmp/loop_over_bdir-b8xl9e/App-Rad-1.05_01-JCV_Tk/blib/lib/App/Rad.pm line 3.
BEGIN failed--compilation aborted at /tmp/loop_over_bdir-b8xl9e/App-Rad-1.05_01-JCV_Tk/blib/lib/App/Rad.pm line 3.
Compilation failed in require at /tmp/8okwckHoBL line 1.
BEGIN failed--compilation aborted at /tmp/8okwckHoBL line 1.

#   Failed test at t/15-register_commands4.t line 62.
#          got: ''
#     expected: 'This is default. Over and out.
# '
Can't locate App/Rad/Parser.pm in @INC (@INC contains: /tmp/loop_over_bdir-b8xl9e/App-Rad-1.05_01-JCV_Tk/blib/lib /tmp/loop_over_bdir-b8xl9e/App-Rad-1.05_01-JCV_Tk/blib/arch /home/src/perl/repoperls/installed-perls/perl/v5.15.9/fc71/lib/site_perl/5.15.9/x86_64-linux-ld /home/src/perl/repoperls/installed-perls/perl/v5.15.9/fc71/lib/site_perl/5.15.9 /home/src/perl/repoperls/installed-perls/perl/v5.15.9/fc71/lib/5.15.9/x86_64-linux-ld /home/src/perl/repoperls/installed-perls/perl/v5.15.9/fc71/lib/5.15.9 .) at /tmp/loop_over_bdir-b8xl9e/App-Rad-1.05_01-JCV_Tk/blib/lib/App/Rad.pm line 3.
BEGIN failed--compilation aborted at /tmp/loop_over_bdir-b8xl9e/App-Rad-1.05_01-JCV_Tk/blib/lib/App/Rad.pm line 3.
Compilation failed in require at /tmp/8okwckHoBL line 1.
BEGIN failed--compilation aborted at /tmp/8okwckHoBL line 1.

#   Failed test at t/15-register_commands4.t line 65.
#          got: ''
#     expected: 'yo
# '
Can't locate App/Rad/Parser.pm in @INC (@INC contains: /tmp/loop_over_bdir-b8xl9e/App-Rad-1.05_01-JCV_Tk/blib/lib /tmp/loop_over_bdir-b8xl9e/App-Rad-1.05_01-JCV_Tk/blib/arch /home/src/perl/repoperls/installed-perls/perl/v5.15.9/fc71/lib/site_perl/5.15.9/x86_64-linux-ld /home/src/perl/repoperls/installed-perls/perl/v5.15.9/fc71/lib/site_perl/5.15.9 /home/src/perl/repoperls/installed-perls/perl/v5.15.9/fc71/lib/5.15.9/x86_64-linux-ld /home/src/perl/repoperls/installed-perls/perl/v5.15.9/fc71/lib/5.15.9 .) at /tmp/loop_over_bdir-b8xl9e/App-Rad-1.05_01-JCV_Tk/blib/lib/App/Rad.pm line 3.
BEGIN failed--compilation aborted at /tmp/loop_over_bdir-b8xl9e/App-Rad-1.05_01-JCV_Tk/blib/lib/App/Rad.pm line 3.
Compilation failed in require at /tmp/8okwckHoBL line 1.
BEGIN failed--compilation aborted at /tmp/8okwckHoBL line 1.

#   Failed test at t/15-register_commands4.t line 68.
#          got: ''
#     expected: 'This is default. Over and out.
# '
Can't locate App/Rad/Parser.pm in @INC (@INC contains: /tmp/loop_over_bdir-b8xl9e/App-Rad-1.05_01-JCV_Tk/blib/lib /tmp/loop_over_bdir-b8xl9e/App-Rad-1.05_01-JCV_Tk/blib/arch /home/src/perl/repoperls/installed-perls/perl/v5.15.9/fc71/lib/site_perl/5.15.9/x86_64-linux-ld /home/src/perl/repoperls/installed-perls/perl/v5.15.9/fc71/lib/site_perl/5.15.9 /home/src/perl/repoperls/installed-perls/perl/v5.15.9/fc71/lib/5.15.9/x86_64-linux-ld /home/src/perl/repoperls/installed-perls/perl/v5.15.9/fc71/lib/5.15.9 .) at /tmp/loop_over_bdir-b8xl9e/App-Rad-1.05_01-JCV_Tk/blib/lib/App/Rad.pm line 3.
BEGIN failed--compilation aborted at /tmp/loop_over_bdir-b8xl9e/App-Rad-1.05_01-JCV_Tk/blib/lib/App/Rad.pm line 3.
Compilation failed in require at /tmp/8okwckHoBL line 1.
BEGIN failed--compilation aborted at /tmp/8okwckHoBL line 1.

#   Failed test at t/15-register_commands4.t line 71.
#          got: ''
#     expected: 'hi
# '
# Looks like you failed 7 tests of 7.
t/15-register_commands4.t ..... 
Dubious, test returned 7 (wstat 1792, 0x700)
Failed 7/7 subtests 
# using temporary program file '/tmp/MtVHv66U4U' to test functionality
Can't locate App/Rad/Parser.pm in @INC (@INC contains: /tmp/loop_over_bdir-b8xl9e/App-Rad-1.05_01-JCV_Tk/blib/lib /tmp/loop_over_bdir-b8xl9e/App-Rad-1.05_01-JCV_Tk/blib/arch /home/src/perl/repoperls/installed-perls/perl/v5.15.9/fc71/lib/site_perl/5.15.9/x86_64-linux-ld /home/src/perl/repoperls/installed-perls/perl/v5.15.9/fc71/lib/site_perl/5.15.9 /home/src/perl/repoperls/installed-perls/perl/v5.15.9/fc71/lib/5.15.9/x86_64-linux-ld /home/src/perl/repoperls/installed-perls/perl/v5.15.9/fc71/lib/5.15.9 .) at /tmp/loop_over_bdir-b8xl9e/App-Rad-1.05_01-JCV_Tk/blib/lib/App/Rad.pm line 3.
BEGIN failed--compilation aborted at /tmp/loop_over_bdir-b8xl9e/App-Rad-1.05_01-JCV_Tk/blib/lib/App/Rad.pm line 3.
Compilation failed in require at /tmp/MtVHv66U4U line 1.
BEGIN failed--compilation aborted at /tmp/MtVHv66U4U line 1.

#   Failed test at t/16-register_commands5.t line 43.
#          got: ''
#     expected: 'This is default. Over and out.
# '
Can't locate App/Rad/Parser.pm in @INC (@INC contains: /tmp/loop_over_bdir-b8xl9e/App-Rad-1.05_01-JCV_Tk/blib/lib /tmp/loop_over_bdir-b8xl9e/App-Rad-1.05_01-JCV_Tk/blib/arch /home/src/perl/repoperls/installed-perls/perl/v5.15.9/fc71/lib/site_perl/5.15.9/x86_64-linux-ld /home/src/perl/repoperls/installed-perls/perl/v5.15.9/fc71/lib/site_perl/5.15.9 /home/src/perl/repoperls/installed-perls/perl/v5.15.9/fc71/lib/5.15.9/x86_64-linux-ld /home/src/perl/repoperls/installed-perls/perl/v5.15.9/fc71/lib/5.15.9 .) at /tmp/loop_over_bdir-b8xl9e/App-Rad-1.05_01-JCV_Tk/blib/lib/App/Rad.pm line 3.
BEGIN failed--compilation aborted at /tmp/loop_over_bdir-b8xl9e/App-Rad-1.05_01-JCV_Tk/blib/lib/App/Rad.pm line 3.
Compilation failed in require at /tmp/MtVHv66U4U line 1.
BEGIN failed--compilation aborted at /tmp/MtVHv66U4U line 1.

#   Failed test at t/16-register_commands5.t line 58.
#          got: ''
#     expected: 'Usage: /tmp/MtVHv66U4U command [arguments]
# 
# Available Commands:
#     bar   	help your bar
#     foo   	help your foo
#     foocmd	
#     help  	show syntax and available commands
# 
# '
Can't locate App/Rad/Parser.pm in @INC (@INC contains: /tmp/loop_over_bdir-b8xl9e/App-Rad-1.05_01-JCV_Tk/blib/lib /tmp/loop_over_bdir-b8xl9e/App-Rad-1.05_01-JCV_Tk/blib/arch /home/src/perl/repoperls/installed-perls/perl/v5.15.9/fc71/lib/site_perl/5.15.9/x86_64-linux-ld /home/src/perl/repoperls/installed-perls/perl/v5.15.9/fc71/lib/site_perl/5.15.9 /home/src/perl/repoperls/installed-perls/perl/v5.15.9/fc71/lib/5.15.9/x86_64-linux-ld /home/src/perl/repoperls/installed-perls/perl/v5.15.9/fc71/lib/5.15.9 .) at /tmp/loop_over_bdir-b8xl9e/App-Rad-1.05_01-JCV_Tk/blib/lib/App/Rad.pm line 3.
BEGIN failed--compilation aborted at /tmp/loop_over_bdir-b8xl9e/App-Rad-1.05_01-JCV_Tk/blib/lib/App/Rad.pm line 3.
Compilation failed in require at /tmp/MtVHv66U4U line 1.
BEGIN failed--compilation aborted at /tmp/MtVHv66U4U line 1.

#   Failed test at t/16-register_commands5.t line 61.
#          got: ''
#     expected: 'hello
# '
Can't locate App/Rad/Parser.pm in @INC (@INC contains: /tmp/loop_over_bdir-b8xl9e/App-Rad-1.05_01-JCV_Tk/blib/lib /tmp/loop_over_bdir-b8xl9e/App-Rad-1.05_01-JCV_Tk/blib/arch /home/src/perl/repoperls/installed-perls/perl/v5.15.9/fc71/lib/site_perl/5.15.9/x86_64-linux-ld /home/src/perl/repoperls/installed-perls/perl/v5.15.9/fc71/lib/site_perl/5.15.9 /home/src/perl/repoperls/installed-perls/perl/v5.15.9/fc71/lib/5.15.9/x86_64-linux-ld /home/src/perl/repoperls/installed-perls/perl/v5.15.9/fc71/lib/5.15.9 .) at /tmp/loop_over_bdir-b8xl9e/App-Rad-1.05_01-JCV_Tk/blib/lib/App/Rad.pm line 3.
BEGIN failed--compilation aborted at /tmp/loop_over_bdir-b8xl9e/App-Rad-1.05_01-JCV_Tk/blib/lib/App/Rad.pm line 3.
Compilation failed in require at /tmp/MtVHv66U4U line 1.
BEGIN failed--compilation aborted at /tmp/MtVHv66U4U line 1.

#   Failed test at t/16-register_commands5.t line 64.
#          got: ''
#     expected: 'This is default. Over and out.
# '
Can't locate App/Rad/Parser.pm in @INC (@INC contains: /tmp/loop_over_bdir-b8xl9e/App-Rad-1.05_01-JCV_Tk/blib/lib /tmp/loop_over_bdir-b8xl9e/App-Rad-1.05_01-JCV_Tk/blib/arch /home/src/perl/repoperls/installed-perls/perl/v5.15.9/fc71/lib/site_perl/5.15.9/x86_64-linux-ld /home/src/perl/repoperls/installed-perls/perl/v5.15.9/fc71/lib/site_perl/5.15.9 /home/src/perl/repoperls/installed-perls/perl/v5.15.9/fc71/lib/5.15.9/x86_64-linux-ld /home/src/perl/repoperls/installed-perls/perl/v5.15.9/fc71/lib/5.15.9 .) at /tmp/loop_over_bdir-b8xl9e/App-Rad-1.05_01-JCV_Tk/blib/lib/App/Rad.pm line 3.
BEGIN failed--compilation aborted at /tmp/loop_over_bdir-b8xl9e/App-Rad-1.05_01-JCV_Tk/blib/lib/App/Rad.pm line 3.
Compilation failed in require at /tmp/MtVHv66U4U line 1.
BEGIN failed--compilation aborted at /tmp/MtVHv66U4U line 1.

#   Failed test at t/16-register_commands5.t line 67.
#          got: ''
#     expected: 'yo
# '
Can't locate App/Rad/Parser.pm in @INC (@INC contains: /tmp/loop_over_bdir-b8xl9e/App-Rad-1.05_01-JCV_Tk/blib/lib /tmp/loop_over_bdir-b8xl9e/App-Rad-1.05_01-JCV_Tk/blib/arch /home/src/perl/repoperls/installed-perls/perl/v5.15.9/fc71/lib/site_perl/5.15.9/x86_64-linux-ld /home/src/perl/repoperls/installed-perls/perl/v5.15.9/fc71/lib/site_perl/5.15.9 /home/src/perl/repoperls/installed-perls/perl/v5.15.9/fc71/lib/5.15.9/x86_64-linux-ld /home/src/perl/repoperls/installed-perls/perl/v5.15.9/fc71/lib/5.15.9 .) at /tmp/loop_over_bdir-b8xl9e/App-Rad-1.05_01-JCV_Tk/blib/lib/App/Rad.pm line 3.
BEGIN failed--compilation aborted at /tmp/loop_over_bdir-b8xl9e/App-Rad-1.05_01-JCV_Tk/blib/lib/App/Rad.pm line 3.
Compilation failed in require at /tmp/MtVHv66U4U line 1.
BEGIN failed--compilation aborted at /tmp/MtVHv66U4U line 1.

#   Failed test at t/16-register_commands5.t line 70.
#          got: ''
#     expected: 'This is default. Over and out.
# '
Can't locate App/Rad/Parser.pm in @INC (@INC contains: /tmp/loop_over_bdir-b8xl9e/App-Rad-1.05_01-JCV_Tk/blib/lib /tmp/loop_over_bdir-b8xl9e/App-Rad-1.05_01-JCV_Tk/blib/arch /home/src/perl/repoperls/installed-perls/perl/v5.15.9/fc71/lib/site_perl/5.15.9/x86_64-linux-ld /home/src/perl/repoperls/installed-perls/perl/v5.15.9/fc71/lib/site_perl/5.15.9 /home/src/perl/repoperls/installed-perls/perl/v5.15.9/fc71/lib/5.15.9/x86_64-linux-ld /home/src/perl/repoperls/installed-perls/perl/v5.15.9/fc71/lib/5.15.9 .) at /tmp/loop_over_bdir-b8xl9e/App-Rad-1.05_01-JCV_Tk/blib/lib/App/Rad.pm line 3.
BEGIN failed--compilation aborted at /tmp/loop_over_bdir-b8xl9e/App-Rad-1.05_01-JCV_Tk/blib/lib/App/Rad.pm line 3.
Compilation failed in require at /tmp/MtVHv66U4U line 1.
BEGIN failed--compilation aborted at /tmp/MtVHv66U4U line 1.

#   Failed test at t/16-register_commands5.t line 73.
#          got: ''
#     expected: 'hi
# '
# Looks like you failed 7 tests of 7.
t/16-register_commands5.t ..... 
Dubious, test returned 7 (wstat 1792, 0x700)
Failed 7/7 subtests 
# using temporary program file '/tmp/zopOCUTocz' to test functionality
Can't locate App/Rad/Parser.pm in @INC (@INC contains: /tmp/loop_over_bdir-b8xl9e/App-Rad-1.05_01-JCV_Tk/blib/lib /tmp/loop_over_bdir-b8xl9e/App-Rad-1.05_01-JCV_Tk/blib/arch /home/src/perl/repoperls/installed-perls/perl/v5.15.9/fc71/lib/site_perl/5.15.9/x86_64-linux-ld /home/src/perl/repoperls/installed-perls/perl/v5.15.9/fc71/lib/site_perl/5.15.9 /home/src/perl/repoperls/installed-perls/perl/v5.15.9/fc71/lib/5.15.9/x86_64-linux-ld /home/src/perl/repoperls/installed-perls/perl/v5.15.9/fc71/lib/5.15.9 .) at /tmp/loop_over_bdir-b8xl9e/App-Rad-1.05_01-JCV_Tk/blib/lib/App/Rad.pm line 3.
BEGIN failed--compilation aborted at /tmp/loop_over_bdir-b8xl9e/App-Rad-1.05_01-JCV_Tk/blib/lib/App/Rad.pm line 3.
Compilation failed in require at /tmp/zopOCUTocz line 1.
BEGIN failed--compilation aborted at /tmp/zopOCUTocz line 1.

#   Failed test at t/17-register_commands6.t line 46.
#          got: ''
#     expected: 'This is default. Over and out.
# '
Can't locate App/Rad/Parser.pm in @INC (@INC contains: /tmp/loop_over_bdir-b8xl9e/App-Rad-1.05_01-JCV_Tk/blib/lib /tmp/loop_over_bdir-b8xl9e/App-Rad-1.05_01-JCV_Tk/blib/arch /home/src/perl/repoperls/installed-perls/perl/v5.15.9/fc71/lib/site_perl/5.15.9/x86_64-linux-ld /home/src/perl/repoperls/installed-perls/perl/v5.15.9/fc71/lib/site_perl/5.15.9 /home/src/perl/repoperls/installed-perls/perl/v5.15.9/fc71/lib/5.15.9/x86_64-linux-ld /home/src/perl/repoperls/installed-perls/perl/v5.15.9/fc71/lib/5.15.9 .) at /tmp/loop_over_bdir-b8xl9e/App-Rad-1.05_01-JCV_Tk/blib/lib/App/Rad.pm line 3.
BEGIN failed--compilation aborted at /tmp/loop_over_bdir-b8xl9e/App-Rad-1.05_01-JCV_Tk/blib/lib/App/Rad.pm line 3.
Compilation failed in require at /tmp/zopOCUTocz line 1.
BEGIN failed--compilation aborted at /tmp/zopOCUTocz line 1.

#   Failed test at t/17-register_commands6.t line 62.
#          got: ''
#     expected: 'Usage: /tmp/zopOCUTocz command [arguments]
# 
# Available Commands:
#     bar   	
#     baz   	help your baz
#     foo   	
#     foocmd	
#     help  	show syntax and available commands
# 
# '
Can't locate App/Rad/Parser.pm in @INC (@INC contains: /tmp/loop_over_bdir-b8xl9e/App-Rad-1.05_01-JCV_Tk/blib/lib /tmp/loop_over_bdir-b8xl9e/App-Rad-1.05_01-JCV_Tk/blib/arch /home/src/perl/repoperls/installed-perls/perl/v5.15.9/fc71/lib/site_perl/5.15.9/x86_64-linux-ld /home/src/perl/repoperls/installed-perls/perl/v5.15.9/fc71/lib/site_perl/5.15.9 /home/src/perl/repoperls/installed-perls/perl/v5.15.9/fc71/lib/5.15.9/x86_64-linux-ld /home/src/perl/repoperls/installed-perls/perl/v5.15.9/fc71/lib/5.15.9 .) at /tmp/loop_over_bdir-b8xl9e/App-Rad-1.05_01-JCV_Tk/blib/lib/App/Rad.pm line 3.
BEGIN failed--compilation aborted at /tmp/loop_over_bdir-b8xl9e/App-Rad-1.05_01-JCV_Tk/blib/lib/App/Rad.pm line 3.
Compilation failed in require at /tmp/zopOCUTocz line 1.
BEGIN failed--compilation aborted at /tmp/zopOCUTocz line 1.

#   Failed test at t/17-register_commands6.t line 65.
#          got: ''
#     expected: 'hello
# '
Can't locate App/Rad/Parser.pm in @INC (@INC contains: /tmp/loop_over_bdir-b8xl9e/App-Rad-1.05_01-JCV_Tk/blib/lib /tmp/loop_over_bdir-b8xl9e/App-Rad-1.05_01-JCV_Tk/blib/arch /home/src/perl/repoperls/installed-perls/perl/v5.15.9/fc71/lib/site_perl/5.15.9/x86_64-linux-ld /home/src/perl/repoperls/installed-perls/perl/v5.15.9/fc71/lib/site_perl/5.15.9 /home/src/perl/repoperls/installed-perls/perl/v5.15.9/fc71/lib/5.15.9/x86_64-linux-ld /home/src/perl/repoperls/installed-perls/perl/v5.15.9/fc71/lib/5.15.9 .) at /tmp/loop_over_bdir-b8xl9e/App-Rad-1.05_01-JCV_Tk/blib/lib/App/Rad.pm line 3.
BEGIN failed--compilation aborted at /tmp/loop_over_bdir-b8xl9e/App-Rad-1.05_01-JCV_Tk/blib/lib/App/Rad.pm line 3.
Compilation failed in require at /tmp/zopOCUTocz line 1.
BEGIN failed--compilation aborted at /tmp/zopOCUTocz line 1.

#   Failed test at t/17-register_commands6.t line 68.
#          got: ''
#     expected: 'This is default. Over and out.
# '
Can't locate App/Rad/Parser.pm in @INC (@INC contains: /tmp/loop_over_bdir-b8xl9e/App-Rad-1.05_01-JCV_Tk/blib/lib /tmp/loop_over_bdir-b8xl9e/App-Rad-1.05_01-JCV_Tk/blib/arch /home/src/perl/repoperls/installed-perls/perl/v5.15.9/fc71/lib/site_perl/5.15.9/x86_64-linux-ld /home/src/perl/repoperls/installed-perls/perl/v5.15.9/fc71/lib/site_perl/5.15.9 /home/src/perl/repoperls/installed-perls/perl/v5.15.9/fc71/lib/5.15.9/x86_64-linux-ld /home/src/perl/repoperls/installed-perls/perl/v5.15.9/fc71/lib/5.15.9 .) at /tmp/loop_over_bdir-b8xl9e/App-Rad-1.05_01-JCV_Tk/blib/lib/App/Rad.pm line 3.
BEGIN failed--compilation aborted at /tmp/loop_over_bdir-b8xl9e/App-Rad-1.05_01-JCV_Tk/blib/lib/App/Rad.pm line 3.
Compilation failed in require at /tmp/zopOCUTocz line 1.
BEGIN failed--compilation aborted at /tmp/zopOCUTocz line 1.

#   Failed test at t/17-register_commands6.t line 71.
#          got: ''
#     expected: 'yo
# '
Can't locate App/Rad/Parser.pm in @INC (@INC contains: /tmp/loop_over_bdir-b8xl9e/App-Rad-1.05_01-JCV_Tk/blib/lib /tmp/loop_over_bdir-b8xl9e/App-Rad-1.05_01-JCV_Tk/blib/arch /home/src/perl/repoperls/installed-perls/perl/v5.15.9/fc71/lib/site_perl/5.15.9/x86_64-linux-ld /home/src/perl/repoperls/installed-perls/perl/v5.15.9/fc71/lib/site_perl/5.15.9 /home/src/perl/repoperls/installed-perls/perl/v5.15.9/fc71/lib/5.15.9/x86_64-linux-ld /home/src/perl/repoperls/installed-perls/perl/v5.15.9/fc71/lib/5.15.9 .) at /tmp/loop_over_bdir-b8xl9e/App-Rad-1.05_01-JCV_Tk/blib/lib/App/Rad.pm line 3.
BEGIN failed--compilation aborted at /tmp/loop_over_bdir-b8xl9e/App-Rad-1.05_01-JCV_Tk/blib/lib/App/Rad.pm line 3.
Compilation failed in require at /tmp/zopOCUTocz line 1.
BEGIN failed--compilation aborted at /tmp/zopOCUTocz line 1.

#   Failed test at t/17-register_commands6.t line 74.
#          got: ''
#     expected: 'This is default. Over and out.
# '
Can't locate App/Rad/Parser.pm in @INC (@INC contains: /tmp/loop_over_bdir-b8xl9e/App-Rad-1.05_01-JCV_Tk/blib/lib /tmp/loop_over_bdir-b8xl9e/App-Rad-1.05_01-JCV_Tk/blib/arch /home/src/perl/repoperls/installed-perls/perl/v5.15.9/fc71/lib/site_perl/5.15.9/x86_64-linux-ld /home/src/perl/repoperls/installed-perls/perl/v5.15.9/fc71/lib/site_perl/5.15.9 /home/src/perl/repoperls/installed-perls/perl/v5.15.9/fc71/lib/5.15.9/x86_64-linux-ld /home/src/perl/repoperls/installed-perls/perl/v5.15.9/fc71/lib/5.15.9 .) at /tmp/loop_over_bdir-b8xl9e/App-Rad-1.05_01-JCV_Tk/blib/lib/App/Rad.pm line 3.
BEGIN failed--compilation aborted at /tmp/loop_over_bdir-b8xl9e/App-Rad-1.05_01-JCV_Tk/blib/lib/App/Rad.pm line 3.
Compilation failed in require at /tmp/zopOCUTocz line 1.
BEGIN failed--compilation aborted at /tmp/zopOCUTocz line 1.

#   Failed test at t/17-register_commands6.t line 77.
#          got: ''
#     expected: 'hi
# '
Can't locate App/Rad/Parser.pm in @INC (@INC contains: /tmp/loop_over_bdir-b8xl9e/App-Rad-1.05_01-JCV_Tk/blib/lib /tmp/loop_over_bdir-b8xl9e/App-Rad-1.05_01-JCV_Tk/blib/arch /home/src/perl/repoperls/installed-perls/perl/v5.15.9/fc71/lib/site_perl/5.15.9/x86_64-linux-ld /home/src/perl/repoperls/installed-perls/perl/v5.15.9/fc71/lib/site_perl/5.15.9 /home/src/perl/repoperls/installed-perls/perl/v5.15.9/fc71/lib/5.15.9/x86_64-linux-ld /home/src/perl/repoperls/installed-perls/perl/v5.15.9/fc71/lib/5.15.9 .) at /tmp/loop_over_bdir-b8xl9e/App-Rad-1.05_01-JCV_Tk/blib/lib/App/Rad.pm line 3.
BEGIN failed--compilation aborted at /tmp/loop_over_bdir-b8xl9e/App-Rad-1.05_01-JCV_Tk/blib/lib/App/Rad.pm line 3.
Compilation failed in require at /tmp/zopOCUTocz line 1.
BEGIN failed--compilation aborted at /tmp/zopOCUTocz line 1.

#   Failed test at t/17-register_commands6.t line 80.
#          got: ''
#     expected: 'waza
# '
# Looks like you failed 8 tests of 8.
t/17-register_commands6.t ..... 
Dubious, test returned 8 (wstat 2048, 0x800)
Failed 8/8 subtests 
# using temporary program file '/tmp/8VNvuSeKlL' to test functionality
Can't locate App/Rad/Parser.pm in @INC (@INC contains: /tmp/loop_over_bdir-b8xl9e/App-Rad-1.05_01-JCV_Tk/blib/lib /tmp/loop_over_bdir-b8xl9e/App-Rad-1.05_01-JCV_Tk/blib/arch /home/src/perl/repoperls/installed-perls/perl/v5.15.9/fc71/lib/site_perl/5.15.9/x86_64-linux-ld /home/src/perl/repoperls/installed-perls/perl/v5.15.9/fc71/lib/site_perl/5.15.9 /home/src/perl/repoperls/installed-perls/perl/v5.15.9/fc71/lib/5.15.9/x86_64-linux-ld /home/src/perl/repoperls/installed-perls/perl/v5.15.9/fc71/lib/5.15.9 .) at /tmp/loop_over_bdir-b8xl9e/App-Rad-1.05_01-JCV_Tk/blib/lib/App/Rad.pm line 3.
BEGIN failed--compilation aborted at /tmp/loop_over_bdir-b8xl9e/App-Rad-1.05_01-JCV_Tk/blib/lib/App/Rad.pm line 3.
Compilation failed in require at /tmp/8VNvuSeKlL line 1.
BEGIN failed--compilation aborted at /tmp/8VNvuSeKlL line 1.

#   Failed test at t/18-help_by_attribute.t line 43.
#          got: ''
#     expected: 'Usage: /tmp/8VNvuSeKlL command [arguments]
# 
# Available Commands:
#     bar       	help for bar
#     baz       	yet another help
#     foo       	help for foo
#     help      	show syntax and available commands
#     singleword	single
# 
# '
# Looks like you failed 1 test of 1.
t/18-help_by_attribute.t ...... 
Dubious, test returned 1 (wstat 256, 0x100)
Failed 1/1 subtests 
Can't locate App/Rad/Parser.pm in @INC (@INC contains: /tmp/loop_over_bdir-b8xl9e/App-Rad-1.05_01-JCV_Tk/t/lib /tmp/loop_over_bdir-b8xl9e/App-Rad-1.05_01-JCV_Tk/blib/lib /tmp/loop_over_bdir-b8xl9e/App-Rad-1.05_01-JCV_Tk/blib/arch /home/src/perl/repoperls/installed-perls/perl/v5.15.9/fc71/lib/site_perl/5.15.9/x86_64-linux-ld /home/src/perl/repoperls/installed-perls/perl/v5.15.9/fc71/lib/site_perl/5.15.9 /home/src/perl/repoperls/installed-perls/perl/v5.15.9/fc71/lib/5.15.9/x86_64-linux-ld /home/src/perl/repoperls/installed-perls/perl/v5.15.9/fc71/lib/5.15.9 .) at /tmp/loop_over_bdir-b8xl9e/App-Rad-1.05_01-JCV_Tk/blib/lib/App/Rad.pm line 3.
BEGIN failed--compilation aborted at /tmp/loop_over_bdir-b8xl9e/App-Rad-1.05_01-JCV_Tk/blib/lib/App/Rad.pm line 3.
Compilation failed in require at t/19-plugins.t line 5.
BEGIN failed--compilation aborted at t/19-plugins.t line 5.
# Looks like your test exited with 2 before it could output anything.
t/19-plugins.t ................ 
Dubious, test returned 2 (wstat 512, 0x200)
Failed 4/4 subtests 
Can't locate App/Rad/Parser.pm in @INC (@INC contains: /tmp/loop_over_bdir-b8xl9e/App-Rad-1.05_01-JCV_Tk/t/lib /tmp/loop_over_bdir-b8xl9e/App-Rad-1.05_01-JCV_Tk/blib/lib /tmp/loop_over_bdir-b8xl9e/App-Rad-1.05_01-JCV_Tk/blib/arch /home/src/perl/repoperls/installed-perls/perl/v5.15.9/fc71/lib/site_perl/5.15.9/x86_64-linux-ld /home/src/perl/repoperls/installed-perls/perl/v5.15.9/fc71/lib/site_perl/5.15.9 /home/src/perl/repoperls/installed-perls/perl/v5.15.9/fc71/lib/5.15.9/x86_64-linux-ld /home/src/perl/repoperls/installed-perls/perl/v5.15.9/fc71/lib/5.15.9 .) at /tmp/loop_over_bdir-b8xl9e/App-Rad-1.05_01-JCV_Tk/blib/lib/App/Rad.pm line 3.
BEGIN failed--compilation aborted at /tmp/loop_over_bdir-b8xl9e/App-Rad-1.05_01-JCV_Tk/blib/lib/App/Rad.pm line 3.
Compilation failed in require at t/20-plugins2.t line 5.
BEGIN failed--compilation aborted at t/20-plugins2.t line 5.
# Looks like your test exited with 2 before it could output anything.
t/20-plugins2.t ............... 
Dubious, test returned 2 (wstat 512, 0x200)
Failed 4/4 subtests 
Can't locate App/Rad/Tester.pm in @INC (@INC contains: /tmp/loop_over_bdir-b8xl9e/App-Rad-1.05_01-JCV_Tk/blib/lib /tmp/loop_over_bdir-b8xl9e/App-Rad-1.05_01-JCV_Tk/blib/arch /home/src/perl/repoperls/installed-perls/perl/v5.15.9/fc71/lib/site_perl/5.15.9/x86_64-linux-ld /home/src/perl/repoperls/installed-perls/perl/v5.15.9/fc71/lib/site_perl/5.15.9 /home/src/perl/repoperls/installed-perls/perl/v5.15.9/fc71/lib/5.15.9/x86_64-linux-ld /home/src/perl/repoperls/installed-perls/perl/v5.15.9/fc71/lib/5.15.9 .) at t/21-named_arguments.t line 2.
BEGIN failed--compilation aborted at t/21-named_arguments.t line 2.
t/21-named_arguments.t ........ 
Dubious, test returned 2 (wstat 512, 0x200)
No subtests run 
t/22-command_with_args.t ...... ok
t/pod.t ....................... ok

Test Summary Report
-------------------
t/00-load.t                 (Wstat: 256 Tests: 4 Failed: 1)
  Failed test:  1
  Non-zero exit status: 1
t/01-standard.t             (Wstat: 512 Tests: 0 Failed: 0)
  Non-zero exit status: 2
  Parse errors: Bad plan.  You planned 14 tests but ran 0.
t/02-defaultprogram.t       (Wstat: 512 Tests: 0 Failed: 0)
  Non-zero exit status: 2
  Parse errors: Bad plan.  You planned 2 tests but ran 0.
t/02.5-default_with_args.t  (Wstat: 512 Tests: 2 Failed: 2)
  Failed tests:  1-2
  Non-zero exit status: 2
t/03-default_override.t     (Wstat: 768 Tests: 3 Failed: 3)
  Failed tests:  1-3
  Non-zero exit status: 3
t/03.5-default_and_invalid.t (Wstat: 1280 Tests: 5 Failed: 5)
  Failed tests:  1-5
  Non-zero exit status: 5
t/04-help_override.t        (Wstat: 512 Tests: 2 Failed: 2)
  Failed tests:  1-2
  Non-zero exit status: 2
t/05-commands-set.t         (Wstat: 512 Tests: 0 Failed: 0)
  Non-zero exit status: 2
  Parse errors: Bad plan.  You planned 3 tests but ran 0.
t/05-commands.t             (Wstat: 768 Tests: 3 Failed: 3)
  Failed tests:  1-3
  Non-zero exit status: 3
t/05.5-commands_with_args.t (Wstat: 768 Tests: 3 Failed: 3)
  Failed tests:  1-3
  Non-zero exit status: 3
t/06-pre_post_tear.t        (Wstat: 768 Tests: 3 Failed: 3)
  Failed tests:  1-3
  Non-zero exit status: 3
t/07-argv_and_opt.t         (Wstat: 512 Tests: 0 Failed: 0)
  Non-zero exit status: 2
  Parse errors: Bad plan.  You planned 36 tests but ran 0.
t/08-getopt_long.t          (Wstat: 512 Tests: 0 Failed: 0)
  Non-zero exit status: 2
  Parse errors: Bad plan.  You planned 17 tests but ran 0.
t/09-stash.t                (Wstat: 1024 Tests: 4 Failed: 4)
  Failed tests:  1-4
  Non-zero exit status: 4
t/10-controller_methods.t   (Wstat: 6144 Tests: 24 Failed: 24)
  Failed tests:  1-24
  Non-zero exit status: 24
t/11-config.t               (Wstat: 512 Tests: 0 Failed: 0)
  Non-zero exit status: 2
  Parse errors: Bad plan.  You planned 10 tests but ran 0.
t/12-register_commands-alt.t (Wstat: 512 Tests: 0 Failed: 0)
  Non-zero exit status: 2
  Parse errors: Bad plan.  You planned 7 tests but ran 0.
t/12-register_commands.t    (Wstat: 1792 Tests: 7 Failed: 7)
  Failed tests:  1-7
  Non-zero exit status: 7
t/13-register_commands2.t   (Wstat: 1280 Tests: 5 Failed: 5)
  Failed tests:  1-5
  Non-zero exit status: 5
t/14-register_commands3.t   (Wstat: 1792 Tests: 7 Failed: 7)
  Failed tests:  1-7
  Non-zero exit status: 7
t/15-register_commands4.t   (Wstat: 1792 Tests: 7 Failed: 7)
  Failed tests:  1-7
  Non-zero exit status: 7
t/16-register_commands5.t   (Wstat: 1792 Tests: 7 Failed: 7)
  Failed tests:  1-7
  Non-zero exit status: 7
t/17-register_commands6.t   (Wstat: 2048 Tests: 8 Failed: 8)
  Failed tests:  1-8
  Non-zero exit status: 8
t/18-help_by_attribute.t    (Wstat: 256 Tests: 1 Failed: 1)
  Failed test:  1
  Non-zero exit status: 1
t/19-plugins.t              (Wstat: 512 Tests: 0 Failed: 0)
  Non-zero exit status: 2
  Parse errors: Bad plan.  You planned 4 tests but ran 0.
t/20-plugins2.t             (Wstat: 512 Tests: 0 Failed: 0)
  Non-zero exit status: 2
  Parse errors: Bad plan.  You planned 4 tests but ran 0.
t/21-named_arguments.t      (Wstat: 512 Tests: 0 Failed: 0)
  Non-zero exit status: 2
  Parse errors: No plan found in TAP output
Files=29, Tests=132,  2 wallclock secs ( 0.09 usr  0.04 sys +  1.06 cusr  0.14 csys =  1.33 CPU)
Result: FAIL
Failed 27/29 test programs. 92/132 subtests failed.
make: *** [test_dynamic] Error 255

------------------------------
PREREQUISITES
------------------------------

Prerequisite modules loaded:

requires:

    Module              Need Have   
    ------------------- ---- -------
    Attribute::Handlers 0    0.93   
    B::Deparse          0    1.13   
    Carp                0    1.25   
    File::Temp          0    0.22   
    FindBin             0    1.51   
    Getopt::Long        2.36 2.38   
    Test::More          0    0.98   

build_requires:

    Module              Need Have   
    ------------------- ---- -------
    ExtUtils::MakeMaker 0    6.63_02

configure_requires:

    Module              Need Have   
    ------------------- ---- -------
    ExtUtils::MakeMaker 0    6.63_02


------------------------------
ENVIRONMENT AND OTHER CONTEXT
------------------------------

Environment variables:

    AUTOMATED_TESTING = 1
    LANG = en_US.UTF-8
    LANGUAGE = en_US:en
    PATH = /home/sand/bin:/usr/local/bin:/usr/bin:/bin:/usr/bin/X11:/usr/games:/usr/local/perl/bin:/usr/X11/bin:/sbin:/usr/sbin
    PERL5LIB = 
    PERL5OPT = 
    PERL5_CPANPLUS_IS_RUNNING = 27436
    PERL5_CPAN_IS_RUNNING = 27436
    PERL_MM_USE_DEFAULT = 1
    SHELL = /usr/bin/zsh
    TERM = screen

Perl special variables (and OS-specific diagnostics, for MSWin32):

    $^X = /mnt/k75/homesand/src/perl/repoperls/installed-perls/perl/v5.15.9/fc71/bin/perl
    $UID/$EUID = 1005 / 1005
    $GID = 1005 1005
    $EGID = 1005 1005

Perl module toolchain versions installed:

    Module              Have    
    ------------------- --------
    CPAN                1.9800  
    CPAN::Meta          2.120921
    Cwd                 3.39_01 
    ExtUtils::CBuilder  0.280206
    ExtUtils::Command   1.17    
    ExtUtils::Install   1.58    
    ExtUtils::MakeMaker 6.63_02 
    ExtUtils::Manifest  1.61    
    ExtUtils::ParseXS   3.16    
    File::Spec          3.39_01 
    JSON                2.53    
    JSON::PP            2.27200 
    Module::Build       0.40    
    Module::Signature   0.68    
    Parse::CPAN::Meta   1.4404  
    Test::Harness       3.23    
    Test::More          0.98    
    YAML                0.81    
    YAML::Syck          1.20    
    version             0.96    


--

Summary of my perl5 (revision 5 version 15 subversion 9) configuration:
  Commit id: 01725c1062c0e78d5d79424b6f84013e248992a5
  Platform:
    osname=linux, osvers=3.2.0-2-amd64, archname=x86_64-linux-ld
    uname='linux k83 3.2.0-2-amd64 #1 smp fri apr 6 05:01:55 utc 2012 x86_64 gnulinux '
    config_args='-Dprefix=/home/src/perl/repoperls/installed-perls/perl/v5.15.9/fc71 -Dmyhostname=k83 -Dinstallusrbinperl=n -Uversiononly -Dusedevel -des -Ui_db -Uuseithreads -Duselongdouble -DDEBUGGING=-g -Dcc=gcc-4.4'
    hint=recommended, useposix=true, d_sigaction=define
    useithreads=undef, usemultiplicity=undef
    useperlio=define, d_sfio=undef, uselargefiles=define, usesocks=undef
    use64bitint=define, use64bitall=define, uselongdouble=define
    usemymalloc=n, bincompat5005=undef
  Compiler:
    cc='gcc-4.4', ccflags ='-fno-strict-aliasing -pipe -fstack-protector -I/usr/local/include -D_LARGEFILE_SOURCE -D_FILE_OFFSET_BITS=64',
    optimize='-O2 -g',
    cppflags='-fno-strict-aliasing -pipe -fstack-protector -I/usr/local/include'
    ccversion='', gccversion='4.4.7', gccosandvers=''
    intsize=4, longsize=8, ptrsize=8, doublesize=8, byteorder=12345678
    d_longlong=define, longlongsize=8, d_longdbl=define, longdblsize=16
    ivtype='long', ivsize=8, nvtype='long double', nvsize=16, Off_t='off_t', lseeksize=8
    alignbytes=16, prototype=define
  Linker and Libraries:
    ld='gcc-4.4', ldflags =' -fstack-protector -L/usr/local/lib'
    libpth=/usr/local/lib /lib/x86_64-linux-gnu /lib/../lib /usr/lib/x86_64-linux-gnu /usr/lib/../lib /lib /usr/lib
    libs=-lnsl -ldb -ldl -lm -lcrypt -lutil -lc
    perllibs=-lnsl -ldl -lm -lcrypt -lutil -lc
    libc=, so=so, useshrplib=false, libperl=libperl.a
    gnulibc_version='2.13'
  Dynamic Linking:
    dlsrc=dl_dlopen.xs, dlext=so, d_dlsymun=undef, ccdlflags='-Wl,-E'
    cccdlflags='-fPIC', lddlflags='-shared -O2 -g -L/usr/local/lib -fstack-protector'


Characteristics of this binary (from libperl): 
  Compile-time options: HAS_TIMES PERLIO_LAYERS PERL_DONT_CREATE_GVSV
                        PERL_MALLOC_WRAP PERL_PRESERVE_IVUV PERL_USE_DEVEL
                        USE_64_BIT_ALL USE_64_BIT_INT USE_LARGE_FILES
                        USE_LOCALE USE_LOCALE_COLLATE USE_LOCALE_CTYPE
                        USE_LOCALE_NUMERIC USE_LONG_DOUBLE USE_PERLIO
                        USE_PERL_ATOF
  Built under linux
  Compiled at Apr 20 2012 09:58:52
  %ENV:
    PERL5LIB=""
    PERL5OPT=""
    PERL5_CPANPLUS_IS_RUNNING="27436"
    PERL5_CPAN_IS_RUNNING="27436"
    PERL_MM_USE_DEFAULT="1"
  @INC:
    /home/src/perl/repoperls/installed-perls/perl/v5.15.9/fc71/lib/site_perl/5.15.9/x86_64-linux-ld
    /home/src/perl/repoperls/installed-perls/perl/v5.15.9/fc71/lib/site_perl/5.15.9
    /home/src/perl/repoperls/installed-perls/perl/v5.15.9/fc71/lib/5.15.9/x86_64-linux-ld
    /home/src/perl/repoperls/installed-perls/perl/v5.15.9/fc71/lib/5.15.9
    .