Report for Email-Address-List-0.02

Back
From: metabase:user:322078bc-2aae-11df-837a-5e0a49663a4f
Subject: FAIL Email-Address-List-0.02 v5.12.5 FreeBSD
Date: 2014-02-06T01:30:11Z

This distribution has been tested as part of the CPAN Testers
project, supporting the Perl programming language.  See
http://wiki.cpantesters.org/ for more information or email
questions to cpan-testers-discuss@perl.org


--

Dear ALEXMV,

This is a computer-generated error report created automatically by
CPANPLUS, version 0.9146. Testers personal comments may appear
at the end of this report.


Thank you for uploading your work to CPAN.  However, it appears that
there were some problems testing your distribution.

TEST RESULTS:

Below is the error stack from stage 'make test':

PERL_DL_NONLAZY=1 /usr/home/cpan/pit/bare-clang/perl-5.12.5/bin/perl "-MExtUtils::Command::MM" "-MTest::Harness" "-e" "undef *Test::Harness::Switches; test_harness(0, 'inc', 'blib/lib', 'blib/arch')" t/*.t

#   Failed test 'use Email::Address::List;'
#   at t/basics.t line 3.
#     Tried to use 'Email::Address::List'.
#     Error:  Can't locate Email/Address.pm in @INC (@INC contains: /usr/home/cpan/pit/bare-clang/conf/perl-5.12.5/.cpanplus/5.12.5/build/Email-Address-List-0.02/inc /usr/home/cpan/pit/bare-clang/conf/perl-5.12.5/.cpanplus/5.12.5/build/Email-Address-List-0.02/blib/lib /usr/home/cpan/pit/bare-clang/conf/perl-5.12.5/.cpanplus/5.12.5/build/Email-Address-List-0.02/blib/arch /usr/home/cpan/pit/bare-clang/conf/perl-5.12.5/.cpanplus/5.12.5/build/Email-Address-List-0.02/blib/lib /usr/home/cpan/pit/bare-clang/conf/perl-5.12.5/.cpanplus/5.12.5/build/Email-Address-List-0.02/blib/arch /usr/home/cpan/pit/bare-clang/perl-5.12.5/lib/site_perl/5.12.5/amd64-freebsd /usr/home/cpan/pit/bare-clang/perl-5.12.5/lib/site_perl/5.12.5 /usr/home/cpan/pit/bare-clang/perl-5.12.5/lib/5.12.5/amd64-freebsd /usr/home/cpan/pit/bare-clang/perl-5.12.5/lib/5.12.5 .) at /usr/home/cpan/pit/bare-clang/conf/perl-5.12.5/.cpanplus/5.12.5/build/Email-Address-List-0.02/blib/lib/Email/Address/List.pm line 6.
# BEGIN failed--compilation aborted at /usr/home/cpan/pit/bare-clang/conf/perl-5.12.5/.cpanplus/5.12.5/build/Email-Address-List-0.02/blib/lib/Email/Address/List.pm line 6.
# Compilation failed in require at t/basics.t line 3.
# BEGIN failed--compilation aborted at t/basics.t line 3.
Can't locate object method "parse" via package "Email::Address::List" at t/basics.t line 6.
# Looks like you planned 3 tests but ran 1.
# Looks like you failed 1 test of 1 run.
# Looks like your test exited with 255 just after 1.
t/basics.t ............... 
Dubious, test returned 255 (wstat 65280, 0xff00)
Failed 3/3 subtests 

#   Failed test 'use Email::Address::List;'
#   at t/invalid.t line 3.
#     Tried to use 'Email::Address::List'.
#     Error:  Can't locate Email/Address.pm in @INC (@INC contains: /usr/home/cpan/pit/bare-clang/conf/perl-5.12.5/.cpanplus/5.12.5/build/Email-Address-List-0.02/inc /usr/home/cpan/pit/bare-clang/conf/perl-5.12.5/.cpanplus/5.12.5/build/Email-Address-List-0.02/blib/lib /usr/home/cpan/pit/bare-clang/conf/perl-5.12.5/.cpanplus/5.12.5/build/Email-Address-List-0.02/blib/arch /usr/home/cpan/pit/bare-clang/conf/perl-5.12.5/.cpanplus/5.12.5/build/Email-Address-List-0.02/blib/lib /usr/home/cpan/pit/bare-clang/conf/perl-5.12.5/.cpanplus/5.12.5/build/Email-Address-List-0.02/blib/arch /usr/home/cpan/pit/bare-clang/perl-5.12.5/lib/site_perl/5.12.5/amd64-freebsd /usr/home/cpan/pit/bare-clang/perl-5.12.5/lib/site_perl/5.12.5 /usr/home/cpan/pit/bare-clang/perl-5.12.5/lib/5.12.5/amd64-freebsd /usr/home/cpan/pit/bare-clang/perl-5.12.5/lib/5.12.5 .) at /usr/home/cpan/pit/bare-clang/conf/perl-5.12.5/.cpanplus/5.12.5/build/Email-Address-List-0.02/blib/lib/Email/Address/List.pm line 6.
# BEGIN failed--compilation aborted at /usr/home/cpan/pit/bare-clang/conf/perl-5.12.5/.cpanplus/5.12.5/build/Email-Address-List-0.02/blib/lib/Email/Address/List.pm line 6.
# Compilation failed in require at t/invalid.t line 3.
# BEGIN failed--compilation aborted at t/invalid.t line 3.
Can't locate object method "parse" via package "Email::Address::List" at t/invalid.t line 24.
# Looks like you planned 4 tests but ran 1.
# Looks like you failed 1 test of 1 run.
# Looks like your test exited with 255 just after 1.
t/invalid.t .............. 
Dubious, test returned 255 (wstat 65280, 0xff00)
Failed 4/4 subtests 
Can't locate Email/Address.pm in @INC (@INC contains: /usr/home/cpan/pit/bare-clang/conf/perl-5.12.5/.cpanplus/5.12.5/build/Email-Address-List-0.02/inc /usr/home/cpan/pit/bare-clang/conf/perl-5.12.5/.cpanplus/5.12.5/build/Email-Address-List-0.02/blib/lib /usr/home/cpan/pit/bare-clang/conf/perl-5.12.5/.cpanplus/5.12.5/build/Email-Address-List-0.02/blib/arch /usr/home/cpan/pit/bare-clang/conf/perl-5.12.5/.cpanplus/5.12.5/build/Email-Address-List-0.02/blib/lib /usr/home/cpan/pit/bare-clang/conf/perl-5.12.5/.cpanplus/5.12.5/build/Email-Address-List-0.02/blib/arch /usr/home/cpan/pit/bare-clang/perl-5.12.5/lib/site_perl/5.12.5/amd64-freebsd /usr/home/cpan/pit/bare-clang/perl-5.12.5/lib/site_perl/5.12.5 /usr/home/cpan/pit/bare-clang/perl-5.12.5/lib/5.12.5/amd64-freebsd /usr/home/cpan/pit/bare-clang/perl-5.12.5/lib/5.12.5 .) at /usr/home/cpan/pit/bare-clang/conf/perl-5.12.5/.cpanplus/5.12.5/build/Email-Address-List-0.02/blib/lib/Email/Address/List.pm line 6.
BEGIN failed--compilation aborted at /usr/home/cpan/pit/bare-clang/conf/perl-5.12.5/.cpanplus/5.12.5/build/Email-Address-List-0.02/blib/lib/Email/Address/List.pm line 6.
Compilation failed in require at t/pathological.t line 3.
BEGIN failed--compilation aborted at t/pathological.t line 3.
# Looks like your test exited with 2 before it could output anything.
t/pathological.t ......... 
Dubious, test returned 2 (wstat 512, 0x200)
Failed 1/1 subtests 
Can't locate JSON.pm in @INC (@INC contains: /usr/home/cpan/pit/bare-clang/conf/perl-5.12.5/.cpanplus/5.12.5/build/Email-Address-List-0.02/inc /usr/home/cpan/pit/bare-clang/conf/perl-5.12.5/.cpanplus/5.12.5/build/Email-Address-List-0.02/blib/lib /usr/home/cpan/pit/bare-clang/conf/perl-5.12.5/.cpanplus/5.12.5/build/Email-Address-List-0.02/blib/arch /usr/home/cpan/pit/bare-clang/conf/perl-5.12.5/.cpanplus/5.12.5/build/Email-Address-List-0.02/blib/lib /usr/home/cpan/pit/bare-clang/conf/perl-5.12.5/.cpanplus/5.12.5/build/Email-Address-List-0.02/blib/arch /usr/home/cpan/pit/bare-clang/perl-5.12.5/lib/site_perl/5.12.5/amd64-freebsd /usr/home/cpan/pit/bare-clang/perl-5.12.5/lib/site_perl/5.12.5 /usr/home/cpan/pit/bare-clang/perl-5.12.5/lib/5.12.5/amd64-freebsd /usr/home/cpan/pit/bare-clang/perl-5.12.5/lib/5.12.5 .) at t/random.combinations.t line 5.
BEGIN failed--compilation aborted at t/random.combinations.t line 5.
t/random.combinations.t .. 
Dubious, test returned 2 (wstat 512, 0x200)
No subtests run 
Can't locate JSON.pm in @INC (@INC contains: /usr/home/cpan/pit/bare-clang/conf/perl-5.12.5/.cpanplus/5.12.5/build/Email-Address-List-0.02/inc /usr/home/cpan/pit/bare-clang/conf/perl-5.12.5/.cpanplus/5.12.5/build/Email-Address-List-0.02/blib/lib /usr/home/cpan/pit/bare-clang/conf/perl-5.12.5/.cpanplus/5.12.5/build/Email-Address-List-0.02/blib/arch /usr/home/cpan/pit/bare-clang/conf/perl-5.12.5/.cpanplus/5.12.5/build/Email-Address-List-0.02/blib/lib /usr/home/cpan/pit/bare-clang/conf/perl-5.12.5/.cpanplus/5.12.5/build/Email-Address-List-0.02/blib/arch /usr/home/cpan/pit/bare-clang/perl-5.12.5/lib/site_perl/5.12.5/amd64-freebsd /usr/home/cpan/pit/bare-clang/perl-5.12.5/lib/site_perl/5.12.5 /usr/home/cpan/pit/bare-clang/perl-5.12.5/lib/5.12.5/amd64-freebsd /usr/home/cpan/pit/bare-clang/perl-5.12.5/lib/5.12.5 .) at t/single.suit.t line 5.
BEGIN failed--compilation aborted at t/single.suit.t line 5.
t/single.suit.t .......... 
Dubious, test returned 2 (wstat 512, 0x200)
No subtests run 

Test Summary Report
-------------------
t/basics.t             (Wstat: 65280 Tests: 1 Failed: 1)
  Failed test:  1
  Non-zero exit status: 255
  Parse errors: Bad plan.  You planned 3 tests but ran 1.
t/invalid.t            (Wstat: 65280 Tests: 1 Failed: 1)
  Failed test:  1
  Non-zero exit status: 255
  Parse errors: Bad plan.  You planned 4 tests but ran 1.
t/pathological.t       (Wstat: 512 Tests: 0 Failed: 0)
  Non-zero exit status: 2
  Parse errors: Bad plan.  You planned 1 tests but ran 0.
t/random.combinations.t (Wstat: 512 Tests: 0 Failed: 0)
  Non-zero exit status: 2
  Parse errors: No plan found in TAP output
t/single.suit.t        (Wstat: 512 Tests: 0 Failed: 0)
  Non-zero exit status: 2
  Parse errors: No plan found in TAP output
Files=5, Tests=2,  0 wallclock secs ( 0.04 usr  0.01 sys +  0.09 cusr  0.02 csys =  0.15 CPU)
Result: FAIL
Failed 5/5 test programs. 2/2 subtests failed.
*** [test_dynamic] Error code 2

Stop in /usr/home/cpan/pit/bare-clang/conf/perl-5.12.5/.cpanplus/5.12.5/build/Email-Address-List-0.02.



MISSING PREREQUISITES:

It was observed that the test suite seem to fail without these modules:

Email::Address
JSON

As such, adding the prerequisite module(s) to 'PREREQ_PM' in your
Makefile.PL should solve this problem.  For example:

WriteMakefile(
    AUTHOR      => 'ALEXMV (cpanplus-info@lists.sf.net)',
    ... # other information
    PREREQ_PM   => {
	'Email::Address'	=> '0', # or a minimum working version
	'JSON'	=> '0', # or a minimum working version
    }
);

Thanks! :-)

PREREQUISITES:

Here is a list of prerequisites you specified and versions we
managed to load:

	  Module Name                        Have     Want
	  ExtUtils::MakeMaker                6.88     6.36

Perl module toolchain versions installed:
	Module Name                        Have
	CPANPLUS                         0.9146
	CPANPLUS::Dist::Build              0.76
	Cwd                                3.40
	ExtUtils::CBuilder             0.280212
	ExtUtils::Command                  1.16
	ExtUtils::Install                  1.55
	ExtUtils::MakeMaker                6.88
	ExtUtils::Manifest                 1.63
	ExtUtils::ParseXS                  3.22
	File::Spec                         3.40
	Module::Build                    0.4204
	Pod::Parser                        1.37
	Pod::Simple                        3.14
	Test::Harness                      3.30
	Test::More                     1.001002
	version                          0.9907

******************************** NOTE ********************************
The comments above are created mechanically, possibly without manual
checking by the sender.  As there are many people performing automatic
tests on each upload to CPAN, it is likely that you will receive
identical messages about the same problem.

If you believe that the message is mistaken, please reply to the first
one with correction and/or additional informations, and do not take
it personally.  We appreciate your patience. :)
**********************************************************************

Additional comments:


This report was machine-generated by CPANPLUS::Dist::YACSmoke 0.90.
Powered by minismokebox version 0.58

------------------------------
ENVIRONMENT AND OTHER CONTEXT
------------------------------

Environment variables:

    AUTOMATED_TESTING = 1
    NONINTERACTIVE_TESTING = 1
    PATH = /sbin:/bin:/usr/sbin:/usr/bin:/usr/games:/usr/local/sbin:/usr/local/bin:/home/cpan/bin
    PERL5LIB = :/usr/home/cpan/pit/bare-clang/conf/perl-5.12.5/.cpanplus/5.12.5/build/Email-Address-List-0.02/blib/lib:/usr/home/cpan/pit/bare-clang/conf/perl-5.12.5/.cpanplus/5.12.5/build/Email-Address-List-0.02/blib/arch
    PERL5_CPANPLUS_IS_RUNNING = 4328
    PERL5_CPANPLUS_IS_VERSION = 0.9146
    PERL5_MINISMOKEBOX = 0.58
    PERL5_YACSMOKE_BASE = /usr/home/cpan/pit/bare-clang/conf/perl-5.12.5
    PERL_EXTUTILS_AUTOINSTALL = --defaultdeps
    PERL_MM_USE_DEFAULT = 1
    SHELL = /usr/local/bin/bash
    TERM = screen

Perl special variables (and OS-specific diagnostics, for MSWin32):

    Perl: $^X = /usr/home/cpan/pit/bare-clang/perl-5.12.5/bin/perl
    UID:  $<  = 1002
    EUID: $>  = 1002
    GID:  $(  = 1002 1002
    EGID: $)  = 1002 1002


-------------------------------


--

Summary of my perl5 (revision 5 version 12 subversion 5) configuration:
   
  Platform:
    osname=freebsd, osvers=9.2-release, archname=amd64-freebsd
    uname='freebsd fremen 9.2-release freebsd 9.2-release #0 r255898: thu sep 26 22:50:31 utc 2013 root@bake.isc.freebsd.org:usrobjusrsrcsysgeneric amd64 '
    config_args='-des -Dprefix=/usr/home/cpan/pit/bare-clang/perl-5.12.5 -Dcc=clang'
    hint=recommended, useposix=true, d_sigaction=define
    useithreads=undef, usemultiplicity=undef
    useperlio=define, d_sfio=undef, uselargefiles=define, usesocks=undef
    use64bitint=define, use64bitall=define, uselongdouble=undef
    usemymalloc=n, bincompat5005=undef
  Compiler:
    cc='clang', ccflags ='-DHAS_FPSETMASK -DHAS_FLOATINGPOINT_H -fno-strict-aliasing -pipe -fstack-protector -I/usr/local/include',
    optimize='-O',
    cppflags='-DHAS_FPSETMASK -DHAS_FLOATINGPOINT_H -fno-strict-aliasing -pipe -fstack-protector -I/usr/local/include'
    ccversion='', gccversion='4.2.1 Compatible FreeBSD Clang 3.3 (tags/RELEASE_33/final 183502)', gccosandvers=''
    intsize=4, longsize=8, ptrsize=8, doublesize=8, byteorder=12345678
    d_longlong=define, longlongsize=8, d_longdbl=define, longdblsize=16
    ivtype='long', ivsize=8, nvtype='double', nvsize=8, Off_t='off_t', lseeksize=8
    alignbytes=8, prototype=define
  Linker and Libraries:
    ld='clang', ldflags ='-Wl,-E  -fstack-protector -L/usr/local/lib'
    libpth=/usr/lib /usr/local/lib
    libs=-lgdbm -lm -lcrypt -lutil -lc
    perllibs=-lm -lcrypt -lutil -lc
    libc=, so=so, useshrplib=false, libperl=libperl.a
    gnulibc_version=''
  Dynamic Linking:
    dlsrc=dl_dlopen.xs, dlext=so, d_dlsymun=undef, ccdlflags=' '
    cccdlflags='-DPIC -fPIC', lddlflags='-shared  -L/usr/local/lib -fstack-protector'


Characteristics of this binary (from libperl): 
  Compile-time options: PERL_DONT_CREATE_GVSV PERL_MALLOC_WRAP USE_64_BIT_ALL
                        USE_64_BIT_INT USE_LARGE_FILES USE_PERLIO
                        USE_PERL_ATOF
  Built under freebsd
  Compiled at Nov 11 2013 16:47:11
  %ENV:
    PERL5LIB=":/usr/home/cpan/pit/bare-clang/conf/perl-5.12.5/.cpanplus/5.12.5/build/Email-Address-List-0.02/blib/lib:/usr/home/cpan/pit/bare-clang/conf/perl-5.12.5/.cpanplus/5.12.5/build/Email-Address-List-0.02/blib/arch"
    PERL5_CPANPLUS_IS_RUNNING="4328"
    PERL5_CPANPLUS_IS_VERSION="0.9146"
    PERL5_MINISMOKEBOX="0.58"
    PERL5_YACSMOKE_BASE="/usr/home/cpan/pit/bare-clang/conf/perl-5.12.5"
    PERL_EXTUTILS_AUTOINSTALL="--defaultdeps"
    PERL_MM_USE_DEFAULT="1"
  @INC:
    /usr/home/cpan/pit/bare-clang/conf/perl-5.12.5/.cpanplus/5.12.5/build/Email-Address-List-0.02/blib/lib
    /usr/home/cpan/pit/bare-clang/conf/perl-5.12.5/.cpanplus/5.12.5/build/Email-Address-List-0.02/blib/arch
    /usr/home/cpan/pit/bare-clang/perl-5.12.5/lib/site_perl/5.12.5/amd64-freebsd
    /usr/home/cpan/pit/bare-clang/perl-5.12.5/lib/site_perl/5.12.5
    /usr/home/cpan/pit/bare-clang/perl-5.12.5/lib/5.12.5/amd64-freebsd
    /usr/home/cpan/pit/bare-clang/perl-5.12.5/lib/5.12.5
    .