Back
From: metabase:user:320bfe00-2aae-11df-837a-5e0a49663a4f
Subject: FAIL Test-Wrapper-0.3.0 v5.24.0 RC2 GNU/Linux
Date: 2016-04-24T15:14:21Z
This distribution has been tested as part of the CPAN Testers
project, supporting the Perl programming language. See
http://wiki.cpantesters.org/ for more information or email
questions to cpan-testers-discuss@perl.org
--
Dear Yanick Champoux,
This is a computer-generated report for Test-Wrapper-0.3.0
on perl 5.24.0, created by CPAN-Reporter-1.2017.
Thank you for uploading your work to CPAN. However, there was a problem
testing your distribution.
If you think this report is invalid, please consult the CPAN Testers Wiki
for suggestions on how to avoid getting FAIL reports for missing library
or binary dependencies, unsupported operating systems, and so on:
http://wiki.cpantesters.org/wiki/CPANAuthorNotes
Sections of this report:
* Tester comments
* Program output
* Prerequisites
* Environment and other context
------------------------------
TESTER COMMENTS
------------------------------
Additional comments from tester:
this report is from an automated smoke testing program
and was not reviewed by a human for accuracy
------------------------------
PROGRAM OUTPUT
------------------------------
Output from './Build test':
t/00-compile.t ................ ok
#
#
# Generated by Dist::Zilla::Plugin::ReportVersions::Tiny v1.10
# perl: 5.024000 (wanted 5.006) on linux from /tmp/basesmoker-reloperl-g0vU/bin/perl
#
# File::Spec => 3.63 (want any version)
# IO::Handle => 1.36 (want any version)
# IPC::Open3 => 1.20 (want any version)
# Module::Build => 0.4216 (want 0.3601)
# Moose => 2.1605 (want any version)
# Moose::Exporter => 2.1605 (want any version)
# Test::Builder => 1.302014004 (want any version)
# Test::More => 1.302014004 (want 0.88)
# overload => 1.26 (want any version)
# strict => 1.11 (want any version)
# warnings => 1.36 (want any version)
#
# Thanks for using my code. I hope it works for you.
# If not, please try and include this output in the bug report.
# That will help me reproduce the issue and solve your problem.
#
t/000-report-versions-tiny.t .. ok
You have loaded versions of test modules known to have problems with Test2.
This could explain some test failures.
* Module 'Test::Wrapper' is known to be broken in version 0.3.0 and below, newer versions have not been tested. You have: 0.3.0
t/no-interference.t ...........
Dubious, test returned 1 (wstat 256, 0x100)
Failed 3/4 subtests
You have loaded versions of test modules known to have problems with Test2.
This could explain some test failures.
* Module 'Test::Wrapper' is known to be broken in version 0.3.0 and below, newer versions have not been tested. You have: 0.3.0
t/test-wrap.t .................
Dubious, test returned 254 (wstat 65024, 0xfe00)
Failed 7/7 subtests
Test Summary Report
-------------------
t/no-interference.t (Wstat: 256 Tests: 1 Failed: 0)
Non-zero exit status: 1
Parse errors: Bad plan. You planned 4 tests but ran 1.
t/test-wrap.t (Wstat: 65024 Tests: 0 Failed: 0)
Non-zero exit status: 254
Parse errors: Bad plan. You planned 7 tests but ran 0.
Files=4, Tests=3, 1 wallclock secs ( 0.02 usr 0.03 sys + 0.73 cusr 0.09 csys = 0.87 CPU)
Result: FAIL
Failed 2/4 test programs. 0/3 subtests failed.
------------------------------
PREREQUISITES
------------------------------
Prerequisite modules loaded:
requires:
Module Need Have
--------------- ------ ------------
Moose 0 2.1605
Moose::Exporter 0 2.1605
overload 0 1.26
Test::Builder 0 1.302014_004
warnings 0 1.36
build_requires:
Module Need Have
--------------- ------ ------------
File::Spec 0 3.63
IO::Handle 0 1.36
IPC::Open3 0 1.20
Module::Build 0.3601 0.4216
perl 5.006 5.024000
strict 0 1.11
Test::More 0.88 1.302014_004
configure_requires:
Module Need Have
--------------- ------ ------------
Module::Build 0.3601 0.4216
------------------------------
ENVIRONMENT AND OTHER CONTEXT
------------------------------
Environment variables:
AUTOMATED_TESTING = 1
LANG = C
PATH = /usr/lib/ccache:/home/sand/bin:/usr/local/bin:/usr/lib/ccache:/usr/bin:/bin:/usr/games:/usr/local/perl/bin:/usr/X11/bin:/sbin:/usr/sbin
PERL = /tmp/basesmoker-reloperl-g0vU/bin/perl
PERL5LIB =
PERL5OPT =
PERL5_CPANPLUS_IS_RUNNING = 13170
PERL5_CPAN_IS_RUNNING = 13170
PERL_CANARY_STABILITY_NOPROMPT = 1
PERL_MM_USE_DEFAULT = 1
SHELL = /usr/bin/zsh
TERM = screen
Perl special variables (and OS-specific diagnostics, for MSWin32):
$^X = /tmp/basesmoker-reloperl-g0vU/bin/perl
$UID/$EUID = 1005 / 1005
$GID = 1005 1005
$EGID = 1005 1005
Perl module toolchain versions installed:
Module Have
------------------- ------------
CPAN 2.12
CPAN::Meta 2.150005
Cwd 3.63
ExtUtils::CBuilder 0.280225
ExtUtils::Command 7.12
ExtUtils::Install 2.04
ExtUtils::MakeMaker 7.12
ExtUtils::Manifest 1.70
ExtUtils::ParseXS 3.31
File::Spec 3.63
JSON 2.90
JSON::PP 2.27300
Module::Build 0.4216
Module::Signature 0.79
Parse::CPAN::Meta 1.4417
Test::Harness 3.36
Test::More 1.302014_004
YAML 1.15
YAML::Syck 1.29
version 0.9916
--
Summary of my perl5 (revision 5 version 24 subversion 0) configuration:
Commit id: 6f30c2648bf1dda7af5cc205448f8990d2383264
Platform:
osname=linux, osvers=4.4.0-1-amd64, archname=x86_64-linux-ld
uname='linux k93x64sid 4.4.0-1-amd64 #1 smp debian 4.4.6-1 (2016-03-17) x86_64 gnulinux '
config_args='-Dprefix=/home/sand/src/perl/repoperls/installed-perls/host/k93x64sid/v5.24.0-RC2/3bd2 -Dmyhostname=k93x64sid -Dinstallusrbinperl=n -Uversiononly -Dusedevel -des -Ui_db -Dlibswanted=cl pthread socket inet nsl gdbm dbm malloc dl ld sun m crypt sec util c cposix posix ucb BSD gdbm_compat -Uuseithreads -Duselongdouble -DDEBUGGING=-g'
hint=recommended, useposix=true, d_sigaction=define
useithreads=undef, usemultiplicity=undef
use64bitint=define, use64bitall=define, uselongdouble=define
usemymalloc=n, bincompat5005=undef
Compiler:
cc='cc', ccflags ='-fwrapv -fno-strict-aliasing -pipe -fstack-protector-strong -I/usr/local/include -D_LARGEFILE_SOURCE -D_FILE_OFFSET_BITS=64 -D_FORTIFY_SOURCE=2',
optimize='-O2 -g',
cppflags='-fwrapv -fno-strict-aliasing -pipe -fstack-protector-strong -I/usr/local/include'
ccversion='', gccversion='5.3.1 20160409', gccosandvers=''
intsize=4, longsize=8, ptrsize=8, doublesize=8, byteorder=12345678, doublekind=3
d_longlong=define, longlongsize=8, d_longdbl=define, longdblsize=16, longdblkind=3
ivtype='long', ivsize=8, nvtype='long double', nvsize=16, Off_t='off_t', lseeksize=8
alignbytes=16, prototype=define
Linker and Libraries:
ld='cc', ldflags =' -fstack-protector-strong -L/usr/local/lib'
libpth=/usr/local/lib /usr/lib/gcc/x86_64-linux-gnu/5/include-fixed /usr/include/x86_64-linux-gnu /usr/lib /lib/x86_64-linux-gnu /lib/../lib /usr/lib/x86_64-linux-gnu /usr/lib/../lib /lib
libs=-lpthread -lnsl -ldl -lm -lcrypt -lutil -lc
perllibs=-lpthread -lnsl -ldl -lm -lcrypt -lutil -lc
libc=libc-2.22.so, so=so, useshrplib=false, libperl=libperl.a
gnulibc_version='2.22'
Dynamic Linking:
dlsrc=dl_dlopen.xs, dlext=so, d_dlsymun=undef, ccdlflags='-Wl,-E'
cccdlflags='-fPIC', lddlflags='-shared -O2 -g -L/usr/local/lib -fstack-protector-strong'
Characteristics of this binary (from libperl):
Compile-time options: HAS_TIMES PERLIO_LAYERS PERL_COPY_ON_WRITE
PERL_DONT_CREATE_GVSV
PERL_HASH_FUNC_ONE_AT_A_TIME_HARD PERL_MALLOC_WRAP
PERL_PRESERVE_IVUV PERL_USE_DEVEL USE_64_BIT_ALL
USE_64_BIT_INT USE_LARGE_FILES USE_LOCALE
USE_LOCALE_COLLATE USE_LOCALE_CTYPE
USE_LOCALE_NUMERIC USE_LOCALE_TIME USE_LONG_DOUBLE
USE_PERLIO USE_PERL_ATOF
Locally applied patches:
RC2
Built under linux
Compiled at Apr 24 2016 02:20:41
%ENV:
PERL="/tmp/basesmoker-reloperl-g0vU/bin/perl"
PERL5LIB=""
PERL5OPT=""
PERL5_CPANPLUS_IS_RUNNING="13170"
PERL5_CPAN_IS_RUNNING="13170"
PERL_CANARY_STABILITY_NOPROMPT="1"
PERL_MM_USE_DEFAULT="1"
@INC:
/home/sand/src/perl/repoperls/installed-perls/host/k93x64sid/v5.24.0-RC2/3bd2/lib/site_perl/5.24.0/x86_64-linux-ld
/home/sand/src/perl/repoperls/installed-perls/host/k93x64sid/v5.24.0-RC2/3bd2/lib/site_perl/5.24.0
/home/sand/src/perl/repoperls/installed-perls/host/k93x64sid/v5.24.0-RC2/3bd2/lib/5.24.0/x86_64-linux-ld
/home/sand/src/perl/repoperls/installed-perls/host/k93x64sid/v5.24.0-RC2/3bd2/lib/5.24.0
.