Back
From: metabase:user:3198cbe2-2aae-11df-837a-5e0a49663a4f
Subject: FAIL Lingua-FR-Ladl-v0.0.4 v5.18.0 GNU/Linux
Date: 2013-12-02T14:37:08Z
This distribution has been tested as part of the CPAN Testers
project, supporting the Perl programming language. See
http://wiki.cpantesters.org/ for more information or email
questions to cpan-testers-discuss@perl.org
--
Dear Ingrid Falk,
This is a computer-generated report for Lingua-FR-Ladl-v0.0.4
on perl 5.18.0, created by CPAN-Reporter-1.2010.
Thank you for uploading your work to CPAN. However, there was a problem
testing your distribution.
If you think this report is invalid, please consult the CPAN Testers Wiki
for suggestions on how to avoid getting FAIL reports for missing library
or binary dependencies, unsupported operating systems, and so on:
http://wiki.cpantesters.org/wiki/CPANAuthorNotes
Sections of this report:
* Tester comments
* Program output
* Prerequisites
* Environment and other context
------------------------------
TESTER COMMENTS
------------------------------
Additional comments from tester:
this report is from an automated smoke testing program
and was not reviewed by a human for accuracy
------------------------------
PROGRAM OUTPUT
------------------------------
Output from './Build test':
# Failed test 'use Lingua::FR::Ladl::Table;'
# at t/00.load.t line 5.
# Tried to use 'Lingua::FR::Ladl::Table'.
# Error: Can't locate Class/Std.pm in @INC (you may need to install the Class::Std module) (@INC contains: /home/graham/perls/caches/perl-5.18.0/build/Lingua-FR-Ladl-v0.0.4-OrOIwr/blib/lib /home/graham/perls/caches/perl-5.18.0/build/Lingua-FR-Ladl-v0.0.4-OrOIwr/blib/arch /home/graham/perls/perl5.18.0/lib/site_perl/5.18.0/x86_64-linux /home/graham/perls/perl5.18.0/lib/site_perl/5.18.0 /home/graham/perls/perl5.18.0/lib/5.18.0/x86_64-linux /home/graham/perls/perl5.18.0/lib/5.18.0 .) at /home/graham/perls/caches/perl-5.18.0/build/Lingua-FR-Ladl-v0.0.4-OrOIwr/blib/lib/Lingua/FR/Ladl/Parametrizer.pm line 10.
# BEGIN failed--compilation aborted at /home/graham/perls/caches/perl-5.18.0/build/Lingua-FR-Ladl-v0.0.4-OrOIwr/blib/lib/Lingua/FR/Ladl/Parametrizer.pm line 10.
# Compilation failed in require at /home/graham/perls/caches/perl-5.18.0/build/Lingua-FR-Ladl-v0.0.4-OrOIwr/blib/lib/Lingua/FR/Ladl/Table.pm line 17.
# BEGIN failed--compilation aborted at /home/graham/perls/caches/perl-5.18.0/build/Lingua-FR-Ladl-v0.0.4-OrOIwr/blib/lib/Lingua/FR/Ladl/Table.pm line 17.
# Compilation failed in require at t/00.load.t line 5.
# BEGIN failed--compilation aborted at t/00.load.t line 5.
# Failed test 'use Lingua::FR::Ladl::Parametrizer;'
# at t/00.load.t line 6.
# Tried to use 'Lingua::FR::Ladl::Parametrizer'.
# Error: Attempt to reload Lingua/FR/Ladl/Parametrizer.pm aborted.
# Compilation failed in require at t/00.load.t line 6.
# BEGIN failed--compilation aborted at t/00.load.t line 6.
# Testing Lingua::FR::Ladl 0.0.4
# Looks like you failed 2 tests of 4.
t/00.load.t .......
Dubious, test returned 2 (wstat 512, 0x200)
Failed 2/4 subtests
Can't locate Test/Perl/Critic.pm in @INC (you may need to install the Test::Perl::Critic module) (@INC contains: /home/graham/perls/caches/perl-5.18.0/build/Lingua-FR-Ladl-v0.0.4-OrOIwr/blib/lib /home/graham/perls/caches/perl-5.18.0/build/Lingua-FR-Ladl-v0.0.4-OrOIwr/blib/arch /home/graham/perls/perl5.18.0/lib/site_perl/5.18.0/x86_64-linux /home/graham/perls/perl5.18.0/lib/site_perl/5.18.0 /home/graham/perls/perl5.18.0/lib/5.18.0/x86_64-linux /home/graham/perls/perl5.18.0/lib/5.18.0 .) at t/perlcritic.t line 4.
BEGIN failed--compilation aborted at t/perlcritic.t line 4.
t/perlcritic.t ....
Dubious, test returned 2 (wstat 512, 0x200)
No subtests run
# Failed test 'with all-caps functions as privates'
# at /home/graham/perls/perl5.18.0/lib/site_perl/5.18.0/Test/Pod/Coverage.pm line 126.
# Lingua::FR::Ladl::Parametrizer: requiring 'Lingua::FR::Ladl::Parametrizer' failed
# Failed test 'with all-caps functions as privates'
# at /home/graham/perls/perl5.18.0/lib/site_perl/5.18.0/Test/Pod/Coverage.pm line 126.
# Lingua::FR::Ladl::Table: requiring 'Lingua::FR::Ladl::Table' failed
# Failed test 'with all-caps functions as privates'
# at /home/graham/perls/perl5.18.0/lib/site_perl/5.18.0/Test/Pod/Coverage.pm line 126.
# Lingua::FR::Ladl::Graph: requiring 'Lingua::FR::Ladl::Graph' failed
# Looks like you failed 3 tests of 6.
t/pod-coverage.t ..
Dubious, test returned 3 (wstat 768, 0x300)
Failed 3/6 subtests
# Failed test 'POD test for blib/lib/Lingua/FR/Ladl/Parametrizer.pm'
# at /home/graham/perls/perl5.18.0/lib/site_perl/5.18.0/Test/Pod.pm line 186.
# blib/lib/Lingua/FR/Ladl/Parametrizer.pm (98): Non-ASCII character seen before =encoding in '"Nég"'. Assuming UTF-8
# Looks like you failed 1 test of 6.
t/pod.t ...........
Dubious, test returned 1 (wstat 256, 0x100)
Failed 1/6 subtests
Test Summary Report
-------------------
t/00.load.t (Wstat: 512 Tests: 4 Failed: 2)
Failed tests: 2-3
Non-zero exit status: 2
t/perlcritic.t (Wstat: 512 Tests: 0 Failed: 0)
Non-zero exit status: 2
Parse errors: No plan found in TAP output
t/pod-coverage.t (Wstat: 768 Tests: 6 Failed: 3)
Failed tests: 2-3, 6
Non-zero exit status: 3
t/pod.t (Wstat: 256 Tests: 6 Failed: 1)
Failed test: 2
Non-zero exit status: 1
Files=4, Tests=16, 1 wallclock secs ( 0.04 usr 0.01 sys + 0.42 cusr 0.05 csys = 0.52 CPU)
Result: FAIL
Failed 4/4 test programs. 6/16 subtests failed.
------------------------------
PREREQUISITES
------------------------------
Prerequisite modules loaded:
requires:
Module Need Have
---------- ---- --------
Test::More 0 1.001002
version 0 0.9904
------------------------------
ENVIRONMENT AND OTHER CONTEXT
------------------------------
Environment variables:
AUTOMATED_TESTING = 1
LANG = en_GB.UTF-8
LC_ADDRESS = en_GB.UTF-8
LC_COLLATE = en_GB.UTF-8
LC_CTYPE = en_GB.UTF-8
LC_IDENTIFICATION = en_GB.UTF-8
LC_MEASUREMENT = en_GB.UTF-8
LC_MESSAGES = en_GB.UTF-8
LC_MONETARY = en_GB.UTF-8
LC_NAME = en_GB.UTF-8
LC_NUMERIC = en_GB.UTF-8
LC_PAPER = en_GB.UTF-8
LC_TELEPHONE = en_GB.UTF-8
LC_TIME = en_GB.UTF-8
PATH = /home/graham/perls/perl5.18.0/bin:/home/graham/perls/perl5.18.0/bin:/home/graham/perls/perl5.18.0/bin:/usr/local/sbin:/usr/local/bin:/usr/bin:/usr/bin/core_perl
PERL5LIB =
PERL5OPT =
PERL5_CPANPLUS_IS_RUNNING = 17182
PERL5_CPAN_IS_RUNNING = 17182
PERL5_CPAN_IS_RUNNING_IN_RECURSION = 22744,17182
PERL_CR_SMOKER_CURRENT = Lingua-FR-Ladl-v0.0.4
PERL_EXTUTILS_AUTOINSTALL = --defaultdeps
PERL_MM_USE_DEFAULT = 1
SHELL = /bin/bash
TERM = xterm
Perl special variables (and OS-specific diagnostics, for MSWin32):
$^X = /home/graham/perls/perl5.18.0/bin/perl
$UID/$EUID = 1000 / 1000
$GID = 100 10 100
$EGID = 100 10 100
Perl module toolchain versions installed:
Module Have
------------------- --------
CPAN 1.9402
CPAN::Meta 2.132830
Cwd 3.40
ExtUtils::CBuilder 0.280212
ExtUtils::Command 1.18
ExtUtils::Install 1.59
ExtUtils::MakeMaker 6.84
ExtUtils::Manifest 1.63
ExtUtils::ParseXS 3.22
File::Spec 3.40
JSON 2.90
JSON::PP 2.27203
Module::Build 0.4003
Module::Signature n/a
Parse::CPAN::Meta 1.4409
Test::Harness 3.30
Test::More 1.001002
YAML 0.87
YAML::Syck 1.27
version 0.9904
--
Summary of my perl5 (revision 5 version 18 subversion 0) configuration:
Platform:
osname=linux, osvers=3.11.6-1-arch, archname=x86_64-linux
uname='linux arch002 3.11.6-1-arch #1 smp preempt fri oct 18 23:22:36 cest 2013 x86_64 gnulinux '
config_args=''
hint=recommended, useposix=true, d_sigaction=define
useithreads=undef, usemultiplicity=undef
useperlio=define, d_sfio=undef, uselargefiles=define, usesocks=undef
use64bitint=define, use64bitall=define, uselongdouble=undef
usemymalloc=n, bincompat5005=undef
Compiler:
cc='cc', ccflags ='-fno-strict-aliasing -pipe -fstack-protector -I/usr/local/include -D_LARGEFILE_SOURCE -D_FILE_OFFSET_BITS=64',
optimize='-O2',
cppflags='-fno-strict-aliasing -pipe -fstack-protector -I/usr/local/include'
ccversion='', gccversion='4.8.2', gccosandvers=''
intsize=4, longsize=8, ptrsize=8, doublesize=8, byteorder=12345678
d_longlong=define, longlongsize=8, d_longdbl=define, longdblsize=16
ivtype='long', ivsize=8, nvtype='double', nvsize=8, Off_t='off_t', lseeksize=8
alignbytes=8, prototype=define
Linker and Libraries:
ld='cc', ldflags =' -fstack-protector -L/usr/local/lib'
libpth=/usr/local/lib /lib/../lib /usr/lib/../lib /lib /usr/lib /lib64 /usr/lib64
libs=-lnsl -lgdbm -ldb -ldl -lm -lcrypt -lutil -lc -lgdbm_compat
perllibs=-lnsl -ldl -lm -lcrypt -lutil -lc
libc=/lib/libc-2.18.so, so=so, useshrplib=false, libperl=libperl.a
gnulibc_version='2.18'
Dynamic Linking:
dlsrc=dl_dlopen.xs, dlext=so, d_dlsymun=undef, ccdlflags='-Wl,-E'
cccdlflags='-fPIC', lddlflags='-shared -O2 -L/usr/local/lib -fstack-protector'
Characteristics of this binary (from libperl):
Compile-time options: HAS_TIMES PERLIO_LAYERS PERL_DONT_CREATE_GVSV
PERL_HASH_FUNC_ONE_AT_A_TIME_HARD PERL_MALLOC_WRAP
PERL_PRESERVE_IVUV PERL_SAWAMPERSAND USE_64_BIT_ALL
USE_64_BIT_INT USE_LARGE_FILES USE_LOCALE
USE_LOCALE_COLLATE USE_LOCALE_CTYPE
USE_LOCALE_NUMERIC USE_PERLIO USE_PERL_ATOF
Built under linux
Compiled at Nov 3 2013 12:53:49
%ENV:
PERL5LIB=""
PERL5OPT=""
PERL5_CPANPLUS_IS_RUNNING="17182"
PERL5_CPAN_IS_RUNNING="17182"
PERL5_CPAN_IS_RUNNING_IN_RECURSION="22744,17182"
PERL_CR_SMOKER_CURRENT="Lingua-FR-Ladl-v0.0.4"
PERL_EXTUTILS_AUTOINSTALL="--defaultdeps"
PERL_MM_USE_DEFAULT="1"
@INC:
/home/graham/perls/perl5.18.0/lib/site_perl/5.18.0/x86_64-linux
/home/graham/perls/perl5.18.0/lib/site_perl/5.18.0
/home/graham/perls/perl5.18.0/lib/5.18.0/x86_64-linux
/home/graham/perls/perl5.18.0/lib/5.18.0
.