Back
From: metabase:user:d2c9f356-b46f-11df-9a90-20a83c0b7757
Subject: FAIL WWW-IRail-API-0.003 v5.15.4 SunOS/Solaris
Date: 2011-11-09T04:13:48Z
This distribution has been tested as part of the CPAN Testers
project, supporting the Perl programming language. See
http://wiki.cpantesters.org/ for more information or email
questions to cpan-testers-discuss@perl.org
--
Dear Tim Esselens,
This is a computer-generated report for WWW-IRail-API-0.003
on perl 5.15.4, created by CPAN-Reporter-1.2002.
Thank you for uploading your work to CPAN. However, there was a problem
testing your distribution.
If you think this report is invalid, please consult the CPAN Testers Wiki
for suggestions on how to avoid getting FAIL reports for missing library
or binary dependencies, unsupported operating systems, and so on:
http://wiki.cpantesters.org/wiki/CPANAuthorNotes
Sections of this report:
* Tester comments
* Program output
* Prerequisites
* Environment and other context
------------------------------
TESTER COMMENTS
------------------------------
Additional comments from tester:
this report is from an automated smoke testing program
and was not reviewed by a human for accuracy
------------------------------
PROGRAM OUTPUT
------------------------------
Output from '/usr/local/bin/make test':
PERL_DL_NONLAZY=1 /export/home/cpant4/perl5/bin/perl5.15.4 "-MExtUtils::Command::MM" "-e" "test_harness(0, 'blib/lib', 'blib/arch')" t/*.t
t/00_use.t .............. ok
Entity: line 1: parser error : Space required after the Public Identifier
<!DOCTYPE HTML PUBLIC "-//IETF//DTD HTML 2.0//EN">
^
Entity: line 1: parser error : SystemLiteral " or ' expected
<!DOCTYPE HTML PUBLIC "-//IETF//DTD HTML 2.0//EN">
^
Entity: line 1: parser error : SYSTEM or PUBLIC, the URI is missing
<!DOCTYPE HTML PUBLIC "-//IETF//DTD HTML 2.0//EN">
^
Entity: line 9: parser error : Opening and ending tag mismatch: hr line 7 and body
</body></html>
^
Entity: line 9: parser error : Opening and ending tag mismatch: body line 4 and html
</body></html>
^
Entity: line 10: parser error : Premature end of data in tag html line 2
^
# Tests were run but no plan was declared and done_testing() was not seen.
t/10_stations.t .........
Dubious, test returned 255 (wstat 65280, 0xff00)
All 3 subtests passed
t/release-pod-syntax.t .. skipped: these tests are for release candidate testing
Test Summary Report
-------------------
t/10_stations.t (Wstat: 65280 Tests: 3 Failed: 0)
Non-zero exit status: 255
Parse errors: No plan found in TAP output
Files=3, Tests=15, 0 wallclock secs ( 0.03 usr 0.01 sys + 0.57 cusr 0.08 csys = 0.69 CPU)
Result: FAIL
Failed 1/3 test programs. 0/15 subtests failed.
make: *** [test_dynamic] Error 255
------------------------------
PREREQUISITES
------------------------------
Prerequisite modules loaded:
requires:
Module Need Have
------------------------- ---- -----
Carp 0 1.23
common::sense 0 3.4
Date::Format 0 2.24
DateTime::Format::Natural 0 0.98
FindBin 0 1.51
HTTP::Request 0 6.00
HTTP::Request::Common 0 6.00
HTTP::Response 0 6.01
JSON::XS 0 2.32
LWP 0 6.03
LWP::UserAgent 0 6.03
parent 0 0.225
Test::Deep 0 0.108
Test::Most 0 0.25
XML::Simple 0 2.18
YAML 0 0.77
configure_requires:
Module Need Have
------------------------- ---- -----
ExtUtils::MakeMaker 6.31 6.62
------------------------------
ENVIRONMENT AND OTHER CONTEXT
------------------------------
Environment variables:
AUTOMATED_TESTING = 1
LANG = C
LD_LIBRARY_PATH = /usr/local/lib:
PATH = /export/home/cpant4/perl5/bin:/usr/local/bin:/usr/bin
PERL5LIB = /export/home/cpant4/.cpan/build/Test-Most-0.25-vIhyjs/blib/arch:/export/home/cpant4/.cpan/build/Test-Most-0.25-vIhyjs/blib/lib:/export/home/cpant4/.cpan/build/XML-Simple-2.18-t6OEpH/blib/arch:/export/home/cpant4/.cpan/build/XML-Simple-2.18-t6OEpH/blib/lib:/export/home/cpant4/.cpan/build/DateTime-Format-Natural-0.98-n4mhYj/blib/arch:/export/home/cpant4/.cpan/build/DateTime-Format-Natural-0.98-n4mhYj/blib/lib:/export/home/cpant4/.cpan/build/boolean-0.28-HiTGxP/blib/arch:/export/home/cpant4/.cpan/build/boolean-0.28-HiTGxP/blib/lib:/export/home/cpant4/.cpan/build/Test-MockTime-0.12-iRSyzb/blib/arch:/export/home/cpant4/.cpan/build/Test-MockTime-0.12-iRSyzb/blib/lib
PERL5OPT =
PERL5_CPANPLUS_IS_RUNNING = 24837
PERL5_CPAN_IS_RUNNING = 24837
PERL5_CPAN_IS_RUNNING_IN_RECURSION = 8306,24837
PERL_CR_SMOKER_CURRENT = WWW-IRail-API-0.003
PERL_EXTUTILS_AUTOINSTALL = --defaultdeps
PERL_MM_USE_DEFAULT = 1
SHELL = /bin/bash
TERM = xterm
Perl special variables (and OS-specific diagnostics, for MSWin32):
$^X = /export/home/cpant4/perl5/bin/perl5.15.4
$UID/$EUID = 104 / 104
$GID = 1 1
$EGID = 1 1
Perl module toolchain versions installed:
Module Have
------------------- --------
CPAN 1.9800
CPAN::Meta 2.112621
Cwd 3.37
ExtUtils::CBuilder 0.280204
ExtUtils::Command 1.17
ExtUtils::Install 1.57
ExtUtils::MakeMaker 6.62
ExtUtils::Manifest 1.60
ExtUtils::ParseXS 3.05
File::Spec 3.34
JSON 2.53
JSON::PP 2.27200
Module::Build 0.39_01
Module::Signature n/a
Parse::CPAN::Meta 1.4401
Test::Harness 3.23
Test::More 0.98
YAML 0.77
YAML::Syck n/a
version 0.94
--
Summary of my perl5 (revision 5 version 15 subversion 4) configuration:
Platform:
osname=solaris, osvers=2.10, archname=i86pc-solaris-64int
uname='sunos vmrz0046 5.10 generic_141445-09 i86pc i386 i86pc solaris '
config_args='-Dcc=gcc -Dprefix=~/perl5 -Duse64bitint -Dusedevel -d'
hint=recommended, useposix=true, d_sigaction=define
useithreads=undef, usemultiplicity=undef
useperlio=define, d_sfio=undef, uselargefiles=define, usesocks=undef
use64bitint=define, use64bitall=undef, uselongdouble=undef
usemymalloc=n, bincompat5005=undef
Compiler:
cc='gcc', ccflags ='-DPTR_IS_LONG -fno-strict-aliasing -pipe -I/usr/local/include -D_LARGEFILE_SOURCE -D_FILE_OFFSET_BITS=64 -DPERL_USE_SAFE_PUTENV',
optimize='-O',
cppflags='-DPTR_IS_LONG -fno-strict-aliasing -pipe -I/usr/local/include'
ccversion='', gccversion='3.4.6', gccosandvers='solaris2.10'
intsize=4, longsize=4, ptrsize=4, doublesize=8, byteorder=12345678
d_longlong=define, longlongsize=8, d_longdbl=define, longdblsize=12
ivtype='long long', ivsize=8, nvtype='double', nvsize=8, Off_t='off_t', lseeksize=8
alignbytes=4, prototype=define
Linker and Libraries:
ld='gcc', ldflags =' -L/usr/local/lib '
libpth=/usr/local/lib /usr/lib /usr/ccs/lib
libs=-lsocket -lnsl -lgdbm -ldl -lm -lc
perllibs=-lsocket -lnsl -ldl -lm -lc
libc=/lib/libc.so, so=so, useshrplib=false, libperl=libperl.a
gnulibc_version=''
Dynamic Linking:
dlsrc=dl_dlopen.xs, dlext=so, d_dlsymun=undef, ccdlflags=' '
cccdlflags='-fPIC', lddlflags='-G -L/usr/local/lib'
Characteristics of this binary (from libperl):
Compile-time options: HAS_TIMES PERLIO_LAYERS PERL_DONT_CREATE_GVSV
PERL_MALLOC_WRAP PERL_PRESERVE_IVUV PERL_USE_DEVEL
PERL_USE_SAFE_PUTENV USE_64_BIT_INT USE_LARGE_FILES
USE_LOCALE USE_LOCALE_COLLATE USE_LOCALE_CTYPE
USE_LOCALE_NUMERIC USE_PERLIO USE_PERL_ATOF
Built under solaris
Compiled at Oct 24 2011 11:26:38
%ENV:
PERL5LIB="/export/home/cpant4/.cpan/build/Test-Most-0.25-vIhyjs/blib/arch:/export/home/cpant4/.cpan/build/Test-Most-0.25-vIhyjs/blib/lib:/export/home/cpant4/.cpan/build/XML-Simple-2.18-t6OEpH/blib/arch:/export/home/cpant4/.cpan/build/XML-Simple-2.18-t6OEpH/blib/lib:/export/home/cpant4/.cpan/build/DateTime-Format-Natural-0.98-n4mhYj/blib/arch:/export/home/cpant4/.cpan/build/DateTime-Format-Natural-0.98-n4mhYj/blib/lib:/export/home/cpant4/.cpan/build/boolean-0.28-HiTGxP/blib/arch:/export/home/cpant4/.cpan/build/boolean-0.28-HiTGxP/blib/lib:/export/home/cpant4/.cpan/build/Test-MockTime-0.12-iRSyzb/blib/arch:/export/home/cpant4/.cpan/build/Test-MockTime-0.12-iRSyzb/blib/lib"
PERL5OPT=""
PERL5_CPANPLUS_IS_RUNNING="24837"
PERL5_CPAN_IS_RUNNING="24837"
PERL5_CPAN_IS_RUNNING_IN_RECURSION="8306,24837"
PERL_CR_SMOKER_CURRENT="WWW-IRail-API-0.003"
PERL_EXTUTILS_AUTOINSTALL="--defaultdeps"
PERL_MM_USE_DEFAULT="1"
@INC:
/export/home/cpant4/.cpan/build/Test-Most-0.25-vIhyjs/blib/arch
/export/home/cpant4/.cpan/build/Test-Most-0.25-vIhyjs/blib/lib
/export/home/cpant4/.cpan/build/XML-Simple-2.18-t6OEpH/blib/arch
/export/home/cpant4/.cpan/build/XML-Simple-2.18-t6OEpH/blib/lib
/export/home/cpant4/.cpan/build/DateTime-Format-Natural-0.98-n4mhYj/blib/arch
/export/home/cpant4/.cpan/build/DateTime-Format-Natural-0.98-n4mhYj/blib/lib
/export/home/cpant4/.cpan/build/boolean-0.28-HiTGxP/blib/arch
/export/home/cpant4/.cpan/build/boolean-0.28-HiTGxP/blib/lib
/export/home/cpant4/.cpan/build/Test-MockTime-0.12-iRSyzb/blib/arch
/export/home/cpant4/.cpan/build/Test-MockTime-0.12-iRSyzb/blib/lib
/export/home/cpant4/perl5/lib/site_perl/5.15.4/i86pc-solaris-64int
/export/home/cpant4/perl5/lib/site_perl/5.15.4
/export/home/cpant4/perl5/lib/5.15.4/i86pc-solaris-64int
/export/home/cpant4/perl5/lib/5.15.4
/export/home/cpant4/perl5/lib/site_perl
.