Report for Palm-Magellan-NavCompanion-0.54

Back
From: metabase:user:320bfe00-2aae-11df-837a-5e0a49663a4f
Subject: FAIL Palm-Magellan-NavCompanion-0.54 v5.20.1 GNU/Linux
Date: 2015-01-01T23:45:10Z

This distribution has been tested as part of the CPAN Testers
project, supporting the Perl programming language.  See
http://wiki.cpantesters.org/ for more information or email
questions to cpan-testers-discuss@perl.org


--
Dear Adoptable Modules,

This is a computer-generated report for Palm-Magellan-NavCompanion-0.54
on perl 5.20.1, created by CPAN-Reporter-1.2011.

Thank you for uploading your work to CPAN.  However, there was a problem
testing your distribution.

If you think this report is invalid, please consult the CPAN Testers Wiki
for suggestions on how to avoid getting FAIL reports for missing library
or binary dependencies, unsupported operating systems, and so on:

http://wiki.cpantesters.org/wiki/CPANAuthorNotes

Sections of this report:

    * Tester comments
    * Program output
    * Prerequisites
    * Environment and other context

------------------------------
TESTER COMMENTS
------------------------------

Additional comments from tester:

this report is from an automated smoke testing program
and was not reviewed by a human for accuracy

------------------------------
PROGRAM OUTPUT
------------------------------

Output from '/usr/bin/make test':

PERL_DL_NONLAZY=1 "/home/sand/src/perl/repoperls/installed-perls/perl/v5.20.1/a2da/bin/perl" "-MExtUtils::Command::MM" "-MTest::Harness" "-e" "undef *Test::Harness::Switches; test_harness(0, 'blib/lib', 'blib/arch')" t/*.t

#   Failed test 'use Palm::Magellan::NavCompanion;'
#   at t/compile.t line 7.
#     Tried to use 'Palm::Magellan::NavCompanion'.
#     Error:  Can't locate Palm/Magellan/NavCompanion.pm in @INC (you may need to install the Palm::Magellan::NavCompanion module) (@INC contains: /tmp/loop_over_bdir-23401-hlQiug/Palm-Magellan-NavCompanion-0.54-aHuQjq/blib/lib /tmp/loop_over_bdir-23401-hlQiug/Palm-Magellan-NavCompanion-0.54-aHuQjq/blib/arch /home/sand/src/perl/repoperls/installed-perls/perl/v5.20.1/a2da/lib/site_perl/5.20.1/x86_64-linux-thread-multi-ld /home/sand/src/perl/repoperls/installed-perls/perl/v5.20.1/a2da/lib/site_perl/5.20.1 /home/sand/src/perl/repoperls/installed-perls/perl/v5.20.1/a2da/lib/5.20.1/x86_64-linux-thread-multi-ld /home/sand/src/perl/repoperls/installed-perls/perl/v5.20.1/a2da/lib/5.20.1 .) at t/compile.t line 7.
# BEGIN failed--compilation aborted at t/compile.t line 7.
# Looks like you failed 1 test of 1.
t/compile.t ....... 
Dubious, test returned 1 (wstat 256, 0x100)
Failed 1/1 subtests 

#   Failed test 'use Palm::Magellan::NavCompanion;'
#   at t/fields.t line 3.
#     Tried to use 'Palm::Magellan::NavCompanion'.
#     Error:  Can't locate Palm/Magellan/NavCompanion.pm in @INC (you may need to install the Palm::Magellan::NavCompanion module) (@INC contains: /tmp/loop_over_bdir-23401-hlQiug/Palm-Magellan-NavCompanion-0.54-aHuQjq/blib/lib /tmp/loop_over_bdir-23401-hlQiug/Palm-Magellan-NavCompanion-0.54-aHuQjq/blib/arch /home/sand/src/perl/repoperls/installed-perls/perl/v5.20.1/a2da/lib/site_perl/5.20.1/x86_64-linux-thread-multi-ld /home/sand/src/perl/repoperls/installed-perls/perl/v5.20.1/a2da/lib/site_perl/5.20.1 /home/sand/src/perl/repoperls/installed-perls/perl/v5.20.1/a2da/lib/5.20.1/x86_64-linux-thread-multi-ld /home/sand/src/perl/repoperls/installed-perls/perl/v5.20.1/a2da/lib/5.20.1 .) at t/fields.t line 3.
# BEGIN failed--compilation aborted at t/fields.t line 3.
Can't locate object method "new" via package "Palm::PDB" (perhaps you forgot to load "Palm::PDB"?) at t/fields.t line 5.
# Looks like you planned 6 tests but ran 1.
# Looks like you failed 1 test of 1 run.
# Looks like your test exited with 255 just after 1.
t/fields.t ........ 
Dubious, test returned 255 (wstat 65280, 0xff00)
Failed 6/6 subtests 

#   Failed test 'use Palm::Magellan::NavCompanion;'
#   at t/Load.t line 3.
#     Tried to use 'Palm::Magellan::NavCompanion'.
#     Error:  Can't locate Palm/Magellan/NavCompanion.pm in @INC (you may need to install the Palm::Magellan::NavCompanion module) (@INC contains: /tmp/loop_over_bdir-23401-hlQiug/Palm-Magellan-NavCompanion-0.54-aHuQjq/blib/lib /tmp/loop_over_bdir-23401-hlQiug/Palm-Magellan-NavCompanion-0.54-aHuQjq/blib/arch /home/sand/src/perl/repoperls/installed-perls/perl/v5.20.1/a2da/lib/site_perl/5.20.1/x86_64-linux-thread-multi-ld /home/sand/src/perl/repoperls/installed-perls/perl/v5.20.1/a2da/lib/site_perl/5.20.1 /home/sand/src/perl/repoperls/installed-perls/perl/v5.20.1/a2da/lib/5.20.1/x86_64-linux-thread-multi-ld /home/sand/src/perl/repoperls/installed-perls/perl/v5.20.1/a2da/lib/5.20.1 .) at t/Load.t line 3.
# BEGIN failed--compilation aborted at t/Load.t line 3.
No handler defined for creator "MGtz", type "Twpt"
# Looks like you failed 1 test of 3.
# Looks like your test exited with 255 just after 3.
t/Load.t .......... 
Dubious, test returned 255 (wstat 65280, 0xff00)
Failed 1/3 subtests 
t/pod.t ........... ok

#   Failed test 'Pod coverage on Palm::Magellan::NavCompanion'
#   at t/pod_coverage.t line 12.
# Palm::Magellan::NavCompanion: couldn't find pod
# Looks like you failed 1 test of 1.
t/pod_coverage.t .. 
Dubious, test returned 1 (wstat 256, 0x100)
Failed 1/1 subtests 
t/prereq.t ........ skipped: Test::Prereq 1.00 required for testing prereqs

#   Failed test 'use Palm::Magellan::NavCompanion;'
#   at t/raw_records.t line 3.
#     Tried to use 'Palm::Magellan::NavCompanion'.
#     Error:  Can't locate Palm/Magellan/NavCompanion.pm in @INC (you may need to install the Palm::Magellan::NavCompanion module) (@INC contains: /tmp/loop_over_bdir-23401-hlQiug/Palm-Magellan-NavCompanion-0.54-aHuQjq/blib/lib /tmp/loop_over_bdir-23401-hlQiug/Palm-Magellan-NavCompanion-0.54-aHuQjq/blib/arch /home/sand/src/perl/repoperls/installed-perls/perl/v5.20.1/a2da/lib/site_perl/5.20.1/x86_64-linux-thread-multi-ld /home/sand/src/perl/repoperls/installed-perls/perl/v5.20.1/a2da/lib/site_perl/5.20.1 /home/sand/src/perl/repoperls/installed-perls/perl/v5.20.1/a2da/lib/5.20.1/x86_64-linux-thread-multi-ld /home/sand/src/perl/repoperls/installed-perls/perl/v5.20.1/a2da/lib/5.20.1 .) at t/raw_records.t line 3.
# BEGIN failed--compilation aborted at t/raw_records.t line 3.
Can't locate object method "new" via package "Palm::PDB" (perhaps you forgot to load "Palm::PDB"?) at t/raw_records.t line 5.
# Looks like you planned 5 tests but ran 1.
# Looks like you failed 1 test of 1 run.
# Looks like your test exited with 255 just after 1.
t/raw_records.t ... 
Dubious, test returned 255 (wstat 65280, 0xff00)
Failed 5/5 subtests 

Test Summary Report
-------------------
t/compile.t     (Wstat: 256 Tests: 1 Failed: 1)
  Failed test:  1
  Non-zero exit status: 1
t/fields.t      (Wstat: 65280 Tests: 1 Failed: 1)
  Failed test:  1
  Non-zero exit status: 255
  Parse errors: Bad plan.  You planned 6 tests but ran 1.
t/Load.t        (Wstat: 65280 Tests: 3 Failed: 1)
  Failed test:  1
  Non-zero exit status: 255
t/pod_coverage.t (Wstat: 256 Tests: 1 Failed: 1)
  Failed test:  1
  Non-zero exit status: 1
t/raw_records.t (Wstat: 65280 Tests: 1 Failed: 1)
  Failed test:  1
  Non-zero exit status: 255
  Parse errors: Bad plan.  You planned 5 tests but ran 1.
Files=7, Tests=8,  1 wallclock secs ( 0.04 usr  0.01 sys +  0.44 cusr  0.04 csys =  0.53 CPU)
Result: FAIL
Failed 5/7 test programs. 5/8 subtests failed.
Makefile:775: recipe for target 'test_dynamic' failed
make: *** [test_dynamic] Error 255

------------------------------
PREREQUISITES
------------------------------

Prerequisite modules loaded:

requires:

    Module              Need Have        
    ------------------- ---- ------------
    Palm::Raw           0    1.015       
    Palm::StdAppInfo    0    1.014       
    Test::More          0    1.301001_096

build_requires:

    Module              Need Have        
    ------------------- ---- ------------
    ExtUtils::MakeMaker 0    7.05_05     

configure_requires:

    Module              Need Have        
    ------------------- ---- ------------
    ExtUtils::MakeMaker 0    7.05_05     


------------------------------
ENVIRONMENT AND OTHER CONTEXT
------------------------------

Environment variables:

    AUTOMATED_TESTING = 1
    LANG = en_US.UTF-8
    LANGUAGE = en_US:en
    PATH = /home/sand/bin:/usr/local/bin:/usr/bin:/bin:/usr/games:/usr/local/perl/bin:/usr/X11/bin:/sbin:/usr/sbin
    PERL5LIB = 
    PERL5OPT = 
    PERL5_CPANPLUS_IS_RUNNING = 23403
    PERL5_CPAN_IS_RUNNING = 23403
    PERL_MM_USE_DEFAULT = 1
    SHELL = /usr/bin/zsh
    TERM = screen

Perl special variables (and OS-specific diagnostics, for MSWin32):

    $^X = /home/sand/src/perl/repoperls/installed-perls/perl/v5.20.1/a2da/bin/perl
    $UID/$EUID = 1005 / 1005
    $GID = 1005 1005
    $EGID = 1005 1005

Perl module toolchain versions installed:

    Module              Have        
    ------------------- ------------
    CPAN                2.05        
    CPAN::Meta          2.143240    
    Cwd                 3.48        
    ExtUtils::CBuilder  0.280220    
    ExtUtils::Command   7.05_05     
    ExtUtils::Install   1.67        
    ExtUtils::MakeMaker 7.05_05     
    ExtUtils::Manifest  1.70        
    ExtUtils::ParseXS   3.24        
    File::Spec          3.48        
    JSON                2.90        
    JSON::PP            2.27203     
    Module::Build       0.4210      
    Module::Signature   0.73        
    Parse::CPAN::Meta   1.4414      
    Test::Harness       3.34        
    Test::More          1.301001_096
    YAML                1.13        
    YAML::Syck          1.29        
    version             0.9909      


--

Summary of my perl5 (revision 5 version 20 subversion 1) configuration:
  Commit id: 4f732e9acf9b96a6e70ba729c7eae63906b663e5
  Platform:
    osname=linux, osvers=3.16.0-4-amd64, archname=x86_64-linux-thread-multi-ld
    uname='linux k83 3.16.0-4-amd64 #1 smp debian 3.16.7-2 (2014-11-06) x86_64 gnulinux '
    config_args='-Dprefix=/home/sand/src/perl/repoperls/installed-perls/perl/v5.20.1/a2da -Dmyhostname=k83 -Dinstallusrbinperl=n -Uversiononly -Dusedevel -des -Ui_db -Duseithreads -Duselongdouble -DDEBUGGING=-g'
    hint=recommended, useposix=true, d_sigaction=define
    useithreads=define, usemultiplicity=define
    use64bitint=define, use64bitall=define, uselongdouble=define
    usemymalloc=n, bincompat5005=undef
  Compiler:
    cc='cc', ccflags ='-D_REENTRANT -D_GNU_SOURCE -fwrapv -fno-strict-aliasing -pipe -fstack-protector -I/usr/local/include -D_LARGEFILE_SOURCE -D_FILE_OFFSET_BITS=64',
    optimize='-O2 -g',
    cppflags='-D_REENTRANT -D_GNU_SOURCE -fwrapv -fno-strict-aliasing -pipe -fstack-protector -I/usr/local/include'
    ccversion='', gccversion='4.9.2', gccosandvers=''
    intsize=4, longsize=8, ptrsize=8, doublesize=8, byteorder=12345678
    d_longlong=define, longlongsize=8, d_longdbl=define, longdblsize=16
    ivtype='long', ivsize=8, nvtype='long double', nvsize=16, Off_t='off_t', lseeksize=8
    alignbytes=16, prototype=define
  Linker and Libraries:
    ld='cc', ldflags =' -fstack-protector -L/usr/local/lib'
    libpth=/usr/local/lib /usr/lib/gcc/x86_64-linux-gnu/4.9/include-fixed /usr/include/x86_64-linux-gnu /usr/lib /lib/x86_64-linux-gnu /lib/../lib /usr/lib/x86_64-linux-gnu /usr/lib/../lib /lib
    libs=-lnsl -lgdbm -ldb -ldl -lm -lcrypt -lutil -lpthread -lc -lgdbm_compat
    perllibs=-lnsl -ldl -lm -lcrypt -lutil -lpthread -lc
    libc=libc-2.19.so, so=so, useshrplib=false, libperl=libperl.a
    gnulibc_version='2.19'
  Dynamic Linking:
    dlsrc=dl_dlopen.xs, dlext=so, d_dlsymun=undef, ccdlflags='-Wl,-E'
    cccdlflags='-fPIC', lddlflags='-shared -O2 -g -L/usr/local/lib -fstack-protector'


Characteristics of this binary (from libperl): 
  Compile-time options: HAS_TIMES MULTIPLICITY PERLIO_LAYERS
                        PERL_DONT_CREATE_GVSV
                        PERL_HASH_FUNC_ONE_AT_A_TIME_HARD
                        PERL_IMPLICIT_CONTEXT PERL_MALLOC_WRAP
                        PERL_NEW_COPY_ON_WRITE PERL_PRESERVE_IVUV
                        PERL_USE_DEVEL USE_64_BIT_ALL USE_64_BIT_INT
                        USE_ITHREADS USE_LARGE_FILES USE_LOCALE
                        USE_LOCALE_COLLATE USE_LOCALE_CTYPE
                        USE_LOCALE_NUMERIC USE_LONG_DOUBLE USE_PERLIO
                        USE_PERL_ATOF USE_REENTRANT_API
  Built under linux
  Compiled at Dec  4 2014 16:12:21
  %ENV:
    PERL5LIB=""
    PERL5OPT=""
    PERL5_CPANPLUS_IS_RUNNING="23403"
    PERL5_CPAN_IS_RUNNING="23403"
    PERL_MM_USE_DEFAULT="1"
  @INC:
    /home/sand/src/perl/repoperls/installed-perls/perl/v5.20.1/a2da/lib/site_perl/5.20.1/x86_64-linux-thread-multi-ld
    /home/sand/src/perl/repoperls/installed-perls/perl/v5.20.1/a2da/lib/site_perl/5.20.1
    /home/sand/src/perl/repoperls/installed-perls/perl/v5.20.1/a2da/lib/5.20.1/x86_64-linux-thread-multi-ld
    /home/sand/src/perl/repoperls/installed-perls/perl/v5.20.1/a2da/lib/5.20.1
    .