Report for Git-Class-0.13

Back
From: metabase:user:31d414ea-2aae-11df-837a-5e0a49663a4f
Subject: FAIL Git-Class-0.13 v5.16.1 GNU/Linux
Date: 2012-11-29T21:46:25Z

This distribution has been tested as part of the CPAN Testers
project, supporting the Perl programming language.  See
http://wiki.cpantesters.org/ for more information or email
questions to cpan-testers-discuss@perl.org


--
Dear Kenichi Ishigaki,

This is a computer-generated report for Git-Class-0.13
on perl 5.16.1, created by CPAN-Reporter-1.2006.

Thank you for uploading your work to CPAN.  However, there was a problem
testing your distribution.

If you think this report is invalid, please consult the CPAN Testers Wiki
for suggestions on how to avoid getting FAIL reports for missing library
or binary dependencies, unsupported operating systems, and so on:

http://wiki.cpantesters.org/wiki/CPANAuthorNotes

Sections of this report:

    * Tester comments
    * Program output
    * Prerequisites
    * Environment and other context

------------------------------
TESTER COMMENTS
------------------------------

Additional comments from tester:

this report is from an automated smoke testing program
and was not reviewed by a human for accuracy

------------------------------
PROGRAM OUTPUT
------------------------------

Output from '/usr/bin/make test':

PERL_DL_NONLAZY=1 /home/david/cpantesting/perl-5.16.1/bin/perl "-MExtUtils::Command::MM" "-e" "test_harness(0, 'blib/lib', 'blib/arch')" t/*.t
t/00_load.t .......... ok
t/10_role_error.t .... ok
t/10_role_execute.t .. ok

#   Failed test 'Basic: test00_init: .git exists'
#   at t/lib/Git/Class/Test/Cmd/Basic.pm line 39.
[error] Can't open /tmp/pLuM8i4E73/.git/config: No such file or directory at /home/david/cpantesting/perl-5.16.1/lib/site_perl/5.16.1/Path/Extended/File.pm line 38.
[warn] Can't read/tmp/pLuM8i4E73/.git/config at /home/david/cpantesting/perl-5.16.1/lib/site_perl/5.16.1/Path/Extended/File.pm line 158.
Use of uninitialized value $this in pattern match (m//) at t/lib/Git/Class/Test/Cmd/Basic.pm line 56.

#   Failed test 'Basic: test01_config: contains user.email'
#   at t/lib/Git/Class/Test/Cmd/Basic.pm line 56.
#                   undef
#     doesn't match '(?^:email\s*=\s*test\@localhost)'
Use of uninitialized value $this in pattern match (m//) at t/lib/Git/Class/Test/Cmd/Basic.pm line 57.

#   Failed test 'Basic: test01_config: contains user.name'
#   at t/lib/Git/Class/Test/Cmd/Basic.pm line 57.
#                   undef
#     doesn't match '(?^:name\s*=\s*(['"]?)foo bar\1)'
fatal: Not a git repository
Git::Class::Test::Cmd::Basic::test02_add(): fatal: Not a git repository at /home/david/cpantesting/perl-5.16.1/lib/site_perl/5.16.1/Test/Classy/Base.pm line 194
fatal: Not a git repository
Git::Class::Test::Cmd::Basic::test03_commit(): fatal: Not a git repository at /home/david/cpantesting/perl-5.16.1/lib/site_perl/5.16.1/Test/Classy/Base.pm line 194

#   Failed test 'Basic: test03_commit: committed to the local repository'
#   at t/lib/Git/Class/Test/Cmd/Basic.pm line 81.
# Looks like you failed 4 tests of 12.
t/20_cmd.t ........... 
Dubious, test returned 4 (wstat 1024, 0x400)
Failed 4/12 subtests 

#   Failed test 'Basic: test01_init: .git exists'
#   at t/lib/Git/Class/Test/Worktree/Basic.pm line 54.
[error] Can't open /tmp/sehwz7DbMe/.git/config: No such file or directory at /home/david/cpantesting/perl-5.16.1/lib/site_perl/5.16.1/Path/Extended/File.pm line 38.
[warn] Can't read/tmp/sehwz7DbMe/.git/config at /home/david/cpantesting/perl-5.16.1/lib/site_perl/5.16.1/Path/Extended/File.pm line 158.
Use of uninitialized value $this in pattern match (m//) at t/lib/Git/Class/Test/Worktree/Basic.pm line 71.

#   Failed test 'Basic: test02_config: contains user.email'
#   at t/lib/Git/Class/Test/Worktree/Basic.pm line 71.
#                   undef
#     doesn't match '(?^:email\s*=\s*test\@localhost)'
Use of uninitialized value $this in pattern match (m//) at t/lib/Git/Class/Test/Worktree/Basic.pm line 72.

#   Failed test 'Basic: test02_config: contains user.name'
#   at t/lib/Git/Class/Test/Worktree/Basic.pm line 72.
#                   undef
#     doesn't match '(?^:name\s*=\s*(['"]?)foo bar\1)'
Git::Class::Test::Worktree::Basic::test03_add(): fatal: Not a git repository at /home/david/cpantesting/perl-5.16.1/lib/site_perl/5.16.1/Test/Classy/Base.pm line 194
Git::Class::Test::Worktree::Basic::test03_commit(): fatal: Not a git repository at /home/david/cpantesting/perl-5.16.1/lib/site_perl/5.16.1/Test/Classy/Base.pm line 194

#   Failed test 'Basic: test03_commit: committed to the local repository'
#   at t/lib/Git/Class/Test/Worktree/Basic.pm line 96.
# Looks like you failed 4 tests of 18.
t/30_worktree.t ...... 
Dubious, test returned 4 (wstat 1024, 0x400)
Failed 4/18 subtests 
t/99_pod.t ........... skipped: set TEST_POD to enable this test
t/99_podcoverage.t ... skipped: Test::Pod::Coverage 1.04 required

Test Summary Report
-------------------
t/20_cmd.t         (Wstat: 1024 Tests: 12 Failed: 4)
  Failed tests:  4, 7-8, 11
  Non-zero exit status: 4
t/30_worktree.t    (Wstat: 1024 Tests: 18 Failed: 4)
  Failed tests:  8, 11-12, 15
  Non-zero exit status: 4
Files=7, Tests=92,  1 wallclock secs ( 0.03 usr  0.03 sys +  0.70 cusr  0.32 csys =  1.08 CPU)
Result: FAIL
Failed 2/7 test programs. 8/92 subtests failed.
make: *** [test_dynamic] Error 255

------------------------------
PREREQUISITES
------------------------------

Prerequisite modules loaded:

requires:

    Module              Need Have   
    ------------------- ---- -------
    Any::Moose          0.09 0.18   
    Capture::Tiny       0    0.19   
    Carp::Clan          0    6.04   
    File::Spec          0    3.39_02
    Module::Find        0    0.11   
    Mouse               0.23 1.02   
    MRO::Compat         0    0.11   
    Path::Extended      0.19 0.21   
    Scope::Guard        0    0.20   
    String::ShellQuote  0    1.04   
    Try::Tiny           0    0.11   
    URI::Escape         0    3.31   

build_requires:

    Module              Need Have   
    ------------------- ---- -------
    Test::Classy        0.07 0.09   
    Test::More          0.47 0.98   
    Test::UseAllModules 0.12 0.14   

configure_requires:

    Module              Need Have   
    ------------------- ---- -------
    ExtUtils::MakeMaker 0    6.63_02


------------------------------
ENVIRONMENT AND OTHER CONTEXT
------------------------------

Environment variables:

    AUTOMATED_TESTING = 1
    PATH = /usr/local/bin:/usr/bin:/bin:/usr/games
    PERL = 5.16.1
    PERL5LIB = 
    PERL5OPT = 
    PERL5_CPANPLUS_IS_RUNNING = 2708
    PERL5_CPAN_IS_RUNNING = 2708
    PERLVER = 5.16.1
    PERL_INLINE_DIRECTORY = /home/david/.Inline-5.16.1
    PERL_MM_USE_DEFAULT = 1
    SHELL = /bin/bash
    TERM = screen

Perl special variables (and OS-specific diagnostics, for MSWin32):

    $^X = /home/david/cpantesting/perl-5.16.1/bin/perl
    $UID/$EUID = 1000 / 1000
    $GID = 1000 1000
    $EGID = 1000 1000

Perl module toolchain versions installed:

    Module              Have    
    ------------------- --------
    CPAN                1.9800  
    CPAN::Meta          2.120921
    Cwd                 3.39_02 
    ExtUtils::CBuilder  0.280206
    ExtUtils::Command   1.17    
    ExtUtils::Install   1.58    
    ExtUtils::MakeMaker 6.63_02 
    ExtUtils::Manifest  1.61    
    ExtUtils::ParseXS   3.16    
    File::Spec          3.39_02 
    JSON                2.53    
    JSON::PP            2.27200 
    Module::Build       0.4003  
    Module::Signature   0.70    
    Parse::CPAN::Meta   1.4404  
    Test::Harness       3.23    
    Test::More          0.98    
    YAML                0.84    
    YAML::Syck          1.21    
    version             0.99    


--

Summary of my perl5 (revision 5 version 16 subversion 1) configuration:
   
  Platform:
    osname=linux, osvers=2.6.32-5-xen-amd64, archname=x86_64-linux-thread-multi
    uname='linux pigsty.barnyard.co.uk 2.6.32-5-xen-amd64 #1 smp sun may 6 08:57:29 utc 2012 x86_64 gnulinux '
    config_args='-de -Dprefix=/home/david/cpantesting/perl-5.16.1 -Dusethreads -Duse64bitall'
    hint=recommended, useposix=true, d_sigaction=define
    useithreads=define, usemultiplicity=define
    useperlio=define, d_sfio=undef, uselargefiles=define, usesocks=undef
    use64bitint=define, use64bitall=define, uselongdouble=undef
    usemymalloc=n, bincompat5005=undef
  Compiler:
    cc='cc', ccflags ='-D_REENTRANT -D_GNU_SOURCE -fno-strict-aliasing -pipe -fstack-protector -I/usr/local/include -D_LARGEFILE_SOURCE -D_FILE_OFFSET_BITS=64',
    optimize='-O2',
    cppflags='-D_REENTRANT -D_GNU_SOURCE -fno-strict-aliasing -pipe -fstack-protector -I/usr/local/include'
    ccversion='', gccversion='4.1.2 20061115 (prerelease) (Debian 4.1.1-21)', gccosandvers=''
    intsize=4, longsize=8, ptrsize=8, doublesize=8, byteorder=12345678
    d_longlong=define, longlongsize=8, d_longdbl=define, longdblsize=16
    ivtype='long', ivsize=8, nvtype='double', nvsize=8, Off_t='off_t', lseeksize=8
    alignbytes=8, prototype=define
  Linker and Libraries:
    ld='cc', ldflags =' -fstack-protector -L/usr/local/lib'
    libpth=/usr/local/lib /lib /usr/lib /lib64 /usr/lib64
    libs=-lnsl -lgdbm -ldb -ldl -lm -lcrypt -lutil -lpthread -lc -lgdbm_compat
    perllibs=-lnsl -ldl -lm -lcrypt -lutil -lpthread -lc
    libc=/lib/libc-2.3.6.so, so=so, useshrplib=false, libperl=libperl.a
    gnulibc_version='2.3.6'
  Dynamic Linking:
    dlsrc=dl_dlopen.xs, dlext=so, d_dlsymun=undef, ccdlflags='-Wl,-E'
    cccdlflags='-fPIC', lddlflags='-shared -O2 -L/usr/local/lib -fstack-protector'


Characteristics of this binary (from libperl): 
  Compile-time options: HAS_TIMES MULTIPLICITY PERLIO_LAYERS
                        PERL_DONT_CREATE_GVSV PERL_IMPLICIT_CONTEXT
                        PERL_MALLOC_WRAP PERL_PRESERVE_IVUV USE_64_BIT_ALL
                        USE_64_BIT_INT USE_ITHREADS USE_LARGE_FILES
                        USE_LOCALE USE_LOCALE_COLLATE USE_LOCALE_CTYPE
                        USE_LOCALE_NUMERIC USE_PERLIO USE_PERL_ATOF
                        USE_REENTRANT_API
  Built under linux
  Compiled at Aug 11 2012 15:44:13
  %ENV:
    PERL="5.16.1"
    PERL5LIB=""
    PERL5OPT=""
    PERL5_CPANPLUS_IS_RUNNING="2708"
    PERL5_CPAN_IS_RUNNING="2708"
    PERLVER="5.16.1"
    PERL_INLINE_DIRECTORY="/home/david/.Inline-5.16.1"
    PERL_MM_USE_DEFAULT="1"
  @INC:
    /home/david/cpantesting/perl-5.16.1/lib/site_perl/5.16.1/x86_64-linux-thread-multi
    /home/david/cpantesting/perl-5.16.1/lib/site_perl/5.16.1
    /home/david/cpantesting/perl-5.16.1/lib/5.16.1/x86_64-linux-thread-multi
    /home/david/cpantesting/perl-5.16.1/lib/5.16.1
    .