Report for Crypt-OpenSSL-DSA-0.13

Back
From: metabase:user:30f0bd62-2aae-11df-837a-5e0a49663a4f
Subject: FAIL Crypt-OpenSSL-DSA-0.13 v5.12.2 NetBSD
Date: 2010-11-13T00:52:00Z

This distribution has been tested as part of the CPAN Testers
project, supporting the Perl programming language.  See
http://wiki.cpantesters.org/ for more information or email
questions to cpan-testers-discuss@perl.org


--
Dear T.J. Mather,

This is a computer-generated report for Crypt-OpenSSL-DSA-0.13
on perl 5.12.2, created by CPAN-Reporter-1.1805.

Thank you for uploading your work to CPAN.  However, there was a problem
testing your distribution.

If you think this report is invalid, please consult the CPAN Testers Wiki
for suggestions on how to avoid getting FAIL reports for missing library
or binary dependencies, unsupported operating systems, and so on:

http://wiki.cpantesters.org/wiki/CPANAuthorNotes

Sections of this report:

    * Tester comments
    * Program output
    * Prerequisites
    * Environment and other context

------------------------------
TESTER COMMENTS
------------------------------

Additional comments from tester:

this report is from an automated smoke testing program
and was not reviewed by a human for accuracy

------------------------------
PROGRAM OUTPUT
------------------------------

Output from '/usr/bin/make test':

PERL_DL_NONLAZY=1 /home/sts/cpansmoke/perl-5.12.2/bin/perl "-MExtUtils::Command::MM" "-e" "test_harness(0, 'blib/lib', 'blib/arch')" t/*.t
t/00-use.t ............. ok
t/10-selftest.t ........ ok
Error setting context
3148067108:error:0A07806A:dsa routines:PKEY_DSA_CTRL:invalid digest type:/home/builds/ab/netbsd-5-0-2-RELEASE/src/crypto/dist/openssl/crypto/dsa/dsa_pmeth.c:192:
# Test 6 got: "0" (t/90-openssl-compat.t at line 56)
#   Expected: "1"
#  t/90-openssl-compat.t line 56 is:         ok($openssl_think, 1);
Error setting context
3148067108:error:0A07806A:dsa routines:PKEY_DSA_CTRL:invalid digest type:/home/builds/ab/netbsd-5-0-2-RELEASE/src/crypto/dist/openssl/crypto/dsa/dsa_pmeth.c:192:
# Test 8 got: "0" (t/90-openssl-compat.t at line 56 fail #2)
#   Expected: "1"
Error setting context
3148067108:error:0A07806A:dsa routines:PKEY_DSA_CTRL:invalid digest type:/home/builds/ab/netbsd-5-0-2-RELEASE/src/crypto/dist/openssl/crypto/dsa/dsa_pmeth.c:192:
# Test 10 got: "0" (t/90-openssl-compat.t at line 56 fail #3)
#    Expected: "1"
Error setting context
3148067108:error:0A07806A:dsa routines:PKEY_DSA_CTRL:invalid digest type:/home/builds/ab/netbsd-5-0-2-RELEASE/src/crypto/dist/openssl/crypto/dsa/dsa_pmeth.c:192:
# Test 12 got: "0" (t/90-openssl-compat.t at line 56 fail #4)
#    Expected: "1"
Error setting context
3148067108:error:0A07806A:dsa routines:PKEY_DSA_CTRL:invalid digest type:/home/builds/ab/netbsd-5-0-2-RELEASE/src/crypto/dist/openssl/crypto/dsa/dsa_pmeth.c:192:
# Test 14 got: "0" (t/90-openssl-compat.t at line 56 fail #5)
#    Expected: "1"
Error setting context
3148067108:error:0A07806A:dsa routines:PKEY_DSA_CTRL:invalid digest type:/home/builds/ab/netbsd-5-0-2-RELEASE/src/crypto/dist/openssl/crypto/dsa/dsa_pmeth.c:192:
# Test 16 got: "0" (t/90-openssl-compat.t at line 56 fail #6)
#    Expected: "1"
Error setting context
3148067108:error:0A07806A:dsa routines:PKEY_DSA_CTRL:invalid digest type:/home/builds/ab/netbsd-5-0-2-RELEASE/src/crypto/dist/openssl/crypto/dsa/dsa_pmeth.c:192:
# Test 18 got: "0" (t/90-openssl-compat.t at line 56 fail #7)
#    Expected: "1"
Error setting context
3148067108:error:0A07806A:dsa routines:PKEY_DSA_CTRL:invalid digest type:/home/builds/ab/netbsd-5-0-2-RELEASE/src/crypto/dist/openssl/crypto/dsa/dsa_pmeth.c:192:
# Test 20 got: "0" (t/90-openssl-compat.t at line 56 fail #8)
#    Expected: "1"
Error setting context
3148067108:error:0A07806A:dsa routines:PKEY_DSA_CTRL:invalid digest type:/home/builds/ab/netbsd-5-0-2-RELEASE/src/crypto/dist/openssl/crypto/dsa/dsa_pmeth.c:192:
# Test 22 got: "0" (t/90-openssl-compat.t at line 56 fail #9)
#    Expected: "1"
Error setting context
3148067108:error:0A07806A:dsa routines:PKEY_DSA_CTRL:invalid digest type:/home/builds/ab/netbsd-5-0-2-RELEASE/src/crypto/dist/openssl/crypto/dsa/dsa_pmeth.c:192:
# Test 24 got: "0" (t/90-openssl-compat.t at line 56 fail #10)
#    Expected: "1"
Error setting context
3148067108:error:0A07806A:dsa routines:PKEY_DSA_CTRL:invalid digest type:/home/builds/ab/netbsd-5-0-2-RELEASE/src/crypto/dist/openssl/crypto/dsa/dsa_pmeth.c:192:
# Test 26 got: "0" (t/90-openssl-compat.t at line 56 fail #11)
#    Expected: "1"
Error setting context
3148067108:error:0A07806A:dsa routines:PKEY_DSA_CTRL:invalid digest type:/home/builds/ab/netbsd-5-0-2-RELEASE/src/crypto/dist/openssl/crypto/dsa/dsa_pmeth.c:192:
# Test 28 got: "0" (t/90-openssl-compat.t at line 56 fail #12)
#    Expected: "1"
Error setting context
3148067108:error:0A07806A:dsa routines:PKEY_DSA_CTRL:invalid digest type:/home/builds/ab/netbsd-5-0-2-RELEASE/src/crypto/dist/openssl/crypto/dsa/dsa_pmeth.c:192:
# Test 30 got: "0" (t/90-openssl-compat.t at line 56 fail #13)
#    Expected: "1"
Error setting context
3148067108:error:0A07806A:dsa routines:PKEY_DSA_CTRL:invalid digest type:/home/builds/ab/netbsd-5-0-2-RELEASE/src/crypto/dist/openssl/crypto/dsa/dsa_pmeth.c:192:
# Test 32 got: "0" (t/90-openssl-compat.t at line 56 fail #14)
#    Expected: "1"
Error setting context
3148067108:error:0A07806A:dsa routines:PKEY_DSA_CTRL:invalid digest type:/home/builds/ab/netbsd-5-0-2-RELEASE/src/crypto/dist/openssl/crypto/dsa/dsa_pmeth.c:192:
# Test 34 got: "0" (t/90-openssl-compat.t at line 56 fail #15)
#    Expected: "1"
Error setting context
3148067108:error:0A07806A:dsa routines:PKEY_DSA_CTRL:invalid digest type:/home/builds/ab/netbsd-5-0-2-RELEASE/src/crypto/dist/openssl/crypto/dsa/dsa_pmeth.c:192:
# Test 36 got: "0" (t/90-openssl-compat.t at line 56 fail #16)
#    Expected: "1"
Error setting context
3148067108:error:0A07806A:dsa routines:PKEY_DSA_CTRL:invalid digest type:/home/builds/ab/netbsd-5-0-2-RELEASE/src/crypto/dist/openssl/crypto/dsa/dsa_pmeth.c:192:
# Test 38 got: "0" (t/90-openssl-compat.t at line 56 fail #17)
#    Expected: "1"
Error setting context
3148067108:error:0A07806A:dsa routines:PKEY_DSA_CTRL:invalid digest type:/home/builds/ab/netbsd-5-0-2-RELEASE/src/crypto/dist/openssl/crypto/dsa/dsa_pmeth.c:192:
# Test 40 got: "0" (t/90-openssl-compat.t at line 56 fail #18)
#    Expected: "1"
Error setting context
3148067108:error:0A07806A:dsa routines:PKEY_DSA_CTRL:invalid digest type:/home/builds/ab/netbsd-5-0-2-RELEASE/src/crypto/dist/openssl/crypto/dsa/dsa_pmeth.c:192:
# Test 42 got: "0" (t/90-openssl-compat.t at line 56 fail #19)
#    Expected: "1"
Error setting context
3148067108:error:0A07806A:dsa routines:PKEY_DSA_CTRL:invalid digest type:/home/builds/ab/netbsd-5-0-2-RELEASE/src/crypto/dist/openssl/crypto/dsa/dsa_pmeth.c:192:
# Test 44 got: "0" (t/90-openssl-compat.t at line 56 fail #20)
#    Expected: "1"
Error setting context
3148067108:error:0A07806A:dsa routines:PKEY_DSA_CTRL:invalid digest type:/home/builds/ab/netbsd-5-0-2-RELEASE/src/crypto/dist/openssl/crypto/dsa/dsa_pmeth.c:192:
# Test 46 got: "0" (t/90-openssl-compat.t at line 56 fail #21)
#    Expected: "1"
Error setting context
3148067108:error:0A07806A:dsa routines:PKEY_DSA_CTRL:invalid digest type:/home/builds/ab/netbsd-5-0-2-RELEASE/src/crypto/dist/openssl/crypto/dsa/dsa_pmeth.c:192:
# Test 48 got: "0" (t/90-openssl-compat.t at line 56 fail #22)
#    Expected: "1"
Error setting context
3148067108:error:0A07806A:dsa routines:PKEY_DSA_CTRL:invalid digest type:/home/builds/ab/netbsd-5-0-2-RELEASE/src/crypto/dist/openssl/crypto/dsa/dsa_pmeth.c:192:
# Test 50 got: "0" (t/90-openssl-compat.t at line 56 fail #23)
#    Expected: "1"
Error setting context
3148067108:error:0A07806A:dsa routines:PKEY_DSA_CTRL:invalid digest type:/home/builds/ab/netbsd-5-0-2-RELEASE/src/crypto/dist/openssl/crypto/dsa/dsa_pmeth.c:192:
# Test 52 got: "0" (t/90-openssl-compat.t at line 56 fail #24)
#    Expected: "1"
Error setting context
3148067108:error:0A07806A:dsa routines:PKEY_DSA_CTRL:invalid digest type:/home/builds/ab/netbsd-5-0-2-RELEASE/src/crypto/dist/openssl/crypto/dsa/dsa_pmeth.c:192:
# Test 54 got: "0" (t/90-openssl-compat.t at line 56 fail #25)
#    Expected: "1"
Error setting context
3148067108:error:0A07806A:dsa routines:PKEY_DSA_CTRL:invalid digest type:/home/builds/ab/netbsd-5-0-2-RELEASE/src/crypto/dist/openssl/crypto/dsa/dsa_pmeth.c:192:
# Test 56 got: "0" (t/90-openssl-compat.t at line 56 fail #26)
#    Expected: "1"
Error setting context
3148067108:error:0A07806A:dsa routines:PKEY_DSA_CTRL:invalid digest type:/home/builds/ab/netbsd-5-0-2-RELEASE/src/crypto/dist/openssl/crypto/dsa/dsa_pmeth.c:192:
# Test 58 got: "0" (t/90-openssl-compat.t at line 56 fail #27)
#    Expected: "1"
Error setting context
3148067108:error:0A07806A:dsa routines:PKEY_DSA_CTRL:invalid digest type:/home/builds/ab/netbsd-5-0-2-RELEASE/src/crypto/dist/openssl/crypto/dsa/dsa_pmeth.c:192:
# Test 60 got: "0" (t/90-openssl-compat.t at line 56 fail #28)
#    Expected: "1"
Error setting context
3148067108:error:0A07806A:dsa routines:PKEY_DSA_CTRL:invalid digest type:/home/builds/ab/netbsd-5-0-2-RELEASE/src/crypto/dist/openssl/crypto/dsa/dsa_pmeth.c:192:
# Test 62 got: "0" (t/90-openssl-compat.t at line 56 fail #29)
#    Expected: "1"
Error setting context
3148067108:error:0A07806A:dsa routines:PKEY_DSA_CTRL:invalid digest type:/home/builds/ab/netbsd-5-0-2-RELEASE/src/crypto/dist/openssl/crypto/dsa/dsa_pmeth.c:192:
# Test 64 got: "0" (t/90-openssl-compat.t at line 56 fail #30)
#    Expected: "1"
Error setting context
3148067108:error:0A07806A:dsa routines:PKEY_DSA_CTRL:invalid digest type:/home/builds/ab/netbsd-5-0-2-RELEASE/src/crypto/dist/openssl/crypto/dsa/dsa_pmeth.c:192:
# Test 66 got: "0" (t/90-openssl-compat.t at line 56 fail #31)
#    Expected: "1"
Error setting context
3148067108:error:0A07806A:dsa routines:PKEY_DSA_CTRL:invalid digest type:/home/builds/ab/netbsd-5-0-2-RELEASE/src/crypto/dist/openssl/crypto/dsa/dsa_pmeth.c:192:
# Test 68 got: "0" (t/90-openssl-compat.t at line 56 fail #32)
#    Expected: "1"
Error setting context
3148067108:error:0A07806A:dsa routines:PKEY_DSA_CTRL:invalid digest type:/home/builds/ab/netbsd-5-0-2-RELEASE/src/crypto/dist/openssl/crypto/dsa/dsa_pmeth.c:192:
# Test 70 got: "0" (t/90-openssl-compat.t at line 56 fail #33)
#    Expected: "1"
Error setting context
3148067108:error:0A07806A:dsa routines:PKEY_DSA_CTRL:invalid digest type:/home/builds/ab/netbsd-5-0-2-RELEASE/src/crypto/dist/openssl/crypto/dsa/dsa_pmeth.c:192:
# Test 72 got: "0" (t/90-openssl-compat.t at line 56 fail #34)
#    Expected: "1"
Error setting context
3148067108:error:0A07806A:dsa routines:PKEY_DSA_CTRL:invalid digest type:/home/builds/ab/netbsd-5-0-2-RELEASE/src/crypto/dist/openssl/crypto/dsa/dsa_pmeth.c:192:
# Test 74 got: "0" (t/90-openssl-compat.t at line 56 fail #35)
#    Expected: "1"
Error setting context
3148067108:error:0A07806A:dsa routines:PKEY_DSA_CTRL:invalid digest type:/home/builds/ab/netbsd-5-0-2-RELEASE/src/crypto/dist/openssl/crypto/dsa/dsa_pmeth.c:192:
# Test 76 got: "0" (t/90-openssl-compat.t at line 56 fail #36)
#    Expected: "1"
Error setting context
3148067108:error:0A07806A:dsa routines:PKEY_DSA_CTRL:invalid digest type:/home/builds/ab/netbsd-5-0-2-RELEASE/src/crypto/dist/openssl/crypto/dsa/dsa_pmeth.c:192:
# Test 78 got: "0" (t/90-openssl-compat.t at line 56 fail #37)
#    Expected: "1"
Error setting context
3148067108:error:0A07806A:dsa routines:PKEY_DSA_CTRL:invalid digest type:/home/builds/ab/netbsd-5-0-2-RELEASE/src/crypto/dist/openssl/crypto/dsa/dsa_pmeth.c:192:
# Test 80 got: "0" (t/90-openssl-compat.t at line 56 fail #38)
#    Expected: "1"
Error setting context
3148067108:error:0A07806A:dsa routines:PKEY_DSA_CTRL:invalid digest type:/home/builds/ab/netbsd-5-0-2-RELEASE/src/crypto/dist/openssl/crypto/dsa/dsa_pmeth.c:192:
# Test 82 got: "0" (t/90-openssl-compat.t at line 56 fail #39)
#    Expected: "1"
Error setting context
3148067108:error:0A07806A:dsa routines:PKEY_DSA_CTRL:invalid digest type:/home/builds/ab/netbsd-5-0-2-RELEASE/src/crypto/dist/openssl/crypto/dsa/dsa_pmeth.c:192:
# Test 84 got: "0" (t/90-openssl-compat.t at line 56 fail #40)
#    Expected: "1"
t/90-openssl-compat.t .. 
Failed 40/84 subtests 

Test Summary Report
-------------------
t/90-openssl-compat.t (Wstat: 0 Tests: 84 Failed: 40)
  Failed tests:  6, 8, 10, 12, 14, 16, 18, 20, 22, 24, 26
                28, 30, 32, 34, 36, 38, 40, 42, 44, 46
                48, 50, 52, 54, 56, 58, 60, 62, 64, 66
                68, 70, 72, 74, 76, 78, 80, 82, 84
Files=3, Tests=115, 24 wallclock secs ( 0.06 usr  0.12 sys +  1.83 cusr  1.17 csys =  3.18 CPU)
Result: FAIL
Failed 1/3 test programs. 40/115 subtests failed.
*** Error code 255

Stop.
make: stopped in /home/sts/cpansmoke/perl-5.12.2/cpan/build/Crypt-OpenSSL-DSA-0.13-GqNx0Y

------------------------------
PREREQUISITES
------------------------------

Prerequisite modules loaded:

    No requirements found

------------------------------
ENVIRONMENT AND OTHER CONTEXT
------------------------------

Environment variables:

    AUTOMATED_TESTING = 1
    PATH = /home/sts/bin:/bin:/sbin:/usr/bin:/usr/sbin:/usr/X11R7/bin:/usr/X11R6/bin:/usr/pkg/bin:/usr/pkg/sbin:/usr/games:/usr/local/bin:/usr/local/sbin
    PERL5LIB = /home/sts/cpansmoke/perl-5.12.2/cpan/build/Digest-BubbleBabble-0.01-ID5DwW/blib/arch:/home/sts/cpansmoke/perl-5.12.2/cpan/build/Digest-BubbleBabble-0.01-ID5DwW/blib/lib:/home/sts/cpansmoke/perl-5.12.2/cpan/build/MIME-Base32-1.02-o6c2IJ/blib/arch:/home/sts/cpansmoke/perl-5.12.2/cpan/build/MIME-Base32-1.02-o6c2IJ/blib/lib:/home/sts/cpansmoke/perl-5.12.2/cpan/build/Crypt-OpenSSL-RSA-0.26-iR3UG_/blib/arch:/home/sts/cpansmoke/perl-5.12.2/cpan/build/Crypt-OpenSSL-RSA-0.26-iR3UG_/blib/lib:/home/sts/cpansmoke/perl-5.12.2/cpan/build/Crypt-OpenSSL-Random-0.04-cARxmb/blib/arch:/home/sts/cpansmoke/perl-5.12.2/cpan/build/Crypt-OpenSSL-Random-0.04-cARxmb/blib/lib:/home/sts/cpansmoke/perl-5.12.2/cpan/build/Net-DNS-0.66-_zjhia/blib/arch:/home/sts/cpansmoke/perl-5.12.2/cpan/build/Net-DNS-0.66-_zjhia/blib/lib:/home/sts/cpansmoke/perl-5.12.2/cpan/build/Net-IP-1.25-Bn6_i0/blib/arch:/home/sts/cpansmoke/perl-5.12.2/cpan/build/Net-IP-1.25-Bn6_i0/blib/lib:/home/sts/cpansmoke/perl-5.12.2/cpan/build/Digest-HMAC-1.02-fkg3Gy/blib/arch:/home/sts/cpansmoke/perl-5.12.2/cpan/build/Digest-HMAC-1.02-fkg3Gy/blib/lib:/home/sts/cpansmoke/perl-5.12.2/cpan/build/Digest-SHA1-2.13-dD3587/blib/arch:/home/sts/cpansmoke/perl-5.12.2/cpan/build/Digest-SHA1-2.13-dD3587/blib/lib
    PERL5OPT = 
    PERL5_CPANPLUS_IS_RUNNING = 17495
    PERL5_CPAN_IS_RUNNING = 17495
    PERL5_CPAN_IS_RUNNING_IN_RECURSION = 66,17495
    PERL_CR_SMOKER_CURRENT = Net-DNS-ZoneFile-Fast-1.14
    PERL_EXTUTILS_AUTOINSTALL = --defaultdeps
    PERL_MM_USE_DEFAULT = 1
    SHELL = /bin/sh
    TERM = screen
    TMPDIR = /home/sts/cpansmoke/tmp

Perl special variables (and OS-specific diagnostics, for MSWin32):

    $^X = /home/sts/cpansmoke/perl-5.12.2/bin/perl
    $UID/$EUID = 1000 / 1000
    $GID = 100 100 0
    $EGID = 100 100 0

Perl module toolchain versions installed:

    Module              Have   
    ------------------- -------
    CPAN                1.94_56
    Cwd                 3.31   
    ExtUtils::CBuilder  0.27   
    ExtUtils::Command   1.16   
    ExtUtils::Install   1.55   
    ExtUtils::MakeMaker 6.56   
    ExtUtils::Manifest  1.57   
    ExtUtils::ParseXS   2.21   
    File::Spec          3.31_01
    Module::Build       0.3603 
    Module::Signature   n/a    
    Test::Harness       3.17   
    Test::More          0.94   
    YAML                n/a    
    YAML::Syck          1.15   
    version             0.82   


--

Summary of my perl5 (revision 5 version 12 subversion 2) configuration:
   
  Platform:
    osname=netbsd, osvers=5.0.2, archname=i386-netbsd-thread-multi
    uname='netbsd cpansmoke2 5.0.2 netbsd 5.0.2 (xen3_domu) #0: sat feb 6 17:51:58 utc 2010 builds@b7.netbsd.org:homebuildsabnetbsd-5-0-2-releasei386201002061851z-objhomebuildsabnetbsd-5-0-2-releasesrcsysarchi386compilexen3_domu i386 '
    config_args='-des -Dusethreads -Dprefix=/home/sts/cpansmoke/perl-5.12.2'
    hint=recommended, useposix=true, d_sigaction=define
    useithreads=define, usemultiplicity=define
    useperlio=define, d_sfio=undef, uselargefiles=define, usesocks=undef
    use64bitint=undef, use64bitall=undef, uselongdouble=undef
    usemymalloc=y, bincompat5005=undef
  Compiler:
    cc='cc', ccflags ='-fno-strict-aliasing -pipe -fstack-protector -I/usr/pkg/include',
    optimize='-O',
    cppflags='-fno-strict-aliasing -pipe -fstack-protector -I/usr/pkg/include'
    ccversion='', gccversion='4.1.3 20080704 prerelease (NetBSD nb2 20081120)', gccosandvers=''
    intsize=4, longsize=4, ptrsize=4, doublesize=8, byteorder=1234
    d_longlong=define, longlongsize=8, d_longdbl=define, longdblsize=12
    ivtype='long', ivsize=4, nvtype='double', nvsize=8, Off_t='off_t', lseeksize=8
    alignbytes=4, prototype=define
  Linker and Libraries:
    ld='cc', ldflags =' -Wl,-rpath,/usr/pkg/lib -Wl,-rpath,/usr/local/lib -fstack-protector -L/usr/pkg/lib'
    libpth=/usr/pkg/lib /lib /usr/lib
    libs=-lm -lcrypt -lutil -lc -lposix -lpthread
    perllibs=-lm -lcrypt -lutil -lc -lposix -lpthread
    libc=/lib/libc.so, so=so, useshrplib=false, libperl=libperl.a
    gnulibc_version=''
  Dynamic Linking:
    dlsrc=dl_dlopen.xs, dlext=so, d_dlsymun=undef, ccdlflags='-Wl,-E '
    cccdlflags='-DPIC -fPIC ', lddlflags='--whole-archive -shared  -L/usr/pkg/lib -fstack-protector'


Characteristics of this binary (from libperl): 
  Compile-time options: MULTIPLICITY MYMALLOC PERL_DONT_CREATE_GVSV
                        PERL_IMPLICIT_CONTEXT USE_ITHREADS USE_LARGE_FILES
                        USE_PERLIO USE_PERL_ATOF USE_REENTRANT_API
  Built under netbsd
  Compiled at Oct 20 2010 00:37:51
  %ENV:
    PERL5LIB="/home/sts/cpansmoke/perl-5.12.2/cpan/build/Digest-BubbleBabble-0.01-ID5DwW/blib/arch:/home/sts/cpansmoke/perl-5.12.2/cpan/build/Digest-BubbleBabble-0.01-ID5DwW/blib/lib:/home/sts/cpansmoke/perl-5.12.2/cpan/build/MIME-Base32-1.02-o6c2IJ/blib/arch:/home/sts/cpansmoke/perl-5.12.2/cpan/build/MIME-Base32-1.02-o6c2IJ/blib/lib:/home/sts/cpansmoke/perl-5.12.2/cpan/build/Crypt-OpenSSL-RSA-0.26-iR3UG_/blib/arch:/home/sts/cpansmoke/perl-5.12.2/cpan/build/Crypt-OpenSSL-RSA-0.26-iR3UG_/blib/lib:/home/sts/cpansmoke/perl-5.12.2/cpan/build/Crypt-OpenSSL-Random-0.04-cARxmb/blib/arch:/home/sts/cpansmoke/perl-5.12.2/cpan/build/Crypt-OpenSSL-Random-0.04-cARxmb/blib/lib:/home/sts/cpansmoke/perl-5.12.2/cpan/build/Net-DNS-0.66-_zjhia/blib/arch:/home/sts/cpansmoke/perl-5.12.2/cpan/build/Net-DNS-0.66-_zjhia/blib/lib:/home/sts/cpansmoke/perl-5.12.2/cpan/build/Net-IP-1.25-Bn6_i0/blib/arch:/home/sts/cpansmoke/perl-5.12.2/cpan/build/Net-IP-1.25-Bn6_i0/blib/lib:/home/sts/cpansmoke/perl-5.12.2/cpan/build/Digest-HMAC-1.02-fkg3Gy/blib/arch:/home/sts/cpansmoke/perl-5.12.2/cpan/build/Digest-HMAC-1.02-fkg3Gy/blib/lib:/home/sts/cpansmoke/perl-5.12.2/cpan/build/Digest-SHA1-2.13-dD3587/blib/arch:/home/sts/cpansmoke/perl-5.12.2/cpan/build/Digest-SHA1-2.13-dD3587/blib/lib"
    PERL5OPT=""
    PERL5_CPANPLUS_IS_RUNNING="17495"
    PERL5_CPAN_IS_RUNNING="17495"
    PERL5_CPAN_IS_RUNNING_IN_RECURSION="66,17495"
    PERL_CR_SMOKER_CURRENT="Net-DNS-ZoneFile-Fast-1.14"
    PERL_EXTUTILS_AUTOINSTALL="--defaultdeps"
    PERL_MM_USE_DEFAULT="1"
  @INC:
    /home/sts/cpansmoke/perl-5.12.2/cpan/build/Digest-BubbleBabble-0.01-ID5DwW/blib/arch
    /home/sts/cpansmoke/perl-5.12.2/cpan/build/Digest-BubbleBabble-0.01-ID5DwW/blib/lib
    /home/sts/cpansmoke/perl-5.12.2/cpan/build/MIME-Base32-1.02-o6c2IJ/blib/arch
    /home/sts/cpansmoke/perl-5.12.2/cpan/build/MIME-Base32-1.02-o6c2IJ/blib/lib
    /home/sts/cpansmoke/perl-5.12.2/cpan/build/Crypt-OpenSSL-RSA-0.26-iR3UG_/blib/arch
    /home/sts/cpansmoke/perl-5.12.2/cpan/build/Crypt-OpenSSL-RSA-0.26-iR3UG_/blib/lib
    /home/sts/cpansmoke/perl-5.12.2/cpan/build/Crypt-OpenSSL-Random-0.04-cARxmb/blib/arch
    /home/sts/cpansmoke/perl-5.12.2/cpan/build/Crypt-OpenSSL-Random-0.04-cARxmb/blib/lib
    /home/sts/cpansmoke/perl-5.12.2/cpan/build/Net-DNS-0.66-_zjhia/blib/arch
    /home/sts/cpansmoke/perl-5.12.2/cpan/build/Net-DNS-0.66-_zjhia/blib/lib
    /home/sts/cpansmoke/perl-5.12.2/cpan/build/Net-IP-1.25-Bn6_i0/blib/arch
    /home/sts/cpansmoke/perl-5.12.2/cpan/build/Net-IP-1.25-Bn6_i0/blib/lib
    /home/sts/cpansmoke/perl-5.12.2/cpan/build/Digest-HMAC-1.02-fkg3Gy/blib/arch
    /home/sts/cpansmoke/perl-5.12.2/cpan/build/Digest-HMAC-1.02-fkg3Gy/blib/lib
    /home/sts/cpansmoke/perl-5.12.2/cpan/build/Digest-SHA1-2.13-dD3587/blib/arch
    /home/sts/cpansmoke/perl-5.12.2/cpan/build/Digest-SHA1-2.13-dD3587/blib/lib
    /home/sts/cpansmoke/perl-5.12.2/lib/site_perl/5.12.2/i386-netbsd-thread-multi
    /home/sts/cpansmoke/perl-5.12.2/lib/site_perl/5.12.2
    /home/sts/cpansmoke/perl-5.12.2/lib/5.12.2/i386-netbsd-thread-multi
    /home/sts/cpansmoke/perl-5.12.2/lib/5.12.2
    .