Report for Net-Autoconfig-v1.13.2

Back
From: metabase:user:314402c4-2aae-11df-837a-5e0a49663a4f
Subject: FAIL Net-Autoconfig-v1.13.2 v5.24.0 GNU/Linux
Date: 2017-03-18T19:22:28Z

This distribution has been tested as part of the CPAN Testers
project, supporting the Perl programming language.  See
http://wiki.cpantesters.org/ for more information or email
questions to cpan-testers-discuss@perl.org


--
Dear Kevin Ehlers,

This is a computer-generated report for Net-Autoconfig-v1.13.2
on perl 5.24.0, created by CPAN-Reporter-1.2018.

Thank you for uploading your work to CPAN.  However, there was a problem
testing your distribution.

If you think this report is invalid, please consult the CPAN Testers Wiki
for suggestions on how to avoid getting FAIL reports for missing library
or binary dependencies, unsupported operating systems, and so on:

http://wiki.cpantesters.org/wiki/CPANAuthorNotes

Sections of this report:

    * Tester comments
    * Program output
    * Prerequisites
    * Environment and other context

------------------------------
TESTER COMMENTS
------------------------------

Additional comments from tester:

none provided

------------------------------
PROGRAM OUTPUT
------------------------------

Output from '/usr/bin/make test':

PERL_DL_NONLAZY=1 "/opt/perl-5.24.0/bin/perl" "-MExtUtils::Command::MM" "-MTest::Harness" "-e" "undef *Test::Harness::Switches; test_harness(0, 'blib/lib', 'blib/arch')" t/*.t

#   Failed test 'use Net::Autoconfig::Device::Cisco;'
#   at t/Net-Autoconfig-Device-Cisco.t line 10.
#     Tried to use 'Net::Autoconfig::Device::Cisco'.
#     Error:  syntax error at /home/cpansand/.cpan/build/2017031818/Net-Autoconfig-v1.13.2-0/blib/lib/Net/Autoconfig/Template.pm line 138, near "$hostname qw(device host hostname)"
# Global symbol "$hostname" requires explicit package name (did you forget to declare "my $hostname"?) at /home/cpansand/.cpan/build/2017031818/Net-Autoconfig-v1.13.2-0/blib/lib/Net/Autoconfig/Template.pm line 140.
# Global symbol "$cmds" requires explicit package name (did you forget to declare "my $cmds"?) at /home/cpansand/.cpan/build/2017031818/Net-Autoconfig-v1.13.2-0/blib/lib/Net/Autoconfig/Template.pm line 142.
# Global symbol "$hostname" requires explicit package name (did you forget to declare "my $hostname"?) at /home/cpansand/.cpan/build/2017031818/Net-Autoconfig-v1.13.2-0/blib/lib/Net/Autoconfig/Template.pm line 142.
# Global symbol "$template_data" requires explicit package name (did you forget to declare "my $template_data"?) at /home/cpansand/.cpan/build/2017031818/Net-Autoconfig-v1.13.2-0/blib/lib/Net/Autoconfig/Template.pm line 143.
# Global symbol "$current_device" requires explicit package name (did you forget to declare "my $current_device"?) at /home/cpansand/.cpan/build/2017031818/Net-Autoconfig-v1.13.2-0/blib/lib/Net/Autoconfig/Template.pm line 143.
# Global symbol "$current_device" requires explicit package name (did you forget to declare "my $current_device"?) at /home/cpansand/.cpan/build/2017031818/Net-Autoconfig-v1.13.2-0/blib/lib/Net/Autoconfig/Template.pm line 143.
# Global symbol "$cmds" requires explicit package name (did you forget to declare "my $cmds"?) at /home/cpansand/.cpan/build/2017031818/Net-Autoconfig-v1.13.2-0/blib/lib/Net/Autoconfig/Template.pm line 144.
# Global symbol "$hostname" requires explicit package name (did you forget to declare "my $hostname"?) at /home/cpansand/.cpan/build/2017031818/Net-Autoconfig-v1.13.2-0/blib/lib/Net/Autoconfig/Template.pm line 144.
# Global symbol "$skip_push_cmd" requires explicit package name (did you forget to declare "my $skip_push_cmd"?) at /home/cpansand/.cpan/build/2017031818/Net-Autoconfig-v1.13.2-0/blib/lib/Net/Autoconfig/Template.pm line 145.
# Global symbol "$log" requires explicit package name (did you forget to declare "my $log"?) at /home/cpansand/.cpan/build/2017031818/Net-Autoconfig-v1.13.2-0/blib/lib/Net/Autoconfig/Template.pm line 146.
# Global symbol "$current_device" requires explicit package name (did you forget to declare "my $current_device"?) at /home/cpansand/.cpan/build/2017031818/Net-Autoconfig-v1.13.2-0/blib/lib/Net/Autoconfig/Template.pm line 146.
# syntax error at /home/cpansand/.cpan/build/2017031818/Net-Autoconfig-v1.13.2-0/blib/lib/Net/Autoconfig/Template.pm line 147, near "}"
# /home/cpansand/.cpan/build/2017031818/Net-Autoconfig-v1.13.2-0/blib/lib/Net/Autoconfig/Template.pm has too many errors.
# Compilation failed in require at /home/cpansand/.cpan/build/2017031818/Net-Autoconfig-v1.13.2-0/blib/lib/Net/Autoconfig.pm line 9.
# BEGIN failed--compilation aborted at /home/cpansand/.cpan/build/2017031818/Net-Autoconfig-v1.13.2-0/blib/lib/Net/Autoconfig.pm line 9.
# Compilation failed in require at /opt/perl-5.24.0/lib/5.24.0/base.pm line 100.
# 	...propagated at /opt/perl-5.24.0/lib/5.24.0/base.pm line 109.
# BEGIN failed--compilation aborted at /home/cpansand/.cpan/build/2017031818/Net-Autoconfig-v1.13.2-0/blib/lib/Net/Autoconfig/Device.pm line 7.
# Compilation failed in require at /opt/perl-5.24.0/lib/5.24.0/base.pm line 100.
# 	...propagated at /opt/perl-5.24.0/lib/5.24.0/base.pm line 109.
# BEGIN failed--compilation aborted at /home/cpansand/.cpan/build/2017031818/Net-Autoconfig-v1.13.2-0/blib/lib/Net/Autoconfig/Device/Cisco.pm line 7.
# Compilation failed in require at t/Net-Autoconfig-Device-Cisco.t line 10.
# BEGIN failed--compilation aborted at t/Net-Autoconfig-Device-Cisco.t line 10.

#   Failed test 'Net::Autoconfig::Device::Cisco->can('new')'
#   at t/Net-Autoconfig-Device-Cisco.t line 19.
#     Net::Autoconfig::Device::Cisco->can('new') failed

#   Failed test 'Net::Autoconfig::Device::Cisco->can('connect')'
#   at t/Net-Autoconfig-Device-Cisco.t line 19.
#     Net::Autoconfig::Device::Cisco->can('connect') failed

#   Failed test 'Net::Autoconfig::Device::Cisco->can('discover_dev_type')'
#   at t/Net-Autoconfig-Device-Cisco.t line 19.
#     Net::Autoconfig::Device::Cisco->can('discover_dev_type') failed

#   Failed test 'Net::Autoconfig::Device::Cisco->can('get_admin_rights')'
#   at t/Net-Autoconfig-Device-Cisco.t line 19.
#     Net::Autoconfig::Device::Cisco->can('get_admin_rights') failed

#   Failed test 'Net::Autoconfig::Device::Cisco->can('disable_paging')'
#   at t/Net-Autoconfig-Device-Cisco.t line 19.
#     Net::Autoconfig::Device::Cisco->can('disable_paging') failed
Can't locate object method "new" via package "Net::Autoconfig::Device::Cisco" at t/Net-Autoconfig-Device-Cisco.t line 33.
# Looks like your test exited with 255 just after 6.
t/Net-Autoconfig-Device-Cisco.t ... 
Dubious, test returned 255 (wstat 65280, 0xff00)
Failed 29/29 subtests 

#   Failed test 'use Net::Autoconfig::Device::HP;'
#   at t/Net-Autoconfig-Device-HP.t line 10.
#     Tried to use 'Net::Autoconfig::Device::HP'.
#     Error:  syntax error at /home/cpansand/.cpan/build/2017031818/Net-Autoconfig-v1.13.2-0/blib/lib/Net/Autoconfig/Template.pm line 138, near "$hostname qw(device host hostname)"
# Global symbol "$hostname" requires explicit package name (did you forget to declare "my $hostname"?) at /home/cpansand/.cpan/build/2017031818/Net-Autoconfig-v1.13.2-0/blib/lib/Net/Autoconfig/Template.pm line 140.
# Global symbol "$cmds" requires explicit package name (did you forget to declare "my $cmds"?) at /home/cpansand/.cpan/build/2017031818/Net-Autoconfig-v1.13.2-0/blib/lib/Net/Autoconfig/Template.pm line 142.
# Global symbol "$hostname" requires explicit package name (did you forget to declare "my $hostname"?) at /home/cpansand/.cpan/build/2017031818/Net-Autoconfig-v1.13.2-0/blib/lib/Net/Autoconfig/Template.pm line 142.
# Global symbol "$template_data" requires explicit package name (did you forget to declare "my $template_data"?) at /home/cpansand/.cpan/build/2017031818/Net-Autoconfig-v1.13.2-0/blib/lib/Net/Autoconfig/Template.pm line 143.
# Global symbol "$current_device" requires explicit package name (did you forget to declare "my $current_device"?) at /home/cpansand/.cpan/build/2017031818/Net-Autoconfig-v1.13.2-0/blib/lib/Net/Autoconfig/Template.pm line 143.
# Global symbol "$current_device" requires explicit package name (did you forget to declare "my $current_device"?) at /home/cpansand/.cpan/build/2017031818/Net-Autoconfig-v1.13.2-0/blib/lib/Net/Autoconfig/Template.pm line 143.
# Global symbol "$cmds" requires explicit package name (did you forget to declare "my $cmds"?) at /home/cpansand/.cpan/build/2017031818/Net-Autoconfig-v1.13.2-0/blib/lib/Net/Autoconfig/Template.pm line 144.
# Global symbol "$hostname" requires explicit package name (did you forget to declare "my $hostname"?) at /home/cpansand/.cpan/build/2017031818/Net-Autoconfig-v1.13.2-0/blib/lib/Net/Autoconfig/Template.pm line 144.
# Global symbol "$skip_push_cmd" requires explicit package name (did you forget to declare "my $skip_push_cmd"?) at /home/cpansand/.cpan/build/2017031818/Net-Autoconfig-v1.13.2-0/blib/lib/Net/Autoconfig/Template.pm line 145.
# Global symbol "$log" requires explicit package name (did you forget to declare "my $log"?) at /home/cpansand/.cpan/build/2017031818/Net-Autoconfig-v1.13.2-0/blib/lib/Net/Autoconfig/Template.pm line 146.
# Global symbol "$current_device" requires explicit package name (did you forget to declare "my $current_device"?) at /home/cpansand/.cpan/build/2017031818/Net-Autoconfig-v1.13.2-0/blib/lib/Net/Autoconfig/Template.pm line 146.
# syntax error at /home/cpansand/.cpan/build/2017031818/Net-Autoconfig-v1.13.2-0/blib/lib/Net/Autoconfig/Template.pm line 147, near "}"
# /home/cpansand/.cpan/build/2017031818/Net-Autoconfig-v1.13.2-0/blib/lib/Net/Autoconfig/Template.pm has too many errors.
# Compilation failed in require at /home/cpansand/.cpan/build/2017031818/Net-Autoconfig-v1.13.2-0/blib/lib/Net/Autoconfig.pm line 9.
# BEGIN failed--compilation aborted at /home/cpansand/.cpan/build/2017031818/Net-Autoconfig-v1.13.2-0/blib/lib/Net/Autoconfig.pm line 9.
# Compilation failed in require at /opt/perl-5.24.0/lib/5.24.0/base.pm line 100.
# 	...propagated at /opt/perl-5.24.0/lib/5.24.0/base.pm line 109.
# BEGIN failed--compilation aborted at /home/cpansand/.cpan/build/2017031818/Net-Autoconfig-v1.13.2-0/blib/lib/Net/Autoconfig/Device.pm line 7.
# Compilation failed in require at /opt/perl-5.24.0/lib/5.24.0/base.pm line 100.
# 	...propagated at /opt/perl-5.24.0/lib/5.24.0/base.pm line 109.
# BEGIN failed--compilation aborted at /home/cpansand/.cpan/build/2017031818/Net-Autoconfig-v1.13.2-0/blib/lib/Net/Autoconfig/Device/HP.pm line 7.
# Compilation failed in require at t/Net-Autoconfig-Device-HP.t line 10.
# BEGIN failed--compilation aborted at t/Net-Autoconfig-Device-HP.t line 10.

#   Failed test 'Net::Autoconfig::Device::HP->can('new')'
#   at t/Net-Autoconfig-Device-HP.t line 19.
#     Net::Autoconfig::Device::HP->can('new') failed

#   Failed test 'Net::Autoconfig::Device::HP->can('connect')'
#   at t/Net-Autoconfig-Device-HP.t line 19.
#     Net::Autoconfig::Device::HP->can('connect') failed

#   Failed test 'Net::Autoconfig::Device::HP->can('discover_dev_type')'
#   at t/Net-Autoconfig-Device-HP.t line 19.
#     Net::Autoconfig::Device::HP->can('discover_dev_type') failed

#   Failed test 'Net::Autoconfig::Device::HP->can('get_admin_rights')'
#   at t/Net-Autoconfig-Device-HP.t line 19.
#     Net::Autoconfig::Device::HP->can('get_admin_rights') failed

#   Failed test 'Net::Autoconfig::Device::HP->can('configure')'
#   at t/Net-Autoconfig-Device-HP.t line 19.
#     Net::Autoconfig::Device::HP->can('configure') failed

#   Failed test 'Net::Autoconfig::Device::HP->can('disable_paging')'
#   at t/Net-Autoconfig-Device-HP.t line 19.
#     Net::Autoconfig::Device::HP->can('disable_paging') failed
Can't locate object method "new" via package "Net::Autoconfig::Device::HP" at t/Net-Autoconfig-Device-HP.t line 32.
# Looks like your test exited with 255 just after 7.
t/Net-Autoconfig-Device-HP.t ...... 
Dubious, test returned 255 (wstat 65280, 0xff00)
Failed 28/28 subtests 

#   Failed test 'use Net::Autoconfig::Device::HP4000;'
#   at t/Net-Autoconfig-Device-HP4000.t line 10.
#     Tried to use 'Net::Autoconfig::Device::HP4000'.
#     Error:  syntax error at /home/cpansand/.cpan/build/2017031818/Net-Autoconfig-v1.13.2-0/blib/lib/Net/Autoconfig/Template.pm line 138, near "$hostname qw(device host hostname)"
# Global symbol "$hostname" requires explicit package name (did you forget to declare "my $hostname"?) at /home/cpansand/.cpan/build/2017031818/Net-Autoconfig-v1.13.2-0/blib/lib/Net/Autoconfig/Template.pm line 140.
# Global symbol "$cmds" requires explicit package name (did you forget to declare "my $cmds"?) at /home/cpansand/.cpan/build/2017031818/Net-Autoconfig-v1.13.2-0/blib/lib/Net/Autoconfig/Template.pm line 142.
# Global symbol "$hostname" requires explicit package name (did you forget to declare "my $hostname"?) at /home/cpansand/.cpan/build/2017031818/Net-Autoconfig-v1.13.2-0/blib/lib/Net/Autoconfig/Template.pm line 142.
# Global symbol "$template_data" requires explicit package name (did you forget to declare "my $template_data"?) at /home/cpansand/.cpan/build/2017031818/Net-Autoconfig-v1.13.2-0/blib/lib/Net/Autoconfig/Template.pm line 143.
# Global symbol "$current_device" requires explicit package name (did you forget to declare "my $current_device"?) at /home/cpansand/.cpan/build/2017031818/Net-Autoconfig-v1.13.2-0/blib/lib/Net/Autoconfig/Template.pm line 143.
# Global symbol "$current_device" requires explicit package name (did you forget to declare "my $current_device"?) at /home/cpansand/.cpan/build/2017031818/Net-Autoconfig-v1.13.2-0/blib/lib/Net/Autoconfig/Template.pm line 143.
# Global symbol "$cmds" requires explicit package name (did you forget to declare "my $cmds"?) at /home/cpansand/.cpan/build/2017031818/Net-Autoconfig-v1.13.2-0/blib/lib/Net/Autoconfig/Template.pm line 144.
# Global symbol "$hostname" requires explicit package name (did you forget to declare "my $hostname"?) at /home/cpansand/.cpan/build/2017031818/Net-Autoconfig-v1.13.2-0/blib/lib/Net/Autoconfig/Template.pm line 144.
# Global symbol "$skip_push_cmd" requires explicit package name (did you forget to declare "my $skip_push_cmd"?) at /home/cpansand/.cpan/build/2017031818/Net-Autoconfig-v1.13.2-0/blib/lib/Net/Autoconfig/Template.pm line 145.
# Global symbol "$log" requires explicit package name (did you forget to declare "my $log"?) at /home/cpansand/.cpan/build/2017031818/Net-Autoconfig-v1.13.2-0/blib/lib/Net/Autoconfig/Template.pm line 146.
# Global symbol "$current_device" requires explicit package name (did you forget to declare "my $current_device"?) at /home/cpansand/.cpan/build/2017031818/Net-Autoconfig-v1.13.2-0/blib/lib/Net/Autoconfig/Template.pm line 146.
# syntax error at /home/cpansand/.cpan/build/2017031818/Net-Autoconfig-v1.13.2-0/blib/lib/Net/Autoconfig/Template.pm line 147, near "}"
# /home/cpansand/.cpan/build/2017031818/Net-Autoconfig-v1.13.2-0/blib/lib/Net/Autoconfig/Template.pm has too many errors.
# Compilation failed in require at /home/cpansand/.cpan/build/2017031818/Net-Autoconfig-v1.13.2-0/blib/lib/Net/Autoconfig.pm line 9.
# BEGIN failed--compilation aborted at /home/cpansand/.cpan/build/2017031818/Net-Autoconfig-v1.13.2-0/blib/lib/Net/Autoconfig.pm line 9.
# Compilation failed in require at /opt/perl-5.24.0/lib/5.24.0/base.pm line 100.
# 	...propagated at /opt/perl-5.24.0/lib/5.24.0/base.pm line 109.
# BEGIN failed--compilation aborted at /home/cpansand/.cpan/build/2017031818/Net-Autoconfig-v1.13.2-0/blib/lib/Net/Autoconfig/Device.pm line 7.
# Compilation failed in require at /opt/perl-5.24.0/lib/5.24.0/base.pm line 100.
# 	...propagated at /opt/perl-5.24.0/lib/5.24.0/base.pm line 109.
# BEGIN failed--compilation aborted at /home/cpansand/.cpan/build/2017031818/Net-Autoconfig-v1.13.2-0/blib/lib/Net/Autoconfig/Device/HP4000.pm line 7.
# Compilation failed in require at t/Net-Autoconfig-Device-HP4000.t line 10.
# BEGIN failed--compilation aborted at t/Net-Autoconfig-Device-HP4000.t line 10.

#   Failed test 'Net::Autoconfig::Device::HP4000->can('new')'
#   at t/Net-Autoconfig-Device-HP4000.t line 19.
#     Net::Autoconfig::Device::HP4000->can('new') failed

#   Failed test 'Net::Autoconfig::Device::HP4000->can('connect')'
#   at t/Net-Autoconfig-Device-HP4000.t line 19.
#     Net::Autoconfig::Device::HP4000->can('connect') failed

#   Failed test 'Net::Autoconfig::Device::HP4000->can('discover_dev_type')'
#   at t/Net-Autoconfig-Device-HP4000.t line 19.
#     Net::Autoconfig::Device::HP4000->can('discover_dev_type') failed

#   Failed test 'Net::Autoconfig::Device::HP4000->can('get_admin_rights')'
#   at t/Net-Autoconfig-Device-HP4000.t line 19.
#     Net::Autoconfig::Device::HP4000->can('get_admin_rights') failed

#   Failed test 'Net::Autoconfig::Device::HP4000->can('configure')'
#   at t/Net-Autoconfig-Device-HP4000.t line 19.
#     Net::Autoconfig::Device::HP4000->can('configure') failed

#   Failed test 'Net::Autoconfig::Device::HP4000->can('disable_paging')'
#   at t/Net-Autoconfig-Device-HP4000.t line 19.
#     Net::Autoconfig::Device::HP4000->can('disable_paging') failed
Can't locate object method "new" via package "Net::Autoconfig::Device::HP4000" at t/Net-Autoconfig-Device-HP4000.t line 32.
# Looks like your test exited with 255 just after 7.
t/Net-Autoconfig-Device-HP4000.t .. 
Dubious, test returned 255 (wstat 65280, 0xff00)
Failed 28/28 subtests 

#   Failed test 'use Net::Autoconfig::Device;'
#   at t/Net-Autoconfig-Device.t line 10.
#     Tried to use 'Net::Autoconfig::Device'.
#     Error:  syntax error at /home/cpansand/.cpan/build/2017031818/Net-Autoconfig-v1.13.2-0/blib/lib/Net/Autoconfig/Template.pm line 138, near "$hostname qw(device host hostname)"
# Global symbol "$hostname" requires explicit package name (did you forget to declare "my $hostname"?) at /home/cpansand/.cpan/build/2017031818/Net-Autoconfig-v1.13.2-0/blib/lib/Net/Autoconfig/Template.pm line 140.
# Global symbol "$cmds" requires explicit package name (did you forget to declare "my $cmds"?) at /home/cpansand/.cpan/build/2017031818/Net-Autoconfig-v1.13.2-0/blib/lib/Net/Autoconfig/Template.pm line 142.
# Global symbol "$hostname" requires explicit package name (did you forget to declare "my $hostname"?) at /home/cpansand/.cpan/build/2017031818/Net-Autoconfig-v1.13.2-0/blib/lib/Net/Autoconfig/Template.pm line 142.
# Global symbol "$template_data" requires explicit package name (did you forget to declare "my $template_data"?) at /home/cpansand/.cpan/build/2017031818/Net-Autoconfig-v1.13.2-0/blib/lib/Net/Autoconfig/Template.pm line 143.
# Global symbol "$current_device" requires explicit package name (did you forget to declare "my $current_device"?) at /home/cpansand/.cpan/build/2017031818/Net-Autoconfig-v1.13.2-0/blib/lib/Net/Autoconfig/Template.pm line 143.
# Global symbol "$current_device" requires explicit package name (did you forget to declare "my $current_device"?) at /home/cpansand/.cpan/build/2017031818/Net-Autoconfig-v1.13.2-0/blib/lib/Net/Autoconfig/Template.pm line 143.
# Global symbol "$cmds" requires explicit package name (did you forget to declare "my $cmds"?) at /home/cpansand/.cpan/build/2017031818/Net-Autoconfig-v1.13.2-0/blib/lib/Net/Autoconfig/Template.pm line 144.
# Global symbol "$hostname" requires explicit package name (did you forget to declare "my $hostname"?) at /home/cpansand/.cpan/build/2017031818/Net-Autoconfig-v1.13.2-0/blib/lib/Net/Autoconfig/Template.pm line 144.
# Global symbol "$skip_push_cmd" requires explicit package name (did you forget to declare "my $skip_push_cmd"?) at /home/cpansand/.cpan/build/2017031818/Net-Autoconfig-v1.13.2-0/blib/lib/Net/Autoconfig/Template.pm line 145.
# Global symbol "$log" requires explicit package name (did you forget to declare "my $log"?) at /home/cpansand/.cpan/build/2017031818/Net-Autoconfig-v1.13.2-0/blib/lib/Net/Autoconfig/Template.pm line 146.
# Global symbol "$current_device" requires explicit package name (did you forget to declare "my $current_device"?) at /home/cpansand/.cpan/build/2017031818/Net-Autoconfig-v1.13.2-0/blib/lib/Net/Autoconfig/Template.pm line 146.
# syntax error at /home/cpansand/.cpan/build/2017031818/Net-Autoconfig-v1.13.2-0/blib/lib/Net/Autoconfig/Template.pm line 147, near "}"
# /home/cpansand/.cpan/build/2017031818/Net-Autoconfig-v1.13.2-0/blib/lib/Net/Autoconfig/Template.pm has too many errors.
# Compilation failed in require at /home/cpansand/.cpan/build/2017031818/Net-Autoconfig-v1.13.2-0/blib/lib/Net/Autoconfig.pm line 9.
# BEGIN failed--compilation aborted at /home/cpansand/.cpan/build/2017031818/Net-Autoconfig-v1.13.2-0/blib/lib/Net/Autoconfig.pm line 9.
# Compilation failed in require at /opt/perl-5.24.0/lib/5.24.0/base.pm line 100.
# 	...propagated at /opt/perl-5.24.0/lib/5.24.0/base.pm line 109.
# BEGIN failed--compilation aborted at /home/cpansand/.cpan/build/2017031818/Net-Autoconfig-v1.13.2-0/blib/lib/Net/Autoconfig/Device.pm line 7.
# Compilation failed in require at t/Net-Autoconfig-Device.t line 10.
# BEGIN failed--compilation aborted at t/Net-Autoconfig-Device.t line 10.
Can't locate object method "new" via package "Net::Autoconfig::Device" at t/Net-Autoconfig-Device.t line 21.
# Looks like your test exited with 255 just after 1.
t/Net-Autoconfig-Device.t ......... 
Dubious, test returned 255 (wstat 65280, 0xff00)
Failed 139/139 subtests 

#   Failed test 'use Net::Autoconfig::Template;'
#   at t/Net-Autoconfig-Template.t line 10.
#     Tried to use 'Net::Autoconfig::Template'.
#     Error:  syntax error at /home/cpansand/.cpan/build/2017031818/Net-Autoconfig-v1.13.2-0/blib/lib/Net/Autoconfig/Template.pm line 138, near "$hostname qw(device host hostname)"
# Global symbol "$hostname" requires explicit package name (did you forget to declare "my $hostname"?) at /home/cpansand/.cpan/build/2017031818/Net-Autoconfig-v1.13.2-0/blib/lib/Net/Autoconfig/Template.pm line 140.
# Global symbol "$cmds" requires explicit package name (did you forget to declare "my $cmds"?) at /home/cpansand/.cpan/build/2017031818/Net-Autoconfig-v1.13.2-0/blib/lib/Net/Autoconfig/Template.pm line 142.
# Global symbol "$hostname" requires explicit package name (did you forget to declare "my $hostname"?) at /home/cpansand/.cpan/build/2017031818/Net-Autoconfig-v1.13.2-0/blib/lib/Net/Autoconfig/Template.pm line 142.
# Global symbol "$template_data" requires explicit package name (did you forget to declare "my $template_data"?) at /home/cpansand/.cpan/build/2017031818/Net-Autoconfig-v1.13.2-0/blib/lib/Net/Autoconfig/Template.pm line 143.
# Global symbol "$current_device" requires explicit package name (did you forget to declare "my $current_device"?) at /home/cpansand/.cpan/build/2017031818/Net-Autoconfig-v1.13.2-0/blib/lib/Net/Autoconfig/Template.pm line 143.
# Global symbol "$current_device" requires explicit package name (did you forget to declare "my $current_device"?) at /home/cpansand/.cpan/build/2017031818/Net-Autoconfig-v1.13.2-0/blib/lib/Net/Autoconfig/Template.pm line 143.
# Global symbol "$cmds" requires explicit package name (did you forget to declare "my $cmds"?) at /home/cpansand/.cpan/build/2017031818/Net-Autoconfig-v1.13.2-0/blib/lib/Net/Autoconfig/Template.pm line 144.
# Global symbol "$hostname" requires explicit package name (did you forget to declare "my $hostname"?) at /home/cpansand/.cpan/build/2017031818/Net-Autoconfig-v1.13.2-0/blib/lib/Net/Autoconfig/Template.pm line 144.
# Global symbol "$skip_push_cmd" requires explicit package name (did you forget to declare "my $skip_push_cmd"?) at /home/cpansand/.cpan/build/2017031818/Net-Autoconfig-v1.13.2-0/blib/lib/Net/Autoconfig/Template.pm line 145.
# Global symbol "$log" requires explicit package name (did you forget to declare "my $log"?) at /home/cpansand/.cpan/build/2017031818/Net-Autoconfig-v1.13.2-0/blib/lib/Net/Autoconfig/Template.pm line 146.
# Global symbol "$current_device" requires explicit package name (did you forget to declare "my $current_device"?) at /home/cpansand/.cpan/build/2017031818/Net-Autoconfig-v1.13.2-0/blib/lib/Net/Autoconfig/Template.pm line 146.
# syntax error at /home/cpansand/.cpan/build/2017031818/Net-Autoconfig-v1.13.2-0/blib/lib/Net/Autoconfig/Template.pm line 147, near "}"
# /home/cpansand/.cpan/build/2017031818/Net-Autoconfig-v1.13.2-0/blib/lib/Net/Autoconfig/Template.pm has too many errors.
# Compilation failed in require at t/Net-Autoconfig-Template.t line 10.
# BEGIN failed--compilation aborted at t/Net-Autoconfig-Template.t line 10.
Undefined subroutine &Net::Autoconfig::Template::_get_template_data called at /home/cpansand/.cpan/build/2017031818/Net-Autoconfig-v1.13.2-0/blib/lib/Net/Autoconfig/Template.pm line 72.
# Looks like your test exited with 255 just after 1.
t/Net-Autoconfig-Template.t ....... 
Dubious, test returned 255 (wstat 65280, 0xff00)
Failed 3/3 subtests 

#   Failed test 'use Net::Autoconfig;'
#   at t/Net-Autoconfig.t line 11.
#     Tried to use 'Net::Autoconfig'.
#     Error:  syntax error at /home/cpansand/.cpan/build/2017031818/Net-Autoconfig-v1.13.2-0/blib/lib/Net/Autoconfig/Template.pm line 138, near "$hostname qw(device host hostname)"
# Global symbol "$hostname" requires explicit package name (did you forget to declare "my $hostname"?) at /home/cpansand/.cpan/build/2017031818/Net-Autoconfig-v1.13.2-0/blib/lib/Net/Autoconfig/Template.pm line 140.
# Global symbol "$cmds" requires explicit package name (did you forget to declare "my $cmds"?) at /home/cpansand/.cpan/build/2017031818/Net-Autoconfig-v1.13.2-0/blib/lib/Net/Autoconfig/Template.pm line 142.
# Global symbol "$hostname" requires explicit package name (did you forget to declare "my $hostname"?) at /home/cpansand/.cpan/build/2017031818/Net-Autoconfig-v1.13.2-0/blib/lib/Net/Autoconfig/Template.pm line 142.
# Global symbol "$template_data" requires explicit package name (did you forget to declare "my $template_data"?) at /home/cpansand/.cpan/build/2017031818/Net-Autoconfig-v1.13.2-0/blib/lib/Net/Autoconfig/Template.pm line 143.
# Global symbol "$current_device" requires explicit package name (did you forget to declare "my $current_device"?) at /home/cpansand/.cpan/build/2017031818/Net-Autoconfig-v1.13.2-0/blib/lib/Net/Autoconfig/Template.pm line 143.
# Global symbol "$current_device" requires explicit package name (did you forget to declare "my $current_device"?) at /home/cpansand/.cpan/build/2017031818/Net-Autoconfig-v1.13.2-0/blib/lib/Net/Autoconfig/Template.pm line 143.
# Global symbol "$cmds" requires explicit package name (did you forget to declare "my $cmds"?) at /home/cpansand/.cpan/build/2017031818/Net-Autoconfig-v1.13.2-0/blib/lib/Net/Autoconfig/Template.pm line 144.
# Global symbol "$hostname" requires explicit package name (did you forget to declare "my $hostname"?) at /home/cpansand/.cpan/build/2017031818/Net-Autoconfig-v1.13.2-0/blib/lib/Net/Autoconfig/Template.pm line 144.
# Global symbol "$skip_push_cmd" requires explicit package name (did you forget to declare "my $skip_push_cmd"?) at /home/cpansand/.cpan/build/2017031818/Net-Autoconfig-v1.13.2-0/blib/lib/Net/Autoconfig/Template.pm line 145.
# Global symbol "$log" requires explicit package name (did you forget to declare "my $log"?) at /home/cpansand/.cpan/build/2017031818/Net-Autoconfig-v1.13.2-0/blib/lib/Net/Autoconfig/Template.pm line 146.
# Global symbol "$current_device" requires explicit package name (did you forget to declare "my $current_device"?) at /home/cpansand/.cpan/build/2017031818/Net-Autoconfig-v1.13.2-0/blib/lib/Net/Autoconfig/Template.pm line 146.
# syntax error at /home/cpansand/.cpan/build/2017031818/Net-Autoconfig-v1.13.2-0/blib/lib/Net/Autoconfig/Template.pm line 147, near "}"
# /home/cpansand/.cpan/build/2017031818/Net-Autoconfig-v1.13.2-0/blib/lib/Net/Autoconfig/Template.pm has too many errors.
# Compilation failed in require at /home/cpansand/.cpan/build/2017031818/Net-Autoconfig-v1.13.2-0/blib/lib/Net/Autoconfig.pm line 9.
# BEGIN failed--compilation aborted at /home/cpansand/.cpan/build/2017031818/Net-Autoconfig-v1.13.2-0/blib/lib/Net/Autoconfig.pm line 9.
# Compilation failed in require at t/Net-Autoconfig.t line 11.
# BEGIN failed--compilation aborted at t/Net-Autoconfig.t line 11.

#   Failed test 'Net::Autoconfig->can(...)'
#   at t/Net-Autoconfig.t line 42.
#     Net::Autoconfig->can('new') failed
#     Net::Autoconfig->can('bulk_mode') failed
#     Net::Autoconfig->can('log_level') failed
#     Net::Autoconfig->can('max_children') failed
#     Net::Autoconfig->can('load_devices') failed
#     Net::Autoconfig->can('load_template') failed
#     Net::Autoconfig->can('autoconfig') failed
#     Net::Autoconfig->can('get_report') failed
#     Net::Autoconfig->can('logfile') failed
#     Net::Autoconfig->can('init_logging') failed
#     Net::Autoconfig->can('_get_password') failed

#   Failed test 'Net::Autoconfig->can(...)'
#   at t/Net-Autoconfig.t line 47.
#     Net::Autoconfig->can('_file_not_usable') failed
#     Net::Autoconfig->can('_failed_ping_test') failed
#     Net::Autoconfig->can('_reaper') failed
# Looks like your test exited with 25 just after 3.
t/Net-Autoconfig.t ................ 
Dubious, test returned 25 (wstat 6400, 0x1900)
Failed 45/45 subtests 

Test Summary Report
-------------------
t/Net-Autoconfig-Device-Cisco.t (Wstat: 65280 Tests: 6 Failed: 6)
  Failed tests:  1-6
  Non-zero exit status: 255
  Parse errors: Bad plan.  You planned 29 tests but ran 6.
t/Net-Autoconfig-Device-HP.t    (Wstat: 65280 Tests: 7 Failed: 7)
  Failed tests:  1-7
  Non-zero exit status: 255
  Parse errors: Bad plan.  You planned 28 tests but ran 7.
t/Net-Autoconfig-Device-HP4000.t (Wstat: 65280 Tests: 7 Failed: 7)
  Failed tests:  1-7
  Non-zero exit status: 255
  Parse errors: Bad plan.  You planned 28 tests but ran 7.
t/Net-Autoconfig-Device.t       (Wstat: 65280 Tests: 1 Failed: 1)
  Failed test:  1
  Non-zero exit status: 255
  Parse errors: Bad plan.  You planned 139 tests but ran 1.
t/Net-Autoconfig-Template.t     (Wstat: 65280 Tests: 1 Failed: 1)
  Failed test:  1
  Non-zero exit status: 255
  Parse errors: Bad plan.  You planned 3 tests but ran 1.
t/Net-Autoconfig.t              (Wstat: 6400 Tests: 3 Failed: 3)
  Failed tests:  1-3
  Non-zero exit status: 25
  Parse errors: Bad plan.  You planned 45 tests but ran 3.
Files=6, Tests=25,  1 wallclock secs ( 0.05 usr  0.00 sys +  0.92 cusr  0.16 csys =  1.13 CPU)
Result: FAIL
Failed 6/6 test programs. 25/25 subtests failed.
make: *** [test_dynamic] Error 25

------------------------------
PREREQUISITES
------------------------------

Prerequisite modules loaded:

requires:

    Module                Need  Have  
    --------------------- ----- ------
    Cwd                   3.12  3.63  
    Data::Dumper          2.121 2.161 
    Expect                1.21  1.21  
    Log::Dispatch::Screen 1.17  2.63  
    Log::Log4perl         1.15  1.49  
    Net::Ping             2.31  2.58  
    Net::SNMP             5.002 v6.0.1
    version               0.74  0.9916

build_requires:

    Module                Need  Have  
    --------------------- ----- ------
    ExtUtils::MakeMaker   0     7.24  


------------------------------
ENVIRONMENT AND OTHER CONTEXT
------------------------------

Environment variables:

    LANG = en_US.UTF-8
    PATH = /usr/local/bin:/usr/bin:/bin:/usr/local/sbin:/usr/sbin:/sbin:/home/cpansand/bin/linux-gnu:/home/cpansand/bin/sh:/home/cpansand/bin:/usr/games:/home/cpansand/devel:/home/eserte/src/srezic-misc/scripts
    PERL5LIB = /home/cpansand/.cpan/build/2017031818/MooseX-Types-Log-Dispatch-0.002000-1/blib/arch:/home/cpansand/.cpan/build/2017031818/MooseX-Types-Log-Dispatch-0.002000-1/blib/lib:/home/cpansand/.cpan/build/2017031818/MooseX-Role-Debugger-1.112680-0/blib/arch:/home/cpansand/.cpan/build/2017031818/MooseX-Role-Debugger-1.112680-0/blib/lib:/home/cpansand/.cpan/build/2017031818/MojoX-Log-Dispatch-Simple-1.05-0/blib/arch:/home/cpansand/.cpan/build/2017031818/MojoX-Log-Dispatch-Simple-1.05-0/blib/lib:/home/cpansand/.cpan/build/2017031818/Test2-Suite-0.000069-9/blib/arch:/home/cpansand/.cpan/build/2017031818/Test2-Suite-0.000069-9/blib/lib
    PERL5OPT = 
    PERL5_CPANPLUS_IS_RUNNING = 12176
    PERL5_CPAN_IS_RUNNING = 12176
    PERL5_CPAN_IS_RUNNING_IN_RECURSION = 2091,12176
    PERLDOC = -MPod::Perldoc::ToTextOverstrike
    PERL_BATCH = yes
    PERL_CANARY_STABILITY_NOPROMPT = 1
    PERL_CPAN_REPORTER_CONFIG = /var/tmp/cpansmoker-1002/2017031706/cpanreporter_000_config.ini
    PERL_EXTUTILS_AUTOINSTALL = --defaultdeps
    SHELL = /bin/zsh
    TERM = screen
    TMPDIR = /var/tmp/cpansmoker-1002/2017031706

Perl special variables (and OS-specific diagnostics, for MSWin32):

    $^X = /opt/perl-5.24.0/bin/perl
    $UID/$EUID = 1002 / 1002
    $GID = 1002 1002
    $EGID = 1002 1002

Perl module toolchain versions installed:

    Module              Have    
    ------------------- --------
    CPAN                2.16    
    CPAN::Meta          2.150005
    Cwd                 3.63    
    ExtUtils::CBuilder  0.280225
    ExtUtils::Command   7.24    
    ExtUtils::Install   2.04    
    ExtUtils::MakeMaker 7.24    
    ExtUtils::Manifest  1.70    
    ExtUtils::ParseXS   3.31    
    File::Spec          3.63    
    JSON                2.90    
    JSON::PP            2.27400 
    Module::Build       0.4220  
    Module::Signature   0.81    
    Parse::CPAN::Meta   1.4417  
    Test::Harness       3.36    
    Test::More          1.302075
    YAML                1.23    
    YAML::Syck          1.29    
    version             0.9916  


--

Summary of my perl5 (revision 5 version 24 subversion 0) configuration:
   
  Platform:
    osname=linux, osvers=3.10.0-514.6.2.el7.x86_64, archname=x86_64-linux
    uname='linux prod5 3.10.0-514.6.2.el7.x86_64 #1 smp thu feb 23 03:04:39 utc 2017 x86_64 x86_64 x86_64 gnulinux '
    config_args='-ds -e -Dprefix=/opt/perl-5.24.0 -Dcf_email=srezic@cpan.org'
    hint=recommended, useposix=true, d_sigaction=define
    useithreads=undef, usemultiplicity=undef
    use64bitint=define, use64bitall=define, uselongdouble=undef
    usemymalloc=n, bincompat5005=undef
  Compiler:
    cc='cc', ccflags ='-fwrapv -fno-strict-aliasing -pipe -fstack-protector-strong -I/usr/local/include -D_LARGEFILE_SOURCE -D_FILE_OFFSET_BITS=64 -D_FORTIFY_SOURCE=2',
    optimize='-O2',
    cppflags='-fwrapv -fno-strict-aliasing -pipe -fstack-protector-strong -I/usr/local/include'
    ccversion='', gccversion='4.8.5 20150623 (Red Hat 4.8.5-11)', gccosandvers=''
    intsize=4, longsize=8, ptrsize=8, doublesize=8, byteorder=12345678, doublekind=3
    d_longlong=define, longlongsize=8, d_longdbl=define, longdblsize=16, longdblkind=3
    ivtype='long', ivsize=8, nvtype='double', nvsize=8, Off_t='off_t', lseeksize=8
    alignbytes=8, prototype=define
  Linker and Libraries:
    ld='cc', ldflags =' -fstack-protector-strong -L/usr/local/lib'
    libpth=/usr/local/lib /usr/lib /lib/../lib64 /usr/lib/../lib64 /lib /lib64 /usr/lib64 /usr/local/lib64
    libs=-lpthread -lnsl -lgdbm -ldb -ldl -lm -lcrypt -lutil -lc -lgdbm_compat
    perllibs=-lpthread -lnsl -ldl -lm -lcrypt -lutil -lc
    libc=libc-2.17.so, so=so, useshrplib=false, libperl=libperl.a
    gnulibc_version='2.17'
  Dynamic Linking:
    dlsrc=dl_dlopen.xs, dlext=so, d_dlsymun=undef, ccdlflags='-Wl,-E'
    cccdlflags='-fPIC', lddlflags='-shared -O2 -L/usr/local/lib -fstack-protector-strong'


Characteristics of this binary (from libperl): 
  Compile-time options: HAS_TIMES PERLIO_LAYERS PERL_COPY_ON_WRITE
                        PERL_DONT_CREATE_GVSV
                        PERL_HASH_FUNC_ONE_AT_A_TIME_HARD PERL_MALLOC_WRAP
                        PERL_PRESERVE_IVUV USE_64_BIT_ALL USE_64_BIT_INT
                        USE_LARGE_FILES USE_LOCALE USE_LOCALE_COLLATE
                        USE_LOCALE_CTYPE USE_LOCALE_NUMERIC USE_LOCALE_TIME
                        USE_PERLIO USE_PERL_ATOF
  Built under linux
  Compiled at Feb 23 2017 19:17:45
  %ENV:
    PERL5LIB="/home/cpansand/.cpan/build/2017031818/MooseX-Types-Log-Dispatch-0.002000-1/blib/arch:/home/cpansand/.cpan/build/2017031818/MooseX-Types-Log-Dispatch-0.002000-1/blib/lib:/home/cpansand/.cpan/build/2017031818/MooseX-Role-Debugger-1.112680-0/blib/arch:/home/cpansand/.cpan/build/2017031818/MooseX-Role-Debugger-1.112680-0/blib/lib:/home/cpansand/.cpan/build/2017031818/MojoX-Log-Dispatch-Simple-1.05-0/blib/arch:/home/cpansand/.cpan/build/2017031818/MojoX-Log-Dispatch-Simple-1.05-0/blib/lib:/home/cpansand/.cpan/build/2017031818/Test2-Suite-0.000069-9/blib/arch:/home/cpansand/.cpan/build/2017031818/Test2-Suite-0.000069-9/blib/lib"
    PERL5OPT=""
    PERL5_CPANPLUS_IS_RUNNING="12176"
    PERL5_CPAN_IS_RUNNING="12176"
    PERL5_CPAN_IS_RUNNING_IN_RECURSION="2091,12176"
    PERLDOC="-MPod::Perldoc::ToTextOverstrike"
    PERL_BATCH="yes"
    PERL_CANARY_STABILITY_NOPROMPT="1"
    PERL_CPAN_REPORTER_CONFIG="/var/tmp/cpansmoker-1002/2017031706/cpanreporter_000_config.ini"
    PERL_EXTUTILS_AUTOINSTALL="--defaultdeps"
  @INC:
    /home/cpansand/.cpan/build/2017031818/MooseX-Types-Log-Dispatch-0.002000-1/blib/arch
    /home/cpansand/.cpan/build/2017031818/MooseX-Types-Log-Dispatch-0.002000-1/blib/lib
    /home/cpansand/.cpan/build/2017031818/MooseX-Role-Debugger-1.112680-0/blib/arch
    /home/cpansand/.cpan/build/2017031818/MooseX-Role-Debugger-1.112680-0/blib/lib
    /home/cpansand/.cpan/build/2017031818/MojoX-Log-Dispatch-Simple-1.05-0/blib/arch
    /home/cpansand/.cpan/build/2017031818/MojoX-Log-Dispatch-Simple-1.05-0/blib/lib
    /home/cpansand/.cpan/build/2017031818/Test2-Suite-0.000069-9/blib/arch
    /home/cpansand/.cpan/build/2017031818/Test2-Suite-0.000069-9/blib/lib
    /opt/perl-5.24.0/lib/site_perl/5.24.0/x86_64-linux
    /opt/perl-5.24.0/lib/site_perl/5.24.0
    /opt/perl-5.24.0/lib/5.24.0/x86_64-linux
    /opt/perl-5.24.0/lib/5.24.0
    .